000
CDUS46 KPDT 230836
CLIPDT

LIMATE REPORT
NATIONAL WEATHER SERVICE PENDLETON OR
135 AM PDT WED APR 23 2014


...................................

...THE PENDLETON OR CLIMATE SUMMARY FOR APRIL 22 2014...

CLIMATE NORMAL PERIOD 1981 TO 2010
CLIMATE RECORD PERIOD 1890 TO 2014


WEATHER ITEM   OBSERVED TIME   RECORD YEAR NORMAL DEPARTURE LAST
                VALUE   (LST)  VALUE       VALUE  FROM      YEAR
                                                  NORMAL
..................................................................
TEMPERATURE (F)
 YESTERDAY
  MAXIMUM         57    345 PM  95    1934  63     -6       56
  MINIMUM         37   1135 PM  29    2006  40     -3       31
  AVERAGE         47                        52     -5       44

PRECIPITATION (IN)
  YESTERDAY        0.19          0.38 1932   0.05   0.14     0.00
  MONTH TO DATE    0.73                      0.87  -0.14     0.95
  SINCE OCT 1      7.14                      8.73  -1.59     7.29
  SINCE JAN 1      5.35                      4.73   0.62     2.85

SNOWFALL (IN)
  YESTERDAY        0.0           0.0  2002   0.0    0.0      0.0
                                      2001
                                      2000
  MONTH TO DATE    0.0                       0.0    0.0       T
  SINCE JAN 1     15.2                       7.7    7.5      0.2
  SINCE JUL 1     21.7                      15.2    6.5      2.0
  SNOW DEPTH       0

DEGREE DAYS
 HEATING
  YESTERDAY       18                        13      5       21
  MONTH TO DATE  300                       332    -32      367
  SINCE MAR 1    901                       949    -48      960
  SINCE JUL 1   5166                      4848    318     4693

 COOLING
  YESTERDAY        0                         0      0        0
  MONTH TO DATE    0                         0      0        0
  SINCE MAR 1      0                         0      0        0
  SINCE JAN 1      0                         0      0        0
..................................................................


WIND (MPH)
  HIGHEST WIND SPEED    33   HIGHEST WIND DIRECTION     W (270)
  HIGHEST GUST SPEED    39   HIGHEST GUST DIRECTION     W (270)
  AVERAGE WIND SPEED    15.4


SKY COVER
  POSSIBLE SUNSHINE  MM
  AVERAGE SKY COVER 0.6


WEATHER CONDITIONS
 THE FOLLOWING WEATHER WAS RECORDED YESTERDAY.
  RAIN
  LIGHT RAIN
  FOG


RELATIVE HUMIDITY (PERCENT)
 HIGHEST    92           300 AM
 LOWEST     30           400 PM
 AVERAGE    61

..........................................................


THE PENDLETON OR CLIMATE NORMALS FOR TODAY
                         NORMAL    RECORD    YEAR
 MAXIMUM TEMPERATURE (F)   64        89      1910
 MINIMUM TEMPERATURE (F)   40        26      2013


SUNRISE AND SUNSET
APRIL 23 2014.........SUNRISE   556 AM PDT   SUNSET   752 PM PDT
APRIL 24 2014.........SUNRISE   554 AM PDT   SUNSET   754 PM PDT


-  INDICATES NEGATIVE NUMBERS.
R  INDICATES RECORD WAS SET OR TIED.
MM INDICATES DATA IS MISSING.
T  INDICATES TRACE AMOUNT.


$$
