000
CDUS46 KPDT 190839
CLIPDT

CLIMATE REPORT
NATIONAL WEATHER SERVICE PENDLETON OR
1239 AM PST MON FEB 19 2018


...................................

...THE PENDLETON OR CLIMATE SUMMARY FOR FEBRUARY 18 2018...

CLIMATE NORMAL PERIOD 1981 TO 2010
CLIMATE RECORD PERIOD 1890 TO 2018


WEATHER ITEM   OBSERVED TIME   RECORD YEAR NORMAL DEPARTURE LAST
                VALUE   (LST)  VALUE       VALUE  FROM      YEAR
                                                  NORMAL
..................................................................
TEMPERATURE (F)
 YESTERDAY
  MAXIMUM         42   1158 AM  76    1902  47     -5       40
  MINIMUM         22   1159 PM   6    2006  30     -8       33
                                      1936
  AVERAGE         32                        39     -7       37

PRECIPITATION (IN)
  YESTERDAY        0.05          0.87 1949   0.05   0.00     0.22
  MONTH TO DATE    0.58                      0.70  -0.12     1.19
  SINCE OCT 1      6.36                      6.13   0.23     8.36
  SINCE JAN 1      2.17                      2.13   0.04     2.84

SNOWFALL (IN)
  YESTERDAY        0.3           8.3  1949   0.1    0.2      0.0
  MONTH TO DATE    2.1                       2.3   -0.2      3.0
  SINCE JAN 1      2.1                       6.0   -3.9     21.5
  SINCE JUL 1     12.1                      13.5   -1.4     40.0
  SNOW DEPTH       T

DEGREE DAYS
 HEATING
  YESTERDAY       33                        26      7       28
  MONTH TO DATE  398                       491    -93      559
  SINCE DEC 1   2217                      2396   -179     3008
  SINCE JUL 1   3425                      3649   -224     4032

 COOLING
  YESTERDAY        0                         0      0        0
  MONTH TO DATE    0                         0      0        0
  SINCE DEC 1      0                         0      0        0
  SINCE JAN 1      0                         0      0        0
..................................................................


WIND (MPH)
  HIGHEST WIND SPEED    25   HIGHEST WIND DIRECTION     N (10)
  HIGHEST GUST SPEED    29   HIGHEST GUST DIRECTION    SW (240)
  AVERAGE WIND SPEED    13.5


SKY COVER
  POSSIBLE SUNSHINE  MM
  AVERAGE SKY COVER 0.7


WEATHER CONDITIONS
 THE FOLLOWING WEATHER WAS RECORDED YESTERDAY.
  LIGHT SNOW
  FOG


RELATIVE HUMIDITY (PERCENT)
 HIGHEST    92           700 PM
 LOWEST     44           100 PM
 AVERAGE    68

..........................................................


THE PENDLETON OR CLIMATE NORMALS FOR TODAY
                         NORMAL    RECORD    YEAR
 MAXIMUM TEMPERATURE (F)   48        68      1930
                                             1895
 MINIMUM TEMPERATURE (F)   30         8      2006


SUNRISE AND SUNSET
FEBRUARY 19 2018......SUNRISE   651 AM PST   SUNSET   528 PM PST
FEBRUARY 20 2018......SUNRISE   649 AM PST   SUNSET   530 PM PST


-  INDICATES NEGATIVE NUMBERS.
R  INDICATES RECORD WAS SET OR TIED.
MM INDICATES DATA IS MISSING.
T  INDICATES TRACE AMOUNT.




$$
