000
CDUS46 KPDT 200836
CLIPDT

CLIMATE REPORT
NATIONAL WEATHER SERVICE PENDLETON OR
135 AM PDT SAT SEP 20 2014


...................................

...THE PENDLETON OR CLIMATE SUMMARY FOR SEPTEMBER 19 2014...

CLIMATE NORMAL PERIOD 1981 TO 2010
CLIMATE RECORD PERIOD 1890 TO 2014


WEATHER ITEM   OBSERVED TIME   RECORD YEAR NORMAL DEPARTURE LAST
                VALUE   (LST)  VALUE       VALUE  FROM      YEAR
                                                  NORMAL
..................................................................
TEMPERATURE (F)
 YESTERDAY
  MAXIMUM         82    415 PM  95    1918  76      6       81
                                      1906
  MINIMUM         55    442 AM  33    1944  48      7       42
  AVERAGE         69                        62      7       62

PRECIPITATION (IN)
  YESTERDAY        0.00          0.68 1902   0.03  -0.03     0.00
  MONTH TO DATE    T                         0.33  -0.33     1.35
  SINCE OCT 1     10.11                     12.42  -2.31    11.08
  SINCE JAN 1      8.32                      8.42  -0.10     6.64

SNOWFALL (IN)
  YESTERDAY        0.0           0.0  2002   0.0    0.0      0.0
                                      2001
                                      1999
  MONTH TO DATE    0.0                       0.0    0.0      0.0
  SINCE JAN 1     15.2                       7.7    7.5      0.2
  SINCE JUL 1      0.0                       0.0    0.0       T
  SNOW DEPTH       0

DEGREE DAYS
 HEATING
  YESTERDAY        0                         4     -4        3
  MONTH TO DATE   38                        47     -9       18
  SINCE SEP 1     38                        47     -9       18
  SINCE JUL 1     41                        69    -28       18

 COOLING
  YESTERDAY        4                         2      2        0
  MONTH TO DATE   39                        53    -14      120
  SINCE SEP 1     39                        53    -14      120
  SINCE JAN 1    800                       623    177      830
..................................................................


WIND (MPH)
  HIGHEST WIND SPEED    20   HIGHEST WIND DIRECTION     W (260)
  HIGHEST GUST SPEED    23   HIGHEST GUST DIRECTION     W (260)
  AVERAGE WIND SPEED     8.0


SKY COVER
  POSSIBLE SUNSHINE  MM
  AVERAGE SKY COVER 0.0


WEATHER CONDITIONS
 THE FOLLOWING WEATHER WAS RECORDED YESTERDAY.
  NO SIGNIFICANT WEATHER WAS OBSERVED.


RELATIVE HUMIDITY (PERCENT)
 HIGHEST    72           500 AM
 LOWEST     26           400 PM
 AVERAGE    49

..........................................................


THE PENDLETON OR CLIMATE NORMALS FOR TODAY
                         NORMAL    RECORD    YEAR
 MAXIMUM TEMPERATURE (F)   76        92      1917
                                             1899
                                             1897
 MINIMUM TEMPERATURE (F)   48        31      1912


SUNRISE AND SUNSET
SEPTEMBER 20 2014.....SUNRISE   640 AM PDT   SUNSET   657 PM PDT
SEPTEMBER 21 2014.....SUNRISE   641 AM PDT   SUNSET   655 PM PDT


-  INDICATES NEGATIVE NUMBERS.
R  INDICATES RECORD WAS SET OR TIED.
MM INDICATES DATA IS MISSING.
T  INDICATES TRACE AMOUNT.




$$
