000
CDUS46 KPDT 210827
CLIPDT

CLIMATE REPORT
NATIONAL WEATHER SERVICE PENDLETON OR
1226 AM PST TUE NOV 21 2017


...................................

...THE PENDLETON OR CLIMATE SUMMARY FOR NOVEMBER 20 2017...

CLIMATE NORMAL PERIOD 1981 TO 2010
CLIMATE RECORD PERIOD 1890 TO 2017


WEATHER ITEM   OBSERVED TIME   RECORD YEAR NORMAL DEPARTURE LAST
                VALUE   (LST)  VALUE       VALUE  FROM      YEAR
                                                  NORMAL
..................................................................
TEMPERATURE (F)
 YESTERDAY
  MAXIMUM         64   1103 AM  69    1958  47     17       52
  MINIMUM         36   1006 PM   9    1977  32      4       37
                                      1929
  AVERAGE         50                        40     10       45

PRECIPITATION (IN)
  YESTERDAY        0.06          1.08 1921   0.05   0.01     0.11
  MONTH TO DATE    0.88                      1.00  -0.12     0.51
  SINCE OCT 1      2.29                      2.01   0.28     2.83
  SINCE JAN 1     14.58                     10.67   3.91    10.90

SNOWFALL (IN)
  YESTERDAY        0.0           3.4  1985   0.1   -0.1      0.0
  MONTH TO DATE    0.0                       0.6   -0.6      0.0
  SINCE JAN 1     25.9                       8.4   17.5       T
  SINCE JUL 1      0.0                       0.7   -0.7      0.0
  SNOW DEPTH       0

DEGREE DAYS
 HEATING
  YESTERDAY       15                        25    -10       20
  MONTH TO DATE  445                       438      7      332
  SINCE SEP 1    995                       958     37      820
  SINCE JUL 1    997                       980     17      822

 COOLING
  YESTERDAY        0                         0      0        0
  MONTH TO DATE    0                         0      0        0
  SINCE SEP 1    113                        66     47       17
  SINCE JAN 1    894                       636    258      605
..................................................................


WIND (MPH)
  HIGHEST WIND SPEED    36   HIGHEST WIND DIRECTION    SW (210)
  HIGHEST GUST SPEED    44   HIGHEST GUST DIRECTION    SW (210)
  AVERAGE WIND SPEED    12.6


SKY COVER
  POSSIBLE SUNSHINE  MM
  AVERAGE SKY COVER 0.7


WEATHER CONDITIONS
 THE FOLLOWING WEATHER WAS RECORDED YESTERDAY.
  HEAVY RAIN
  LIGHT RAIN
  FOG


RELATIVE HUMIDITY (PERCENT)
 HIGHEST    85          1100 PM
 LOWEST     33           200 AM
 AVERAGE    59

..........................................................


THE PENDLETON OR CLIMATE NORMALS FOR TODAY
                         NORMAL    RECORD    YEAR
 MAXIMUM TEMPERATURE (F)   47        74      1974
 MINIMUM TEMPERATURE (F)   32        -4      1900


SUNRISE AND SUNSET
NOVEMBER 21 2017......SUNRISE   704 AM PST   SUNSET   419 PM PST
NOVEMBER 22 2017......SUNRISE   705 AM PST   SUNSET   418 PM PST


-  INDICATES NEGATIVE NUMBERS.
R  INDICATES RECORD WAS SET OR TIED.
MM INDICATES DATA IS MISSING.
T  INDICATES TRACE AMOUNT.




$$
