000
CDUS46 KPDT 250833
CLIPDT

CLIMATE REPORT
NATIONAL WEATHER SERVICE PENDLETON OR
133 AM PDT MON JUL 25 2016


...................................

...THE PENDLETON OR CLIMATE SUMMARY FOR JULY 24 2016...

CLIMATE NORMAL PERIOD 1981 TO 2010
CLIMATE RECORD PERIOD 1890 TO 2016


WEATHER ITEM   OBSERVED TIME   RECORD YEAR NORMAL DEPARTURE LAST
                VALUE   (LST)  VALUE       VALUE  FROM      YEAR
                                                  NORMAL
..................................................................
TEMPERATURE (F)
 YESTERDAY
  MAXIMUM         91    452 PM 112    1928  90      1       88
  MINIMUM         53    447 AM  45    1917  59     -6       59
  AVERAGE         72                        74     -2       74

PRECIPITATION (IN)
  YESTERDAY        0.00          1.10 1913   0.01  -0.01     0.00
  MONTH TO DATE    0.80                      0.26   0.54      T
  SINCE OCT 1     11.59                     11.65  -0.06     9.70
  SINCE JAN 1      7.32                      7.65  -0.33     5.00

SNOWFALL (IN)
  YESTERDAY        0.0           0.0  2002   0.0    0.0      0.0
                                      2001
                                      2000
  MONTH TO DATE    0.0                       0.0    0.0      0.0
  SINCE JAN 1      T                         7.7   -7.7      0.4
  SINCE JUL 1      0.0                       0.0    0.0      0.0
  SNOW DEPTH       0

DEGREE DAYS
 HEATING
  YESTERDAY        0                         0      0        0
  MONTH TO DATE    0                         7     -7        0
  SINCE JUN 1     69                        90    -21       10
  SINCE JUL 1      0                         7     -7        0

 COOLING
  YESTERDAY        7                         9     -2        9
  MONTH TO DATE  109                       179    -70      298
  SINCE JUN 1    246                       258    -12      551
  SINCE JAN 1    264                       281    -17      578
..................................................................


WIND (MPH)
  HIGHEST WIND SPEED    16   HIGHEST WIND DIRECTION    NW (310)
  HIGHEST GUST SPEED    21   HIGHEST GUST DIRECTION    NW (310)
  AVERAGE WIND SPEED     6.5


SKY COVER
  POSSIBLE SUNSHINE  MM
  AVERAGE SKY COVER 0.0


WEATHER CONDITIONS
 THE FOLLOWING WEATHER WAS RECORDED YESTERDAY.
  NO SIGNIFICANT WEATHER WAS OBSERVED.


RELATIVE HUMIDITY (PERCENT)
 HIGHEST    59           400 AM
 LOWEST     16           500 PM
 AVERAGE    38

..........................................................


THE PENDLETON OR CLIMATE NORMALS FOR TODAY
                         NORMAL    RECORD    YEAR
 MAXIMUM TEMPERATURE (F)   90       114      1928
 MINIMUM TEMPERATURE (F)   59        42      1897


SUNRISE AND SUNSET
JULY 25 2016..........SUNRISE   531 AM PDT   SUNSET   832 PM PDT
JULY 26 2016..........SUNRISE   533 AM PDT   SUNSET   831 PM PDT


-  INDICATES NEGATIVE NUMBERS.
R  INDICATES RECORD WAS SET OR TIED.
MM INDICATES DATA IS MISSING.
T  INDICATES TRACE AMOUNT.


$$
