000
CDUS46 KPDT 290841
CLIPDT

CLIMATE REPORT
NATIONAL WEATHER SERVICE PENDLETON OR
141 AM PDT FRI APR 29 2016


...................................

...THE PENDLETON OR CLIMATE SUMMARY FOR APRIL 28 2016...

CLIMATE NORMAL PERIOD 1981 TO 2010
CLIMATE RECORD PERIOD 1890 TO 2016


WEATHER ITEM   OBSERVED TIME   RECORD YEAR NORMAL DEPARTURE LAST
                VALUE   (LST)  VALUE       VALUE  FROM      YEAR
                                                  NORMAL
..................................................................
TEMPERATURE (F)
 YESTERDAY
  MAXIMUM         67    435 PM  95    1926  65      2       77
  MINIMUM         49    724 AM  24    1907  41      8       45
  AVERAGE         58                        53      5       61

PRECIPITATION (IN)
  YESTERDAY        0.01          0.81 1951   0.04  -0.03     0.10
  MONTH TO DATE    0.41                      1.12  -0.71     0.38
  SINCE OCT 1      8.67                      8.98  -0.31     7.82
  SINCE JAN 1      4.40                      4.98  -0.58     3.12

SNOWFALL (IN)
  YESTERDAY        0.0           T    2001   0.0    0.0      0.0
  MONTH TO DATE    0.0                       0.0    0.0       T
  SINCE JAN 1      T                         7.7   -7.7      0.4
  SINCE JUL 1      4.1                      15.2  -11.1      7.2
  SNOW DEPTH       0

DEGREE DAYS
 HEATING
  YESTERDAY        7                        12     -5        4
  MONTH TO DATE  236                       408   -172      451
  SINCE MAR 1    799                      1025   -226      921
  SINCE JUL 1   4391                      4924   -533     4414

 COOLING
  YESTERDAY        0                         0      0        0
  MONTH TO DATE    0                         0      0        0
  SINCE MAR 1      0                         0      0        0
  SINCE JAN 1      0                         0      0        0
..................................................................


WIND (MPH)
  HIGHEST WIND SPEED    30   HIGHEST WIND DIRECTION     W (260)
  HIGHEST GUST SPEED    37   HIGHEST GUST DIRECTION     W (260)
  AVERAGE WIND SPEED    10.7


SKY COVER
  POSSIBLE SUNSHINE  MM
  AVERAGE SKY COVER 0.7


WEATHER CONDITIONS
 THE FOLLOWING WEATHER WAS RECORDED YESTERDAY.
  LIGHT RAIN


RELATIVE HUMIDITY (PERCENT)
 HIGHEST    66           400 AM
 LOWEST     32           400 PM
 AVERAGE    49

..........................................................


THE PENDLETON OR CLIMATE NORMALS FOR TODAY
                         NORMAL    RECORD    YEAR
 MAXIMUM TEMPERATURE (F)   65        91      1926
 MINIMUM TEMPERATURE (F)   41        25      1907


SUNRISE AND SUNSET
APRIL 29 2016.........SUNRISE   545 AM PDT   SUNSET   801 PM PDT
APRIL 30 2016.........SUNRISE   544 AM PDT   SUNSET   802 PM PDT


-  INDICATES NEGATIVE NUMBERS.
R  INDICATES RECORD WAS SET OR TIED.
MM INDICATES DATA IS MISSING.
T  INDICATES TRACE AMOUNT.




$$
