795
CDUS46 KPDT 270034
CLIPDT

CLIMATE REPORT
NATIONAL WEATHER SERVICE PENDLETON OR
534 PM PDT MON SEP 26 2016


...................................

...THE PENDLETON OR CLIMATE SUMMARY FOR SEPTEMBER 26 2016...
VALID TODAY AS OF 0500 PM LOCAL TIME.

CLIMATE NORMAL PERIOD 1981 TO 2010
CLIMATE RECORD PERIOD 1890 TO 2016


WEATHER ITEM   OBSERVED TIME   RECORD YEAR NORMAL DEPARTURE LAST
                VALUE   (LST)  VALUE       VALUE  FROM      YEAR
                                                  NORMAL
..................................................................
TEMPERATURE (F)
 TODAY
  MAXIMUM         89    211 PM  94    1899  73     16       72
  MINIMUM         51    627 AM  24    1908  46      5       45
  AVERAGE         70                        60     10       59

PRECIPITATION (IN)
  TODAY            0.00          0.73 1901   0.03  -0.03     0.00
  MONTH TO DATE    0.68                      0.48   0.20     0.81
  SINCE OCT 1     12.34                     12.57  -0.23    10.52
  SINCE JAN 1      8.07                      8.57  -0.50     5.82

SNOWFALL (IN)
  TODAY            0.0           0.0  2002   0.0    0.0      0.0
                                      2001
                                      1999
  MONTH TO DATE    0.0                       0.0    0.0      0.0
  SINCE JAN 1      T                         7.7   -7.7      0.4
  SINCE JUL 1      0.0                       0.0    0.0      0.0
  SNOW DEPTH       0

DEGREE DAYS
 HEATING
  TODAY            0                         6     -6        6
  MONTH TO DATE  110                        85     25      100
  SINCE SEP 1    110                        85     25      100
  SINCE JUL 1    112                       107      5      108

 COOLING
  TODAY            5                         1      4        0
  MONTH TO DATE   13                        61    -48       32
  SINCE SEP 1     13                        61    -48       32
  SINCE JAN 1    601                       631    -30      908
..................................................................


WIND (MPH)
  HIGHEST WIND SPEED    14   HIGHEST WIND DIRECTION    NW (310)
  HIGHEST GUST SPEED    17   HIGHEST GUST DIRECTION    NW (310)
  AVERAGE WIND SPEED     5.8


SKY COVER
  POSSIBLE SUNSHINE  MM
  AVERAGE SKY COVER 0.0


WEATHER CONDITIONS
 THE FOLLOWING WEATHER WAS RECORDED TODAY.
  NO SIGNIFICANT WEATHER WAS OBSERVED.


RELATIVE HUMIDITY (PERCENT)
 HIGHEST    71           400 AM
 LOWEST     19           200 PM
 AVERAGE    45

..........................................................


THE PENDLETON OR CLIMATE NORMALS FOR TOMORROW
                         NORMAL    RECORD    YEAR
 MAXIMUM TEMPERATURE (F)   73        91      1967
 MINIMUM TEMPERATURE (F)   46        27      1911


SUNRISE AND SUNSET
SEPTEMBER 26 2016.....SUNRISE   648 AM PDT   SUNSET   644 PM PDT
SEPTEMBER 27 2016.....SUNRISE   649 AM PDT   SUNSET   642 PM PDT


-  INDICATES NEGATIVE NUMBERS.
R  INDICATES RECORD WAS SET OR TIED.
MM INDICATES DATA IS MISSING.
T  INDICATES TRACE AMOUNT.


$$
