000
CDUS46 KPDT 250832
CLIPDT

CLIMATE REPORT
NATIONAL WEATHER SERVICE PENDLETON OR
1232 AM PST THU DEC 25 2014


...................................

...THE PENDLETON OR CLIMATE SUMMARY FOR DECEMBER 24 2014...

CLIMATE NORMAL PERIOD 1981 TO 2010
CLIMATE RECORD PERIOD 1890 TO 2014


WEATHER ITEM   OBSERVED TIME   RECORD YEAR NORMAL DEPARTURE LAST
                VALUE   (LST)  VALUE       VALUE  FROM      YEAR
                                                  NORMAL
..................................................................
TEMPERATURE (F)
 YESTERDAY
  MAXIMUM         54    427 AM  62    1919  39     15       47
                                      1899
  MINIMUM         33   1203 PM -19    1924  26      7       27
  AVERAGE         44                        32     12       37

PRECIPITATION (IN)
  YESTERDAY        0.57          1.25 1925   0.05   0.52     0.00
  MONTH TO DATE    2.46                      1.15   1.31     0.79
  SINCE OCT 1      4.36                      3.68   0.68     1.78
  SINCE JAN 1     12.90                     12.34   0.56     9.27

SNOWFALL (IN)
  YESTERDAY        T             2.1  1981   0.2   -0.2      0.0
  MONTH TO DATE    T                         4.5   -4.5      6.5
  SINCE JAN 1     19.8                      13.7    6.1      6.7
  SINCE JUL 1      4.6                       6.0   -1.4      6.5
  SNOW DEPTH       0

DEGREE DAYS
 HEATING
  YESTERDAY       21                        33    -12       28
  MONTH TO DATE  638                       760   -122      845
  SINCE DEC 1    638                       760   -122      845
  SINCE JUL 1   1768                      2013   -245     2228

 COOLING
  YESTERDAY        0                         0      0        0
  MONTH TO DATE    0                         0      0        0
  SINCE DEC 1      0                         0      0        0
  SINCE JAN 1    839                       636    203      831
..................................................................


WIND (MPH)
  HIGHEST WIND SPEED    25   HIGHEST WIND DIRECTION     W (270)
  HIGHEST GUST SPEED    30   HIGHEST GUST DIRECTION     W (270)
  AVERAGE WIND SPEED    13.9


SKY COVER
  POSSIBLE SUNSHINE  MM
  AVERAGE SKY COVER 0.9


WEATHER CONDITIONS
 THE FOLLOWING WEATHER WAS RECORDED YESTERDAY.
  RAIN
  LIGHT RAIN
  LIGHT SNOW
  FOG


RELATIVE HUMIDITY (PERCENT)
 HIGHEST    92           900 AM
 LOWEST     59           100 AM
 AVERAGE    76

..........................................................


THE PENDLETON OR CLIMATE NORMALS FOR TODAY
                         NORMAL    RECORD    YEAR
 MAXIMUM TEMPERATURE (F)   39        61      1980
 MINIMUM TEMPERATURE (F)   26       -16      1924


SUNRISE AND SUNSET
DECEMBER 25 2014......SUNRISE   735 AM PST   SUNSET   416 PM PST
DECEMBER 26 2014......SUNRISE   735 AM PST   SUNSET   417 PM PST


-  INDICATES NEGATIVE NUMBERS.
R  INDICATES RECORD WAS SET OR TIED.
MM INDICATES DATA IS MISSING.
T  INDICATES TRACE AMOUNT.


$$
