000
CDUS46 KPDT 070026
CLIPDT

CLIMATE REPORT
NATIONAL WEATHER SERVICE PENDLETON OR
426 PM PST FRI MAR 6 2015


...................................

...THE PENDLETON OR CLIMATE SUMMARY FOR MARCH 6 2015...
VALID TODAY AS OF 0400 PM LOCAL TIME.

CLIMATE NORMAL PERIOD 1981 TO 2010
CLIMATE RECORD PERIOD 1890 TO 2015


WEATHER ITEM   OBSERVED TIME   RECORD YEAR NORMAL DEPARTURE LAST
                VALUE   (LST)  VALUE       VALUE  FROM      YEAR
                                                  NORMAL
..................................................................
TEMPERATURE (F)
 TODAY
  MAXIMUM         64    337 PM  68    1979  52     12       63
  MINIMUM         33    540 AM  19    1943  33      0       41
  AVERAGE         49                        43      6       52

PRECIPITATION (IN)
  TODAY            0.00          0.50 2000   0.04  -0.04     0.00
  MONTH TO DATE    0.00                      0.27  -0.27     0.41
  SINCE OCT 1      6.25                      6.81  -0.56     4.56
  SINCE JAN 1      1.55                      2.81  -1.26     2.77

SNOWFALL (IN)
  TODAY            0.0           1.0  2000   0.1   -0.1      0.0
  MONTH TO DATE    0.0                       0.3   -0.3      1.0
  SINCE JAN 1      0.4                       7.3   -6.9     15.2
  SINCE JUL 1      7.2                      14.8   -7.6     21.7
  SNOW DEPTH       0

DEGREE DAYS
 HEATING
  TODAY           16                        22     -6       13
  MONTH TO DATE  152                       138     14      139
  SINCE MAR 1    152                       138     14      139
  SINCE JUL 1   3645                      4037   -392     4404

 COOLING
  TODAY            0                         0      0        0
  MONTH TO DATE    0                         0      0        0
  SINCE MAR 1      0                         0      0        0
  SINCE JAN 1      0                         0      0        0
..................................................................


WIND (MPH)
  HIGHEST WIND SPEED    14   HIGHEST WIND DIRECTION    NW (310)
  HIGHEST GUST SPEED    18   HIGHEST GUST DIRECTION    NW (310)
  AVERAGE WIND SPEED     7.4


SKY COVER
  POSSIBLE SUNSHINE  MM
  AVERAGE SKY COVER 0.0


WEATHER CONDITIONS
 THE FOLLOWING WEATHER WAS RECORDED TODAY.
  NO SIGNIFICANT WEATHER WAS OBSERVED.


RELATIVE HUMIDITY (PERCENT)
 HIGHEST    64           200 AM
 LOWEST     27           300 PM
 AVERAGE    46

..........................................................


THE PENDLETON OR CLIMATE NORMALS FOR TOMORROW
                         NORMAL    RECORD    YEAR
 MAXIMUM TEMPERATURE (F)   53        75      1904
 MINIMUM TEMPERATURE (F)   33        19      1931


SUNRISE AND SUNSET
MARCH  6 2015.........SUNRISE   625 AM PST   SUNSET   549 PM PST
MARCH  7 2015.........SUNRISE   623 AM PST   SUNSET   550 PM PST


-  INDICATES NEGATIVE NUMBERS.
R  INDICATES RECORD WAS SET OR TIED.
MM INDICATES DATA IS MISSING.
T  INDICATES TRACE AMOUNT.




$$
