000
CDUS46 KPDT 070833
CLIPDT

CLIMATE REPORT
NATIONAL WEATHER SERVICE PENDLETON OR
1232 AM PST WED DEC 7 2016


...................................

...THE PENDLETON OR CLIMATE SUMMARY FOR DECEMBER 6 2016...

CLIMATE NORMAL PERIOD 1981 TO 2010
CLIMATE RECORD PERIOD 1890 TO 2016


WEATHER ITEM   OBSERVED TIME   RECORD YEAR NORMAL DEPARTURE LAST
                VALUE   (LST)  VALUE       VALUE  FROM      YEAR
                                                  NORMAL
..................................................................
TEMPERATURE (F)
 YESTERDAY
  MAXIMUM         31    100 AM  65    1987  41    -10       60
  MINIMUM         11   1045 PM   0    2013  28    -17       44
  AVERAGE         21                        34    -13       52

PRECIPITATION (IN)
  YESTERDAY        0.08          1.00 1923   0.04   0.04     0.13
  MONTH TO DATE    0.21                      0.30  -0.09     0.27
  SINCE OCT 1      3.44                      2.83   0.61     2.26
  SINCE JAN 1     11.51                     11.49   0.02     8.08

SNOWFALL (IN)
  YESTERDAY        1.4           4.8  1983   0.2    1.2      0.0
  MONTH TO DATE    2.6                       0.9    1.7      0.8
  SINCE JAN 1      2.6                      10.1   -7.5      2.8
  SINCE JUL 1      2.6                       2.4    0.2      2.4
  SNOW DEPTH       0

DEGREE DAYS
 HEATING
  YESTERDAY       44                        31     13       13
  MONTH TO DATE  177                       179     -2      170
  SINCE DEC 1    177                       179     -2      170
  SINCE JUL 1   1201                      1432   -231     1370

 COOLING
  YESTERDAY        0                         0      0        0
  MONTH TO DATE    0                         0      0        0
  SINCE DEC 1      0                         0      0        0
  SINCE JAN 1    605                       636    -31      912
..................................................................


WIND (MPH)
  HIGHEST WIND SPEED    16   HIGHEST WIND DIRECTION    NW (320)
  HIGHEST GUST SPEED    18   HIGHEST GUST DIRECTION    NW (320)
  AVERAGE WIND SPEED     8.1


SKY COVER
  POSSIBLE SUNSHINE  MM
  AVERAGE SKY COVER 0.7


WEATHER CONDITIONS
 THE FOLLOWING WEATHER WAS RECORDED YESTERDAY.
  LIGHT SNOW
  FOG


RELATIVE HUMIDITY (PERCENT)
 HIGHEST   100          1200 AM
 LOWEST     84           300 PM
 AVERAGE    92

..........................................................


THE PENDLETON OR CLIMATE NORMALS FOR TODAY
                         NORMAL    RECORD    YEAR
 MAXIMUM TEMPERATURE (F)   40        64      1938
 MINIMUM TEMPERATURE (F)   28        -7      1972


SUNRISE AND SUNSET
DECEMBER  7 2016......SUNRISE   723 AM PST   SUNSET   411 PM PST
DECEMBER  8 2016......SUNRISE   724 AM PST   SUNSET   411 PM PST


-  INDICATES NEGATIVE NUMBERS.
R  INDICATES RECORD WAS SET OR TIED.
MM INDICATES DATA IS MISSING.
T  INDICATES TRACE AMOUNT.




$$
