000
CDUS46 KPQR 211142
CLIPDX


CLIMATE REPORT
NATIONAL WEATHER SERVICE PORTLAND OREGON
341 AM PST TUE FEB 21 2017


...................................

...THE PORTLAND OR CLIMATE SUMMARY FOR FEBRUARY 20 2017...

CLIMATE NORMAL PERIOD 1981 TO 2010
CLIMATE RECORD PERIOD 1940 TO 2017


WEATHER ITEM   OBSERVED TIME   RECORD YEAR NORMAL DEPARTURE LAST
                VALUE   (LST)  VALUE       VALUE  FROM      YEAR
                                                  NORMAL
..................................................................
TEMPERATURE (F)
 YESTERDAY
  MAXIMUM         50    515 PM  63    1982  52     -2       53
                                      1973
  MINIMUM         40    726 AM  22    2006  36      4       39
  AVERAGE         45                        44      1       46

PRECIPITATION (IN)
  YESTERDAY        0.81          1.71 1982   0.13   0.68     0.05
  MONTH TO DATE    9.53                      2.62   6.91     3.09
  SINCE OCT 1     33.41                     21.62  11.79    33.74
  SINCE JAN 1     13.66                      7.50   6.16    10.32

SNOWFALL (IN)
  YESTERDAY        0.0           0.4  1957
  MONTH TO DATE    T
  SINCE DEC 1     11.2
  SINCE JUL 1     11.2

DEGREE DAYS
 HEATING
  YESTERDAY       20                        21     -1       19
  MONTH TO DATE  470                       433     37      308
  SINCE DEC 1   2293                      1928    365     1655
  SINCE JUL 1   3003                      2897    106     2463

 COOLING
  YESTERDAY        0                         0      0        0
  MONTH TO DATE    0                         0      0        0
  SINCE DEC 1      0                         0      0        0
  SINCE JAN 1      0                         0      0        0
..................................................................


WIND (MPH)
  HIGHEST WIND SPEED    18   HIGHEST WIND DIRECTION    SW (210)
  HIGHEST GUST SPEED    23   HIGHEST GUST DIRECTION    SW (210)
  AVERAGE WIND SPEED     6.5


SKY COVER
  POSSIBLE SUNSHINE  MM
  AVERAGE SKY COVER 1.0


WEATHER CONDITIONS
 THE FOLLOWING WEATHER WAS RECORDED YESTERDAY.
  RAIN
  LIGHT RAIN
  FOG


RELATIVE HUMIDITY (PERCENT)
 HIGHEST   100          1100 AM
 LOWEST     80           200 PM
 AVERAGE    90

..........................................................


THE PORTLAND OR CLIMATE NORMALS FOR TODAY
                         NORMAL    RECORD    YEAR
 MAXIMUM TEMPERATURE (F)   52        66      1958
 MINIMUM TEMPERATURE (F)   37        25      1955


SUNRISE AND SUNSET
FEBRUARY 21 2017......SUNRISE   702 AM PST   SUNSET   547 PM PST
FEBRUARY 22 2017......SUNRISE   700 AM PST   SUNSET   548 PM PST


-  INDICATES NEGATIVE NUMBERS.
R  INDICATES RECORD WAS SET OR TIED.
MM INDICATES DATA IS MISSING.
T  INDICATES TRACE AMOUNT.




$$
