000
CDUS46 KPQR 171141
CLIPDX


CLIMATE REPORT
NATIONAL WEATHER SERVICE PORTLAND OREGON
441 AM PDT WED SEP 17 2014


...................................

...THE PORTLAND OR CLIMATE SUMMARY FOR SEPTEMBER 16 2014...

CLIMATE NORMAL PERIOD 1981 TO 2010
CLIMATE RECORD PERIOD 1940 TO 2014


WEATHER ITEM   OBSERVED TIME   RECORD YEAR NORMAL DEPARTURE LAST
                VALUE   (LST)  VALUE       VALUE  FROM      YEAR
                                                  NORMAL
..................................................................
TEMPERATURE (F)
 YESTERDAY
  MAXIMUM         75    425 PM  92    1994  76     -1       69
  MINIMUM         56    619 AM  41    1965  53      3       61
  AVERAGE         66                        65      1       65

PRECIPITATION (IN)
  YESTERDAY        T             0.36 2002   0.05  -0.05      T
  MONTH TO DATE    T                         0.66  -0.66     1.45
  SINCE OCT 1     29.97                     35.22  -5.25    38.66
  SINCE JAN 1     24.15                     21.10   3.05    16.73

DEGREE DAYS
 HEATING
  YESTERDAY        0                         2     -2        0
  MONTH TO DATE    1                        23    -22        0
  SINCE SEP 1      1                        23    -22        0
  SINCE JUL 1      2                        50    -48        5

 COOLING
  YESTERDAY        1                         2     -1        0
  MONTH TO DATE   64                        42     22       86
  SINCE SEP 1     64                        42     22       86
  SINCE JAN 1    599                       405    194      539
..................................................................


WIND (MPH)
  HIGHEST WIND SPEED    10   HIGHEST WIND DIRECTION    NW (310)
  HIGHEST GUST SPEED    13   HIGHEST GUST DIRECTION    SW (210)
  AVERAGE WIND SPEED     6.1


SKY COVER
  POSSIBLE SUNSHINE  MM
  AVERAGE SKY COVER 0.7


WEATHER CONDITIONS
 THE FOLLOWING WEATHER WAS RECORDED YESTERDAY.
  NO SIGNIFICANT WEATHER WAS OBSERVED.


RELATIVE HUMIDITY (PERCENT)
 HIGHEST    83           600 AM
 LOWEST     49           200 PM
 AVERAGE    66

..........................................................


THE PORTLAND OR CLIMATE NORMALS FOR TODAY
                         NORMAL    RECORD    YEAR
 MAXIMUM TEMPERATURE (F)   76        93      1962
 MINIMUM TEMPERATURE (F)   53        34      1965


SUNRISE AND SUNSET
SEPTEMBER 17 2014.....SUNRISE   651 AM PDT   SUNSET   717 PM PDT
SEPTEMBER 18 2014.....SUNRISE   653 AM PDT   SUNSET   715 PM PDT


-  INDICATES NEGATIVE NUMBERS.
R  INDICATES RECORD WAS SET OR TIED.
MM INDICATES DATA IS MISSING.
T  INDICATES TRACE AMOUNT.




$$
