000
CDUS46 KPQR 201241
CLIPDX


CLIMATE REPORT
NATIONAL WEATHER SERVICE PORTLAND OREGON
440 AM PST THU NOV 20 2014


...................................

...THE PORTLAND OR CLIMATE SUMMARY FOR NOVEMBER 19 2014...

CLIMATE NORMAL PERIOD 1981 TO 2010
CLIMATE RECORD PERIOD 1940 TO 2014


WEATHER ITEM   OBSERVED TIME   RECORD YEAR NORMAL DEPARTURE LAST
                VALUE   (LST)  VALUE       VALUE  FROM      YEAR
                                                  NORMAL
..................................................................
TEMPERATURE (F)
 YESTERDAY
  MAXIMUM         46    126 PM  62    1965  52     -6       54
  MINIMUM         37   1159 PM  25    1956  40     -3       37
  AVERAGE         42                        46     -4       46

PRECIPITATION (IN)
  YESTERDAY        0.03          2.69 1996   0.20  -0.17     0.24
  MONTH TO DATE    0.97                      3.41  -2.44     2.91
  SINCE OCT 1      6.91                      6.41   0.50     4.06
  SINCE JAN 1     32.04                     28.32   3.72    24.96

DEGREE DAYS
 HEATING
  YESTERDAY       23                        19      4       19
  MONTH TO DATE  370                       321     49      299
  SINCE SEP 1    550                       712   -162      733
  SINCE JUL 1    551                       739   -188      738

 COOLING
  YESTERDAY        0                         0      0        0
  MONTH TO DATE    0                         0      0        0
  SINCE SEP 1    118                        61     57       86
  SINCE JAN 1    653                       424    229      539
..................................................................


WIND (MPH)
  HIGHEST WIND SPEED    22   HIGHEST WIND DIRECTION     E (110)
  HIGHEST GUST SPEED    29   HIGHEST GUST DIRECTION    SE (120)
  AVERAGE WIND SPEED    12.6


SKY COVER
  POSSIBLE SUNSHINE  MM
  AVERAGE SKY COVER 0.8


WEATHER CONDITIONS
 THE FOLLOWING WEATHER WAS RECORDED YESTERDAY.
  LIGHT RAIN


RELATIVE HUMIDITY (PERCENT)
 HIGHEST    76          1000 PM
 LOWEST     45          1200 PM
 AVERAGE    61

..........................................................


THE PORTLAND OR CLIMATE NORMALS FOR TODAY
                         NORMAL    RECORD    YEAR
 MAXIMUM TEMPERATURE (F)   51        63      2002
 MINIMUM TEMPERATURE (F)   40        25      1964


SUNRISE AND SUNSET
NOVEMBER 20 2014......SUNRISE   717 AM PST   SUNSET   435 PM PST
NOVEMBER 21 2014......SUNRISE   718 AM PST   SUNSET   434 PM PST


-  INDICATES NEGATIVE NUMBERS.
R  INDICATES RECORD WAS SET OR TIED.
MM INDICATES DATA IS MISSING.
T  INDICATES TRACE AMOUNT.




$$
