190
CDUS46 KPQR 281149
CLIPDX


CLIMATE REPORT
NATIONAL WEATHER SERVICE PORTLAND OREGON
448 AM PDT TUE MAR 28 2017


...................................

...THE PORTLAND OR CLIMATE SUMMARY FOR MARCH 27 2017...

CLIMATE NORMAL PERIOD 1981 TO 2010
CLIMATE RECORD PERIOD 1940 TO 2017


WEATHER ITEM   OBSERVED TIME   RECORD YEAR NORMAL DEPARTURE LAST
                VALUE   (LST)  VALUE       VALUE  FROM      YEAR
                                                  NORMAL
..................................................................
TEMPERATURE (F)
 YESTERDAY
  MAXIMUM         55    108 PM  77    1994  58     -3       54
  MINIMUM         45    712 AM  27    1975  41      4       42
  AVERAGE         50                        50      0       48

PRECIPITATION (IN)
  YESTERDAY        0.01          1.17 2005   0.11  -0.10     0.08
  MONTH TO DATE    7.01                      3.26   3.75     4.73
  SINCE OCT 1     41.25                     25.92  15.33    39.48
  SINCE JAN 1     21.50                     11.80   9.70    16.06

SNOWFALL (IN)
  YESTERDAY       MM             T    1999
  MONTH TO DATE    T
  SINCE MAR 1      T
  SINCE JUL 1     11.2

DEGREE DAYS
 HEATING
  YESTERDAY       15                        15      0       17
  MONTH TO DATE  474                       462     12      404
  SINCE MAR 1    474                       462     12      404
  SINCE JUL 1   3679                      3520    159     3007

 COOLING
  YESTERDAY        0                         0      0        0
  MONTH TO DATE    0                         0      0        0
  SINCE MAR 1      0                         0      0        0
  SINCE JAN 1      0                         0      0        0
..................................................................


WIND (MPH)
  HIGHEST WIND SPEED    22   HIGHEST WIND DIRECTION    SW (220)
  HIGHEST GUST SPEED    27   HIGHEST GUST DIRECTION    SW (220)
  AVERAGE WIND SPEED     9.8


SKY COVER
  POSSIBLE SUNSHINE  MM
  AVERAGE SKY COVER 0.9


WEATHER CONDITIONS
 THE FOLLOWING WEATHER WAS RECORDED YESTERDAY.
  LIGHT RAIN


RELATIVE HUMIDITY (PERCENT)
 HIGHEST    93           100 AM
 LOWEST     54           400 PM
 AVERAGE    74

..........................................................


THE PORTLAND OR CLIMATE NORMALS FOR TODAY
                         NORMAL    RECORD    YEAR
 MAXIMUM TEMPERATURE (F)   59        76      1994
 MINIMUM TEMPERATURE (F)   41        28      1962


SUNRISE AND SUNSET
MARCH 28 2017.........SUNRISE   657 AM PDT   SUNSET   734 PM PDT
MARCH 29 2017.........SUNRISE   656 AM PDT   SUNSET   735 PM PDT


-  INDICATES NEGATIVE NUMBERS.
R  INDICATES RECORD WAS SET OR TIED.
MM INDICATES DATA IS MISSING.
T  INDICATES TRACE AMOUNT.




$$
