000
CDUS46 KPQR 170021
CLIPDX


CLIMATE REPORT
NATIONAL WEATHER SERVICE PORTLAND OREGON
421 PM PST TUE JAN 16 2018


...................................

...THE PORTLAND OR CLIMATE SUMMARY FOR JANUARY 16 2018...
VALID TODAY AS OF 0400 PM LOCAL TIME.

CLIMATE NORMAL PERIOD 1981 TO 2010
CLIMATE RECORD PERIOD 1940 TO 2018


WEATHER ITEM   OBSERVED TIME   RECORD YEAR NORMAL DEPARTURE LAST
                VALUE   (LST)  VALUE       VALUE  FROM      YEAR
                                                  NORMAL
..................................................................
TEMPERATURE (F)
 TODAY
  MAXIMUM         57    221 PM  60    1971  47     10       29
  MINIMUM         43    758 AM   8    1950  36      7       22
  AVERAGE         50                        42      8       26

PRECIPITATION (IN)
  TODAY            0.04          1.13 1982   0.15  -0.11     0.00
  MONTH TO DATE    1.85                      2.67  -0.82     1.60
  SINCE OCT 1     15.95                     16.79  -0.84    21.35
  SINCE JAN 1      1.85                      2.67  -0.82     1.60

SNOWFALL (IN)
  TODAY           MM             4.9  1954
  MONTH TO DATE    0.0
  SINCE DEC 1      1.0
  SINCE JUL 1      1.0

DEGREE DAYS
 HEATING
  TODAY           15                        24     -9       39
  MONTH TO DATE  318                       390    -72      581
  SINCE DEC 1   1094                      1153    -59     1435
  SINCE JUL 1   2019                      2122   -103     2145

 COOLING
  TODAY            0                         0      0        0
  MONTH TO DATE    0                         0      0        0
  SINCE DEC 1      0                         0      0        0
  SINCE JAN 1      0                         0      0        0
..................................................................


WIND (MPH)
  HIGHEST WIND SPEED    20   HIGHEST WIND DIRECTION    SE (120)
  HIGHEST GUST SPEED    23   HIGHEST GUST DIRECTION    SE (120)
  AVERAGE WIND SPEED    11.1



WEATHER CONDITIONS
 THE FOLLOWING WEATHER WAS RECORDED TODAY.
  LIGHT RAIN
  FOG


RELATIVE HUMIDITY (PERCENT)
 HIGHEST    96           800 AM
 LOWEST     71           200 PM
 AVERAGE    84

..........................................................


THE PORTLAND OR CLIMATE NORMALS FOR TOMORROW
                         NORMAL    RECORD    YEAR
 MAXIMUM TEMPERATURE (F)   47        59      2015
                                             1975
 MINIMUM TEMPERATURE (F)   36         8      1950


SUNRISE AND SUNSET
JANUARY 16 2018.......SUNRISE   746 AM PST   SUNSET   455 PM PST
JANUARY 17 2018.......SUNRISE   746 AM PST   SUNSET   456 PM PST


-  INDICATES NEGATIVE NUMBERS.
R  INDICATES RECORD WAS SET OR TIED.
MM INDICATES DATA IS MISSING.
T  INDICATES TRACE AMOUNT.




$$
