000
CDUS46 KPQR 271146
CLIPDX


CLIMATE REPORT
NATIONAL WEATHER SERVICE PORTLAND OREGON
346 AM PST FRI FEB 27 2015


...................................

...THE PORTLAND OR CLIMATE SUMMARY FOR FEBRUARY 26 2015...

CLIMATE NORMAL PERIOD 1981 TO 2010
CLIMATE RECORD PERIOD 1940 TO 2015


WEATHER ITEM   OBSERVED TIME   RECORD YEAR NORMAL DEPARTURE LAST
                VALUE   (LST)  VALUE       VALUE  FROM      YEAR
                                                  NORMAL
..................................................................
TEMPERATURE (F)
 YESTERDAY
  MAXIMUM         54    339 PM  68    1968  53      1       50
  MINIMUM         47    545 AM  18    2011  37     10       41
  AVERAGE         51                        45      6       46

PRECIPITATION (IN)
  YESTERDAY        0.10          0.73 2000   0.13  -0.03     0.00
  MONTH TO DATE    3.41                      3.40   0.01     4.86
  SINCE OCT 1     21.72                     22.40  -0.68    13.38
  SINCE JAN 1      6.74                      8.28  -1.54     7.56

DEGREE DAYS
 HEATING
  YESTERDAY       14                        20     -6       19
  MONTH TO DATE  406                       554   -148      643
  SINCE DEC 1   1708                      2049   -341     2247
  SINCE JUL 1   2441                      3018   -577     3258

 COOLING
  YESTERDAY        0                         0      0        0
  MONTH TO DATE    0                         0      0        0
  SINCE DEC 1      0                         0      0        0
  SINCE JAN 1      0                         0      0        0
..................................................................


WIND (MPH)
  HIGHEST WIND SPEED    14   HIGHEST WIND DIRECTION     S (190)
  HIGHEST GUST SPEED    16   HIGHEST GUST DIRECTION     S (190)
  AVERAGE WIND SPEED     6.7


SKY COVER
  POSSIBLE SUNSHINE  MM
  AVERAGE SKY COVER 0.9


WEATHER CONDITIONS
 THE FOLLOWING WEATHER WAS RECORDED YESTERDAY.
  LIGHT RAIN
  FOG


RELATIVE HUMIDITY (PERCENT)
 HIGHEST    93           200 AM
 LOWEST     77           400 PM
 AVERAGE    85

..........................................................


THE PORTLAND OR CLIMATE NORMALS FOR TODAY
                         NORMAL    RECORD    YEAR
 MAXIMUM TEMPERATURE (F)   54        67      1968
 MINIMUM TEMPERATURE (F)   37        19      1960


SUNRISE AND SUNSET
FEBRUARY 27 2015......SUNRISE   653 AM PST   SUNSET   554 PM PST
FEBRUARY 28 2015......SUNRISE   651 AM PST   SUNSET   556 PM PST


-  INDICATES NEGATIVE NUMBERS.
R  INDICATES RECORD WAS SET OR TIED.
MM INDICATES DATA IS MISSING.
T  INDICATES TRACE AMOUNT.




$$
