880
CDUS46 KPQR 291141
CLIPDX


CLIMATE REPORT
NATIONAL WEATHER SERVICE PORTLAND OREGON
441 AM PDT THU SEP 29 2016


...................................

...THE PORTLAND OR CLIMATE SUMMARY FOR SEPTEMBER 28 2016...

CLIMATE NORMAL PERIOD 1981 TO 2010
CLIMATE RECORD PERIOD 1940 TO 2016


WEATHER ITEM   OBSERVED TIME   RECORD YEAR NORMAL DEPARTURE LAST
                VALUE   (LST)  VALUE       VALUE  FROM      YEAR
                                                  NORMAL
..................................................................
TEMPERATURE (F)
 YESTERDAY
  MAXIMUM         75    331 PM  89    1989  72      3       81
  MINIMUM         50    614 AM  37    1983  50      0       48
  AVERAGE         63                        61      2       65

PRECIPITATION (IN)
  YESTERDAY        0.00          1.25 2013   0.06  -0.06     0.00
  MONTH TO DATE    1.69                      1.34   0.35     1.26
  SINCE OCT 1     47.02                     35.90  11.12    31.96
  SINCE JAN 1     23.60                     21.78   1.82    16.98

DEGREE DAYS
 HEATING
  YESTERDAY        2                         5     -3        0
  MONTH TO DATE   62                        66     -4       74
  SINCE SEP 1     62                        66     -4       74
  SINCE JUL 1     68                        93    -25       74

 COOLING
  YESTERDAY        0                         1     -1        0
  MONTH TO DATE   30                        58    -28       51
  SINCE SEP 1     30                        58    -28       51
  SINCE JAN 1    548                       421    127      780
..................................................................


WIND (MPH)
  HIGHEST WIND SPEED    16   HIGHEST WIND DIRECTION     N (340)
  HIGHEST GUST SPEED    18   HIGHEST GUST DIRECTION    NW (320)
  AVERAGE WIND SPEED     5.1


SKY COVER
  POSSIBLE SUNSHINE  MM
  AVERAGE SKY COVER 0.2


WEATHER CONDITIONS
 THE FOLLOWING WEATHER WAS RECORDED YESTERDAY.
  NO SIGNIFICANT WEATHER WAS OBSERVED.


RELATIVE HUMIDITY (PERCENT)
 HIGHEST    71           500 AM
 LOWEST     41           300 PM
 AVERAGE    56

..........................................................


THE PORTLAND OR CLIMATE NORMALS FOR TODAY
                         NORMAL    RECORD    YEAR
 MAXIMUM TEMPERATURE (F)   71        89      2008
                                             1993
                                             1987
 MINIMUM TEMPERATURE (F)   50        37      1954


SUNRISE AND SUNSET
SEPTEMBER 29 2016.....SUNRISE   707 AM PDT   SUNSET   653 PM PDT
SEPTEMBER 30 2016.....SUNRISE   708 AM PDT   SUNSET   651 PM PDT


-  INDICATES NEGATIVE NUMBERS.
R  INDICATES RECORD WAS SET OR TIED.
MM INDICATES DATA IS MISSING.
T  INDICATES TRACE AMOUNT.




$$
