000
CDUS46 KPQR 181141
CLIPDX


CLIMATE REPORT
NATIONAL WEATHER SERVICE PORTLAND OREGON
340 AM PST SAT NOV 18 2017


...................................

...THE PORTLAND OR CLIMATE SUMMARY FOR NOVEMBER 17 2017...

CLIMATE NORMAL PERIOD 1981 TO 2010
CLIMATE RECORD PERIOD 1940 TO 2017


WEATHER ITEM   OBSERVED TIME   RECORD YEAR NORMAL DEPARTURE LAST
                VALUE   (LST)  VALUE       VALUE  FROM      YEAR
                                                  NORMAL
..................................................................
TEMPERATURE (F)
 YESTERDAY
  MAXIMUM         52    259 PM  63    2007  52      0       54
  MINIMUM         41    604 AM  23    1961  40      1       39
                                      1955
  AVERAGE         47                        46      1       47

PRECIPITATION (IN)
  YESTERDAY        0.11          1.46 1946   0.19  -0.08     0.02
  MONTH TO DATE    3.16                      3.01   0.15     2.53
  SINCE OCT 1      7.73                      6.01   1.72    10.84
  SINCE JAN 1     39.43                     27.92  11.51    34.44

SNOWFALL (IN)
  YESTERDAY       MM             4.5  1955
  MONTH TO DATE    0.0
  SINCE SEP 1      0.0
  SINCE JUL 1      0.0

DEGREE DAYS
 HEATING
  YESTERDAY       18                        19     -1       18
  MONTH TO DATE  293                       283     10      164
  SINCE SEP 1    695                       674     21      495
  SINCE JUL 1    697                       701     -4      501

 COOLING
  YESTERDAY        0                         0      0        0
  MONTH TO DATE    0                         0      0        0
  SINCE SEP 1    132                        61     71       30
  SINCE JAN 1    700                       424    276      548
..................................................................


WIND (MPH)
  HIGHEST WIND SPEED    18   HIGHEST WIND DIRECTION     S (200)
  HIGHEST GUST SPEED    21   HIGHEST GUST DIRECTION    SW (210)
  AVERAGE WIND SPEED     6.8


SKY COVER
  POSSIBLE SUNSHINE  MM
  AVERAGE SKY COVER 0.8


WEATHER CONDITIONS
 THE FOLLOWING WEATHER WAS RECORDED YESTERDAY.
  LIGHT RAIN
  FOG


RELATIVE HUMIDITY (PERCENT)
 HIGHEST    96           100 AM
 LOWEST     71           200 PM
 AVERAGE    84

..........................................................


THE PORTLAND OR CLIMATE NORMALS FOR TODAY
                         NORMAL    RECORD    YEAR
 MAXIMUM TEMPERATURE (F)   52        61      2003
 MINIMUM TEMPERATURE (F)   40        24      2000


SUNRISE AND SUNSET
NOVEMBER 18 2017......SUNRISE   714 AM PST   SUNSET   437 PM PST
NOVEMBER 19 2017......SUNRISE   716 AM PST   SUNSET   436 PM PST


-  INDICATES NEGATIVE NUMBERS.
R  INDICATES RECORD WAS SET OR TIED.
MM INDICATES DATA IS MISSING.
T  INDICATES TRACE AMOUNT.




$$
