000
CDUS46 KPQR 291141
CLIPDX


CLIMATE REPORT
NATIONAL WEATHER SERVICE PORTLAND OREGON
441 AM PDT FRI AUG 29 2014


...................................

...THE PORTLAND OR CLIMATE SUMMARY FOR AUGUST 28 2014...

CLIMATE NORMAL PERIOD 1981 TO 2010
CLIMATE RECORD PERIOD 1940 TO 2014


WEATHER ITEM   OBSERVED TIME   RECORD YEAR NORMAL DEPARTURE LAST
                VALUE   (LST)  VALUE       VALUE  FROM      YEAR
                                                  NORMAL
..................................................................
TEMPERATURE (F)
 YESTERDAY
  MAXIMUM         83    512 PM 102    1967  80      3       81
  MINIMUM         60    500 AM  45    1980  57      3       63
  AVERAGE         72                        68      4       72

PRECIPITATION (IN)
  YESTERDAY        0.00          0.61 1983   0.03  -0.03     0.05
  MONTH TO DATE    0.01                      0.57  -0.56     0.41
  SINCE OCT 1     29.97                     34.46  -4.49    36.84
  SINCE JAN 1     24.15                     20.34   3.81    14.91

DEGREE DAYS
 HEATING
  YESTERDAY        0                         1     -1        0
  MONTH TO DATE    0                         1     -1        3
  SINCE JUN 1     63                       109    -46       54
  SINCE JUL 1      1                        18    -17        5

 COOLING
  YESTERDAY        7                         4      3        7
  MONTH TO DATE  249                       142    107      177
  SINCE JUN 1    498                       336    162      412
  SINCE JAN 1    526                       353    173      427
..................................................................


WIND (MPH)
  HIGHEST WIND SPEED    14   HIGHEST WIND DIRECTION    NW (310)
  HIGHEST GUST SPEED    18   HIGHEST GUST DIRECTION    NW (320)
  AVERAGE WIND SPEED     6.1


SKY COVER
  POSSIBLE SUNSHINE  MM
  AVERAGE SKY COVER 0.3


WEATHER CONDITIONS
 THE FOLLOWING WEATHER WAS RECORDED YESTERDAY.
  NO SIGNIFICANT WEATHER WAS OBSERVED.


RELATIVE HUMIDITY (PERCENT)
 HIGHEST    90           400 AM
 LOWEST     43           300 PM
 AVERAGE    67

..........................................................


THE PORTLAND OR CLIMATE NORMALS FOR TODAY
                         NORMAL    RECORD    YEAR
 MAXIMUM TEMPERATURE (F)   80        95      1944
 MINIMUM TEMPERATURE (F)   57        44      1980
                                             1951


SUNRISE AND SUNSET
AUGUST 29 2014........SUNRISE   628 AM PDT   SUNSET   754 PM PDT
AUGUST 30 2014........SUNRISE   629 AM PDT   SUNSET   752 PM PDT


-  INDICATES NEGATIVE NUMBERS.
R  INDICATES RECORD WAS SET OR TIED.
MM INDICATES DATA IS MISSING.
T  INDICATES TRACE AMOUNT.




$$
