000
CDUS46 KPQR 300221
CLIPDX


CLIMATE REPORT
NATIONAL WEATHER SERVICE PORTLAND OREGON
720 PM PDT MON MAY 29 2017


...................................

...THE PORTLAND OR CLIMATE SUMMARY FOR MAY 29 2017...
VALID TODAY AS OF 0700 PM LOCAL TIME.

CLIMATE NORMAL PERIOD 1981 TO 2010
CLIMATE RECORD PERIOD 1940 TO 2017


WEATHER ITEM   OBSERVED TIME   RECORD YEAR NORMAL DEPARTURE LAST
                VALUE   (LST)  VALUE       VALUE  FROM      YEAR
                                                  NORMAL
..................................................................
TEMPERATURE (F)
 TODAY
  MAXIMUM         72    559 PM  90    1973  70      2       71
  MINIMUM         54    625 AM  41    1978  51      3       54
  AVERAGE         63                        61      2       63

PRECIPITATION (IN)
  TODAY            0.00          0.57 1996   0.08  -0.08     0.00
  MONTH TO DATE    1.92                      2.30  -0.38     1.72
  SINCE OCT 1     47.93                     31.37  16.56    43.16
  SINCE JAN 1     28.18                     17.25  10.93    19.74

SNOWFALL (IN)
  TODAY            0.0          MM      MM
  MONTH TO DATE    0.0
  SINCE MAR 1      T
  SINCE JUL 1     11.2

DEGREE DAYS
 HEATING
  TODAY            2                         5     -3        2
  MONTH TO DATE  188                       213    -25      107
  SINCE MAR 1   1139                      1118     21      783
  SINCE JUL 1   4344                      4176    168     3386

 COOLING
  TODAY            0                         1     -1        0
  MONTH TO DATE   41                        10     31       25
  SINCE MAR 1     41                        11     30       43
  SINCE JAN 1     41                        11     30       43
..................................................................


WIND (MPH)
  HIGHEST WIND SPEED    10   HIGHEST WIND DIRECTION     E (80)
  HIGHEST GUST SPEED    13   HIGHEST GUST DIRECTION     E (90)
  AVERAGE WIND SPEED     4.5



WEATHER CONDITIONS
 THE FOLLOWING WEATHER WAS RECORDED TODAY.
  NO SIGNIFICANT WEATHER WAS OBSERVED.


RELATIVE HUMIDITY (PERCENT)
 HIGHEST    93           500 AM
 LOWEST     53           400 PM
 AVERAGE    73

..........................................................


THE PORTLAND OR CLIMATE NORMALS FOR TOMORROW
                         NORMAL    RECORD    YEAR
 MAXIMUM TEMPERATURE (F)   71        91      1986
 MINIMUM TEMPERATURE (F)   51        40      1955


SUNRISE AND SUNSET
MAY 29 2017...........SUNRISE   526 AM PDT   SUNSET   850 PM PDT
MAY 30 2017...........SUNRISE   526 AM PDT   SUNSET   851 PM PDT


-  INDICATES NEGATIVE NUMBERS.
R  INDICATES RECORD WAS SET OR TIED.
MM INDICATES DATA IS MISSING.
T  INDICATES TRACE AMOUNT.




$$
