000
CDUS46 KPQR 271146
CLIPDX


CLIMATE REPORT
NATIONAL WEATHER SERVICE PORTLAND OREGON
445 AM PDT THU JUL 27 2017


...................................

...THE PORTLAND OR CLIMATE SUMMARY FOR JULY 26 2017...

CLIMATE NORMAL PERIOD 1981 TO 2010
CLIMATE RECORD PERIOD 1940 TO 2017


WEATHER ITEM   OBSERVED TIME   RECORD YEAR NORMAL DEPARTURE LAST
                VALUE   (LST)  VALUE       VALUE  FROM      YEAR
                                                  NORMAL
..................................................................
TEMPERATURE (F)
 YESTERDAY
  MAXIMUM         86    401 PM  99    1998  82      4       84
  MINIMUM         58    459 AM  48    1953  59     -1       60
                                      1951
  AVERAGE         72                        70      2       72

PRECIPITATION (IN)
  YESTERDAY        0.00          0.52 1947   0.01  -0.01     0.00
  MONTH TO DATE    T                         0.57  -0.57     0.66
  SINCE OCT 1     49.01                     33.81  15.20    45.24
  SINCE JAN 1     29.26                     19.69   9.57    21.82

SNOWFALL (IN)
  YESTERDAY        0.0          MM      MM
  MONTH TO DATE    0.0
  SINCE JUN 1      0.0
  SINCE JUL 1      0.0

DEGREE DAYS
 HEATING
  YESTERDAY        0                         0      0        0
  MONTH TO DATE    1                        15    -14        3
  SINCE JUN 1     70                       106    -36       70
  SINCE JUL 1      1                        15    -14        3

 COOLING
  YESTERDAY        7                         6      1        7
  MONTH TO DATE  130                       119     11       95
  SINCE JUN 1    218                       166     52      200
  SINCE JAN 1    259                       183     76      249
..................................................................


WIND (MPH)
  HIGHEST WIND SPEED    15   HIGHEST WIND DIRECTION    NW (330)
  HIGHEST GUST SPEED    21   HIGHEST GUST DIRECTION    NW (330)
  AVERAGE WIND SPEED     6.9


SKY COVER
  POSSIBLE SUNSHINE  MM
  AVERAGE SKY COVER 0.3


WEATHER CONDITIONS
 THE FOLLOWING WEATHER WAS RECORDED YESTERDAY.
  NO SIGNIFICANT WEATHER WAS OBSERVED.


RELATIVE HUMIDITY (PERCENT)
 HIGHEST    87           600 AM
 LOWEST     40           300 PM
 AVERAGE    64

..........................................................


THE PORTLAND OR CLIMATE NORMALS FOR TODAY
                         NORMAL    RECORD    YEAR
 MAXIMUM TEMPERATURE (F)   82       103      2009
 MINIMUM TEMPERATURE (F)   59        47      1959


SUNRISE AND SUNSET
JULY 27 2017..........SUNRISE   549 AM PDT   SUNSET   844 PM PDT
JULY 28 2017..........SUNRISE   550 AM PDT   SUNSET   843 PM PDT


-  INDICATES NEGATIVE NUMBERS.
R  INDICATES RECORD WAS SET OR TIED.
MM INDICATES DATA IS MISSING.
T  INDICATES TRACE AMOUNT.




$$
