000
CDUS46 KPQR 311142
CLIPDX


CLIMATE REPORT
NATIONAL WEATHER SERVICE PORTLAND OREGON
441 AM PDT THU JUL 31 2014


...................................

...THE PORTLAND OR CLIMATE SUMMARY FOR JULY 30 2014...

CLIMATE NORMAL PERIOD 1981 TO 2010
CLIMATE RECORD PERIOD 1940 TO 2014


WEATHER ITEM   OBSERVED TIME   RECORD YEAR NORMAL DEPARTURE LAST
                VALUE   (LST)  VALUE       VALUE  FROM      YEAR
                                                  NORMAL
..................................................................
TEMPERATURE (F)
 YESTERDAY
  MAXIMUM         89    354 PM 107    1965  82      7       82
  MINIMUM         60    539 AM  47    1945  59      1       57
  AVERAGE         75                        71      4       70

PRECIPITATION (IN)
  YESTERDAY        0.00          0.52 1982   0.01  -0.01     0.00
  MONTH TO DATE    1.05                      0.63   0.42      T
  SINCE OCT 1     29.96                     33.87  -3.91    36.43
  SINCE JAN 1     24.14                     19.75   4.39    14.50

DEGREE DAYS
 HEATING
  YESTERDAY        0                         0      0        0
  MONTH TO DATE    1                        15    -14        2
  SINCE JUN 1     63                       106    -43       51
  SINCE JUL 1      1                        15    -14        2

 COOLING
  YESTERDAY       10                         6      4        5
  MONTH TO DATE  208                       143     65      164
  SINCE JUN 1    237                       190     47      231
  SINCE JAN 1    265                       207     58      246
..................................................................


WIND (MPH)
  HIGHEST WIND SPEED    17   HIGHEST WIND DIRECTION    NW (310)
  HIGHEST GUST SPEED    23   HIGHEST GUST DIRECTION    NW (320)
  AVERAGE WIND SPEED     8.0


SKY COVER
  POSSIBLE SUNSHINE  MM
  AVERAGE SKY COVER 0.3


WEATHER CONDITIONS
 THE FOLLOWING WEATHER WAS RECORDED YESTERDAY.
  NO SIGNIFICANT WEATHER WAS OBSERVED.


RELATIVE HUMIDITY (PERCENT)
 HIGHEST    90           400 AM
 LOWEST     36           500 PM
 AVERAGE    63

..........................................................


THE PORTLAND OR CLIMATE NORMALS FOR TODAY
                         NORMAL    RECORD    YEAR
 MAXIMUM TEMPERATURE (F)   82       102      1965
 MINIMUM TEMPERATURE (F)   59        48      1956
                                             1953


SUNRISE AND SUNSET
JULY 31 2014..........SUNRISE   553 AM PDT   SUNSET   840 PM PDT
AUGUST  1 2014........SUNRISE   554 AM PDT   SUNSET   839 PM PDT


-  INDICATES NEGATIVE NUMBERS.
R  INDICATES RECORD WAS SET OR TIED.
MM INDICATES DATA IS MISSING.
T  INDICATES TRACE AMOUNT.




$$
