000
CDUS46 KPQR 310222
CLIPDX


CLIMATE REPORT
NATIONAL WEATHER SERVICE PORTLAND OREGON
722 PM PDT THU OCT 30 2014


...................................

...THE PORTLAND OR CLIMATE SUMMARY FOR OCTOBER 30 2014...
VALID TODAY AS OF 0700 PM LOCAL TIME.

CLIMATE NORMAL PERIOD 1981 TO 2010
CLIMATE RECORD PERIOD 1940 TO 2014


WEATHER ITEM   OBSERVED TIME   RECORD YEAR NORMAL DEPARTURE LAST
                VALUE   (LST)  VALUE       VALUE  FROM      YEAR
                                                  NORMAL
..................................................................
TEMPERATURE (F)
 TODAY
  MAXIMUM         61   1251 PM  69    1988  58      3       57
                                      1987
  MINIMUM         56    409 AM  27    1991  44     12       33
  AVERAGE         59                        51      8       45

PRECIPITATION (IN)
  TODAY            0.13          1.20 1997   0.15  -0.02     0.01
  MONTH TO DATE    4.70                      2.86   1.84     1.11
  SINCE OCT 1      4.70                      2.86   1.84     1.11
  SINCE JAN 1     29.83                     24.77   5.06    22.01

DEGREE DAYS
 HEATING
  TODAY            6                        14     -8       20
  MONTH TO DATE  151                       301   -150      338
  SINCE SEP 1    168                       377   -209      423
  SINCE JUL 1    169                       404   -235      428

 COOLING
  TODAY            0                         0      0        0
  MONTH TO DATE   17                         0     17        0
  SINCE SEP 1    118                        59     59       86
  SINCE JAN 1    653                       422    231      539
..................................................................


WIND (MPH)
  HIGHEST WIND SPEED    23   HIGHEST WIND DIRECTION     E (110)
  HIGHEST GUST SPEED    28   HIGHEST GUST DIRECTION    SE (120)
  AVERAGE WIND SPEED     9.4



WEATHER CONDITIONS
 THE FOLLOWING WEATHER WAS RECORDED TODAY.
  LIGHT RAIN
  FOG


RELATIVE HUMIDITY (PERCENT)
 HIGHEST   100           600 PM
 LOWEST     80           200 PM
 AVERAGE    90

..........................................................


THE PORTLAND OR CLIMATE NORMALS FOR TOMORROW
                         NORMAL    RECORD    YEAR
 MAXIMUM TEMPERATURE (F)   58        71      1954
 MINIMUM TEMPERATURE (F)   43        28      1995


SUNRISE AND SUNSET
OCTOBER 30 2014.......SUNRISE   747 AM PDT   SUNSET   600 PM PDT
OCTOBER 31 2014.......SUNRISE   749 AM PDT   SUNSET   559 PM PDT


-  INDICATES NEGATIVE NUMBERS.
R  INDICATES RECORD WAS SET OR TIED.
MM INDICATES DATA IS MISSING.
T  INDICATES TRACE AMOUNT.




$$
