000
CDUS41 KPBZ 012127
CLIPHD


CLIMATE REPORT
NATIONAL WEATHER SERVICE PITTSBURGH PA
527 PM EDT WED OCT 1 2014


...................................

...THE NEW PHILADELPHIA OH CLIMATE SUMMARY FOR OCTOBER 1 2014...
VALID TODAY AS OF 0500 PM LOCAL TIME.

CLIMATE NORMAL PERIOD 1981 TO 2010
CLIMATE RECORD PERIOD 1946 TO 2014


WEATHER ITEM   OBSERVED TIME   RECORD YEAR NORMAL DEPARTURE LAST
                VALUE   (LST)  VALUE       VALUE  FROM      YEAR
                                                  NORMAL
..................................................................
TEMPERATURE (F)
 TODAY
  MAXIMUM         70    322 PM  87    1986  70      0       79
  MINIMUM         52   1205 AM  31    1963  46      6       52
  AVERAGE         61                        58      3       66

PRECIPITATION (IN)
  TODAY            0.01         MM      MM   0.11  -0.10     0.00
  MONTH TO DATE    0.01                      0.11  -0.10     0.00
  SINCE JUN 1     17.79                     14.72   3.07    15.00
  SINCE JAN 1     32.97                     30.32   2.65    25.04

DEGREE DAYS
 HEATING
  TODAY            4                         8     -4        0
  MONTH TO DATE    4                         8     -4        0
  SINCE SEP 1    104                       104      0      102
  SINCE JUL 1    136                       114     22      116

 COOLING
  TODAY            0                         1     -1        1
  MONTH TO DATE    0                         1     -1        1
  SINCE SEP 1     72                        67      5       80
  SINCE JAN 1    621                       689    -68      725
..................................................................


WIND (MPH)
  HIGHEST WIND SPEED     8   HIGHEST WIND DIRECTION     N (20)
  HIGHEST GUST SPEED    10   HIGHEST GUST DIRECTION     E (70)
  AVERAGE WIND SPEED     1.4


SKY COVER
  POSSIBLE SUNSHINE  MM
  AVERAGE SKY COVER 0.9


WEATHER CONDITIONS
 THE FOLLOWING WEATHER WAS RECORDED TODAY.
  LIGHT RAIN
  FOG


RELATIVE HUMIDITY (PERCENT)
 HIGHEST   100           100 AM
 LOWEST     63           300 PM
 AVERAGE    82

..........................................................


THE NEW PHILADELPHIA OH CLIMATE NORMALS FOR TOMORROW
                         NORMAL    RECORD    YEAR
 MAXIMUM TEMPERATURE (F)   70        84      1968
 MINIMUM TEMPERATURE (F)   45        31      1966


SUNRISE AND SUNSET
OCTOBER  1 2014.......SUNRISE   722 AM EDT   SUNSET   708 PM EDT
OCTOBER  2 2014.......SUNRISE   723 AM EDT   SUNSET   706 PM EDT


-  INDICATES NEGATIVE NUMBERS.
R  INDICATES RECORD WAS SET OR TIED.
MM INDICATES DATA IS MISSING.
T  INDICATES TRACE AMOUNT.




$$
