000
CDUS41 KPBZ 242211
CLIPHD


CLIMATE REPORT
NATIONAL WEATHER SERVICE PITTSBURGH PA
511 PM EST FRI FEB 24 2017


...................................

...THE NEW PHILADELPHIA OH CLIMATE SUMMARY FOR FEBRUARY 24 2017...
VALID TODAY AS OF 0500 PM LOCAL TIME.

CLIMATE NORMAL PERIOD 1981 TO 2010
CLIMATE RECORD PERIOD 1946 TO 2017


WEATHER ITEM   OBSERVED TIME   RECORD YEAR NORMAL DEPARTURE LAST
                VALUE   (LST)  VALUE       VALUE  FROM      YEAR
                                                  NORMAL
..................................................................
TEMPERATURE (F)
 TODAY
  MAXIMUM         77R   244 PM  66    1985  43     34       57
  MINIMUM         53    418 AM -15    2015  23     30       40
  AVERAGE         65                        33     32       49

PRECIPITATION (IN)
  TODAY            0.00         MM      MM   0.09  -0.09     1.39
  MONTH TO DATE    1.23                      2.00  -0.77     3.10
  SINCE JUN 1     25.37                     27.90  -2.53    22.22
  SINCE JAN 1      4.79                      4.60   0.19     4.14

DEGREE DAYS
 HEATING
  TODAY            0                        32    -32       16
  MONTH TO DATE  577                       811   -234      780
  SINCE DEC 1   2534                      2925   -391     2591
  SINCE JUL 1   3401                      4083   -682     3487

 COOLING
  TODAY            0                         0      0        0
  MONTH TO DATE    0                         0      0        0
  SINCE DEC 1      0                         0      0        0
  SINCE JAN 1      0                         0      0        0
..................................................................


WIND (MPH)
  HIGHEST WIND SPEED    22   HIGHEST WIND DIRECTION    SW (230)
  HIGHEST GUST SPEED    31   HIGHEST GUST DIRECTION     S (170)
  AVERAGE WIND SPEED     7.5


SKY COVER
  POSSIBLE SUNSHINE  MM
  AVERAGE SKY COVER 0.5


WEATHER CONDITIONS
 THE FOLLOWING WEATHER WAS RECORDED TODAY.
  FOG
  FOG W/VISIBILITY <= 1/4 MILE


RELATIVE HUMIDITY (PERCENT)
 HIGHEST   100          1200 AM
 LOWEST     41           500 PM
 AVERAGE    71

..........................................................


THE NEW PHILADELPHIA OH CLIMATE NORMALS FOR TOMORROW
                         NORMAL    RECORD    YEAR
 MAXIMUM TEMPERATURE (F)   44        68      1961
 MINIMUM TEMPERATURE (F)   24        -2      1963


SUNRISE AND SUNSET
FEBRUARY 24 2017......SUNRISE   706 AM EST   SUNSET   612 PM EST
FEBRUARY 25 2017......SUNRISE   705 AM EST   SUNSET   613 PM EST


-  INDICATES NEGATIVE NUMBERS.
R  INDICATES RECORD WAS SET OR TIED.
MM INDICATES DATA IS MISSING.
T  INDICATES TRACE AMOUNT.




$$
