000
CDUS41 KPBZ 112226
CLIPHD


CLIMATE REPORT
NATIONAL WEATHER SERVICE PITTSBURGH PA
525 PM EST THU FEB 11 2016


...................................

...THE NEW PHILADELPHIA OH CLIMATE SUMMARY FOR FEBRUARY 11 2016...
VALID TODAY AS OF 0500 PM LOCAL TIME.

CLIMATE NORMAL PERIOD 1981 TO 2010
CLIMATE RECORD PERIOD 1946 TO 2016


WEATHER ITEM   OBSERVED TIME   RECORD YEAR NORMAL DEPARTURE LAST
                VALUE   (LST)  VALUE       VALUE  FROM      YEAR
                                                  NORMAL
..................................................................
TEMPERATURE (F)
 TODAY
  MAXIMUM         20    322 PM  63    1965  40    -20       39
  MINIMUM         11    839 AM -12    1979  22    -11       18
  AVERAGE         16                        31    -15       29

PRECIPITATION (IN)
  TODAY            T            MM      MM   0.09  -0.09     0.02
  MONTH TO DATE    0.95                      0.90   0.05     0.84
  SINCE JUN 1     20.07                     26.80  -6.73    27.37
  SINCE JAN 1      1.99                      3.50  -1.51     2.64

DEGREE DAYS
 HEATING
  TODAY           49                        34     15       36
  MONTH TO DATE  351                       382    -31      402
  SINCE DEC 1   2162                      2496   -334     2497
  SINCE JUL 1   3058                      3654   -596     3731

 COOLING
  TODAY            0                         0      0        0
  MONTH TO DATE    0                         0      0        0
  SINCE DEC 1      0                         0      0        0
  SINCE JAN 1      0                         0      0        0
..................................................................


WIND (MPH)
  HIGHEST WIND SPEED    18   HIGHEST WIND DIRECTION     W (290)
  HIGHEST GUST SPEED    27   HIGHEST GUST DIRECTION     W (290)
  AVERAGE WIND SPEED    10.1


SKY COVER
  POSSIBLE SUNSHINE  MM
  AVERAGE SKY COVER 0.8


WEATHER CONDITIONS
 THE FOLLOWING WEATHER WAS RECORDED TODAY.
  LIGHT SNOW
  FOG
  HAZE


RELATIVE HUMIDITY (PERCENT)
 HIGHEST    88           300 AM
 LOWEST     45           300 PM
 AVERAGE    67

..........................................................


THE NEW PHILADELPHIA OH CLIMATE NORMALS FOR TOMORROW
                         NORMAL    RECORD    YEAR
 MAXIMUM TEMPERATURE (F)   40        72      1999
 MINIMUM TEMPERATURE (F)   22        -8      2014


SUNRISE AND SUNSET
FEBRUARY 11 2016......SUNRISE   725 AM EST   SUNSET   555 PM EST
FEBRUARY 12 2016......SUNRISE   724 AM EST   SUNSET   557 PM EST


-  INDICATES NEGATIVE NUMBERS.
R  INDICATES RECORD WAS SET OR TIED.
MM INDICATES DATA IS MISSING.
T  INDICATES TRACE AMOUNT.




$$
