000
CDUS41 KPBZ 310743
CLIPHD


CLIMATE REPORT
NATIONAL WEATHER SERVICE PITTSBURGH PA
342 AM EDT THU JUL 31 2014


...................................

...THE NEW PHILADELPHIA OH CLIMATE SUMMARY FOR JULY 30 2014...

CLIMATE NORMAL PERIOD 1981 TO 2010
CLIMATE RECORD PERIOD 1946 TO 2014


WEATHER ITEM   OBSERVED TIME   RECORD YEAR NORMAL DEPARTURE LAST
                VALUE   (LST)  VALUE       VALUE  FROM      YEAR
                                                  NORMAL
..................................................................
TEMPERATURE (F)
 YESTERDAY
  MAXIMUM         73    259 PM  94    1988  84    -11       78
  MINIMUM         53            47    1981  62     -9       53
  AVERAGE         63                        72     -9       66

PRECIPITATION (IN)
  YESTERDAY        0.26         MM      MM   0.15   0.11     0.00
  MONTH TO DATE    4.88                      3.88   1.00     4.51
  SINCE JUN 1      9.75                      7.61   2.14    12.07
  SINCE JAN 1     24.93                     23.21   1.72    22.11

DEGREE DAYS
 HEATING
  YESTERDAY        2                         0      2        0
  MONTH TO DATE   19                         0     19        4
  SINCE JUN 1     29                        35     -6       26
  SINCE JUL 1     19                         0     19        4

 COOLING
  YESTERDAY        0                         8     -8        1
  MONTH TO DATE  149                       231    -82      234
  SINCE JUN 1    326                       374    -48      379
  SINCE JAN 1    392                       417    -25      477
..................................................................


WIND (MPH)
  HIGHEST WIND SPEED    12   HIGHEST WIND DIRECTION    NW (300)
  HIGHEST GUST SPEED    16   HIGHEST GUST DIRECTION    NW (310)
  AVERAGE WIND SPEED     3.5


SKY COVER
  POSSIBLE SUNSHINE  MM
  AVERAGE SKY COVER 0.3


WEATHER CONDITIONS
 THE FOLLOWING WEATHER WAS RECORDED YESTERDAY.
  THUNDERSTORM
  RAIN
  LIGHT RAIN
  FOG
  FOG W/VISIBILITY <= 1/4 MILE


RELATIVE HUMIDITY (PERCENT)
 HIGHEST   100           300 AM
 LOWEST     73          1100 AM
 AVERAGE    87

..........................................................


THE NEW PHILADELPHIA OH CLIMATE NORMALS FOR TODAY
                         NORMAL    RECORD    YEAR
 MAXIMUM TEMPERATURE (F)   84        92      1983
 MINIMUM TEMPERATURE (F)   62        49      1968


SUNRISE AND SUNSET
JULY 31 2014..........SUNRISE   622 AM EDT   SUNSET   842 PM EDT
AUGUST  1 2014........SUNRISE   623 AM EDT   SUNSET   840 PM EDT


-  INDICATES NEGATIVE NUMBERS.
R  INDICATES RECORD WAS SET OR TIED.
MM INDICATES DATA IS MISSING.
T  INDICATES TRACE AMOUNT.




$$
