000
CDUS41 KPBZ 172214
CLIPHD


CLIMATE REPORT
NATIONAL WEATHER SERVICE PITTSBURGH PA
514 PM EST FRI NOV 17 2017


...................................

...THE NEW PHILADELPHIA OH CLIMATE SUMMARY FOR NOVEMBER 17 2017...
VALID TODAY AS OF 0500 PM LOCAL TIME.

CLIMATE NORMAL PERIOD 1981 TO 2010
CLIMATE RECORD PERIOD 1948 TO 2017


WEATHER ITEM   OBSERVED TIME   RECORD YEAR NORMAL DEPARTURE LAST
                VALUE   (LST)  VALUE       VALUE  FROM      YEAR
                                                  NORMAL
..................................................................
TEMPERATURE (F)
 TODAY
  MAXIMUM         47    310 PM  70    1988  52     -5       63
  MINIMUM         35    304 AM  11    1967  33      2       33
  AVERAGE         41                        43     -2       48

PRECIPITATION (IN)
  TODAY            0.00          0.95 2013   0.11  -0.11     0.00
  MONTH TO DATE    1.47                      1.73  -0.26     0.41
  SINCE JUN 1     16.02                     19.09  -3.07    16.01
  SINCE JAN 1     36.77                     34.69   2.08    30.66

DEGREE DAYS
 HEATING
  TODAY           24                        22      2       17
  MONTH TO DATE  367                       335     32      275
  SINCE SEP 1    694                       824   -130      563
  SINCE JUL 1    704                       834   -130      563

 COOLING
  TODAY            0                         0      0        0
  MONTH TO DATE    0                         0      0        2
  SINCE SEP 1    163                        75     88      211
  SINCE JAN 1    831                       697    134     1339
..................................................................


WIND (MPH)
  HIGHEST WIND SPEED    12   HIGHEST WIND DIRECTION    SE (130)
  HIGHEST GUST SPEED    15   HIGHEST GUST DIRECTION    SE (140)
  AVERAGE WIND SPEED     2.9


SKY COVER
  POSSIBLE SUNSHINE  MM
  AVERAGE SKY COVER 0.7


WEATHER CONDITIONS
 THE FOLLOWING WEATHER WAS RECORDED TODAY.
  NO SIGNIFICANT WEATHER WAS OBSERVED.


RELATIVE HUMIDITY (PERCENT)
 HIGHEST    82           300 AM
 LOWEST     49           200 PM
 AVERAGE    66

..........................................................


THE NEW PHILADELPHIA OH CLIMATE NORMALS FOR TOMORROW
                         NORMAL    RECORD    YEAR
 MAXIMUM TEMPERATURE (F)   52        74      2016
 MINIMUM TEMPERATURE (F)   33        14      2014


SUNRISE AND SUNSET
NOVEMBER 17 2017......SUNRISE   715 AM EST   SUNSET   507 PM EST
NOVEMBER 18 2017......SUNRISE   716 AM EST   SUNSET   506 PM EST


-  INDICATES NEGATIVE NUMBERS.
R  INDICATES RECORD WAS SET OR TIED.
MM INDICATES DATA IS MISSING.
T  INDICATES TRACE AMOUNT.




$$
