000
CDUS41 KPBZ 060814
CLIPHD


CLIMATE REPORT
NATIONAL WEATHER SERVICE PITTSBURGH PA
313 AM EST FRI MAR 6 2015


...................................

...THE NEW PHILADELPHIA OH CLIMATE SUMMARY FOR MARCH 5 2015...

CLIMATE NORMAL PERIOD 1981 TO 2010
CLIMATE RECORD PERIOD 1946 TO 2015


WEATHER ITEM   OBSERVED TIME   RECORD YEAR NORMAL DEPARTURE LAST
                VALUE   (LST)  VALUE       VALUE  FROM      YEAR
                                                  NORMAL
..................................................................
TEMPERATURE (F)
 YESTERDAY
  MAXIMUM         29   1212 AM  81    1983  46    -17       30
  MINIMUM          6             5    1984  25    -19       14
  AVERAGE         18                        36    -18       22

PRECIPITATION (IN)
  YESTERDAY        T            MM      MM   0.09  -0.09      T
  MONTH TO DATE    1.18                      0.43   0.75     0.11
  SINCE JUN 1     28.98                     28.69   0.29    28.54
  SINCE JAN 1      4.25                      5.39  -1.14     3.90

DEGREE DAYS
 HEATING
  YESTERDAY       47                        29     18       43
  MONTH TO DATE  188                       148     40      216
  SINCE MAR 1    188                       148     40      216
  SINCE JUL 1   4806                      4355    451     4849

 COOLING
  YESTERDAY        0                         0      0        0
  MONTH TO DATE    0                         0      0        0
  SINCE MAR 1      0                         0      0        0
  SINCE JAN 1      0                         0      0        0
..................................................................


WIND (MPH)
  HIGHEST WIND SPEED    21   HIGHEST WIND DIRECTION    NW (330)
  HIGHEST GUST SPEED    25   HIGHEST GUST DIRECTION     N (340)
  AVERAGE WIND SPEED     8.5


SKY COVER
  POSSIBLE SUNSHINE  MM
  AVERAGE SKY COVER 0.6


WEATHER CONDITIONS
 THE FOLLOWING WEATHER WAS RECORDED YESTERDAY.
  LIGHT SNOW
  HAZE


RELATIVE HUMIDITY (PERCENT)
 HIGHEST    73          1000 PM
 LOWEST     41           400 PM
 AVERAGE    57

..........................................................


THE NEW PHILADELPHIA OH CLIMATE NORMALS FOR TODAY
                         NORMAL    RECORD    YEAR
 MAXIMUM TEMPERATURE (F)   47        81      1983
 MINIMUM TEMPERATURE (F)   26         7      1978


SUNRISE AND SUNSET
MARCH  6 2015.........SUNRISE   652 AM EST   SUNSET   622 PM EST
MARCH  7 2015.........SUNRISE   650 AM EST   SUNSET   624 PM EST


-  INDICATES NEGATIVE NUMBERS.
R  INDICATES RECORD WAS SET OR TIED.
MM INDICATES DATA IS MISSING.
T  INDICATES TRACE AMOUNT.




$$
