000
CDUS41 KPBZ 252134
CLIPHD


CLIMATE REPORT
NATIONAL WEATHER SERVICE PITTSBURGH PA
533 PM EDT MON MAY 25 2015


...................................

...THE NEW PHILADELPHIA OH CLIMATE SUMMARY FOR MAY 25 2015...
VALID TODAY AS OF 0500 PM LOCAL TIME.

CLIMATE NORMAL PERIOD 1981 TO 2010
CLIMATE RECORD PERIOD 1946 TO 2015


WEATHER ITEM   OBSERVED TIME   RECORD YEAR NORMAL DEPARTURE LAST
                VALUE   (LST)  VALUE       VALUE  FROM      YEAR
                                                  NORMAL
..................................................................
TEMPERATURE (F)
 TODAY
  MAXIMUM         84    350 PM  88    2012  75      9       80
                                      1966
  MINIMUM         58    405 AM  32    2013  51      7       46
  AVERAGE         71                        63      8       63

PRECIPITATION (IN)
  TODAY            0.00         MM      MM   0.15  -0.15     0.00
  MONTH TO DATE    2.68                      3.28  -0.60     3.18
  SINCE JUN 1     37.66                     38.01  -0.35    39.61
  SINCE JAN 1     12.93                     14.71  -1.78    14.97

DEGREE DAYS
 HEATING
  TODAY            0                         4     -4        2
  MONTH TO DATE   87                       172    -85      156
  SINCE MAR 1   1279                      1380   -101     1527
  SINCE JUL 1   5897                      5587    310     6160

 COOLING
  TODAY            6                         2      4        0
  MONTH TO DATE  105                        21     84       39
  SINCE MAR 1    108                        28     80       40
  SINCE JAN 1    108                        28     80       40
..................................................................


WIND (MPH)
  HIGHEST WIND SPEED    16   HIGHEST WIND DIRECTION     S (170)
  HIGHEST GUST SPEED    23   HIGHEST GUST DIRECTION     S (160)
  AVERAGE WIND SPEED     6.6


SKY COVER
  POSSIBLE SUNSHINE  MM
  AVERAGE SKY COVER 0.2


WEATHER CONDITIONS
 THE FOLLOWING WEATHER WAS RECORDED TODAY.
  NO SIGNIFICANT WEATHER WAS OBSERVED.


RELATIVE HUMIDITY (PERCENT)
 HIGHEST    84          1200 AM
 LOWEST     44           200 PM
 AVERAGE    64

..........................................................


THE NEW PHILADELPHIA OH CLIMATE NORMALS FOR TOMORROW
                         NORMAL    RECORD    YEAR
 MAXIMUM TEMPERATURE (F)   75        90      2012
                                             1975
 MINIMUM TEMPERATURE (F)   51        31      1969


SUNRISE AND SUNSET
MAY 25 2015...........SUNRISE   601 AM EDT   SUNSET   844 PM EDT
MAY 26 2015...........SUNRISE   601 AM EDT   SUNSET   845 PM EDT


-  INDICATES NEGATIVE NUMBERS.
R  INDICATES RECORD WAS SET OR TIED.
MM INDICATES DATA IS MISSING.
T  INDICATES TRACE AMOUNT.




$$
