000
CDUS41 KPBZ 212122
CLIPHD


CLIMATE REPORT
NATIONAL WEATHER SERVICE PITTSBURGH PA
521 PM EDT SUN SEP 21 2014


...................................

...THE NEW PHILADELPHIA OH CLIMATE SUMMARY FOR SEPTEMBER 21 2014...
VALID TODAY AS OF 0500 PM LOCAL TIME.

CLIMATE NORMAL PERIOD 1981 TO 2010
CLIMATE RECORD PERIOD 1946 TO 2014


WEATHER ITEM   OBSERVED TIME   RECORD YEAR NORMAL DEPARTURE LAST
                VALUE   (LST)  VALUE       VALUE  FROM      YEAR
                                                  NORMAL
..................................................................
TEMPERATURE (F)
 TODAY
  MAXIMUM         81    207 PM  90    2002  74      7       72
  MINIMUM         67   1202 AM  33    1962  50     17       53
  AVERAGE         74                        62     12       63

PRECIPITATION (IN)
  TODAY            0.00         MM      MM   0.10  -0.10     0.73
  MONTH TO DATE    0.63                      2.48  -1.85     1.29
  SINCE JUN 1     17.57                     13.83   3.74    14.99
  SINCE JAN 1     32.75                     29.43   3.32    25.03

DEGREE DAYS
 HEATING
  TODAY            0                         4     -4        2
  MONTH TO DATE   60                        43     17       50
  SINCE SEP 1     60                        43     17       50
  SINCE JUL 1     92                        53     39       64

 COOLING
  TODAY            9                         1      8        0
  MONTH TO DATE   76                        57     19       79
  SINCE SEP 1     76                        57     19       79
  SINCE JAN 1    625                       679    -54      724
..................................................................


WIND (MPH)
  HIGHEST WIND SPEED    21   HIGHEST WIND DIRECTION    SW (240)
  HIGHEST GUST SPEED    31   HIGHEST GUST DIRECTION    SW (240)
  AVERAGE WIND SPEED     8.8


SKY COVER
  POSSIBLE SUNSHINE  MM
  AVERAGE SKY COVER 0.4


WEATHER CONDITIONS
 THE FOLLOWING WEATHER WAS RECORDED TODAY.
  NO SIGNIFICANT WEATHER WAS OBSERVED.


RELATIVE HUMIDITY (PERCENT)
 HIGHEST    87          1200 AM
 LOWEST     28           200 PM
 AVERAGE    58

..........................................................


THE NEW PHILADELPHIA OH CLIMATE NORMALS FOR TOMORROW
                         NORMAL    RECORD    YEAR
 MAXIMUM TEMPERATURE (F)   74        89      1978
 MINIMUM TEMPERATURE (F)   50        34      1991


SUNRISE AND SUNSET
SEPTEMBER 21 2014.....SUNRISE   712 AM EDT   SUNSET   724 PM EDT
SEPTEMBER 22 2014.....SUNRISE   713 AM EDT   SUNSET   723 PM EDT


-  INDICATES NEGATIVE NUMBERS.
R  INDICATES RECORD WAS SET OR TIED.
MM INDICATES DATA IS MISSING.
T  INDICATES TRACE AMOUNT.




$$
