000
CDUS41 KPBZ 180730
CLIPHD


CLIMATE REPORT
NATIONAL WEATHER SERVICE PITTSBURGH PA
330 AM EDT FRI APR 18 2014


...................................

...THE NEW PHILADELPHIA OH CLIMATE SUMMARY FOR APRIL 17 2014...

CLIMATE NORMAL PERIOD 1981 TO 2010
CLIMATE RECORD PERIOD 1946 TO 2014


WEATHER ITEM   OBSERVED TIME   RECORD YEAR NORMAL DEPARTURE LAST
                VALUE   (LST)  VALUE       VALUE  FROM      YEAR
                                                  NORMAL
..................................................................
TEMPERATURE (F)
 YESTERDAY
  MAXIMUM         66    341 PM  86    2002  64      2       67
  MINIMUM         34            20    1962  39     -5       51
  AVERAGE         50                        52     -2       59

PRECIPITATION (IN)
  YESTERDAY        0.00         MM      MM   0.10  -0.10     0.00
  MONTH TO DATE    2.68                      1.90   0.78     1.45
  SINCE JUN 1     33.02                     33.20  -0.18    28.84
  SINCE JAN 1      8.38                      9.90  -1.52     6.24

DEGREE DAYS
 HEATING
  YESTERDAY       15                        14      1        6
  MONTH TO DATE  254                       278    -24      250
  SINCE MAR 1   1217                      1057    160     1137
  SINCE JUL 1   5850                      5264    586     5267

 COOLING
  YESTERDAY        0                         0      0        0
  MONTH TO DATE    1                         0      1        6
  SINCE MAR 1      1                         1      0        6
  SINCE JAN 1      1                         1      0        6
..................................................................


WIND (MPH)
  HIGHEST WIND SPEED    16   HIGHEST WIND DIRECTION     S (180)
  HIGHEST GUST SPEED    27   HIGHEST GUST DIRECTION     S (170)
  AVERAGE WIND SPEED     7.4


SKY COVER
  POSSIBLE SUNSHINE  MM
  AVERAGE SKY COVER 0.0


WEATHER CONDITIONS
 THE FOLLOWING WEATHER WAS RECORDED YESTERDAY.
  NO SIGNIFICANT WEATHER WAS OBSERVED.


RELATIVE HUMIDITY (PERCENT)
 HIGHEST    60          1000 PM
 LOWEST     24           400 PM
 AVERAGE    42

..........................................................


THE NEW PHILADELPHIA OH CLIMATE NORMALS FOR TODAY
                         NORMAL    RECORD    YEAR
 MAXIMUM TEMPERATURE (F)   64        86      1976
 MINIMUM TEMPERATURE (F)   39        24      1983


SUNRISE AND SUNSET
APRIL 18 2014.........SUNRISE   643 AM EDT   SUNSET   808 PM EDT
APRIL 19 2014.........SUNRISE   641 AM EDT   SUNSET   809 PM EDT


-  INDICATES NEGATIVE NUMBERS.
R  INDICATES RECORD WAS SET OR TIED.
MM INDICATES DATA IS MISSING.
T  INDICATES TRACE AMOUNT.




$$
