000
CDUS41 KPBZ 250702
CLIPHD


CLIMATE REPORT
NATIONAL WEATHER SERVICE PITTSBURGH PA
301 AM EDT SAT MAR 25 2017


...................................

...THE NEW PHILADELPHIA OH CLIMATE SUMMARY FOR MARCH 24 2017...

CLIMATE NORMAL PERIOD 1981 TO 2010
CLIMATE RECORD PERIOD 1946 TO 2017


WEATHER ITEM   OBSERVED TIME   RECORD YEAR NORMAL DEPARTURE LAST
                VALUE   (LST)  VALUE       VALUE  FROM      YEAR
                                                  NORMAL
..................................................................
TEMPERATURE (F)
 YESTERDAY
  MAXIMUM         75    448 PM  78    1966  54     21       74
  MINIMUM         37            13    2014  32      5       50
  AVERAGE         56                        43     13       62

PRECIPITATION (IN)
  YESTERDAY        0.03         MM      MM   0.11  -0.08     0.22
  MONTH TO DATE    2.79                      2.32   0.47     2.64
  SINCE JUN 1     28.63                     30.58  -1.95    25.08
  SINCE JAN 1      8.05                      7.28   0.77     7.00

DEGREE DAYS
 HEATING
  YESTERDAY        9                        22    -13        3
  MONTH TO DATE  690                       634     56      459
  SINCE MAR 1    690                       634     56      459
  SINCE JUL 1   4187                      4841   -654     4073

 COOLING
  YESTERDAY        0                         0      0        0
  MONTH TO DATE    0                         0      0        0
  SINCE MAR 1      0                         0      0        0
  SINCE JAN 1      0                         0      0        0
..................................................................


WIND (MPH)
  HIGHEST WIND SPEED    20   HIGHEST WIND DIRECTION    SW (230)
  HIGHEST GUST SPEED    32   HIGHEST GUST DIRECTION    SW (210)
  AVERAGE WIND SPEED     8.5


SKY COVER
  POSSIBLE SUNSHINE  MM
  AVERAGE SKY COVER 0.4


WEATHER CONDITIONS
 THE FOLLOWING WEATHER WAS RECORDED YESTERDAY.
  LIGHT RAIN


RELATIVE HUMIDITY (PERCENT)
 HIGHEST    82           500 AM
 LOWEST     36           200 AM
 AVERAGE    59

..........................................................


THE NEW PHILADELPHIA OH CLIMATE NORMALS FOR TODAY
                         NORMAL    RECORD    YEAR
 MAXIMUM TEMPERATURE (F)   55        76      1988
 MINIMUM TEMPERATURE (F)   32         4      1974


SUNRISE AND SUNSET
MARCH 25 2017.........SUNRISE   720 AM EDT   SUNSET   743 PM EDT
MARCH 26 2017.........SUNRISE   719 AM EDT   SUNSET   744 PM EDT


-  INDICATES NEGATIVE NUMBERS.
R  INDICATES RECORD WAS SET OR TIED.
MM INDICATES DATA IS MISSING.
T  INDICATES TRACE AMOUNT.




$$
