332
CDUS41 KPBZ 290702
CLIPHD


CLIMATE REPORT
NATIONAL WEATHER SERVICE PITTSBURGH PA
301 AM EDT SUN MAY 29 2016


...................................

...THE NEW PHILADELPHIA OH CLIMATE SUMMARY FOR MAY 28 2016...

CLIMATE NORMAL PERIOD 1981 TO 2010
CLIMATE RECORD PERIOD 1946 TO 2016


WEATHER ITEM   OBSERVED TIME   RECORD YEAR NORMAL DEPARTURE LAST
                VALUE   (LST)  VALUE       VALUE  FROM      YEAR
                                                  NORMAL
..................................................................
TEMPERATURE (F)
 YESTERDAY
  MAXIMUM         90    459 PM  91    1967  76     14       83
  MINIMUM         66            35    1992  52     14       62
  AVERAGE         78                        64     14       73

PRECIPITATION (IN)
  YESTERDAY        0.00         MM      MM   0.15  -0.15     0.00
  MONTH TO DATE    3.13                      3.72  -0.59     2.79
  SINCE JUN 1     32.73                     38.45  -5.72    37.77
  SINCE JAN 1     14.65                     15.15  -0.50    13.04

DEGREE DAYS
 HEATING
  YESTERDAY        0                         4     -4        0
  MONTH TO DATE  173                       184    -11       87
  SINCE MAR 1   1197                      1392   -195     1279
  SINCE JUL 1   4811                      5599   -788     5897

 COOLING
  YESTERDAY       13                         2     11        8
  MONTH TO DATE   48                        27     21      135
  SINCE MAR 1     48                        34     14      138
  SINCE JAN 1     48                        34     14      138
..................................................................


WIND (MPH)
  HIGHEST WIND SPEED    15   HIGHEST WIND DIRECTION     W (260)
  HIGHEST GUST SPEED    22   HIGHEST GUST DIRECTION    SW (220)
  AVERAGE WIND SPEED     4.6


SKY COVER
  POSSIBLE SUNSHINE  MM
  AVERAGE SKY COVER 0.1


WEATHER CONDITIONS
 THE FOLLOWING WEATHER WAS RECORDED YESTERDAY.
  FOG
  HAZE


RELATIVE HUMIDITY (PERCENT)
 HIGHEST    87           300 AM
 LOWEST     41           500 PM
 AVERAGE    64

..........................................................


THE NEW PHILADELPHIA OH CLIMATE NORMALS FOR TODAY
                         NORMAL    RECORD    YEAR
 MAXIMUM TEMPERATURE (F)   76        90      1977
 MINIMUM TEMPERATURE (F)   52        35      1964


SUNRISE AND SUNSET
MAY 29 2016...........SUNRISE   559 AM EDT   SUNSET   848 PM EDT
MAY 30 2016...........SUNRISE   558 AM EDT   SUNSET   849 PM EDT


-  INDICATES NEGATIVE NUMBERS.
R  INDICATES RECORD WAS SET OR TIED.
MM INDICATES DATA IS MISSING.
T  INDICATES TRACE AMOUNT.




$$
