000
CDUS43 KUNR 250834
CLIPHP


CLIMATE REPORT
NATIONAL WEATHER SERVICE RAPID CITY SD
233 AM MDT MON JUL 25 2016


...................................

...THE PHILIP SD CLIMATE SUMMARY FOR JULY 24 2016...

CLIMATE NORMAL PERIOD 1981 TO 2010
CLIMATE RECORD PERIOD 9999 TO 9999


WEATHER ITEM   OBSERVED TIME   NORMAL DEPARTURE LAST
                VALUE   (LST)  VALUE  FROM      YEAR
                                      NORMAL
......................................................
TEMPERATURE (F)
 YESTERDAY
  MAXIMUM         89    322 PM  91     -2       93
  MINIMUM         58   1253 AM  61     -3       62
  AVERAGE         74            76     -2       78

PRECIPITATION (IN)
  YESTERDAY        0.01          0.06  -0.05    MM
  MONTH TO DATE    1.04          1.68  -0.64     0.35
  SINCE JUN 1      1.76          4.61  -2.85     6.18
  SINCE JAN 1      8.48         11.53  -3.05    13.16

DEGREE DAYS
 HEATING
  YESTERDAY        0             0      0        0
  MONTH TO DATE    4             3      1        0
  SINCE JUN 1     11            66    -55       12
  SINCE JUL 1      4             3      1        0

 COOLING
  YESTERDAY        9            11     -2       13
  MONTH TO DATE  256           227     29      221
  SINCE JUN 1    483           350    133      331
  SINCE JAN 1    497           377    120      337
......................................................


WIND (MPH)
  HIGHEST WIND SPEED    16   HIGHEST WIND DIRECTION     N (10)
  HIGHEST GUST SPEED    19   HIGHEST GUST DIRECTION     N (10)
  AVERAGE WIND SPEED     5.9


SKY COVER
  AVERAGE SKY COVER 0.2


WEATHER CONDITIONS
 THE FOLLOWING WEATHER WAS RECORDED YESTERDAY.
  THUNDERSTORM
  LIGHT RAIN


RELATIVE HUMIDITY (PERCENT)
 HIGHEST    77          1200 AM
 LOWEST     29           400 PM
 AVERAGE    53

..........................................................




SUNRISE AND SUNSET
JULY 25 2016..........SUNRISE   528 AM MDT   SUNSET   818 PM MDT
JULY 26 2016..........SUNRISE   529 AM MDT   SUNSET   817 PM MDT


-  INDICATES NEGATIVE NUMBERS.
R  INDICATES RECORD WAS SET OR TIED.
MM INDICATES DATA IS MISSING.
T  INDICATES TRACE AMOUNT.




$$
