000
CDUS43 KUNR 300831
CLIPHP


CLIMATE REPORT
NATIONAL WEATHER SERVICE RAPID CITY SD
231 AM MDT TUE SEP 30 2014


...................................

...THE PHILIP SD CLIMATE SUMMARY FOR SEPTEMBER 29 2014...

CLIMATE NORMAL PERIOD 1981 TO 2010
CLIMATE RECORD PERIOD 9999 TO 9999


WEATHER ITEM   OBSERVED TIME   NORMAL DEPARTURE LAST
                VALUE   (LST)  VALUE  FROM      YEAR
                                      NORMAL
......................................................
TEMPERATURE (F)
 YESTERDAY
  MAXIMUM         62   1159 PM  71     -9       84
  MINIMUM         50    804 AM  41      9       39
  AVERAGE         56            56      0       62

PRECIPITATION (IN)
  YESTERDAY        1.70          0.05   1.65     0.00
  MONTH TO DATE    2.26          1.44   0.82     0.58
  SINCE SEP 1      2.26          1.44   0.82     0.58
  SINCE JAN 1     15.69         14.82   0.87    10.99

DEGREE DAYS
 HEATING
  YESTERDAY        9            10     -1        3
  MONTH TO DATE  165           151     14       60
  SINCE SEP 1    165           151     14       60
  SINCE JUL 1    184           176      8       63

 COOLING
  YESTERDAY        0             1     -1        0
  MONTH TO DATE   70            79     -9      179
  SINCE SEP 1     70            79     -9      179
  SINCE JAN 1    649           814   -165      942
......................................................


WIND (MPH)
  HIGHEST WIND SPEED    20   HIGHEST WIND DIRECTION     E (100)
  HIGHEST GUST SPEED    25   HIGHEST GUST DIRECTION     E (90)
  AVERAGE WIND SPEED    12.5


SKY COVER
  AVERAGE SKY COVER 1.0


WEATHER CONDITIONS
 THE FOLLOWING WEATHER WAS RECORDED YESTERDAY.
  THUNDERSTORM
  HEAVY RAIN
  RAIN
  LIGHT RAIN
  FOG


RELATIVE HUMIDITY (PERCENT)
 HIGHEST   100           300 PM
 LOWEST     77           200 AM
 AVERAGE    89

..........................................................




SUNRISE AND SUNSET
SEPTEMBER 30 2014.....SUNRISE   643 AM MDT   SUNSET   629 PM MDT
OCTOBER  1 2014.......SUNRISE   644 AM MDT   SUNSET   627 PM MDT


-  INDICATES NEGATIVE NUMBERS.
R  INDICATES RECORD WAS SET OR TIED.
MM INDICATES DATA IS MISSING.
T  INDICATES TRACE AMOUNT.




$$
