000
CDUS43 KUNR 200843
CLIPHP


CLIMATE REPORT
NATIONAL WEATHER SERVICE RAPID CITY SD
142 AM MST MON FEB 20 2017


...................................

...THE PHILIP SD CLIMATE SUMMARY FOR FEBRUARY 19 2017...

CLIMATE NORMAL PERIOD 1981 TO 2010
CLIMATE RECORD PERIOD 9999 TO 9999


WEATHER ITEM   OBSERVED TIME   NORMAL DEPARTURE LAST
                VALUE   (LST)  VALUE  FROM      YEAR
                                      NORMAL
......................................................
TEMPERATURE (F)
 YESTERDAY
  MAXIMUM         72    202 PM  39     33       66
  MINIMUM         34    543 AM  14     20       28
  AVERAGE         53            26     27       47

PRECIPITATION (IN)
  YESTERDAY        0.00          0.02  -0.02      T
  MONTH TO DATE    0.13          0.24  -0.11     0.26
  SINCE DEC 1      1.36          0.97   0.39     1.46
  SINCE JAN 1      0.94          0.54   0.40     0.47

DEGREE DAYS
 HEATING
  YESTERDAY       12            39    -27       18
  MONTH TO DATE  665           766   -101      573
  SINCE DEC 1   3661          3396    265     3182
  SINCE JUL 1   4799          5031   -232     4522

 COOLING
  YESTERDAY        0             0      0        0
  MONTH TO DATE    0             0      0        0
  SINCE DEC 1      0             0      0        0
  SINCE JAN 1      0             0      0        0
......................................................


WIND (MPH)
  HIGHEST WIND SPEED    24   HIGHEST WIND DIRECTION    SW (230)
  HIGHEST GUST SPEED    30   HIGHEST GUST DIRECTION    SW (240)
  AVERAGE WIND SPEED     7.9


SKY COVER
  AVERAGE SKY COVER 0.1


WEATHER CONDITIONS
 THE FOLLOWING WEATHER WAS RECORDED YESTERDAY.
  NO SIGNIFICANT WEATHER WAS OBSERVED.


RELATIVE HUMIDITY (PERCENT)
 HIGHEST    89           600 AM
 LOWEST     22           100 PM
 AVERAGE    56

..........................................................




SUNRISE AND SUNSET
FEBRUARY 20 2017......SUNRISE   638 AM MST   SUNSET   523 PM MST
FEBRUARY 21 2017......SUNRISE   636 AM MST   SUNSET   525 PM MST


-  INDICATES NEGATIVE NUMBERS.
R  INDICATES RECORD WAS SET OR TIED.
MM INDICATES DATA IS MISSING.
T  INDICATES TRACE AMOUNT.




$$
