000
CDUS43 KUNR 230851
CLIPHP


CLIMATE REPORT
NATIONAL WEATHER SERVICE RAPID CITY SD
248 AM MDT TUE MAY 23 2017


...................................

...THE PHILIP SD CLIMATE SUMMARY FOR MAY 22 2017...

CLIMATE NORMAL PERIOD 1981 TO 2010
CLIMATE RECORD PERIOD 9999 TO 9999


WEATHER ITEM   OBSERVED TIME   NORMAL DEPARTURE LAST
                VALUE   (LST)  VALUE  FROM      YEAR
                                      NORMAL
......................................................
TEMPERATURE (F)
 YESTERDAY
  MAXIMUM         67   1057 AM  72     -5       84
  MINIMUM         39    155 AM  46     -7       54
  AVERAGE         53            59     -6       69

PRECIPITATION (IN)
  YESTERDAY        0.08          0.10  -0.02      T
  MONTH TO DATE    1.03          2.15  -1.12     0.77
  SINCE MAR 1      3.59          5.26  -1.67     5.44
  SINCE JAN 1      4.66          6.04  -1.38     6.12

DEGREE DAYS
 HEATING
  YESTERDAY       12             7      5        0
  MONTH TO DATE  194           220    -26      227
  SINCE MAR 1   1526          1722   -196     1466
  SINCE JUL 1   6586          7087   -501     6278

 COOLING
  YESTERDAY        0             1     -1        4
  MONTH TO DATE   13            17     -4       10
  SINCE MAR 1     13            20     -7       11
  SINCE JAN 1     13            20     -7       11
......................................................


WIND (MPH)
  HIGHEST WIND SPEED    30   HIGHEST WIND DIRECTION     N (360)
  HIGHEST GUST SPEED    40   HIGHEST GUST DIRECTION     N (10)
  AVERAGE WIND SPEED    11.6


SKY COVER
  AVERAGE SKY COVER 0.5


WEATHER CONDITIONS
 THE FOLLOWING WEATHER WAS RECORDED YESTERDAY.
  THUNDERSTORM
  RAIN
  LIGHT RAIN
  FOG


RELATIVE HUMIDITY (PERCENT)
 HIGHEST    96           100 AM
 LOWEST     45          1100 AM
 AVERAGE    71

..........................................................




SUNRISE AND SUNSET
MAY 23 2017...........SUNRISE   512 AM MDT   SUNSET   815 PM MDT
MAY 24 2017...........SUNRISE   511 AM MDT   SUNSET   816 PM MDT


-  INDICATES NEGATIVE NUMBERS.
R  INDICATES RECORD WAS SET OR TIED.
MM INDICATES DATA IS MISSING.
T  INDICATES TRACE AMOUNT.




$$
