000
CDUS43 KUNR 200831
CLIPHP


CLIMATE REPORT
NATIONAL WEATHER SERVICE RAPID CITY SD
231 AM MDT SUN AUG 20 2017


...................................

...THE PHILIP SD CLIMATE SUMMARY FOR AUGUST 19 2017...

CLIMATE NORMAL PERIOD 1981 TO 2010
CLIMATE RECORD PERIOD 9999 TO 9999


WEATHER ITEM   OBSERVED TIME   NORMAL DEPARTURE LAST
                VALUE   (LST)  VALUE  FROM      YEAR
                                      NORMAL
......................................................
TEMPERATURE (F)
 YESTERDAY
  MAXIMUM        101    408 PM  89     12       72
  MINIMUM         62    538 AM  58      4       48
  AVERAGE         82            73      9       60

PRECIPITATION (IN)
  YESTERDAY        0.00          0.05  -0.05     0.20
  MONTH TO DATE    0.28          0.92  -0.64     2.17
  SINCE JUN 1      2.94          5.88  -2.94     4.61
  SINCE JAN 1      7.78         12.80  -5.02    11.33

DEGREE DAYS
 HEATING
  YESTERDAY        0             0      0        5
  MONTH TO DATE    6             0      6        5
  SINCE JUN 1     29            71    -42       16
  SINCE JUL 1      6             8     -2        9

 COOLING
  YESTERDAY       17             9      8        0
  MONTH TO DATE   89           194   -105      200
  SINCE JUN 1    699           622     77      753
  SINCE JAN 1    712           649     63      767
......................................................


WIND (MPH)
  HIGHEST WIND SPEED    23   HIGHEST WIND DIRECTION     N (10)
  HIGHEST GUST SPEED    29   HIGHEST GUST DIRECTION    NE (30)
  AVERAGE WIND SPEED     8.0


SKY COVER
  AVERAGE SKY COVER 0.0


WEATHER CONDITIONS
 THE FOLLOWING WEATHER WAS RECORDED YESTERDAY.
  NO SIGNIFICANT WEATHER WAS OBSERVED.


RELATIVE HUMIDITY (PERCENT)
 HIGHEST    78           600 AM
 LOWEST     11           300 PM
 AVERAGE    45

..........................................................




SUNRISE AND SUNSET
AUGUST 20 2017........SUNRISE   556 AM MDT   SUNSET   742 PM MDT
AUGUST 21 2017........SUNRISE   557 AM MDT   SUNSET   741 PM MDT


-  INDICATES NEGATIVE NUMBERS.
R  INDICATES RECORD WAS SET OR TIED.
MM INDICATES DATA IS MISSING.
T  INDICATES TRACE AMOUNT.




$$
