138
CDUS43 KUNR 180832
CLIPHP


CLIMATE REPORT
NATIONAL WEATHER SERVICE RAPID CITY SD
132 AM MST MON DEC 18 2017


...................................

...THE PHILIP SD CLIMATE SUMMARY FOR DECEMBER 17 2017...

CLIMATE NORMAL PERIOD 1981 TO 2010
CLIMATE RECORD PERIOD 9999 TO 9999


WEATHER ITEM   OBSERVED TIME   NORMAL DEPARTURE LAST
                VALUE   (LST)  VALUE  FROM      YEAR
                                      NORMAL
......................................................
TEMPERATURE (F)
 YESTERDAY
  MAXIMUM         42    301 PM  35      7       -2
  MINIMUM         23    907 PM  10     13      -24
  AVERAGE         33            22     11      -13

PRECIPITATION (IN)
  YESTERDAY        0.00          0.02  -0.02      T
  MONTH TO DATE    0.11          0.25  -0.14     0.42
  SINCE DEC 1      0.11          0.25  -0.14     0.42
  SINCE JAN 1     10.70         17.17  -6.47    13.27

DEGREE DAYS
 HEATING
  YESTERDAY       32            43    -11       78
  MONTH TO DATE  509           693   -184      921
  SINCE DEC 1    509           693   -184      921
  SINCE JUL 1   1958          2328   -370     2059

 COOLING
  YESTERDAY        0             0      0        0
  MONTH TO DATE    0             0      0        0
  SINCE DEC 1      0             0      0        0
  SINCE JAN 1    911           818     93      908
......................................................


WIND (MPH)
  HIGHEST WIND SPEED    14   HIGHEST WIND DIRECTION     S (190)
  HIGHEST GUST SPEED    17   HIGHEST GUST DIRECTION     S (200)
  AVERAGE WIND SPEED     5.7


SKY COVER
  AVERAGE SKY COVER 0.7


WEATHER CONDITIONS
 THE FOLLOWING WEATHER WAS RECORDED YESTERDAY.
  NO SIGNIFICANT WEATHER WAS OBSERVED.


RELATIVE HUMIDITY (PERCENT)
 HIGHEST    96           900 PM
 LOWEST     57           300 PM
 AVERAGE    77

..........................................................




SUNRISE AND SUNSET
DECEMBER 18 2017......SUNRISE   717 AM MST   SUNSET   410 PM MST
DECEMBER 19 2017......SUNRISE   717 AM MST   SUNSET   410 PM MST


-  INDICATES NEGATIVE NUMBERS.
R  INDICATES RECORD WAS SET OR TIED.
MM INDICATES DATA IS MISSING.
T  INDICATES TRACE AMOUNT.




$$
