564
CDUS43 KUNR 180833
CLIPHP


CLIMATE REPORT
NATIONAL WEATHER SERVICE RAPID CITY SD
133 AM MST WED JAN 18 2017


...................................

...THE PHILIP SD CLIMATE SUMMARY FOR JANUARY 17 2017...

CLIMATE NORMAL PERIOD 1981 TO 2010
CLIMATE RECORD PERIOD 9999 TO 9999


WEATHER ITEM   OBSERVED TIME   NORMAL DEPARTURE LAST
                VALUE   (LST)  VALUE  FROM      YEAR
                                      NORMAL
......................................................
TEMPERATURE (F)
 YESTERDAY
  MAXIMUM         34    238 PM  35     -1        7
  MINIMUM          8    848 AM  10     -2      -15
  AVERAGE         21            22     -1       -4

PRECIPITATION (IN)
  YESTERDAY        0.00          0.01  -0.01     0.00
  MONTH TO DATE    0.13          0.17  -0.04     0.10
  SINCE DEC 1      0.55          0.60  -0.05     1.09
  SINCE JAN 1      0.13          0.17  -0.04     0.10

DEGREE DAYS
 HEATING
  YESTERDAY       44            43      1       69
  MONTH TO DATE  970           738    232      793
  SINCE DEC 1   2462          2038    424     2055
  SINCE JUL 1   3600          3673    -73     3395

 COOLING
  YESTERDAY        0             0      0        0
  MONTH TO DATE    0             0      0        0
  SINCE DEC 1      0             0      0        0
  SINCE JAN 1      0             0      0        0
......................................................


WIND (MPH)
  HIGHEST WIND SPEED    16   HIGHEST WIND DIRECTION     W (260)
  HIGHEST GUST SPEED    17   HIGHEST GUST DIRECTION     W (260)
  AVERAGE WIND SPEED     7.6


SKY COVER
  AVERAGE SKY COVER 0.0


WEATHER CONDITIONS
 THE FOLLOWING WEATHER WAS RECORDED YESTERDAY.
  NO SIGNIFICANT WEATHER WAS OBSERVED.


RELATIVE HUMIDITY (PERCENT)
 HIGHEST    84           100 AM
 LOWEST     58           100 PM
 AVERAGE    71

..........................................................




SUNRISE AND SUNSET
JANUARY 18 2017.......SUNRISE   716 AM MST   SUNSET   438 PM MST
JANUARY 19 2017.......SUNRISE   715 AM MST   SUNSET   440 PM MST


-  INDICATES NEGATIVE NUMBERS.
R  INDICATES RECORD WAS SET OR TIED.
MM INDICATES DATA IS MISSING.
T  INDICATES TRACE AMOUNT.




$$
