000
CDUS43 KUNR 270833
CLIPHP


CLIMATE REPORT
NATIONAL WEATHER SERVICE RAPID CITY SD
133 AM MST FRI FEB 27 2015


...................................

...THE PHILIP SD CLIMATE SUMMARY FOR FEBRUARY 26 2015...

CLIMATE NORMAL PERIOD 1981 TO 2010
CLIMATE RECORD PERIOD 9999 TO 9999


WEATHER ITEM   OBSERVED TIME   NORMAL DEPARTURE LAST
                VALUE   (LST)  VALUE  FROM      YEAR
                                      NORMAL
......................................................
TEMPERATURE (F)
 YESTERDAY
  MAXIMUM         16    337 PM  41    -25       34
  MINIMUM         -7   1159 PM  16    -23      -10
  AVERAGE          5            28    -23       12

PRECIPITATION (IN)
  YESTERDAY        T             0.03  -0.03     0.00
  MONTH TO DATE    0.09          0.41  -0.32     0.34
  SINCE DEC 1      0.41          1.14  -0.73     1.47
  SINCE JAN 1      0.11          0.71  -0.60     0.45

DEGREE DAYS
 HEATING
  YESTERDAY       60            37     23       53
  MONTH TO DATE  994          1029    -35     1232
  SINCE DEC 1   3385          3659   -274     3989
  SINCE JUL 1   5040          5294   -254     5500

 COOLING
  YESTERDAY        0             0      0        0
  MONTH TO DATE    0             0      0        0
  SINCE DEC 1      0             0      0        0
  SINCE JAN 1      0             0      0        0
......................................................


WIND (MPH)
  HIGHEST WIND SPEED    15   HIGHEST WIND DIRECTION     N (360)
  HIGHEST GUST SPEED    21   HIGHEST GUST DIRECTION     N (350)
  AVERAGE WIND SPEED     6.6


SKY COVER
  AVERAGE SKY COVER 0.4


WEATHER CONDITIONS
 THE FOLLOWING WEATHER WAS RECORDED YESTERDAY.
  HAZE


RELATIVE HUMIDITY (PERCENT)
 HIGHEST    82          1100 PM
 LOWEST     40           200 PM
 AVERAGE    61

..........................................................




SUNRISE AND SUNSET
FEBRUARY 27 2015......SUNRISE   627 AM MST   SUNSET   532 PM MST
FEBRUARY 28 2015......SUNRISE   625 AM MST   SUNSET   533 PM MST


-  INDICATES NEGATIVE NUMBERS.
R  INDICATES RECORD WAS SET OR TIED.
MM INDICATES DATA IS MISSING.
T  INDICATES TRACE AMOUNT.




$$
