000
CDUS45 KPSR 272332
CLIPHX

CLIMATE REPORT
NATIONAL WEATHER SERVICE PHOENIX AZ
431 PM MST MON FEB 27 2017


...................................

...THE PHOENIX AZ CLIMATE SUMMARY FOR FEBRUARY 27 2017...
VALID TODAY AS OF 0400 PM LOCAL TIME.

CLIMATE NORMAL PERIOD 1981 TO 2010
CLIMATE RECORD PERIOD 1895 TO 2017


WEATHER ITEM   OBSERVED TIME   RECORD YEAR NORMAL DEPARTURE LAST
                VALUE   (LST)  VALUE       VALUE  FROM      YEAR
                                                  NORMAL
..................................................................
TEMPERATURE (F)
 TODAY
  MAXIMUM         65    239 PM  92    1986  73     -8       87
  MINIMUM         48        MM  28    1964  51     -3       58
  AVERAGE         57                        62     -5       73

PRECIPITATION (IN)
  TODAY            0.00          0.57 1905   0.03  -0.03     0.00
  MONTH TO DATE    0.84                      0.88  -0.04     0.00
  SINCE OCT 1      3.77                      3.90  -0.13     2.48
  SINCE JAN 1      1.94                      1.79   0.15     1.31

SNOWFALL (IN)
  TODAY            0.0
  MONTH TO DATE    0.0
  SINCE JAN 1      0.0
  SINCE JUL 1      0.0
  SNOW DEPTH       0

DEGREE DAYS
 HEATING
  TODAY            8                         4      4        0
  MONTH TO DATE   94                       159    -65       86
  SINCE DEC 1    604                       726   -122      692
  SINCE JUL 1    662                       829   -167      813

 COOLING
  TODAY            0                         1     -1        8
  MONTH TO DATE   20                        10     10       97
  SINCE DEC 1     21                        13      8       97
  SINCE JAN 1     20                        12      8       97
..................................................................


WIND (MPH)
  HIGHEST WIND SPEED    10   HIGHEST WIND DIRECTION     N (10)
  HIGHEST GUST SPEED    MM   HIGHEST GUST DIRECTION    MM
  AVERAGE WIND SPEED     6.5


SKY COVER
  AVERAGE SKY COVER 0.7


WEATHER CONDITIONS
 THE FOLLOWING WEATHER WAS RECORDED TODAY.
  NO SIGNIFICANT WEATHER WAS OBSERVED.


RELATIVE HUMIDITY (PERCENT)
 HIGHEST    66           700 AM
 LOWEST     40           100 PM
 AVERAGE    53

..........................................................


THE PHOENIX AZ CLIMATE NORMALS FOR TOMORROW
                         NORMAL    RECORD    YEAR
 MAXIMUM TEMPERATURE (F)   73        89      1986
 MINIMUM TEMPERATURE (F)   51        30      1962


SUNRISE AND SUNSET
FEBRUARY 27 2017......SUNRISE   658 AM MST   SUNSET   623 PM MST
FEBRUARY 28 2017......SUNRISE   657 AM MST   SUNSET   624 PM MST


-  INDICATES NEGATIVE NUMBERS.
R  INDICATES RECORD WAS SET OR TIED.
MM INDICATES DATA IS MISSING.
T  INDICATES TRACE AMOUNT.




$$
