000
CDUS45 KPSR 300820
CLIPHX

CLIMATE REPORT
NATIONAL WEATHER SERVICE PHOENIX AZ
119 AM MST SUN AUG 30 2015


...................................

...THE PHOENIX AZ CLIMATE SUMMARY FOR AUGUST 29 2015...

CLIMATE NORMAL PERIOD 1981 TO 2010
CLIMATE RECORD PERIOD 1895 TO 2015


WEATHER ITEM   OBSERVED TIME   RECORD YEAR NORMAL DEPARTURE LAST
                VALUE   (LST)  VALUE       VALUE  FROM      YEAR
                                                  NORMAL
..................................................................
TEMPERATURE (F)
 YESTERDAY
  MAXIMUM        111    453 PM 113    2009 104      7      108
                                      2007
                                      1981
  MINIMUM         80    847 PM  64    1920  82     -2       83
  AVERAGE         96                        93      3       96

PRECIPITATION (IN)
  YESTERDAY        0.13          0.68 1943   0.03   0.10     0.00
  MONTH TO DATE    0.92                      0.95  -0.03     1.17
  SINCE OCT 1      5.84                      7.34  -1.50     5.04
  SINCE JAN 1      4.80                      5.23  -0.43     2.22

SNOWFALL (IN)
  YESTERDAY        0.0
  MONTH TO DATE    0.0
  SINCE JAN 1      0.0
  SINCE JUL 1      0.0
  SNOW DEPTH       0

DEGREE DAYS
 HEATING
  YESTERDAY        0                         0      0        0
  MONTH TO DATE    0                         0      0        0
  SINCE JUN 1      0                         0      0        0
  SINCE JUL 1      0                         0      0        0

 COOLING
  YESTERDAY       31                        28      3       31
  MONTH TO DATE  931                       830    101      768
  SINCE JUN 1   2733                      2528    205     2607
  SINCE JAN 1   3758                      3414    344     3682
..................................................................


WIND (MPH)
  HIGHEST WIND SPEED    32   HIGHEST WIND DIRECTION    SE (130)
  HIGHEST GUST SPEED    42   HIGHEST GUST DIRECTION    SE (130)
  AVERAGE WIND SPEED     6.4


SKY COVER
  AVERAGE SKY COVER 0.5


WEATHER CONDITIONS
 THE FOLLOWING WEATHER WAS RECORDED YESTERDAY.
  THUNDERSTORM
  HEAVY RAIN
  RAIN
  LIGHT RAIN


RELATIVE HUMIDITY (PERCENT)
 HIGHEST    57          1100 PM
 LOWEST     15           500 PM
 AVERAGE    36

..........................................................


THE PHOENIX AZ CLIMATE NORMALS FOR TODAY
                         NORMAL    RECORD    YEAR
 MAXIMUM TEMPERATURE (F)  104       113      2011
 MINIMUM TEMPERATURE (F)   81        64      1920
                                             1907


SUNRISE AND SUNSET
AUGUST 30 2015........SUNRISE   601 AM MST   SUNSET   656 PM MST
AUGUST 31 2015........SUNRISE   601 AM MST   SUNSET   655 PM MST


-  INDICATES NEGATIVE NUMBERS.
R  INDICATES RECORD WAS SET OR TIED.
MM INDICATES DATA IS MISSING.
T  INDICATES TRACE AMOUNT.

&&
.....................................................................

DEW POINT
  HIGHEST DEW POINT    70
   LOWEST DEW POINT    53
  AVERAGE DEW POINT    60
.....................................................................

$$
