000
CDUS45 KPSR 290826
CLIPHX

CLIMATE REPORT
NATIONAL WEATHER SERVICE PHOENIX AZ
126 AM MST FRI MAY 29 2015


...................................

...THE PHOENIX AZ CLIMATE SUMMARY FOR MAY 28 2015...

CLIMATE NORMAL PERIOD 1981 TO 2010
CLIMATE RECORD PERIOD 1895 TO 2015


WEATHER ITEM   OBSERVED TIME   RECORD YEAR NORMAL DEPARTURE LAST
                VALUE   (LST)  VALUE       VALUE  FROM      YEAR
                                                  NORMAL
..................................................................
TEMPERATURE (F)
 YESTERDAY
  MAXIMUM         98    507 PM 113    1984  99     -1      104
                                      1983
  MINIMUM         71    551 AM  53    1929  73     -2       79
                                      1918
                                      1917
  AVERAGE         85                        86     -1       92

PRECIPITATION (IN)
  YESTERDAY        0.00          0.27 1907   0.00   0.00     0.00
  MONTH TO DATE    1.17                      0.10   1.07     0.00
  SINCE OCT 1      3.54                      5.31  -1.77     3.81
  SINCE JAN 1      2.50                      3.20  -0.70     0.99

SNOWFALL (IN)
  YESTERDAY        0.0
  MONTH TO DATE    0.0
  SINCE JAN 1      0.0
  SINCE JUL 1      0.0
  SNOW DEPTH       0

DEGREE DAYS
 HEATING
  YESTERDAY        0                         0      0        0
  MONTH TO DATE    0                         0      0        0
  SINCE MAR 1     25                       101    -76       12
  SINCE JUL 1    520                       934   -414      546

 COOLING
  YESTERDAY       20                        21     -1       27
  MONTH TO DATE  359                       468   -109      486
  SINCE MAR 1    901                       806     95      929
  SINCE JAN 1    949                       823    126      991
..................................................................


WIND (MPH)
  HIGHEST WIND SPEED    14   HIGHEST WIND DIRECTION     W (280)
  HIGHEST GUST SPEED    20   HIGHEST GUST DIRECTION    NW (310)
  AVERAGE WIND SPEED     6.4


SKY COVER
  AVERAGE SKY COVER 0.2


WEATHER CONDITIONS
 THE FOLLOWING WEATHER WAS RECORDED YESTERDAY.
  NO SIGNIFICANT WEATHER WAS OBSERVED.


RELATIVE HUMIDITY (PERCENT)
 HIGHEST    29           300 AM
 LOWEST      8           500 PM
 AVERAGE    19

..........................................................


THE PHOENIX AZ CLIMATE NORMALS FOR TODAY
                         NORMAL    RECORD    YEAR
 MAXIMUM TEMPERATURE (F)   99       112      1910
 MINIMUM TEMPERATURE (F)   73        50      1918


SUNRISE AND SUNSET
MAY 29 2015...........SUNRISE   520 AM MST   SUNSET   731 PM MST
MAY 30 2015...........SUNRISE   520 AM MST   SUNSET   731 PM MST


-  INDICATES NEGATIVE NUMBERS.
R  INDICATES RECORD WAS SET OR TIED.
MM INDICATES DATA IS MISSING.
T  INDICATES TRACE AMOUNT.

&&
.....................................................................

DEW POINT
  HIGHEST DEW POINT    41
   LOWEST DEW POINT    26
  AVERAGE DEW POINT    33
.....................................................................

$$
