000
CDUS45 KPSR 290819
CLIPHX

CLIMATE REPORT
NATIONAL WEATHER SERVICE PHOENIX AZ
116 AM MST THU JAN 29 2015


...................................

...THE PHOENIX AZ CLIMATE SUMMARY FOR JANUARY 28 2015...

CLIMATE NORMAL PERIOD 1981 TO 2010
CLIMATE RECORD PERIOD 1895 TO 2015


WEATHER ITEM   OBSERVED TIME   RECORD YEAR NORMAL DEPARTURE LAST
                VALUE   (LST)  VALUE       VALUE  FROM      YEAR
                                                  NORMAL
..................................................................
TEMPERATURE (F)
 YESTERDAY
  MAXIMUM         75    344 PM  83    1971  69      6       73
  MINIMUM         52    751 AM  30    1937  47      5       47
  AVERAGE         64                        58      6       60

PRECIPITATION (IN)
  YESTERDAY        0.00          0.57 1898   0.02  -0.02     0.00
  MONTH TO DATE    0.15                      0.82  -0.67     0.00
  SINCE OCT 1      1.19                      2.93  -1.74     2.82
  SINCE JAN 1      0.15                      0.82  -0.67     0.00

SNOWFALL (IN)
  YESTERDAY        0.0
  MONTH TO DATE    0.0
  SINCE JAN 1      0.0
  SINCE JUL 1      0.0
  SNOW DEPTH       0

DEGREE DAYS
 HEATING
  YESTERDAY        1                         8     -7        5
  MONTH TO DATE  173                       247    -74      146
  SINCE DEC 1    401                       545   -144      408
  SINCE JUL 1    455                       648   -193      463

 COOLING
  YESTERDAY        0                         0      0        0
  MONTH TO DATE    0                         0      0        4
  SINCE DEC 1     10                         1      9        4
  SINCE JAN 1      0                         0      0        4
..................................................................


WIND (MPH)
  HIGHEST WIND SPEED    12   HIGHEST WIND DIRECTION    NW (300)
  HIGHEST GUST SPEED    23   HIGHEST GUST DIRECTION    NW (330)
  AVERAGE WIND SPEED     4.6


SKY COVER
  AVERAGE SKY COVER 0.6


WEATHER CONDITIONS
 THE FOLLOWING WEATHER WAS RECORDED YESTERDAY.
  NO SIGNIFICANT WEATHER WAS OBSERVED.


RELATIVE HUMIDITY (PERCENT)
 HIGHEST    89           400 AM
 LOWEST     38           400 PM
 AVERAGE    64

..........................................................


THE PHOENIX AZ CLIMATE NORMALS FOR TODAY
                         NORMAL    RECORD    YEAR
 MAXIMUM TEMPERATURE (F)   69        83      1935
 MINIMUM TEMPERATURE (F)   47        27      1948
                                             1904


SUNRISE AND SUNSET
JANUARY 29 2015.......SUNRISE   726 AM MST   SUNSET   557 PM MST
JANUARY 30 2015.......SUNRISE   725 AM MST   SUNSET   558 PM MST


-  INDICATES NEGATIVE NUMBERS.
R  INDICATES RECORD WAS SET OR TIED.
MM INDICATES DATA IS MISSING.
T  INDICATES TRACE AMOUNT.

&&
.....................................................................

DEW POINT
  HIGHEST DEW POINT    52
   LOWEST DEW POINT    46
  AVERAGE DEW POINT    49
.....................................................................

$$
