000
CDUS45 KPSR 050801
CLIPHX

CLIMATE REPORT
NATIONAL WEATHER SERVICE PHOENIX AZ
100 AM MST MON DEC 5 2016

...................................

...THE PHOENIX AZ CLIMATE SUMMARY FOR DECEMBER 4 2016...

CLIMATE NORMAL PERIOD 1981 TO 2010
CLIMATE RECORD PERIOD 1895 TO 2016


WEATHER ITEM   OBSERVED TIME   RECORD YEAR NORMAL DEPARTURE LAST
                VALUE   (LST)  VALUE       VALUE  FROM      YEAR
                                                  NORMAL
..................................................................
TEMPERATURE (F)
 YESTERDAY
  MAXIMUM         70    429 PM  83    1979  68      2       73
  MINIMUM         41    715 AM  28    1909  46     -5       47
                                      1897
  AVERAGE         56                        57     -1       60

PRECIPITATION (IN)
  YESTERDAY        0.00          0.91 1992   0.03  -0.03     0.00
  MONTH TO DATE    0.00                      0.11  -0.11     0.00
  SINCE OCT 1      0.88                      1.34  -0.46     0.96
  SINCE JAN 1      5.24                      7.26  -2.02     6.94

SNOWFALL (IN)
  YESTERDAY        0.0
  MONTH TO DATE    0.0
  SINCE JAN 1      0.0
  SINCE JUL 1      0.0
  SNOW DEPTH       0

DEGREE DAYS
 HEATING
  YESTERDAY        9                         8      1        5
  MONTH TO DATE   41                        31     10       33
  SINCE DEC 1     41                        31     10       33
  SINCE JUL 1     99                       134    -35      154

 COOLING
  YESTERDAY        0                         0      0        0
  MONTH TO DATE    0                         0      0        0
  SINCE DEC 1      0                         0      0        0
  SINCE JAN 1   5042                      4606    436     5065
..................................................................


WIND (MPH)
  HIGHEST WIND SPEED     9   HIGHEST WIND DIRECTION     E (100)
  HIGHEST GUST SPEED    17   HIGHEST GUST DIRECTION    NW (320)
  AVERAGE WIND SPEED     2.3


SKY COVER
  AVERAGE SKY COVER 0.0


WEATHER CONDITIONS
 THE FOLLOWING WEATHER WAS RECORDED YESTERDAY.
  NO SIGNIFICANT WEATHER WAS OBSERVED.


RELATIVE HUMIDITY (PERCENT)
 HIGHEST    62           600 AM
 LOWEST     10           400 PM
 AVERAGE    36

..........................................................


THE PHOENIX AZ CLIMATE NORMALS FOR TODAY
                         NORMAL    RECORD    YEAR
 MAXIMUM TEMPERATURE (F)   68        82      2012
                                             1965
                                             1939
 MINIMUM TEMPERATURE (F)   46        25      1909


SUNRISE AND SUNSET
DECEMBER  5 2016......SUNRISE   718 AM MST   SUNSET   520 PM MST
DECEMBER  6 2016......SUNRISE   719 AM MST   SUNSET   520 PM MST


-  INDICATES NEGATIVE NUMBERS.
R  INDICATES RECORD WAS SET OR TIED.
MM INDICATES DATA IS MISSING.
T  INDICATES TRACE AMOUNT.

&&
.....................................................................

DEW POINT
  HIGHEST DEW POINT    30
   LOWEST DEW POINT    11
  AVERAGE DEW POINT    22
.....................................................................

$$
