000
CDUS45 KPSR 240015
CLIPHX

CLIMATE REPORT
NATIONAL WEATHER SERVICE PHOENIX AZ
511 PM MST TUE AUG 23 2016


...................................

...THE PHOENIX AZ CLIMATE SUMMARY FOR AUGUST 23 2016...
VALID TODAY AS OF 0500 PM LOCAL TIME.

CLIMATE NORMAL PERIOD 1981 TO 2010
CLIMATE RECORD PERIOD 1895 TO 2016


WEATHER ITEM   OBSERVED TIME   RECORD YEAR NORMAL DEPARTURE LAST
                VALUE   (LST)  VALUE       VALUE  FROM      YEAR
                                                  NORMAL
..................................................................
TEMPERATURE (F)
 TODAY
  MAXIMUM         96    457 PM 114    2011 104     -8      107
  MINIMUM         74    611 AM  61    1968  82     -8       87
  AVERAGE         85                        93     -8       97

PRECIPITATION (IN)
  TODAY            0.10          0.80 2012   0.03   0.07     0.00
  MONTH TO DATE    1.23                      0.76   0.47     0.59
  SINCE OCT 1      5.17                      7.15  -1.98     5.51
  SINCE JAN 1      4.00                      5.04  -1.04     4.47

SNOWFALL (IN)
  TODAY            0.0
  MONTH TO DATE    0.0
  SINCE JAN 1      0.0
  SINCE JUL 1      0.0
  SNOW DEPTH       0

DEGREE DAYS
 HEATING
  TODAY            0                         0      0        0
  MONTH TO DATE    0                         0      0        0
  SINCE JUN 1      0                         0      0        0
  SINCE JUL 1      0                         0      0        0

 COOLING
  TODAY           20                        28     -8       32
  MONTH TO DATE  631                       662    -31      750
  SINCE JUN 1   2537                      2360    177     2552
  SINCE JAN 1   3544                      3246    298     3577
..................................................................


WIND (MPH)
  HIGHEST WIND SPEED    25   HIGHEST WIND DIRECTION    NW (330)
  HIGHEST GUST SPEED    31   HIGHEST GUST DIRECTION    NW (320)
  AVERAGE WIND SPEED     9.8


SKY COVER
  AVERAGE SKY COVER 0.7


WEATHER CONDITIONS
 THE FOLLOWING WEATHER WAS RECORDED TODAY.
  THUNDERSTORM
  LIGHT RAIN


RELATIVE HUMIDITY (PERCENT)
 HIGHEST    79           600 AM
 LOWEST     28           400 PM
 AVERAGE    54

..........................................................


THE PHOENIX AZ CLIMATE NORMALS FOR TOMORROW
                         NORMAL    RECORD    YEAR
 MAXIMUM TEMPERATURE (F)  104       115      1985
 MINIMUM TEMPERATURE (F)   82        61      1965


SUNRISE AND SUNSET
AUGUST 23 2016........SUNRISE   556 AM MST   SUNSET   704 PM MST
AUGUST 24 2016........SUNRISE   557 AM MST   SUNSET   703 PM MST


-  INDICATES NEGATIVE NUMBERS.
R  INDICATES RECORD WAS SET OR TIED.
MM INDICATES DATA IS MISSING.
T  INDICATES TRACE AMOUNT.

$$
