000
CDUS45 KPSR 020837
CLIPHX

CDUS45 KPSR DDHHMM
CLIPHX

CLIMATE REPORT
NATIONAL WEATHER SERVICE PHOENIX AZ
131 AM MST THU JUL 2 2015


...................................

...THE PHOENIX AZ CLIMATE SUMMARY FOR JULY 1 2015...

CLIMATE NORMAL PERIOD 1981 TO 2010
CLIMATE RECORD PERIOD 1895 TO 2015


WEATHER ITEM   OBSERVED TIME   RECORD YEAR NORMAL DEPARTURE LAST
                VALUE   (LST)  VALUE       VALUE  FROM      YEAR
                                                  NORMAL
..................................................................
TEMPERATURE (F)
 YESTERDAY
  MAXIMUM        106    318 PM 115    1990 107     -1      109
  MINIMUM         84    631 AM  65    1927  82      2       86
                                      1920
                                      1916
  AVERAGE         95                        94      1       98

PRECIPITATION (IN)
  YESTERDAY        0.00          2.68 1911   0.02  -0.02     0.00
  MONTH TO DATE    0.00                      0.02  -0.02     0.00
  SINCE OCT 1      3.79                      5.36  -1.57     3.81
  SINCE JAN 1      2.75                      3.25  -0.50     0.99

SNOWFALL (IN)
  YESTERDAY        0.0
  MONTH TO DATE    0.0
  SINCE JAN 1      0.0
  SINCE JUL 1      0.0
  SNOW DEPTH       0

DEGREE DAYS
 HEATING
  YESTERDAY        0                         0      0        0
  MONTH TO DATE    0                         0      0        0
  SINCE JUN 1      0                         0      0        0
  SINCE JUL 1      0                         0      0        0

 COOLING
  YESTERDAY       30                        29      1       33
  MONTH TO DATE   30                        29      1       33
  SINCE JUN 1    906                       803    103      888
  SINCE JAN 1   1931                      1689    242     1963
..................................................................


WIND (MPH)
  HIGHEST WIND SPEED    24   HIGHEST WIND DIRECTION     W (270)
  HIGHEST GUST SPEED    30   HIGHEST GUST DIRECTION     W (280)
  AVERAGE WIND SPEED    11.3


SKY COVER
  AVERAGE SKY COVER 0.7


WEATHER CONDITIONS
 THE FOLLOWING WEATHER WAS RECORDED YESTERDAY.
  NO SIGNIFICANT WEATHER WAS OBSERVED.


RELATIVE HUMIDITY (PERCENT)
 HIGHEST    55           500 AM
 LOWEST     22           300 PM
 AVERAGE    39

..........................................................


THE PHOENIX AZ CLIMATE NORMALS FOR TODAY
                         NORMAL    RECORD    YEAR
 MAXIMUM TEMPERATURE (F)  107       118      2011
 MINIMUM TEMPERATURE (F)   82        65      1911


SUNRISE AND SUNSET
JULY  2 2015..........SUNRISE   522 AM MST   SUNSET   742 PM MST
JULY  3 2015..........SUNRISE   523 AM MST   SUNSET   742 PM MST


-  INDICATES NEGATIVE NUMBERS.
R  INDICATES RECORD WAS SET OR TIED.
MM INDICATES DATA IS MISSING.
T  INDICATES TRACE AMOUNT.

&&
.....................................................................

DEW POINT
  HIGHEST DEW POINT    67
   LOWEST DEW POINT    57
  AVERAGE DEW POINT    61
.....................................................................

$$
