000
CDUS43 KILX 202228
CLIPIA


CLIMATE REPORT
NATIONAL WEATHER SERVICE LINCOLN IL
428 PM CST MON FEB 20 2017


...................................

...THE PEORIA IL CLIMATE SUMMARY FOR FEBRUARY 20 2017...
VALID TODAY AS OF 0400 PM LOCAL TIME.

CLIMATE NORMAL PERIOD 1981 TO 2010
CLIMATE RECORD PERIOD 1883 TO 2017


WEATHER ITEM   OBSERVED TIME   RECORD YEAR NORMAL DEPARTURE LAST
                VALUE   (LST)  VALUE       VALUE  FROM      YEAR
                                                  NORMAL
..................................................................
TEMPERATURE (F)
 TODAY
  MAXIMUM         74R   250 PM  68    2016  39     35       68
  MINIMUM         48    723 AM -13    1885  23     25       37
  AVERAGE         61                        31     30       53

PRECIPITATION (IN)
  TODAY            0.00          1.77 1997   0.07  -0.07     0.00
  MONTH TO DATE    0.57                      1.19  -0.62     0.61
  SINCE DEC 1      3.36                      5.39  -2.03     7.68
  SINCE JAN 1      2.14                      2.97  -0.83     1.37

SNOWFALL (IN)
  TODAY            0.0           6.0  1904   0.2   -0.2      0.0
  MONTH TO DATE    3.5                       4.7   -1.2      2.8
  SINCE DEC 1      9.5                      18.7   -9.2     10.5
  SINCE JUL 1      9.5                      19.8  -10.3     15.1
  SNOW DEPTH       0

DEGREE DAYS
 HEATING
  TODAY            4                        34    -30       12
  MONTH TO DATE  540                       737   -197      690
  SINCE DEC 1   2731                      3110   -379     2603
  SINCE JUL 1   3469                      4258   -789     3360

 COOLING
  TODAY            0                         0      0        0
  MONTH TO DATE    0                         0      0        0
  SINCE DEC 1      0                         0      0        0
  SINCE JAN 1      0                         0      0        0
..................................................................


WIND (MPH)
  HIGHEST WIND SPEED    28   HIGHEST WIND DIRECTION     S (170)
  HIGHEST GUST SPEED    35   HIGHEST GUST DIRECTION     S (170)
  AVERAGE WIND SPEED    11.2


SKY COVER
  POSSIBLE SUNSHINE  MM
  AVERAGE SKY COVER 0.3


WEATHER CONDITIONS
 THE FOLLOWING WEATHER WAS RECORDED TODAY.
  FOG
  FOG W/VISIBILITY <= 1/4 MILE
  HAZE


RELATIVE HUMIDITY (PERCENT)
 HIGHEST   100           300 AM
 LOWEST     46           300 PM
 AVERAGE    73

..........................................................


THE PEORIA IL CLIMATE NORMALS FOR TOMORROW
                         NORMAL    RECORD    YEAR
 MAXIMUM TEMPERATURE (F)   40        69      1930
 MINIMUM TEMPERATURE (F)   23       -10      1885


SUNRISE AND SUNSET
FEBRUARY 20 2017......SUNRISE   645 AM CST   SUNSET   540 PM CST
FEBRUARY 21 2017......SUNRISE   644 AM CST   SUNSET   541 PM CST


-  INDICATES NEGATIVE NUMBERS.
R  INDICATES RECORD WAS SET OR TIED.
MM INDICATES DATA IS MISSING.
T  INDICATES TRACE AMOUNT.




$$
