000
CDUS43 KILX 260643
CLIPIA


CLIMATE REPORT
NATIONAL WEATHER SERVICE LINCOLN IL
141 AM CDT THU MAR 26 2015


...................................

...THE PEORIA IL CLIMATE SUMMARY FOR MARCH 25 2015...

CLIMATE NORMAL PERIOD 1981 TO 2010
CLIMATE RECORD PERIOD 1883 TO 2015


WEATHER ITEM   OBSERVED TIME   RECORD YEAR NORMAL DEPARTURE LAST
                VALUE   (LST)  VALUE       VALUE  FROM      YEAR
                                                  NORMAL
..................................................................
TEMPERATURE (F)
 YESTERDAY
  MAXIMUM         45    601 PM  81    1907  54     -9       32
  MINIMUM         39    916 AM   5    1960  34      5       19
  AVERAGE         42                        44     -2       26

PRECIPITATION (IN)
  YESTERDAY        T             2.06 1888   0.10  -0.10     0.03
  MONTH TO DATE    0.60                      2.19  -1.59     1.45
  SINCE MAR 1      0.60                      2.19  -1.59     1.45
  SINCE JAN 1      4.32                      5.76  -1.44     6.32

SNOWFALL (IN)
  YESTERDAY        0.0           8.1  1957   0.1   -0.1      0.3
  MONTH TO DATE    2.7                       2.4    0.3      7.1
  SINCE MAR 1      2.7                       2.4    0.3      7.1
  SINCE JUL 1     27.0                      23.7    3.3     57.3
  SNOW DEPTH       0

DEGREE DAYS
 HEATING
  YESTERDAY       23                        21      2       39
  MONTH TO DATE  617                       640    -23      807
  SINCE MAR 1    617                       640    -23      807
  SINCE JUL 1   5323                      5156    167     5986

 COOLING
  YESTERDAY        0                         0      0        0
  MONTH TO DATE    0                         0      0        0
  SINCE MAR 1      0                         0      0        0
  SINCE JAN 1      0                         0      0        0
..................................................................


WIND (MPH)
  HIGHEST WIND SPEED    18   HIGHEST WIND DIRECTION     W (280)
  HIGHEST GUST SPEED    25   HIGHEST GUST DIRECTION     W (290)
  AVERAGE WIND SPEED     7.3


SKY COVER
  POSSIBLE SUNSHINE  MM
  AVERAGE SKY COVER 0.9


WEATHER CONDITIONS
 THE FOLLOWING WEATHER WAS RECORDED YESTERDAY.
  LIGHT RAIN
  FOG
  HAZE


RELATIVE HUMIDITY (PERCENT)
 HIGHEST    93           300 AM
 LOWEST     76          1100 AM
 AVERAGE    85

..........................................................


THE PEORIA IL CLIMATE NORMALS FOR TODAY
                         NORMAL    RECORD    YEAR
 MAXIMUM TEMPERATURE (F)   55        82      1991
                                             1907
 MINIMUM TEMPERATURE (F)   34         5      1955


SUNRISE AND SUNSET
MARCH 26 2015.........SUNRISE   653 AM CDT   SUNSET   717 PM CDT
MARCH 27 2015.........SUNRISE   651 AM CDT   SUNSET   718 PM CDT


-  INDICATES NEGATIVE NUMBERS.
R  INDICATES RECORD WAS SET OR TIED.
MM INDICATES DATA IS MISSING.
T  INDICATES TRACE AMOUNT.




$$
