000
CDUS43 KILX 040639
CLIPIA


CLIMATE REPORT
NATIONAL WEATHER SERVICE LINCOLN IL
1239 AM CST SUN DEC 4 2016


...................................

...THE PEORIA IL CLIMATE SUMMARY FOR DECEMBER 3 2016...

CLIMATE NORMAL PERIOD 1981 TO 2010
CLIMATE RECORD PERIOD 1883 TO 2016


WEATHER ITEM   OBSERVED TIME   RECORD YEAR NORMAL DEPARTURE LAST
                VALUE   (LST)  VALUE       VALUE  FROM      YEAR
                                                  NORMAL
..................................................................
TEMPERATURE (F)
 YESTERDAY
  MAXIMUM         38    321 PM  71    1970  41     -3       40
  MINIMUM         33   1159 PM  -4    1929  25      8       29
  AVERAGE         36                        33      3       35

PRECIPITATION (IN)
  YESTERDAY        0.00          1.38 1887   0.09  -0.09     0.00
  MONTH TO DATE    T                         0.28  -0.28     0.22
  SINCE DEC 1      T                         0.28  -0.28     0.22
  SINCE JAN 1     36.02                     34.35   1.67    43.89

SNOWFALL (IN)
  YESTERDAY        0.0           2.0  1977   0.2   -0.2      0.0
  MONTH TO DATE    T                         0.5   -0.5      1.1
  SINCE DEC 1      T                         0.5   -0.5      1.1
  SINCE JUL 1      T                         1.6   -1.6      5.7
  SNOW DEPTH       0

DEGREE DAYS
 HEATING
  YESTERDAY       29                        32     -3       30
  MONTH TO DATE   82                        95    -13       85
  SINCE DEC 1     82                        95    -13       85
  SINCE JUL 1    820                      1243   -423      842

 COOLING
  YESTERDAY        0                         0      0        0
  MONTH TO DATE    0                         0      0        0
  SINCE DEC 1      0                         0      0        0
  SINCE JAN 1   1423                      1039    384     1419
..................................................................


WIND (MPH)
  HIGHEST WIND SPEED    10   HIGHEST WIND DIRECTION     N (350)
  HIGHEST GUST SPEED    15   HIGHEST GUST DIRECTION     N (360)
  AVERAGE WIND SPEED     4.4


SKY COVER
  POSSIBLE SUNSHINE  MM
  AVERAGE SKY COVER 0.7


WEATHER CONDITIONS
 THE FOLLOWING WEATHER WAS RECORDED YESTERDAY.
  NO SIGNIFICANT WEATHER WAS OBSERVED.


RELATIVE HUMIDITY (PERCENT)
 HIGHEST    82           700 PM
 LOWEST     64          1200 PM
 AVERAGE    73

..........................................................


THE PEORIA IL CLIMATE NORMALS FOR TODAY
                         NORMAL    RECORD    YEAR
 MAXIMUM TEMPERATURE (F)   40        69      1998
 MINIMUM TEMPERATURE (F)   25        -6      1893


SUNRISE AND SUNSET
DECEMBER  4 2016......SUNRISE   707 AM CST   SUNSET   431 PM CST
DECEMBER  5 2016......SUNRISE   708 AM CST   SUNSET   431 PM CST


-  INDICATES NEGATIVE NUMBERS.
R  INDICATES RECORD WAS SET OR TIED.
MM INDICATES DATA IS MISSING.
T  INDICATES TRACE AMOUNT.




$$
