000
CDUS43 KILX 090656
CLIPIA


CLIMATE REPORT
NATIONAL WEATHER SERVICE LINCOLN IL
1256 AM CST TUE FEB 9 2016


...................................

...THE PEORIA IL CLIMATE SUMMARY FOR FEBRUARY 8 2016...

CLIMATE NORMAL PERIOD 1981 TO 2010
CLIMATE RECORD PERIOD 1883 TO 2016


WEATHER ITEM   OBSERVED TIME   RECORD YEAR NORMAL DEPARTURE LAST
                VALUE   (LST)  VALUE       VALUE  FROM      YEAR
                                                  NORMAL
..................................................................
TEMPERATURE (F)
 YESTERDAY
  MAXIMUM         34    244 AM  63    1990  35     -1       46
  MINIMUM         18   1159 PM -22    1895  19     -1       30
  AVERAGE         26                        27     -1       38

PRECIPITATION (IN)
  YESTERDAY        0.01          0.95 1887   0.06  -0.05      T
  MONTH TO DATE    0.39                      0.43  -0.04     1.24
  SINCE DEC 1      7.46                      4.63   2.83     4.69
  SINCE JAN 1      1.15                      2.21  -1.06     3.46

SNOWFALL (IN)
  YESTERDAY        0.4           4.0  1975   0.2    0.2      0.0
                                      1901
  MONTH TO DATE    0.4                       1.9   -1.5      9.3
  SINCE DEC 1      8.1                      15.9   -7.8     19.5
  SINCE JUL 1     12.7                      17.0   -4.3     20.8
  SNOW DEPTH       T

DEGREE DAYS
 HEATING
  YESTERDAY       39                        38      1       27
  MONTH TO DATE  252                       308    -56      332
  SINCE DEC 1   2165                      2681   -516     2506
  SINCE JUL 1   2922                      3829   -907     3747

 COOLING
  YESTERDAY        0                         0      0        0
  MONTH TO DATE    0                         0      0        0
  SINCE DEC 1      0                         0      0        0
  SINCE JAN 1      0                         0      0        0
..................................................................


WIND (MPH)
  HIGHEST WIND SPEED    23   HIGHEST WIND DIRECTION    NW (300)
  HIGHEST GUST SPEED    33   HIGHEST GUST DIRECTION    NW (300)
  AVERAGE WIND SPEED    12.2


SKY COVER
  POSSIBLE SUNSHINE  MM
  AVERAGE SKY COVER 0.9


WEATHER CONDITIONS
 THE FOLLOWING WEATHER WAS RECORDED YESTERDAY.
  LIGHT SNOW
  FOG
  HAZE


RELATIVE HUMIDITY (PERCENT)
 HIGHEST    89           300 AM
 LOWEST     62           900 AM
 AVERAGE    76

..........................................................


THE PEORIA IL CLIMATE NORMALS FOR TODAY
                         NORMAL    RECORD    YEAR
 MAXIMUM TEMPERATURE (F)   36        65      1943
 MINIMUM TEMPERATURE (F)   20       -22      1899


SUNRISE AND SUNSET
FEBRUARY  9 2016......SUNRISE   701 AM CST   SUNSET   526 PM CST
FEBRUARY 10 2016......SUNRISE   659 AM CST   SUNSET   527 PM CST


-  INDICATES NEGATIVE NUMBERS.
R  INDICATES RECORD WAS SET OR TIED.
MM INDICATES DATA IS MISSING.
T  INDICATES TRACE AMOUNT.




$$
