000
CDUS43 KILX 250635
CLIPIA


CLIMATE REPORT
NATIONAL WEATHER SERVICE LINCOLN IL
134 AM CDT THU AUG 25 2016


...................................

...THE PEORIA IL CLIMATE SUMMARY FOR AUGUST 24 2016...

CLIMATE NORMAL PERIOD 1981 TO 2010
CLIMATE RECORD PERIOD 1883 TO 2016


WEATHER ITEM   OBSERVED TIME   RECORD YEAR NORMAL DEPARTURE LAST
                VALUE   (LST)  VALUE       VALUE  FROM      YEAR
                                                  NORMAL
..................................................................
TEMPERATURE (F)
 YESTERDAY
  MAXIMUM         87    339 PM 102    1936  83      4       77
  MINIMUM         66   1131 PM  43    1920  63      3       55
  AVERAGE         77                        73      4       66

PRECIPITATION (IN)
  YESTERDAY        1.33          2.50 1982   0.10   1.23     0.00
  MONTH TO DATE    4.88                      2.49   2.39     2.00
  SINCE JUN 1     13.33                      9.87   3.46    19.44
  SINCE JAN 1     22.44                     24.20  -1.76    32.21

SNOWFALL (IN)
  YESTERDAY        0.0           0.0    MM   0.0    0.0      0.0
  MONTH TO DATE    0.0                       0.0    0.0      0.0
  SINCE JUN 1      0.0                       0.0    0.0      0.0
  SINCE JUL 1      0.0                       0.0    0.0      0.0
  SNOW DEPTH       0

DEGREE DAYS
 HEATING
  YESTERDAY        0                         0      0        0
  MONTH TO DATE    0                         0      0        0
  SINCE JUN 1      4                        19    -15       12
  SINCE JUL 1      4                         1      3        5

 COOLING
  YESTERDAY       12                         8      4        1
  MONTH TO DATE  279                       223     56      257
  SINCE JUN 1    970                       773    197      913
  SINCE JAN 1   1076                       854    222     1067
..................................................................


WIND (MPH)
  HIGHEST WIND SPEED    45   HIGHEST WIND DIRECTION     W (280)
  HIGHEST GUST SPEED    64   HIGHEST GUST DIRECTION     W (280)
  AVERAGE WIND SPEED     9.5


SKY COVER
  POSSIBLE SUNSHINE  MM
  AVERAGE SKY COVER 0.6


WEATHER CONDITIONS
 THE FOLLOWING WEATHER WAS RECORDED YESTERDAY.
  THUNDERSTORM
  HEAVY RAIN
  RAIN
  LIGHT RAIN
  FOG


RELATIVE HUMIDITY (PERCENT)
 HIGHEST   100           300 AM
 LOWEST     57           200 PM
 AVERAGE    79

..........................................................


THE PEORIA IL CLIMATE NORMALS FOR TODAY
                         NORMAL    RECORD    YEAR
 MAXIMUM TEMPERATURE (F)   83        99      1936
 MINIMUM TEMPERATURE (F)   63        46      1917


SUNRISE AND SUNSET
AUGUST 25 2016........SUNRISE   619 AM CDT   SUNSET   741 PM CDT
AUGUST 26 2016........SUNRISE   620 AM CDT   SUNSET   740 PM CDT


-  INDICATES NEGATIVE NUMBERS.
R  INDICATES RECORD WAS SET OR TIED.
MM INDICATES DATA IS MISSING.
T  INDICATES TRACE AMOUNT.




$$
