000
CDUS43 KILX 010644
CLIPIA


CLIMATE REPORT
NATIONAL WEATHER SERVICE LINCOLN IL
143 AM CDT SUN MAY 1 2016


...................................

...THE PEORIA IL CLIMATE SUMMARY FOR APRIL 30 2016...

CLIMATE NORMAL PERIOD 1981 TO 2010
CLIMATE RECORD PERIOD 1883 TO 2016


WEATHER ITEM   OBSERVED TIME   RECORD YEAR NORMAL DEPARTURE LAST
                VALUE   (LST)  VALUE       VALUE  FROM      YEAR
                                                  NORMAL
..................................................................
TEMPERATURE (F)
 YESTERDAY
  MAXIMUM         56    406 PM  90    1901  68    -12       63
  MINIMUM         47    552 AM  29    1908  47      0       44
  AVERAGE         52                        58     -6       54

PRECIPITATION (IN)
  YESTERDAY        0.80          2.78 1970   0.13   0.67     0.00
  MONTH TO DATE    2.55                      3.63  -1.08     3.38
  SINCE MAR 1      4.87                      6.43  -1.56     4.03
  SINCE JAN 1      6.25                     10.00  -3.75     7.75

SNOWFALL (IN)
  YESTERDAY        0.0           T    1960   0.0    0.0      0.0
                                      1907
  MONTH TO DATE    T                         0.6   -0.6      0.0
  SINCE MAR 1      0.2                       3.3   -3.1      2.7
  SINCE JUL 1     15.3                      24.6   -9.3     27.0
  SNOW DEPTH       0

DEGREE DAYS
 HEATING
  YESTERDAY       13                         8      5       11
  MONTH TO DATE  364                       395    -31      274
  SINCE MAR 1    911                      1149   -238     1017
  SINCE JUL 1   4494                      5665  -1171     5723

 COOLING
  YESTERDAY        0                         1     -1        0
  MONTH TO DATE   18                        13      5       11
  SINCE MAR 1     18                        14      4       11
  SINCE JAN 1     18                        14      4       11
..................................................................


WIND (MPH)
  HIGHEST WIND SPEED    20   HIGHEST WIND DIRECTION    NE (60)
  HIGHEST GUST SPEED    24   HIGHEST GUST DIRECTION     E (80)
  AVERAGE WIND SPEED    13.1


SKY COVER
  POSSIBLE SUNSHINE  MM
  AVERAGE SKY COVER 1.0


WEATHER CONDITIONS
 THE FOLLOWING WEATHER WAS RECORDED YESTERDAY.
  HEAVY RAIN
  RAIN
  LIGHT RAIN
  FOG
  HAZE


RELATIVE HUMIDITY (PERCENT)
 HIGHEST    96          1000 AM
 LOWEST     80          1200 AM
 AVERAGE    88

..........................................................


THE PEORIA IL CLIMATE NORMALS FOR TODAY
                         NORMAL    RECORD    YEAR
 MAXIMUM TEMPERATURE (F)   69        89      1901
                                             1895
 MINIMUM TEMPERATURE (F)   47        29      1907


SUNRISE AND SUNSET
MAY  1 2016...........SUNRISE   557 AM CDT   SUNSET   755 PM CDT
MAY  2 2016...........SUNRISE   556 AM CDT   SUNSET   756 PM CDT


-  INDICATES NEGATIVE NUMBERS.
R  INDICATES RECORD WAS SET OR TIED.
MM INDICATES DATA IS MISSING.
T  INDICATES TRACE AMOUNT.




$$
