000
CDUS43 KILX 190632
CLIPIA


CLIMATE REPORT
NATIONAL WEATHER SERVICE LINCOLN IL
132 AM CDT FRI SEP 19 2014


...................................

...THE PEORIA IL CLIMATE SUMMARY FOR SEPTEMBER 18 2014...

CLIMATE NORMAL PERIOD 1981 TO 2010
CLIMATE RECORD PERIOD 1883 TO 2014


WEATHER ITEM   OBSERVED TIME   RECORD YEAR NORMAL DEPARTURE LAST
                VALUE   (LST)  VALUE       VALUE  FROM      YEAR
                                                  NORMAL
..................................................................
TEMPERATURE (F)
 YESTERDAY
  MAXIMUM         76    235 PM  95    1895  76      0       87
  MINIMUM         50    610 AM  34    1916  54     -4       64
  AVERAGE         63                        65     -2       76

PRECIPITATION (IN)
  YESTERDAY        0.00          2.35 1899   0.10  -0.10     0.01
  MONTH TO DATE    4.98                      1.96   3.02     0.73
  SINCE SEP 1      4.98                      1.96   3.02     0.73
  SINCE JAN 1     35.06                     26.91   8.15    32.56

SNOWFALL (IN)
  YESTERDAY        0.0           0.0    MM   0.0    0.0      0.0
  MONTH TO DATE    0.0                       0.0    0.0      0.0
  SINCE SEP 1      0.0                       0.0    0.0      0.0
  SINCE JUL 1      0.0                       0.0    0.0      0.0
  SNOW DEPTH       0

DEGREE DAYS
 HEATING
  YESTERDAY        2                         3     -1        0
  MONTH TO DATE   64                        26     38       10
  SINCE SEP 1     64                        26     38       10
  SINCE JUL 1     66                        32     34       15

 COOLING
  YESTERDAY        0                         3     -3       11
  MONTH TO DATE   76                        91    -15      158
  SINCE SEP 1     76                        91    -15      158
  SINCE JAN 1   1100                       998    102     1100
..................................................................


WIND (MPH)
  HIGHEST WIND SPEED    13   HIGHEST WIND DIRECTION     E (80)
  HIGHEST GUST SPEED    18   HIGHEST GUST DIRECTION     E (110)
  AVERAGE WIND SPEED     5.3


SKY COVER
  POSSIBLE SUNSHINE  MM
  AVERAGE SKY COVER 0.1


WEATHER CONDITIONS
 THE FOLLOWING WEATHER WAS RECORDED YESTERDAY.
  FOG
  FOG W/VISIBILITY <= 1/4 MILE
  HAZE


RELATIVE HUMIDITY (PERCENT)
 HIGHEST    93           700 AM
 LOWEST     41           100 PM
 AVERAGE    67

..........................................................


THE PEORIA IL CLIMATE NORMALS FOR TODAY
                         NORMAL    RECORD    YEAR
 MAXIMUM TEMPERATURE (F)   76        95      1948
 MINIMUM TEMPERATURE (F)   54        35      1991


SUNRISE AND SUNSET
SEPTEMBER 19 2014.....SUNRISE   643 AM CDT   SUNSET   701 PM CDT
SEPTEMBER 20 2014.....SUNRISE   644 AM CDT   SUNSET   659 PM CDT


-  INDICATES NEGATIVE NUMBERS.
R  INDICATES RECORD WAS SET OR TIED.
MM INDICATES DATA IS MISSING.
T  INDICATES TRACE AMOUNT.




$$
