000
CDUS43 KILX 230708
CLIPIA


CLIMATE REPORT
NATIONAL WEATHER SERVICE LINCOLN IL
107 AM CST FRI FEB 23 2018


...................................

...THE PEORIA IL CLIMATE SUMMARY FOR FEBRUARY 22 2018...

CLIMATE NORMAL PERIOD 1981 TO 2010
CLIMATE RECORD PERIOD 1883 TO 2018


WEATHER ITEM   OBSERVED TIME   RECORD YEAR NORMAL DEPARTURE LAST
                VALUE   (LST)  VALUE       VALUE  FROM      YEAR
                                                  NORMAL
..................................................................
TEMPERATURE (F)
 YESTERDAY
  MAXIMUM         43    810 PM  71    1922  40      3       66
  MINIMUM         29    348 AM -13    1885  23      6       47
  AVERAGE         36                        32      4       57

PRECIPITATION (IN)
  YESTERDAY        T             1.06 1990   0.08  -0.08     0.00
  MONTH TO DATE    4.13                      1.33   2.80     0.68
  SINCE DEC 1      6.67                      5.53   1.14     3.47
  SINCE JAN 1      5.87                      3.11   2.76     2.25

SNOWFALL (IN)
  YESTERDAY        T             3.5  1919   0.2   -0.2      0.0
  MONTH TO DATE    9.4                       5.1    4.3      3.5
  SINCE DEC 1     20.3                      19.1    1.2      9.5
  SINCE JUL 1     20.3                      20.2    0.1      9.5
  SNOW DEPTH       0

DEGREE DAYS
 HEATING
  YESTERDAY       29                        33     -4        8
  MONTH TO DATE  856                       804     52      552
  SINCE DEC 1   3252                      3177     75     2743
  SINCE JUL 1   4239                      4325    -86     3481

 COOLING
  YESTERDAY        0                         0      0        0
  MONTH TO DATE    0                         0      0        0
  SINCE DEC 1      0                         0      0        0
  SINCE JAN 1      0                         0      0        0
..................................................................


WIND (MPH)
  HIGHEST WIND SPEED    21   HIGHEST WIND DIRECTION     E (80)
  HIGHEST GUST SPEED    28   HIGHEST GUST DIRECTION     E (80)
  AVERAGE WIND SPEED    10.5


SKY COVER
  POSSIBLE SUNSHINE  MM
  AVERAGE SKY COVER 1.0


WEATHER CONDITIONS
 THE FOLLOWING WEATHER WAS RECORDED YESTERDAY.
  LT FREEZING RAIN
  SLEET
  FOG


RELATIVE HUMIDITY (PERCENT)
 HIGHEST   100           700 PM
 LOWEST     78           400 AM
 AVERAGE    89

..........................................................


THE PEORIA IL CLIMATE NORMALS FOR TODAY
                         NORMAL    RECORD    YEAR
 MAXIMUM TEMPERATURE (F)   41        64      1930
 MINIMUM TEMPERATURE (F)   24        -9      1910


SUNRISE AND SUNSET
FEBRUARY 23 2018......SUNRISE   641 AM CST   SUNSET   543 PM CST
FEBRUARY 24 2018......SUNRISE   640 AM CST   SUNSET   544 PM CST


-  INDICATES NEGATIVE NUMBERS.
R  INDICATES RECORD WAS SET OR TIED.
MM INDICATES DATA IS MISSING.
T  INDICATES TRACE AMOUNT.




$$
