000
CDUS43 KILX 010640
CLIPIA


CLIMATE REPORT
NATIONAL WEATHER SERVICE LINCOLN IL
1240 AM CST SUN FEB 1 2015


...................................

...THE PEORIA IL CLIMATE SUMMARY FOR JANUARY 31 2015...

CLIMATE NORMAL PERIOD 1981 TO 2010
CLIMATE RECORD PERIOD 1883 TO 2015


WEATHER ITEM   OBSERVED TIME   RECORD YEAR NORMAL DEPARTURE LAST
                VALUE   (LST)  VALUE       VALUE  FROM      YEAR
                                                  NORMAL
..................................................................
TEMPERATURE (F)
 YESTERDAY
  MAXIMUM         40    115 PM  70    1989  34      6       21
  MINIMUM         24    110 AM -13    1996  18      6       18
  AVERAGE         32                        26      6       20

PRECIPITATION (IN)
  YESTERDAY        0.28          0.68 2002   0.06   0.22     0.16
  MONTH TO DATE    2.22                      1.78   0.44     2.10
  SINCE DEC 1      3.45                      4.20  -0.75     3.59
  SINCE JAN 1      2.22                      1.78   0.44     2.10

SNOWFALL (IN)
  YESTERDAY        0.3           5.6  1914   0.2    0.1      3.1
  MONTH TO DATE   10.2                       6.9    3.3     18.2
  SINCE DEC 1     10.2                      14.0   -3.8     26.7
  SINCE JUL 1     11.5                      15.1   -3.6     27.3
  SNOW DEPTH       0

DEGREE DAYS
 HEATING
  YESTERDAY       33                        39     -6       45
  MONTH TO DATE 1206                      1238    -32     1442
  SINCE DEC 1   2174                      2373   -199     2686
  SINCE JUL 1   3415                      3521   -106     3868

 COOLING
  YESTERDAY        0                         0      0        0
  MONTH TO DATE    0                         0      0        0
  SINCE DEC 1      0                         0      0        0
  SINCE JAN 1      0                         0      0        0
..................................................................


WIND (MPH)
  HIGHEST WIND SPEED    13   HIGHEST WIND DIRECTION     S (190)
  HIGHEST GUST SPEED    15   HIGHEST GUST DIRECTION     S (190)
  AVERAGE WIND SPEED     7.1


SKY COVER
  POSSIBLE SUNSHINE  MM
  AVERAGE SKY COVER 0.7


WEATHER CONDITIONS
 THE FOLLOWING WEATHER WAS RECORDED YESTERDAY.
  LIGHT RAIN
  LIGHT SNOW
  FOG


RELATIVE HUMIDITY (PERCENT)
 HIGHEST    96          1100 PM
 LOWEST     54          1200 PM
 AVERAGE    75

..........................................................


THE PEORIA IL CLIMATE NORMALS FOR TODAY
                         NORMAL    RECORD    YEAR
 MAXIMUM TEMPERATURE (F)   34        63      1911
 MINIMUM TEMPERATURE (F)   18       -13      1979
                                             1951
                                             1905


SUNRISE AND SUNSET
FEBRUARY  1 2015......SUNRISE   709 AM CST   SUNSET   516 PM CST
FEBRUARY  2 2015......SUNRISE   708 AM CST   SUNSET   517 PM CST


-  INDICATES NEGATIVE NUMBERS.
R  INDICATES RECORD WAS SET OR TIED.
MM INDICATES DATA IS MISSING.
T  INDICATES TRACE AMOUNT.




$$
