002
CDUS45 KPIH 280729
CLIPIH


CLIMATE REPORT
NATIONAL WEATHER SERVICE POCATELLO ID
128 AM MDT SAT MAY 28 2016


...................................

...THE POCATELLO ID CLIMATE SUMMARY FOR MAY 27 2016...

CLIMATE NORMAL PERIOD 1981 TO 2010
CLIMATE RECORD PERIOD 1939 TO 2016


WEATHER ITEM   OBSERVED TIME   RECORD YEAR NORMAL DEPARTURE LAST
                VALUE   (LST)  VALUE       VALUE  FROM      YEAR
                                                  NORMAL
..................................................................
TEMPERATURE (F)
 YESTERDAY
  MAXIMUM         70    352 PM  90    1958  71     -1       69
  MINIMUM         43    432 AM  30    1965  42      1       45
  AVERAGE         57                        57      0       57

PRECIPITATION (IN)
  YESTERDAY        0.00          0.79 2006   0.05  -0.05     0.07
  MONTH TO DATE    1.28                      1.27   0.01     2.69
  SINCE OCT 1     10.71                      8.86   1.85     6.84
  SINCE JAN 1      7.14                      5.64   1.50     4.45

SNOWFALL (IN)
  YESTERDAY        0.0
  MONTH TO DATE    T
  SINCE MAR 1      5.3
  SINCE JUL 1     33.5
  SNOW DEPTH       0

DEGREE DAYS
 HEATING
  YESTERDAY        8                         9     -1        8
  MONTH TO DATE  299                       321    -22      268
  SINCE MAR 1   1472                      1742   -270     1458
  SINCE JUL 1   6314                      7015   -701     5799

 COOLING
  YESTERDAY        0                         0      0        0
  MONTH TO DATE    0                         0      0        0
  SINCE MAR 1      0                         0      0        0
  SINCE JAN 1      0                         0      0        0
..................................................................


WIND (MPH)
  HIGHEST WIND SPEED    24   HIGHEST WIND DIRECTION    SW (230)
  HIGHEST GUST SPEED    31   HIGHEST GUST DIRECTION    SW (240)
  AVERAGE WIND SPEED    14.6


SKY COVER
  POSSIBLE SUNSHINE  MM
  AVERAGE SKY COVER 0.2


WEATHER CONDITIONS
 THE FOLLOWING WEATHER WAS RECORDED YESTERDAY.
  HAZE


RELATIVE HUMIDITY (PERCENT)
 HIGHEST    76           400 AM
 LOWEST     23           400 PM
 AVERAGE    50

..........................................................


THE POCATELLO ID CLIMATE NORMALS FOR TODAY
                         NORMAL    RECORD    YEAR
 MAXIMUM TEMPERATURE (F)   71        97      2003
 MINIMUM TEMPERATURE (F)   43        32      1991
                                             1955


SUNRISE AND SUNSET
MAY 28 2016...........SUNRISE   556 AM MDT   SUNSET   900 PM MDT
MAY 29 2016...........SUNRISE   556 AM MDT   SUNSET   901 PM MDT


-  INDICATES NEGATIVE NUMBERS.
R  INDICATES RECORD WAS SET OR TIED.
MM INDICATES DATA IS MISSING.
T  INDICATES TRACE AMOUNT.




$$
