000
CDUS45 KPIH 200732
CLIPIH


CLIMATE REPORT
NATIONAL WEATHER SERVICE POCATELLO ID
1229 AM MST FRI JAN 20 2017


...................................

...THE POCATELLO ID CLIMATE SUMMARY FOR JANUARY 19 2017...

CLIMATE NORMAL PERIOD 1981 TO 2010
CLIMATE RECORD PERIOD 1939 TO 2017


WEATHER ITEM   OBSERVED TIME   RECORD YEAR NORMAL DEPARTURE LAST
                VALUE   (LST)  VALUE       VALUE  FROM      YEAR
                                                  NORMAL
..................................................................
TEMPERATURE (F)
 YESTERDAY
  MAXIMUM         38    238 PM  53    1971  33      5       41
  MINIMUM         22   1209 AM -23    1984  16      6       25
  AVERAGE         30                        24      6       33

PRECIPITATION (IN)
  YESTERDAY        0.27          0.69 2012   0.03   0.24      T
  MONTH TO DATE    1.98                      0.65   1.33     0.39
  SINCE OCT 1      8.54                      3.87   4.67     3.96
  SINCE JAN 1      1.98                      0.65   1.33     0.39

SNOWFALL (IN)
  YESTERDAY        3.3
  MONTH TO DATE   17.5
  SINCE DEC 1     46.0
  SINCE JUL 1     48.6
  SNOW DEPTH       7

DEGREE DAYS
 HEATING
  YESTERDAY       35                        41     -6       32
  MONTH TO DATE  966                       779    187      746
  SINCE DEC 1   2363                      2036    327     1981
  SINCE JUL 1   3798                      3764     34     3425

 COOLING
  YESTERDAY        0                         0      0        0
  MONTH TO DATE    0                         0      0        0
  SINCE DEC 1      0                         0      0        0
  SINCE JAN 1      0                         0      0        0
..................................................................


WIND (MPH)
  HIGHEST WIND SPEED    17   HIGHEST WIND DIRECTION    SW (210)
  HIGHEST GUST SPEED    23   HIGHEST GUST DIRECTION     S (180)
  AVERAGE WIND SPEED     7.8


SKY COVER
  POSSIBLE SUNSHINE  MM
  AVERAGE SKY COVER 0.9


WEATHER CONDITIONS
 THE FOLLOWING WEATHER WAS RECORDED YESTERDAY.
  SNOW
  LIGHT SNOW
  FOG
  HAZE


RELATIVE HUMIDITY (PERCENT)
 HIGHEST    96          1200 AM
 LOWEST     70           200 PM
 AVERAGE    83

..........................................................


THE POCATELLO ID CLIMATE NORMALS FOR TODAY
                         NORMAL    RECORD    YEAR
 MAXIMUM TEMPERATURE (F)   33        53      1953
 MINIMUM TEMPERATURE (F)   16       -19      1984


SUNRISE AND SUNSET
JANUARY 20 2017.......SUNRISE   755 AM MST   SUNSET   528 PM MST
JANUARY 21 2017.......SUNRISE   755 AM MST   SUNSET   529 PM MST


-  INDICATES NEGATIVE NUMBERS.
R  INDICATES RECORD WAS SET OR TIED.
MM INDICATES DATA IS MISSING.
T  INDICATES TRACE AMOUNT.




$$
