000
CDUS45 KPIH 190733
CLIPIH


CLIMATE REPORT
NATIONAL WEATHER SERVICE POCATELLO ID
132 AM MDT SAT AUG 19 2017


...................................

...THE POCATELLO ID CLIMATE SUMMARY FOR AUGUST 18 2017...

CLIMATE NORMAL PERIOD 1981 TO 2010
CLIMATE RECORD PERIOD 1939 TO 2017


WEATHER ITEM   OBSERVED TIME   RECORD YEAR NORMAL DEPARTURE LAST
                VALUE   (LST)  VALUE       VALUE  FROM      YEAR
                                                  NORMAL
..................................................................
TEMPERATURE (F)
 YESTERDAY
  MAXIMUM         88    446 PM  98    1986  87      1       89
                                      1940
  MINIMUM         44    545 AM  37    1978  51     -7       57
  AVERAGE         66                        69     -3       73

PRECIPITATION (IN)
  YESTERDAY        0.00          0.31 1965   0.02  -0.02     0.00
  MONTH TO DATE    0.33                      0.33   0.00     0.24
  SINCE OCT 1     18.09                     11.01   7.08    11.15
  SINCE JAN 1     11.53                      7.79   3.74     7.58

SNOWFALL (IN)
  YESTERDAY        0.0
  MONTH TO DATE    0.0
  SINCE JUN 1      0.0
  SINCE JUL 1      0.0
  SNOW DEPTH       0

DEGREE DAYS
 HEATING
  YESTERDAY        0                         1     -1        0
  MONTH TO DATE    4                         5     -1        3
  SINCE JUN 1     93                       156    -63       63
  SINCE JUL 1      4                        25    -21       20

 COOLING
  YESTERDAY        1                         5     -4        8
  MONTH TO DATE   94                       102     -8       88
  SINCE JUN 1    433                       320    113      374
  SINCE JAN 1    435                       325    110      374
..................................................................


WIND (MPH)
  HIGHEST WIND SPEED    21   HIGHEST WIND DIRECTION     W (260)
  HIGHEST GUST SPEED    26   HIGHEST GUST DIRECTION     W (260)
  AVERAGE WIND SPEED     9.0


SKY COVER
  POSSIBLE SUNSHINE  MM
  AVERAGE SKY COVER 0.0


WEATHER CONDITIONS
 THE FOLLOWING WEATHER WAS RECORDED YESTERDAY.
  NO SIGNIFICANT WEATHER WAS OBSERVED.


RELATIVE HUMIDITY (PERCENT)
 HIGHEST    70           600 AM
 LOWEST     10           500 PM
 AVERAGE    40

..........................................................


THE POCATELLO ID CLIMATE NORMALS FOR TODAY
                         NORMAL    RECORD    YEAR
 MAXIMUM TEMPERATURE (F)   87        99      1992
 MINIMUM TEMPERATURE (F)   50        35      1995


SUNRISE AND SUNSET
AUGUST 19 2017........SUNRISE   641 AM MDT   SUNSET   826 PM MDT
AUGUST 20 2017........SUNRISE   642 AM MDT   SUNSET   824 PM MDT


-  INDICATES NEGATIVE NUMBERS.
R  INDICATES RECORD WAS SET OR TIED.
MM INDICATES DATA IS MISSING.
T  INDICATES TRACE AMOUNT.




$$
