000
CDUS45 KPIH 242329
CLIPIH


CLIMATE REPORT
NATIONAL WEATHER SERVICE POCATELLO ID
526 PM MDT THU APR 24 2014


...................................

...THE POCATELLO ID CLIMATE SUMMARY FOR APRIL 24 2014...
VALID TODAY AS OF 0500 PM LOCAL TIME.

CLIMATE NORMAL PERIOD 1981 TO 2010
CLIMATE RECORD PERIOD 1939 TO 2014


WEATHER ITEM   OBSERVED TIME   RECORD YEAR NORMAL DEPARTURE LAST
                VALUE   (LST)  VALUE       VALUE  FROM      YEAR
                                                  NORMAL
..................................................................
TEMPERATURE (F)
 TODAY
  MAXIMUM         58    344 PM  85    1977  61     -3       57
  MINIMUM         37   1252 AM  18    1950  34      3       20
  AVERAGE         48                        48      0       39

PRECIPITATION (IN)
  TODAY            T             0.42 1961   0.04  -0.04     0.00
  MONTH TO DATE    0.83                      0.88  -0.05     0.54
  SINCE OCT 1      6.20                      7.32  -1.12     6.50
  SINCE JAN 1      4.83                      4.10   0.73     2.34

SNOWFALL (IN)
  TODAY            0.0
  MONTH TO DATE    3.3
  SINCE MAR 1     10.5
  SINCE JUL 1     29.4
  SNOW DEPTH       0

DEGREE DAYS
 HEATING
  TODAY           17                        17      0       26
  MONTH TO DATE  430                       483    -53      541
  SINCE MAR 1   1161                      1322   -161     1332
  SINCE JUL 1   6141                      6595   -454     6443

 COOLING
  TODAY            0                         0      0        0
  MONTH TO DATE    0                         0      0        0
  SINCE MAR 1      0                         0      0        0
  SINCE JAN 1      0                         0      0        0
..................................................................


WIND (MPH)
  HIGHEST WIND SPEED    32   HIGHEST WIND DIRECTION    SW (230)
  HIGHEST GUST SPEED    37   HIGHEST GUST DIRECTION    SW (230)
  AVERAGE WIND SPEED    15.2


SKY COVER
  POSSIBLE SUNSHINE  MM
  AVERAGE SKY COVER 0.5


WEATHER CONDITIONS
 THE FOLLOWING WEATHER WAS RECORDED TODAY.
  NO SIGNIFICANT WEATHER WAS OBSERVED.


RELATIVE HUMIDITY (PERCENT)
 HIGHEST    61          1200 PM
 LOWEST     32          1000 AM
 AVERAGE    47

..........................................................


THE POCATELLO ID CLIMATE NORMALS FOR TOMORROW
                         NORMAL    RECORD    YEAR
 MAXIMUM TEMPERATURE (F)   61        86      1946
 MINIMUM TEMPERATURE (F)   35        24      2013
                                             2009


SUNRISE AND SUNSET
APRIL 24 2014.........SUNRISE   634 AM MDT   SUNSET   823 PM MDT
APRIL 25 2014.........SUNRISE   633 AM MDT   SUNSET   824 PM MDT


-  INDICATES NEGATIVE NUMBERS.
R  INDICATES RECORD WAS SET OR TIED.
MM INDICATES DATA IS MISSING.
T  INDICATES TRACE AMOUNT.




$$
