000
CDUS45 KPIH 290735
CLIPIH


CLIMATE REPORT
NATIONAL WEATHER SERVICE POCATELLO ID
133 AM MDT SAT APR 29 2017


...................................

...THE POCATELLO ID CLIMATE SUMMARY FOR APRIL 28 2017...

CLIMATE NORMAL PERIOD 1981 TO 2010
CLIMATE RECORD PERIOD 1939 TO 2017


WEATHER ITEM   OBSERVED TIME   RECORD YEAR NORMAL DEPARTURE LAST
                VALUE   (LST)  VALUE       VALUE  FROM      YEAR
                                                  NORMAL
..................................................................
TEMPERATURE (F)
 YESTERDAY
  MAXIMUM         49    601 PM  83    1987  62    -13       63
                                      1939
  MINIMUM         28    330 AM  21    1996  35     -7       33
  AVERAGE         39                        49    -10       48

PRECIPITATION (IN)
  YESTERDAY        0.07          0.44 1999   0.05   0.02     0.00
  MONTH TO DATE    2.46                      1.06   1.40     1.02
  SINCE OCT 1     15.91                      7.50   8.41     9.20
  SINCE JAN 1      9.35                      4.28   5.07     5.63

SNOWFALL (IN)
  YESTERDAY        0.6
  MONTH TO DATE    0.8
  SINCE MAR 1      4.1
  SINCE JUL 1     87.6
  SNOW DEPTH       T

DEGREE DAYS
 HEATING
  YESTERDAY       26                        16     10       17
  MONTH TO DATE  558                       550      8      422
  SINCE MAR 1   1226                      1389   -163     1134
  SINCE JUL 1   6475                      6662   -187     5976

 COOLING
  YESTERDAY        0                         0      0        0
  MONTH TO DATE    0                         0      0        0
  SINCE MAR 1      0                         0      0        0
  SINCE JAN 1      0                         0      0        0
..................................................................


WIND (MPH)
  HIGHEST WIND SPEED    25   HIGHEST WIND DIRECTION     N (340)
  HIGHEST GUST SPEED    35   HIGHEST GUST DIRECTION     N (340)
  AVERAGE WIND SPEED     9.8


SKY COVER
  POSSIBLE SUNSHINE  MM
  AVERAGE SKY COVER 0.9


WEATHER CONDITIONS
 THE FOLLOWING WEATHER WAS RECORDED YESTERDAY.
  SNOW
  LIGHT SNOW
  FOG


RELATIVE HUMIDITY (PERCENT)
 HIGHEST   100           500 AM
 LOWEST     46           400 PM
 AVERAGE    73

..........................................................


THE POCATELLO ID CLIMATE NORMALS FOR TODAY
                         NORMAL    RECORD    YEAR
 MAXIMUM TEMPERATURE (F)   63        86      1992
 MINIMUM TEMPERATURE (F)   36        21      1994


SUNRISE AND SUNSET
APRIL 29 2017.........SUNRISE   627 AM MDT   SUNSET   829 PM MDT
APRIL 30 2017.........SUNRISE   625 AM MDT   SUNSET   830 PM MDT


-  INDICATES NEGATIVE NUMBERS.
R  INDICATES RECORD WAS SET OR TIED.
MM INDICATES DATA IS MISSING.
T  INDICATES TRACE AMOUNT.




$$
