000
CDUS45 KPIH 210733
CLIPIH


CLIMATE REPORT
NATIONAL WEATHER SERVICE POCATELLO ID
131 AM MDT SUN SEP 21 2014


...................................

...THE POCATELLO ID CLIMATE SUMMARY FOR SEPTEMBER 20 2014...

CLIMATE NORMAL PERIOD 1981 TO 2010
CLIMATE RECORD PERIOD 1939 TO 2014


WEATHER ITEM   OBSERVED TIME   RECORD YEAR NORMAL DEPARTURE LAST
                VALUE   (LST)  VALUE       VALUE  FROM      YEAR
                                                  NORMAL
..................................................................
TEMPERATURE (F)
 YESTERDAY
  MAXIMUM         83    512 PM  86    1962  74      9       81
                                      1939
  MINIMUM         42    641 AM  19    1983  41      1       31
  AVERAGE         63                        57      6       56

PRECIPITATION (IN)
  YESTERDAY        0.00          0.33 1968   0.03  -0.03     0.00
                                      1963
  MONTH TO DATE    0.21                      0.53  -0.32     0.74
  SINCE OCT 1     10.36                     11.82  -1.46     8.93
  SINCE JAN 1      8.99                      8.60   0.39     4.77

SNOWFALL (IN)
  YESTERDAY        0.0
  MONTH TO DATE    0.0
  SINCE SEP 1      0.0
  SINCE JUL 1      0.0
  SNOW DEPTH       0

DEGREE DAYS
 HEATING
  YESTERDAY        2                         8     -6        9
  MONTH TO DATE   88                       100    -12       39
  SINCE SEP 1     88                       100    -12       39
  SINCE JUL 1    123                       146    -23       39

 COOLING
  YESTERDAY        0                         0      0        0
  MONTH TO DATE   26                        20      6       61
  SINCE SEP 1     26                        20      6       61
  SINCE JAN 1    412                       390     22      688
..................................................................


WIND (MPH)
  HIGHEST WIND SPEED     9   HIGHEST WIND DIRECTION     N (350)
  HIGHEST GUST SPEED    12   HIGHEST GUST DIRECTION    NW (300)
  AVERAGE WIND SPEED     3.8


SKY COVER
  POSSIBLE SUNSHINE  MM
  AVERAGE SKY COVER 0.0


WEATHER CONDITIONS
 THE FOLLOWING WEATHER WAS RECORDED YESTERDAY.
  NO SIGNIFICANT WEATHER WAS OBSERVED.


RELATIVE HUMIDITY (PERCENT)
 HIGHEST    93           400 AM
 LOWEST     23           400 PM
 AVERAGE    58

..........................................................


THE POCATELLO ID CLIMATE NORMALS FOR TODAY
                         NORMAL    RECORD    YEAR
 MAXIMUM TEMPERATURE (F)   73        88      1979
                                             1967
                                             1966
 MINIMUM TEMPERATURE (F)   40        22      1983


SUNRISE AND SUNSET
SEPTEMBER 21 2014.....SUNRISE   717 AM MDT   SUNSET   729 PM MDT
SEPTEMBER 22 2014.....SUNRISE   718 AM MDT   SUNSET   728 PM MDT


-  INDICATES NEGATIVE NUMBERS.
R  INDICATES RECORD WAS SET OR TIED.
MM INDICATES DATA IS MISSING.
T  INDICATES TRACE AMOUNT.




$$
