000
CDUS45 KPIH 220738
CLIPIH


CLIMATE REPORT
NATIONAL WEATHER SERVICE POCATELLO ID
132 AM MDT FRI AUG 22 2014


...................................

...THE POCATELLO ID CLIMATE SUMMARY FOR AUGUST 21 2014...

CLIMATE NORMAL PERIOD 1981 TO 2010
CLIMATE RECORD PERIOD 1939 TO 2014


WEATHER ITEM   OBSERVED TIME   RECORD YEAR NORMAL DEPARTURE LAST
                VALUE   (LST)  VALUE       VALUE  FROM      YEAR
                                                  NORMAL
..................................................................
TEMPERATURE (F)
 YESTERDAY
  MAXIMUM         79    439 PM  98    2009  86     -7       85
  MINIMUM         56    511 AM  37    1974  50      6       58
                                      1966
  AVERAGE         68                        68      0       72

PRECIPITATION (IN)
  YESTERDAY        0.12          0.78 1983   0.02   0.10     0.02
  MONTH TO DATE    1.65                      0.39   1.26     0.03
  SINCE OCT 1      9.62                     11.07  -1.45     8.01
  SINCE JAN 1      8.25                      7.85   0.40     3.85

SNOWFALL (IN)
  YESTERDAY        0.0
  MONTH TO DATE    0.0
  SINCE JUN 1      0.0
  SINCE JUL 1      0.0
  SNOW DEPTH       0

DEGREE DAYS
 HEATING
  YESTERDAY        0                         1     -1        0
  MONTH TO DATE    1                         8     -7        0
  SINCE JUN 1    113                       159    -46       90
  SINCE JUL 1      3                        28    -25        0

 COOLING
  YESTERDAY        3                         4     -1        7
  MONTH TO DATE  109                       114     -5      161
  SINCE JUN 1    376                       332     44      546
  SINCE JAN 1    376                       337     39      555
..................................................................


WIND (MPH)
  HIGHEST WIND SPEED    25   HIGHEST WIND DIRECTION     S (190)
  HIGHEST GUST SPEED    32   HIGHEST GUST DIRECTION     S (200)
  AVERAGE WIND SPEED     8.5


SKY COVER
  POSSIBLE SUNSHINE  MM
  AVERAGE SKY COVER 0.7


WEATHER CONDITIONS
 THE FOLLOWING WEATHER WAS RECORDED YESTERDAY.
  LIGHT RAIN


RELATIVE HUMIDITY (PERCENT)
 HIGHEST   100           200 AM
 LOWEST     35           400 PM
 AVERAGE    68

..........................................................


THE POCATELLO ID CLIMATE NORMALS FOR TODAY
                         NORMAL    RECORD    YEAR
 MAXIMUM TEMPERATURE (F)   86        98      1991
 MINIMUM TEMPERATURE (F)   50        34      1966


SUNRISE AND SUNSET
AUGUST 22 2014........SUNRISE   644 AM MDT   SUNSET   822 PM MDT
AUGUST 23 2014........SUNRISE   645 AM MDT   SUNSET   820 PM MDT


-  INDICATES NEGATIVE NUMBERS.
R  INDICATES RECORD WAS SET OR TIED.
MM INDICATES DATA IS MISSING.
T  INDICATES TRACE AMOUNT.




$$
