000
CDUS45 KPIH 272331
CLIPIH


CLIMATE REPORT
NATIONAL WEATHER SERVICE POCATELLO ID
430 PM MST FRI FEB 27 2015


...................................

...THE POCATELLO ID CLIMATE SUMMARY FOR FEBRUARY 27 2015...
VALID TODAY AS OF 0400 PM LOCAL TIME.

CLIMATE NORMAL PERIOD 1981 TO 2010
CLIMATE RECORD PERIOD 1939 TO 2015


WEATHER ITEM   OBSERVED TIME   RECORD YEAR NORMAL DEPARTURE LAST
                VALUE   (LST)  VALUE       VALUE  FROM      YEAR
                                                  NORMAL
..................................................................
TEMPERATURE (F)
 TODAY
  MAXIMUM         40    348 PM  62    1992  42     -2       44
  MINIMUM         27    106 AM -13    1993  22      5       25
  AVERAGE         34                        32      2       35

PRECIPITATION (IN)
  TODAY            T             0.34 1973   0.04  -0.04     0.11
  MONTH TO DATE    0.67                      0.93  -0.26     1.08
  SINCE OCT 1      3.49                      5.14  -1.65     3.08
  SINCE JAN 1      1.10                      1.92  -0.82     1.71

SNOWFALL (IN)
  TODAY            T
  MONTH TO DATE    2.1
  SINCE DEC 1     10.2
  SINCE JUL 1     14.8
  SNOW DEPTH       0

DEGREE DAYS
 HEATING
  TODAY           31                        33     -2       30
  MONTH TO DATE  699                       995   -296      848
  SINCE DEC 1   2779                      3514   -735     3348
  SINCE JUL 1   4306                      5242   -936     4960

 COOLING
  TODAY            0                         0      0        0
  MONTH TO DATE    0                         0      0        0
  SINCE DEC 1      0                         0      0        0
  SINCE JAN 1      0                         0      0        0
..................................................................


WIND (MPH)
  HIGHEST WIND SPEED    12   HIGHEST WIND DIRECTION    SW (210)
  HIGHEST GUST SPEED    14   HIGHEST GUST DIRECTION    SW (220)
  AVERAGE WIND SPEED     3.7


SKY COVER
  POSSIBLE SUNSHINE  MM
  AVERAGE SKY COVER 0.9


WEATHER CONDITIONS
 THE FOLLOWING WEATHER WAS RECORDED TODAY.
  LIGHT SNOW


RELATIVE HUMIDITY (PERCENT)
 HIGHEST   100           300 AM
 LOWEST     59           300 PM
 AVERAGE    80

..........................................................


THE POCATELLO ID CLIMATE NORMALS FOR TOMORROW
                         NORMAL    RECORD    YEAR
 MAXIMUM TEMPERATURE (F)   43        64      1992
 MINIMUM TEMPERATURE (F)   23       -17      1993


SUNRISE AND SUNSET
FEBRUARY 27 2015......SUNRISE   710 AM MST   SUNSET   617 PM MST
FEBRUARY 28 2015......SUNRISE   708 AM MST   SUNSET   618 PM MST


-  INDICATES NEGATIVE NUMBERS.
R  INDICATES RECORD WAS SET OR TIED.
MM INDICATES DATA IS MISSING.
T  INDICATES TRACE AMOUNT.




$$
