000
CDUS45 KPIH 230732
CLIPIH


CLIMATE REPORT
NATIONAL WEATHER SERVICE POCATELLO ID
130 AM MDT FRI JUN 23 2017


...................................

...THE POCATELLO ID CLIMATE SUMMARY FOR JUNE 22 2017...

CLIMATE NORMAL PERIOD 1981 TO 2010
CLIMATE RECORD PERIOD 1939 TO 2017


WEATHER ITEM   OBSERVED TIME   RECORD YEAR NORMAL DEPARTURE LAST
                VALUE   (LST)  VALUE       VALUE  FROM      YEAR
                                                  NORMAL
..................................................................
TEMPERATURE (F)
 YESTERDAY
  MAXIMUM         80    301 PM  99    1954  80      0       90
  MINIMUM         54   1159 PM  36    1995  48      6       42
  AVERAGE         67                        64      3       66

PRECIPITATION (IN)
  YESTERDAY        0.00          0.81 1948   0.03  -0.03     0.00
  MONTH TO DATE    1.14                      0.83   0.31     0.02
  SINCE OCT 1     17.61                      9.88   7.73    10.73
  SINCE JAN 1     11.05                      6.66   4.39     7.16

SNOWFALL (IN)
  YESTERDAY        0.0
  MONTH TO DATE    0.0
  SINCE JUN 1      0.0
  SINCE JUL 1     87.6
  SNOW DEPTH       0

DEGREE DAYS
 HEATING
  YESTERDAY        0                         3     -3        0
  MONTH TO DATE   77                       113    -36       35
  SINCE JUN 1     77                       113    -36       35
  SINCE JUL 1   6938                      7160   -222     6384

 COOLING
  YESTERDAY        2                         2      0        1
  MONTH TO DATE   44                        26     18       57
  SINCE JUN 1     44                        26     18       57
  SINCE JAN 1     46                        31     15       57
..................................................................


WIND (MPH)
  HIGHEST WIND SPEED    22   HIGHEST WIND DIRECTION    SW (230)
  HIGHEST GUST SPEED    27   HIGHEST GUST DIRECTION    SW (210)
  AVERAGE WIND SPEED    12.7


SKY COVER
  POSSIBLE SUNSHINE  MM
  AVERAGE SKY COVER 0.0


WEATHER CONDITIONS
 THE FOLLOWING WEATHER WAS RECORDED YESTERDAY.
  NO SIGNIFICANT WEATHER WAS OBSERVED.


RELATIVE HUMIDITY (PERCENT)
 HIGHEST    55           600 AM
 LOWEST     17           500 PM
 AVERAGE    36

..........................................................


THE POCATELLO ID CLIMATE NORMALS FOR TODAY
                         NORMAL    RECORD    YEAR
 MAXIMUM TEMPERATURE (F)   81        99      1974
 MINIMUM TEMPERATURE (F)   48        32      2003


SUNRISE AND SUNSET
JUNE 23 2017..........SUNRISE   552 AM MDT   SUNSET   913 PM MDT
JUNE 24 2017..........SUNRISE   553 AM MDT   SUNSET   913 PM MDT


-  INDICATES NEGATIVE NUMBERS.
R  INDICATES RECORD WAS SET OR TIED.
MM INDICATES DATA IS MISSING.
T  INDICATES TRACE AMOUNT.




$$
