000
CDUS43 KABR 201033
CLIPIR


CLIMATE REPORT
NATIONAL WEATHER SERVICE ABERDEEN SD
532 AM CDT THU JUL 20 2017


...................................

...THE PIERRE SD CLIMATE SUMMARY FOR JULY 19 2017...

CLIMATE NORMAL PERIOD 1981 TO 2010
CLIMATE RECORD PERIOD 1892 TO 2017


WEATHER ITEM   OBSERVED TIME   RECORD YEAR NORMAL DEPARTURE LAST
                VALUE   (LST)  VALUE       VALUE  FROM      YEAR
                                                  NORMAL
..................................................................
TEMPERATURE (F)
 YESTERDAY
  MAXIMUM         95    456 PM 106    2012  90      5       99
                                      1936
  MINIMUM         66    547 AM  52    1971  63      3       72
  AVERAGE         81                        76      5       86

PRECIPITATION (IN)
  YESTERDAY        0.00          2.07 1897   0.08  -0.08     0.00
  MONTH TO DATE    0.09                      1.58  -1.49     2.10
  SINCE JUN 1      2.69                      5.15  -2.46     3.93
  SINCE JAN 1      7.14                     12.35  -5.21    11.37

DEGREE DAYS
 HEATING
  YESTERDAY        0                         0      0        0
  MONTH TO DATE    0                         0      0        4
  SINCE JUN 1     24                        53    -29       16
  SINCE JUL 1      0                         0      0        4

 COOLING
  YESTERDAY       16                        11      5       21
  MONTH TO DATE  264                       190     74      173
  SINCE JUN 1    431                       324    107      400
  SINCE JAN 1    452                       356     96      423
..................................................................


WIND (MPH)
  RESULTANT WIND SPEED  10   RESULTANT WIND DIRECTION   E (80)
  HIGHEST WIND SPEED    28   HIGHEST WIND DIRECTION     E (70)
  HIGHEST GUST SPEED    31   HIGHEST GUST DIRECTION     E (70)
  AVERAGE WIND SPEED    13.5




RELATIVE HUMIDITY (PERCENT)
 HIGHEST    81           500 AM
 LOWEST     43           500 PM
 AVERAGE    62

..........................................................


THE PIERRE SD CLIMATE NORMALS FOR TODAY
                         NORMAL    RECORD    YEAR
 MAXIMUM TEMPERATURE (F)   90       115      1934
 MINIMUM TEMPERATURE (F)   63        46      1970


SUNRISE AND SUNSET
JULY 20 2017..........SUNRISE   616 AM CDT   SUNSET   919 PM CDT
JULY 21 2017..........SUNRISE   617 AM CDT   SUNSET   918 PM CDT


-  INDICATES NEGATIVE NUMBERS.
R  INDICATES RECORD WAS SET OR TIED.
MM INDICATES DATA IS MISSING.
T  INDICATES TRACE AMOUNT.




$$
