000
CDUS43 KABR 241047
CLIPIR


CLIMATE REPORT
NATIONAL WEATHER SERVICE ABERDEEN SD
447 AM CST MON NOV 24 2014


...................................

...THE PIERRE SD CLIMATE SUMMARY FOR NOVEMBER 23 2014...

CLIMATE NORMAL PERIOD 1981 TO 2010
CLIMATE RECORD PERIOD 1892 TO 2014


WEATHER ITEM   OBSERVED TIME   RECORD YEAR NORMAL DEPARTURE LAST
                VALUE   (LST)  VALUE       VALUE  FROM      YEAR
                                                  NORMAL
..................................................................
TEMPERATURE (F)
 YESTERDAY
  MAXIMUM         42   1127 AM  65    1984  40      2       24
  MINIMUM         26   1159 PM -11    1985  20      6        8
  AVERAGE         34                        30      4       16

PRECIPITATION (IN)
  YESTERDAY        T             0.34 1933   0.02  -0.02     0.00
  MONTH TO DATE    0.80                      0.62   0.18     0.24
  SINCE SEP 1      1.71                      4.14  -2.43     6.16
  SINCE JAN 1     17.93                     19.32  -1.39    23.08

SNOWFALL (IN)
  YESTERDAY        0.0           3.4  1993   0.3   -0.3      0.0
  MONTH TO DATE    9.0                       3.9    5.1      1.5
  SINCE OCT 1      9.0                       4.9    4.1      2.0
  SINCE JUL 1      9.0                       4.9    4.1      2.0
  SNOW DEPTH       2

DEGREE DAYS
 HEATING
  YESTERDAY       31                        35     -4       49
  MONTH TO DATE  847                       678    169      689
  SINCE SEP 1   1396                      1339     57     1358
  SINCE JUL 1   1424                      1359     65     1367

 COOLING
  YESTERDAY        0                         0      0        0
  MONTH TO DATE    0                         0      0        0
  SINCE SEP 1     86                        91     -5      167
  SINCE JAN 1    622                       868   -246      853
..................................................................


WIND (MPH)
  RESULTANT WIND SPEED  19   RESULTANT WIND DIRECTION  NW (310)
  HIGHEST WIND SPEED    38   HIGHEST WIND DIRECTION    NW (320)
  HIGHEST GUST SPEED    47   HIGHEST GUST DIRECTION    NW (330)
  AVERAGE WIND SPEED    20.7




RELATIVE HUMIDITY (PERCENT)
 HIGHEST    92           300 AM
 LOWEST     54           300 PM
 AVERAGE    73

..........................................................


THE PIERRE SD CLIMATE NORMALS FOR TODAY
                         NORMAL    RECORD    YEAR
 MAXIMUM TEMPERATURE (F)   39        70      1990
 MINIMUM TEMPERATURE (F)   19        -9      2003


SUNRISE AND SUNSET
NOVEMBER 24 2014......SUNRISE   749 AM CST   SUNSET   507 PM CST
NOVEMBER 25 2014......SUNRISE   750 AM CST   SUNSET   506 PM CST


-  INDICATES NEGATIVE NUMBERS.
R  INDICATES RECORD WAS SET OR TIED.
MM INDICATES DATA IS MISSING.
T  INDICATES TRACE AMOUNT.




$$
