000
CDUS43 KABR 221042
CLIPIR


CLIMATE REPORT
NATIONAL WEATHER SERVICE ABERDEEN SD
541 AM CDT FRI SEP 22 2017


...................................

...THE PIERRE SD CLIMATE SUMMARY FOR SEPTEMBER 21 2017...

CLIMATE NORMAL PERIOD 1981 TO 2010
CLIMATE RECORD PERIOD 1892 TO 2017


WEATHER ITEM   OBSERVED TIME   RECORD YEAR NORMAL DEPARTURE LAST
                VALUE   (LST)  VALUE       VALUE  FROM      YEAR
                                                  NORMAL
..................................................................
TEMPERATURE (F)
 YESTERDAY
  MAXIMUM         89    439 PM  99    1937  74     15       75
  MINIMUM         54    648 AM  31    1995  47      7       54
  AVERAGE         72                        60     12       65

PRECIPITATION (IN)
  YESTERDAY        0.00          0.87 1989   0.06  -0.06     0.00
  MONTH TO DATE    0.55                      1.27  -0.72     0.92
  SINCE SEP 1      0.55                      1.27  -0.72     0.92
  SINCE JAN 1     10.99                     16.45  -5.46    16.64

DEGREE DAYS
 HEATING
  YESTERDAY        0                         6     -6        0
  MONTH TO DATE   55                        77    -22       49
  SINCE SEP 1     55                        77    -22       49
  SINCE JUL 1     60                        97    -37       69

 COOLING
  YESTERDAY        7                         2      5        0
  MONTH TO DATE  106                        79     27       68
  SINCE SEP 1    106                        79     27       68
  SINCE JAN 1    864                       856      8      932
..................................................................


WIND (MPH)
  RESULTANT WIND SPEED  13   RESULTANT WIND DIRECTION  SE (140)
  HIGHEST WIND SPEED    29   HIGHEST WIND DIRECTION    SE (150)
  HIGHEST GUST SPEED    36   HIGHEST GUST DIRECTION    SE (150)
  AVERAGE WIND SPEED    14.7




RELATIVE HUMIDITY (PERCENT)
 HIGHEST    72           700 AM
 LOWEST     31           300 PM
 AVERAGE    52

..........................................................


THE PIERRE SD CLIMATE NORMALS FOR TODAY
                         NORMAL    RECORD    YEAR
 MAXIMUM TEMPERATURE (F)   73        99      1936
 MINIMUM TEMPERATURE (F)   46        21      1995


SUNRISE AND SUNSET
SEPTEMBER 22 2017.....SUNRISE   729 AM CDT   SUNSET   738 PM CDT
SEPTEMBER 23 2017.....SUNRISE   730 AM CDT   SUNSET   736 PM CDT


-  INDICATES NEGATIVE NUMBERS.
R  INDICATES RECORD WAS SET OR TIED.
MM INDICATES DATA IS MISSING.
T  INDICATES TRACE AMOUNT.




$$
