000
CDUS43 KABR 221019
CLIPIR


CLIMATE REPORT
NATIONAL WEATHER SERVICE ABERDEEN SD
419 AM CST MON DEC 22 2014


...................................

...THE PIERRE SD CLIMATE SUMMARY FOR DECEMBER 21 2014...

CLIMATE NORMAL PERIOD 1981 TO 2010
CLIMATE RECORD PERIOD 1892 TO 2014


WEATHER ITEM   OBSERVED TIME   RECORD YEAR NORMAL DEPARTURE LAST
                VALUE   (LST)  VALUE       VALUE  FROM      YEAR
                                                  NORMAL
..................................................................
TEMPERATURE (F)
 YESTERDAY
  MAXIMUM         35    244 PM  64    1933  30      5        8
  MINIMUM         21    734 AM -25    1989  11     10      -10
  AVERAGE         28                        20      8       -1

PRECIPITATION (IN)
  YESTERDAY        0.00          0.61 1902   0.02  -0.02     0.05
  MONTH TO DATE    0.35                      0.38  -0.03     1.29
  SINCE DEC 1      0.35                      0.38  -0.03     1.29
  SINCE JAN 1     18.30                     19.84  -1.54    24.37

SNOWFALL (IN)
  YESTERDAY        0.0           2.3  1967   0.1   -0.1      0.7
  MONTH TO DATE    4.0                       3.4    0.6     12.9
  SINCE OCT 1     13.2                       9.7    3.5     14.9
  SINCE JUL 1     13.2                       9.7    3.5     14.9
  SNOW DEPTH       3

DEGREE DAYS
 HEATING
  YESTERDAY       37                        45     -8       66
  MONTH TO DATE  781                       890   -109     1089
  SINCE DEC 1    781                       890   -109     1089
  SINCE JUL 1   2503                      2510     -7     2708

 COOLING
  YESTERDAY        0                         0      0        0
  MONTH TO DATE    0                         0      0        0
  SINCE DEC 1      0                         0      0        0
  SINCE JAN 1    622                       868   -246      853
..................................................................


WIND (MPH)
  RESULTANT WIND SPEED   5   RESULTANT WIND DIRECTION   E (110)
  HIGHEST WIND SPEED    13   HIGHEST WIND DIRECTION    SE (120)
  HIGHEST GUST SPEED    14   HIGHEST GUST DIRECTION    SE (120)
  AVERAGE WIND SPEED     6.9




RELATIVE HUMIDITY (PERCENT)
 HIGHEST    96           500 AM
 LOWEST     78           100 PM
 AVERAGE    87

..........................................................


THE PIERRE SD CLIMATE NORMALS FOR TODAY
                         NORMAL    RECORD    YEAR
 MAXIMUM TEMPERATURE (F)   30        59      1936
 MINIMUM TEMPERATURE (F)   11       -25      1989


SUNRISE AND SUNSET
DECEMBER 22 2014......SUNRISE   814 AM CST   SUNSET   505 PM CST
DECEMBER 23 2014......SUNRISE   815 AM CST   SUNSET   506 PM CST


-  INDICATES NEGATIVE NUMBERS.
R  INDICATES RECORD WAS SET OR TIED.
MM INDICATES DATA IS MISSING.
T  INDICATES TRACE AMOUNT.




$$
