000
CDUS43 KABR 300919
CLIPIR


CLIMATE REPORT
NATIONAL WEATHER SERVICE ABERDEEN SD
418 AM CDT SAT MAY 30 2015


...................................

...THE PIERRE SD CLIMATE SUMMARY FOR MAY 29 2015...

CLIMATE NORMAL PERIOD 1981 TO 2010
CLIMATE RECORD PERIOD 1892 TO 2015


WEATHER ITEM   OBSERVED TIME   RECORD YEAR NORMAL DEPARTURE LAST
                VALUE   (LST)  VALUE       VALUE  FROM      YEAR
                                                  NORMAL
..................................................................
TEMPERATURE (F)
 YESTERDAY
  MAXIMUM         61    245 AM 101    1934  74    -13       87
  MINIMUM         42   1159 PM  24    1947  50     -8       60
  AVERAGE         52                        62    -10       74

PRECIPITATION (IN)
  YESTERDAY        2.05          2.36 1941   0.11   1.94     0.00
  MONTH TO DATE    6.15                      2.91   3.24     2.41
  SINCE MAR 1      6.97                      5.95   1.02     5.37
  SINCE JAN 1      7.32                      6.96   0.36     5.94

DEGREE DAYS
 HEATING
  YESTERDAY       13                         5      8        0
  MONTH TO DATE  275                       239     36      293
  SINCE MAR 1   1478                      1731   -253     1965
  SINCE JUL 1   6987                      7229   -242     7960

 COOLING
  YESTERDAY        0                         1     -1        9
  MONTH TO DATE    9                        27    -18       38
  SINCE MAR 1     14                        31    -17       38
  SINCE JAN 1     14                        31    -17       38
..................................................................


WIND (MPH)
  RESULTANT WIND SPEED  17   RESULTANT WIND DIRECTION   N (350)
  HIGHEST WIND SPEED    30   HIGHEST WIND DIRECTION     N (10)
  HIGHEST GUST SPEED    38   HIGHEST GUST DIRECTION    NW (330)
  AVERAGE WIND SPEED    18.1




RELATIVE HUMIDITY (PERCENT)
 HIGHEST   100           800 AM
 LOWEST     55           600 PM
 AVERAGE    78

..........................................................


THE PIERRE SD CLIMATE NORMALS FOR TODAY
                         NORMAL    RECORD    YEAR
 MAXIMUM TEMPERATURE (F)   74       103      1934
 MINIMUM TEMPERATURE (F)   50        32      1947


SUNRISE AND SUNSET
MAY 30 2015...........SUNRISE   601 AM CDT   SUNSET   917 PM CDT
MAY 31 2015...........SUNRISE   601 AM CDT   SUNSET   917 PM CDT


-  INDICATES NEGATIVE NUMBERS.
R  INDICATES RECORD WAS SET OR TIED.
MM INDICATES DATA IS MISSING.
T  INDICATES TRACE AMOUNT.




$$
