000
CDUS43 KABR 312228
CLIPIR


CLIMATE REPORT
NATIONAL WEATHER SERVICE ABERDEEN SD
526 PM CDT FRI JUL 31 2015


...................................

...THE PIERRE SD CLIMATE SUMMARY FOR JULY 31 2015...
VALID TODAY AS OF 0500 PM LOCAL TIME.

CLIMATE NORMAL PERIOD 1981 TO 2010
CLIMATE RECORD PERIOD 1892 TO 2015


WEATHER ITEM   OBSERVED TIME   RECORD YEAR NORMAL DEPARTURE LAST
                VALUE   (LST)  VALUE       VALUE  FROM      YEAR
                                                  NORMAL
..................................................................
TEMPERATURE (F)
 TODAY
  MAXIMUM         92    353 PM 108    1988  90      2       88
  MINIMUM         55    515 AM  50    1968  63     -8       57
  AVERAGE         74                        76     -2       73

PRECIPITATION (IN)
  TODAY            0.00          1.06 1959   0.08  -0.08     0.00
  MONTH TO DATE    2.15                      2.61  -0.46     0.87
  SINCE JUN 1      8.31                      6.18   2.13     5.26
  SINCE JAN 1     15.66                     13.38   2.28    13.19

DEGREE DAYS
 COOLING
  TODAY            9                        11     -2        8
  MONTH TO DATE  294                       327    -33      230
  SINCE JUN 1    429                       461    -32      289
  SINCE JAN 1    443                       493    -50      337
..................................................................


WIND (MPH)
  HIGHEST GUST SPEED    18   HIGHEST GUST DIRECTION    SE (120)




..........................................................


THE PIERRE SD CLIMATE NORMALS FOR TOMORROW
                         NORMAL    RECORD    YEAR
 MAXIMUM TEMPERATURE (F)   90       109      1943
 MINIMUM TEMPERATURE (F)   63        49      2009


SUNRISE AND SUNSET
JULY 31 2015..........SUNRISE   627 AM CDT   SUNSET   907 PM CDT
AUGUST  1 2015........SUNRISE   628 AM CDT   SUNSET   906 PM CDT


-  INDICATES NEGATIVE NUMBERS.
R  INDICATES RECORD WAS SET OR TIED.
MM INDICATES DATA IS MISSING.
T  INDICATES TRACE AMOUNT.




$$
