000
CDUS43 KABR 182329
CLIPIR


CLIMATE REPORT
NATIONAL WEATHER SERVICE ABERDEEN SD
528 PM CST WED JAN 18 2017


...................................

...THE PIERRE SD CLIMATE SUMMARY FOR JANUARY 18 2017...
VALID TODAY AS OF 0500 PM LOCAL TIME.

CLIMATE NORMAL PERIOD 1981 TO 2010
CLIMATE RECORD PERIOD 1892 TO 2017


WEATHER ITEM   OBSERVED TIME   RECORD YEAR NORMAL DEPARTURE LAST
                VALUE   (LST)  VALUE       VALUE  FROM      YEAR
                                                  NORMAL
..................................................................
TEMPERATURE (F)
 TODAY
  MAXIMUM         35    252 PM  54    1964  30      5       10
  MINIMUM         12    835 AM -27    1970  10      2      -14
  AVERAGE         24                        20      4       -2

PRECIPITATION (IN)
  TODAY            0.00          0.66 1926   0.01  -0.01     0.01
  MONTH TO DATE    0.37                      0.25   0.12     0.13
  SINCE DEC 1      2.07                      0.80   1.27     1.14
  SINCE JAN 1      0.37                      0.25   0.12     0.13

SNOWFALL (IN)
  TODAY            0.0
  MONTH TO DATE    3.0
  SINCE OCT 1     21.4
  SINCE JUL 1     21.4
  SNOW DEPTH      MM

DEGREE DAYS
 HEATING
  TODAY           41                        45     -4       67
  MONTH TO DATE 1024                       815    209      888
  SINCE DEC 1   2543                      2157    386     2133
  SINCE JUL 1   3680                      3777    -97     3430
..................................................................


WIND (MPH)
  HIGHEST GUST SPEED    17   HIGHEST GUST DIRECTION    SW (210)




..........................................................


THE PIERRE SD CLIMATE NORMALS FOR TOMORROW
                         NORMAL    RECORD    YEAR
 MAXIMUM TEMPERATURE (F)   30        56      1999
 MINIMUM TEMPERATURE (F)   10       -32      1970


SUNRISE AND SUNSET
JANUARY 18 2017.......SUNRISE   812 AM CST   SUNSET   532 PM CST
JANUARY 19 2017.......SUNRISE   811 AM CST   SUNSET   533 PM CST


-  INDICATES NEGATIVE NUMBERS.
R  INDICATES RECORD WAS SET OR TIED.
MM INDICATES DATA IS MISSING.
T  INDICATES TRACE AMOUNT.




$$
