000
CDUS43 KABR 211040
CLIPIR


CLIMATE REPORT
NATIONAL WEATHER SERVICE ABERDEEN SD
539 AM CDT MON APR 21 2014


...................................

...THE PIERRE SD CLIMATE SUMMARY FOR APRIL 20 2014...

CLIMATE NORMAL PERIOD 1981 TO 2010
CLIMATE RECORD PERIOD 1892 TO 2014


WEATHER ITEM   OBSERVED TIME   RECORD YEAR NORMAL DEPARTURE LAST
                VALUE   (LST)  VALUE       VALUE  FROM      YEAR
                                                  NORMAL
..................................................................
TEMPERATURE (F)
 YESTERDAY
  MAXIMUM         81    412 PM  95    1980  62     19       31
  MINIMUM         33    538 AM  12    1966  36     -3       19
  AVERAGE         57                        49      8       25

PRECIPITATION (IN)
  YESTERDAY        0.00          0.82 1920   0.06  -0.06     0.19
  MONTH TO DATE    0.07                      1.08  -1.01     2.63
  SINCE MAR 1      1.06                      2.31  -1.25     2.78
  SINCE JAN 1      1.63                      3.32  -1.69     4.44

SNOWFALL (IN)
  YESTERDAY        0.0           3.8  1951   0.1   -0.1      1.9
  MONTH TO DATE    T                         3.2   -3.2     16.9
  SINCE OCT 1     34.6                      31.0    3.6     51.6
  SINCE JUL 1     34.6                      31.0    3.6     51.6
  SNOW DEPTH       0

DEGREE DAYS
 HEATING
  YESTERDAY        8                        16     -8       40
  MONTH TO DATE  456                       404     52      637
  SINCE MAR 1   1529                      1351    178     1738
  SINCE JUL 1   7524                      6849    675     7162

 COOLING
  YESTERDAY        0                         0      0        0
  MONTH TO DATE    0                         0      0        0
  SINCE MAR 1      0                         0      0        0
  SINCE JAN 1      0                         0      0        0
..................................................................


WIND (MPH)
  RESULTANT WIND SPEED   3   RESULTANT WIND DIRECTION   E (100)
  HIGHEST WIND SPEED    28   HIGHEST WIND DIRECTION     N (340)
  HIGHEST GUST SPEED    34   HIGHEST GUST DIRECTION     N (340)
  AVERAGE WIND SPEED    11.1




RELATIVE HUMIDITY (PERCENT)
 HIGHEST    75           500 AM
 LOWEST     20          1200 PM
 AVERAGE    48

..........................................................


THE PIERRE SD CLIMATE NORMALS FOR TODAY
                         NORMAL    RECORD    YEAR
 MAXIMUM TEMPERATURE (F)   62        98      1980
 MINIMUM TEMPERATURE (F)   36        21      1966


SUNRISE AND SUNSET
APRIL 21 2014.........SUNRISE   647 AM CDT   SUNSET   833 PM CDT
APRIL 22 2014.........SUNRISE   646 AM CDT   SUNSET   834 PM CDT


-  INDICATES NEGATIVE NUMBERS.
R  INDICATES RECORD WAS SET OR TIED.
MM INDICATES DATA IS MISSING.
T  INDICATES TRACE AMOUNT.




$$
