000
CDUS43 KABR 250911
CLIPIR


CLIMATE REPORT
NATIONAL WEATHER SERVICE ABERDEEN SD
411 AM CDT WED MAY 25 2016


...................................

...THE PIERRE SD CLIMATE SUMMARY FOR MAY 24 2016...

CLIMATE NORMAL PERIOD 1981 TO 2010
CLIMATE RECORD PERIOD 1892 TO 2016


WEATHER ITEM   OBSERVED TIME   RECORD YEAR NORMAL DEPARTURE LAST
                VALUE   (LST)  VALUE       VALUE  FROM      YEAR
                                                  NORMAL
..................................................................
TEMPERATURE (F)
 YESTERDAY
  MAXIMUM         81    507 PM  90    1959  72      9       65
  MINIMUM         45    510 AM  28    2002  49     -4       54
  AVERAGE         63                        60      3       60

PRECIPITATION (IN)
  YESTERDAY        0.56          1.70 1944   0.11   0.45     0.03
  MONTH TO DATE    0.97                      2.35  -1.38     3.56
  SINCE MAR 1      6.21                      5.39   0.82     4.38
  SINCE JAN 1      7.21                      6.40   0.81     4.73

DEGREE DAYS
 HEATING
  YESTERDAY        2                         6     -4        5
  MONTH TO DATE  216                       213      3      255
  SINCE MAR 1   1481                      1705   -224     1458
  SINCE JUL 1   6315                      7203   -888     6967

 COOLING
  YESTERDAY        0                         1     -1        0
  MONTH TO DATE   12                        22    -10        5
  SINCE MAR 1     18                        26     -8       10
  SINCE JAN 1     18                        26     -8       10
..................................................................


WIND (MPH)
  RESULTANT WIND SPEED   3   RESULTANT WIND DIRECTION  NE (30)
  HIGHEST WIND SPEED    33   HIGHEST WIND DIRECTION     W (270)
  HIGHEST GUST SPEED    41   HIGHEST GUST DIRECTION     W (270)
  AVERAGE WIND SPEED     8.6




RELATIVE HUMIDITY (PERCENT)
 HIGHEST    86           500 AM
 LOWEST     18           300 PM
 AVERAGE    52

..........................................................


THE PIERRE SD CLIMATE NORMALS FOR TODAY
                         NORMAL    RECORD    YEAR
 MAXIMUM TEMPERATURE (F)   72        95      1985
 MINIMUM TEMPERATURE (F)   49        34      1992


SUNRISE AND SUNSET
MAY 25 2016...........SUNRISE   604 AM CDT   SUNSET   913 PM CDT
MAY 26 2016...........SUNRISE   603 AM CDT   SUNSET   914 PM CDT


-  INDICATES NEGATIVE NUMBERS.
R  INDICATES RECORD WAS SET OR TIED.
MM INDICATES DATA IS MISSING.
T  INDICATES TRACE AMOUNT.




$$
