000
CDUS43 KABR 061043
CLIPIR


CLIMATE REPORT
NATIONAL WEATHER SERVICE ABERDEEN SD
442 AM CST FRI MAR 6 2015


...................................

...THE PIERRE SD CLIMATE SUMMARY FOR MARCH 5 2015...

CLIMATE NORMAL PERIOD 1981 TO 2010
CLIMATE RECORD PERIOD 1892 TO 2015


WEATHER ITEM   OBSERVED TIME   RECORD YEAR NORMAL DEPARTURE LAST
                VALUE   (LST)  VALUE       VALUE  FROM      YEAR
                                                  NORMAL
..................................................................
TEMPERATURE (F)
 YESTERDAY
  MAXIMUM         35    545 PM  80    2000  41     -6       29
  MINIMUM         -9   1240 AM -13    1989  20    -29        0
  AVERAGE         13                        30    -17       15

PRECIPITATION (IN)
  YESTERDAY        0.00          0.97 1933   0.03  -0.03     0.00
  MONTH TO DATE    0.18                      0.15   0.03     0.21
  SINCE MAR 1      0.18                      0.15   0.03     0.21
  SINCE JAN 1      0.53                      1.16  -0.63     0.78

SNOWFALL (IN)
  YESTERDAY        0.0           2.6  1908   0.2   -0.2      0.0
  MONTH TO DATE    1.8                       1.2    0.6      3.0
  SINCE OCT 1     24.1                      23.0    1.1     27.9
  SINCE JUL 1     24.1                      23.0    1.1     27.9
  SNOW DEPTH       1

DEGREE DAYS
 HEATING
  YESTERDAY       52                        35     17       50
  MONTH TO DATE  242                       178     64      313
  SINCE MAR 1    242                       178     64      313
  SINCE JUL 1   5751                      5676     75     6308

 COOLING
  YESTERDAY        0                         0      0        0
  MONTH TO DATE    0                         0      0        0
  SINCE MAR 1      0                         0      0        0
  SINCE JAN 1      0                         0      0        0
..................................................................


WIND (MPH)
  RESULTANT WIND SPEED   7   RESULTANT WIND DIRECTION   S (160)
  HIGHEST WIND SPEED    17   HIGHEST WIND DIRECTION     S (190)
  HIGHEST GUST SPEED    20   HIGHEST GUST DIRECTION     S (170)
  AVERAGE WIND SPEED     7.9




RELATIVE HUMIDITY (PERCENT)
 HIGHEST    91           800 AM
 LOWEST     47           500 PM
 AVERAGE    69

..........................................................


THE PIERRE SD CLIMATE NORMALS FOR TODAY
                         NORMAL    RECORD    YEAR
 MAXIMUM TEMPERATURE (F)   41        71      2000
                                             1937
 MINIMUM TEMPERATURE (F)   20       -10      1996


SUNRISE AND SUNSET
MARCH  6 2015.........SUNRISE   710 AM CST   SUNSET   635 PM CST
MARCH  7 2015.........SUNRISE   708 AM CST   SUNSET   637 PM CST


-  INDICATES NEGATIVE NUMBERS.
R  INDICATES RECORD WAS SET OR TIED.
MM INDICATES DATA IS MISSING.
T  INDICATES TRACE AMOUNT.




$$
