000
CDUS41 KPBZ 282120
CLIPIT

CLIMATE REPORT
NATIONAL WEATHER SERVICE PITTSBURGH PA
518 PM EDT THU JUL 28 2016

...................................

...THE PITTSBURGH PA CLIMATE SUMMARY FOR JULY 28 2016...
VALID TODAY AS OF 0500 PM LOCAL TIME.

CLIMATE NORMAL PERIOD 1981 TO 2010
CLIMATE RECORD PERIOD 1871 TO 2016

WEATHER ITEM   OBSERVED TIME   RECORD YEAR NORMAL DEPARTURE LAST
                VALUE   (LST)  VALUE       VALUE  FROM      YEAR
                                                  NORMAL
..................................................................
TEMPERATURE (F)
 TODAY
  MAXIMUM         76    935 AM  96    1993  82     -6       92
                                      1941
                                      1930
  MINIMUM         69    435 AM  47    1962  63      6       69
  AVERAGE         73                        73      0       81

PRECIPITATION (IN)
  TODAY            0.38          3.48 1999   0.12   0.26     0.00
  MONTH TO DATE    2.19                      3.48  -1.29     3.61
  SINCE JUN 1      5.29                      7.78  -2.49    10.95
  SINCE JAN 1     18.91                     22.88  -3.97    25.43

SNOWFALL (IN)
  TODAY            0.0           0.0  2002   0.0    0.0      0.0
                                      2001
  MONTH TO DATE    0.0                       0.0    0.0      0.0
  SINCE OCT 1     29.6                      41.9  -12.3     47.5
  SINCE JUL 1      0.0                       0.0    0.0      0.0
  SNOW DEPTH       0

DEGREE DAYS
 HEATING
  TODAY            0                         0      0        0
  MONTH TO DATE    1                         0      1        0
  SINCE JUN 1     15                        38    -23       25
  SINCE JUL 1      1                         0      1        0

 COOLING
  TODAY            8                         8      0       16
  MONTH TO DATE  307                       221     86      226
  SINCE JUN 1    527                       371    156      419
  SINCE JAN 1    597                       423    174      553
..................................................................

WIND (MPH)
  HIGHEST WIND SPEED    10   HIGHEST WIND DIRECTION    SW (210)
  HIGHEST GUST SPEED    14   HIGHEST GUST DIRECTION    SW (230)
  AVERAGE WIND SPEED     1.8


SKY COVER
  POSSIBLE SUNSHINE  MM
  AVERAGE SKY COVER 0.8


WEATHER CONDITIONS
 THE FOLLOWING WEATHER WAS RECORDED TODAY.
  THUNDERSTORM
  RAIN
  LIGHT RAIN
  FOG


RELATIVE HUMIDITY (PERCENT)
 HIGHEST    87           200 PM
 LOWEST     60          1200 AM
 AVERAGE    74

..........................................................


THE PITTSBURGH PA CLIMATE NORMALS FOR TOMORROW
                         NORMAL    RECORD    YEAR
 MAXIMUM TEMPERATURE (F)   82        96      1901
 MINIMUM TEMPERATURE (F)   63        51      2014


SUNRISE AND SUNSET
JULY 28 2016..........SUNRISE   615 AM EDT   SUNSET   839 PM EDT
JULY 29 2016..........SUNRISE   616 AM EDT   SUNSET   838 PM EDT


-  INDICATES NEGATIVE NUMBERS.
R  INDICATES RECORD WAS SET OR TIED.
MM INDICATES DATA IS MISSING.
T  INDICATES TRACE AMOUNT.

&&

SNOW DEPTH IS MEASURED AT 7 AM EST OR 8 AM EDT.

$$
