000
CDUS41 KPBZ 211224
CLIPIT


CLIMATE REPORT
NATIONAL WEATHER SERVICE PITTSBURGH PA
824 AM EDT MON APR 21 2014


...................................

...THE PITTSBURGH PA CLIMATE SUMMARY FOR APRIL 21 2014...
VALID AS OF 0800 AM LOCAL TIME.

CLIMATE NORMAL PERIOD 1981 TO 2010
CLIMATE RECORD PERIOD 1871 TO 2014


WEATHER ITEM   OBSERVED TIME   RECORD YEAR NORMAL DEPARTURE LAST
                VALUE   (LST)  VALUE       VALUE  FROM      YEAR
                                                  NORMAL
..................................................................
TEMPERATURE (F)
 TODAY
  MINIMUM         46    606 AM  22    1875  42      4       28

PRECIPITATION (IN)
  TODAY            0.00          1.16 1964   0.10  -0.10     0.00
  MONTH TO DATE    2.40                      2.18   0.22     2.47
  SINCE JUN 1     33.01                     33.31  -0.30    35.57
  SINCE JAN 1      8.70                     10.22  -1.52     9.21

SNOWFALL (IN)
  TODAY            0.0           3.0  1922   0.0    0.0      0.0
  MONTH TO DATE    0.1                       1.4   -1.3       T
  SINCE OCT 1     63.4                      41.3   22.1     57.4
  SINCE JUL 1     63.4                      41.3   22.1     57.4
  SNOW DEPTH       0

DEGREE DAYS
 HEATING
  TODAY           14

 COOLING
  TODAY            0
..................................................................





WEATHER CONDITIONS
 THE FOLLOWING WEATHER WAS RECORDED TODAY.
  NO SIGNIFICANT WEATHER WAS OBSERVED.


RELATIVE HUMIDITY (PERCENT)
 HIGHEST    54           700 AM

..........................................................


THE PITTSBURGH PA CLIMATE NORMALS FOR TOMORROW
                         NORMAL    RECORD    YEAR
 MAXIMUM TEMPERATURE (F)   64        86      1902
                                             1878
 MINIMUM TEMPERATURE (F)   42        22      1875


SUNRISE AND SUNSET
APRIL 21 2014.........SUNRISE   634 AM EDT   SUNSET   806 PM EDT
APRIL 22 2014.........SUNRISE   632 AM EDT   SUNSET   807 PM EDT


-  INDICATES NEGATIVE NUMBERS.
R  INDICATES RECORD WAS SET OR TIED.
MM INDICATES DATA IS MISSING.
T  INDICATES TRACE AMOUNT.





&&
SNOW DEPTH IS MEASURED AT 7 AM EST OR 8 AM EDT.
$$
