000
CDUS41 KPBZ 240703
CLIPIT


CLIMATE REPORT
NATIONAL WEATHER SERVICE PITTSBURGH PA
302 AM EDT THU APR 24 2014


...................................

...THE PITTSBURGH PA CLIMATE SUMMARY FOR APRIL 23 2014...

CLIMATE NORMAL PERIOD 1981 TO 2010
CLIMATE RECORD PERIOD 1871 TO 2014


WEATHER ITEM   OBSERVED TIME   RECORD YEAR NORMAL DEPARTURE LAST
                VALUE   (LST)  VALUE       VALUE  FROM      YEAR
                                                  NORMAL
..................................................................
TEMPERATURE (F)
 YESTERDAY
  MAXIMUM         49    602 PM  89    1885  65    -16       70
  MINIMUM         36   1157 PM  26    1936  43     -7       40
  AVERAGE         43                        54    -11       55

PRECIPITATION (IN)
  YESTERDAY        T             1.25 1987   0.10  -0.10     0.00
  MONTH TO DATE    2.76                      2.39   0.37     2.47
  SINCE JUN 1     33.37                     33.52  -0.15    35.57
  SINCE JAN 1      9.06                     10.43  -1.37     9.21

SNOWFALL (IN)
  YESTERDAY       MM             0.5  1956   0.0   MM        0.0
  MONTH TO DATE    0.1                       1.4   -1.3       T
  SINCE OCT 1     63.4                      41.3   22.1     57.4
  SINCE JUL 1     63.4                      41.3   22.1     57.4
  SNOW DEPTH       0

DEGREE DAYS
 HEATING
  YESTERDAY       22                        12     10       10
  MONTH TO DATE  297                       355    -58      311
  SINCE MAR 1   1237                      1143     94     1205
  SINCE JUL 1   5768                      5400    368     5317

 COOLING
  YESTERDAY        0                         0      0        0
  MONTH TO DATE   10                         0     10       17
  SINCE MAR 1     10                         1      9       17
  SINCE JAN 1     10                         1      9       17
..................................................................


WIND (MPH)
  HIGHEST WIND SPEED    23   HIGHEST WIND DIRECTION    NW (300)
  HIGHEST GUST SPEED    30   HIGHEST GUST DIRECTION    NW (330)
  AVERAGE WIND SPEED    14.4


SKY COVER
  POSSIBLE SUNSHINE  MM
  AVERAGE SKY COVER 0.8


WEATHER CONDITIONS
 THE FOLLOWING WEATHER WAS RECORDED YESTERDAY.
  LIGHT RAIN


RELATIVE HUMIDITY (PERCENT)
 HIGHEST    79           300 AM
 LOWEST     40          1100 PM
 AVERAGE    60

..........................................................


THE PITTSBURGH PA CLIMATE NORMALS FOR TODAY
                         NORMAL    RECORD    YEAR
 MAXIMUM TEMPERATURE (F)   65        90      1925
 MINIMUM TEMPERATURE (F)   43        26      1930


SUNRISE AND SUNSET
APRIL 24 2014.........SUNRISE   629 AM EDT   SUNSET   809 PM EDT
APRIL 25 2014.........SUNRISE   628 AM EDT   SUNSET   810 PM EDT


-  INDICATES NEGATIVE NUMBERS.
R  INDICATES RECORD WAS SET OR TIED.
MM INDICATES DATA IS MISSING.
T  INDICATES TRACE AMOUNT.





&&
SNOW DEPTH IS MEASURED AT 7 AM EST OR 8 AM EDT.
$$
