000
CDUS41 KPBZ 232211
CLIPIT

CLIMATE REPORT
NATIONAL WEATHER SERVICE PITTSBURGH PA
510 PM EST THU FEB 23 2017

...................................

...THE PITTSBURGH PA CLIMATE SUMMARY FOR FEBRUARY 23 2017...
VALID TODAY AS OF 0500 PM LOCAL TIME.

CLIMATE NORMAL PERIOD 1981 TO 2010
CLIMATE RECORD PERIOD 1871 TO 2017

WEATHER ITEM   OBSERVED TIME   RECORD YEAR NORMAL DEPARTURE LAST
                VALUE   (LST)  VALUE       VALUE  FROM      YEAR
                                                  NORMAL
..................................................................
TEMPERATURE (F)
 TODAY
  MAXIMUM         69    326 PM  70    1922  41     28       53
  MINIMUM         54    739 AM  -1    2015  24     30       33
                                      1963
  AVERAGE         62                        33     29       43

PRECIPITATION (IN)
  TODAY            T             2.29 1975   0.09  -0.09     0.00
  MONTH TO DATE    1.16                      1.96  -0.80     1.99
  SINCE JUN 1     26.09                     27.75  -1.66    29.86
  SINCE JAN 1      4.70                      4.66   0.04     3.78

SNOWFALL (IN)
  TODAY            0.0           6.5  1914   0.4   -0.4      0.0
  MONTH TO DATE    6.7                       8.4   -1.7      8.9
  SINCE OCT 1     22.3                      30.9   -8.6     23.8
  SINCE JUL 1     22.3                      30.9   -8.6     23.8
  SNOW DEPTH       0

DEGREE DAYS
 HEATING
  TODAY            3                        32    -29       22
  MONTH TO DATE  580                       791   -211      760
  SINCE DEC 1   2484                      2937   -453     2567
  SINCE JUL 1   3331                      4100   -769     3421

 COOLING
  TODAY            0                         0      0        0
  MONTH TO DATE    0                         0      0        0
  SINCE DEC 1      0                         0      0        0
  SINCE JAN 1      0                         0      0        0
..................................................................

WIND (MPH)
  HIGHEST WIND SPEED    16   HIGHEST WIND DIRECTION    SW (240)
  HIGHEST GUST SPEED    23   HIGHEST GUST DIRECTION    SW (210)
  AVERAGE WIND SPEED     7.6


SKY COVER
  POSSIBLE SUNSHINE  MM
  AVERAGE SKY COVER 0.9


WEATHER CONDITIONS
 THE FOLLOWING WEATHER WAS RECORDED TODAY.
  NO SIGNIFICANT WEATHER WAS OBSERVED.


RELATIVE HUMIDITY (PERCENT)
 HIGHEST   100           600 AM
 LOWEST     59           400 PM
 AVERAGE    80

..........................................................


THE PITTSBURGH PA CLIMATE NORMALS FOR TOMORROW
                         NORMAL    RECORD    YEAR
 MAXIMUM TEMPERATURE (F)   42        70      1906
                                             1875
 MINIMUM TEMPERATURE (F)   24        -9      2015


SUNRISE AND SUNSET
FEBRUARY 23 2017......SUNRISE   703 AM EST   SUNSET   606 PM EST
FEBRUARY 24 2017......SUNRISE   702 AM EST   SUNSET   607 PM EST


-  INDICATES NEGATIVE NUMBERS.
R  INDICATES RECORD WAS SET OR TIED.
MM INDICATES DATA IS MISSING.
T  INDICATES TRACE AMOUNT.

&&

SNOW DEPTH IS MEASURED AT 7 AM EST OR 8 AM EDT.

$$
