000
CDUS41 KPBZ 222111
CLIPIT


CLIMATE REPORT
NATIONAL WEATHER SERVICE PITTSBURGH PA
511 PM EDT WED OCT 22 2014


...................................

...THE PITTSBURGH PA CLIMATE SUMMARY FOR OCTOBER 22 2014...
VALID TODAY AS OF 0500 PM LOCAL TIME.

CLIMATE NORMAL PERIOD 1981 TO 2010
CLIMATE RECORD PERIOD 1871 TO 2014


WEATHER ITEM   OBSERVED TIME   RECORD YEAR NORMAL DEPARTURE LAST
                VALUE   (LST)  VALUE       VALUE  FROM      YEAR
                                                  NORMAL
..................................................................
TEMPERATURE (F)
 TODAY
  MAXIMUM         50   1155 AM  84    1947  61    -11       59
                                      1900
  MINIMUM         47    901 AM  29    1997  41      6       41
                                      1987
                                      1976
  AVERAGE         49                        51     -2       50

PRECIPITATION (IN)
  TODAY            0.03          1.12 1929   0.07  -0.04     0.19
  MONTH TO DATE    1.70                      1.57   0.13     2.11
  SINCE JUN 1     16.96                     16.29   0.67    17.84
  SINCE JAN 1     32.05                     31.39   0.66    30.18

SNOWFALL (IN)
  TODAY           MM             2.2  1925   0.0   MM        0.0
  MONTH TO DATE    T                         0.1   -0.1      0.0
  SINCE OCT 1      T                         0.1   -0.1      0.0
  SINCE JUL 1      T                         0.1   -0.1      0.0
  SNOW DEPTH       0

DEGREE DAYS
 HEATING
  TODAY           16                        14      2       15
  MONTH TO DATE  221                       247    -26      122
  SINCE SEP 1    313                       348    -35      220
  SINCE JUL 1    334                       361    -27      231

 COOLING
  TODAY            0                         0      0        0
  MONTH TO DATE    4                         6     -2       36
  SINCE SEP 1     79                        82     -3      112
  SINCE JAN 1    700                       734    -34      831
..................................................................


WIND (MPH)
  HIGHEST WIND SPEED    18   HIGHEST WIND DIRECTION     N (350)
  HIGHEST GUST SPEED    25   HIGHEST GUST DIRECTION     N (340)
  AVERAGE WIND SPEED    13.0


SKY COVER
  POSSIBLE SUNSHINE  MM
  AVERAGE SKY COVER 0.8


WEATHER CONDITIONS
 THE FOLLOWING WEATHER WAS RECORDED TODAY.
  LIGHT RAIN
  FOG


RELATIVE HUMIDITY (PERCENT)
 HIGHEST    93           800 AM
 LOWEST     74          1200 PM
 AVERAGE    84

..........................................................


THE PITTSBURGH PA CLIMATE NORMALS FOR TOMORROW
                         NORMAL    RECORD    YEAR
 MAXIMUM TEMPERATURE (F)   60        82      1947
 MINIMUM TEMPERATURE (F)   41        25      1997
                                             1976


SUNRISE AND SUNSET
OCTOBER 22 2014.......SUNRISE   739 AM EDT   SUNSET   631 PM EDT
OCTOBER 23 2014.......SUNRISE   741 AM EDT   SUNSET   629 PM EDT


-  INDICATES NEGATIVE NUMBERS.
R  INDICATES RECORD WAS SET OR TIED.
MM INDICATES DATA IS MISSING.
T  INDICATES TRACE AMOUNT.





&&
SNOW DEPTH IS MEASURED AT 7 AM EST OR 8 AM EDT.
$$
