000
CDUS41 KPBZ 062211
CLIPIT

CLIMATE REPORT
NATIONAL WEATHER SERVICE PITTSBURGH PA
511 PM EST TUE DEC 6 2016

...................................

...THE PITTSBURGH PA CLIMATE SUMMARY FOR DECEMBER 6 2016...
VALID TODAY AS OF 0500 PM LOCAL TIME.

CLIMATE NORMAL PERIOD 1981 TO 2010
CLIMATE RECORD PERIOD 1871 TO 2016

WEATHER ITEM   OBSERVED TIME   RECORD YEAR NORMAL DEPARTURE LAST
                VALUE   (LST)  VALUE       VALUE  FROM      YEAR
                                                  NORMAL
..................................................................
TEMPERATURE (F)
 TODAY
  MAXIMUM         41   1044 AM  70    1998  42     -1       46
  MINIMUM         32    202 AM   7    2007  28      4       26
  AVERAGE         37                        35      2       36

PRECIPITATION (IN)
  TODAY            0.28          1.23 1971   0.10   0.18     0.00
  MONTH TO DATE    0.40                      0.58  -0.18     0.38
  SINCE JUN 1     18.36                     20.82  -2.46    23.42
  SINCE JAN 1     31.98                     35.92  -3.94    37.90

SNOWFALL (IN)
  TODAY            0.0           2.5  1937   0.2   -0.2      0.0
  MONTH TO DATE    T                         1.2   -1.2       T
  SINCE OCT 1      2.1                       3.6   -1.5       T
  SINCE JUL 1      2.1                       3.6   -1.5       T
  SNOW DEPTH       0

DEGREE DAYS
 HEATING
  TODAY           28                        30     -2       29
  MONTH TO DATE  159                       173    -14      151
  SINCE DEC 1    159                       173    -14      151
  SINCE JUL 1   1006                      1336   -330     1005

 COOLING
  TODAY            0                         0      0        0
  MONTH TO DATE    0                         0      0        0
  SINCE DEC 1      0                         0      0        0
  SINCE JAN 1   1158                       736    422      979
..................................................................

WIND (MPH)
  HIGHEST WIND SPEED    20   HIGHEST WIND DIRECTION    SE (120)
  HIGHEST GUST SPEED    26   HIGHEST GUST DIRECTION    SE (120)
  AVERAGE WIND SPEED     9.9


SKY COVER
  POSSIBLE SUNSHINE  MM
  AVERAGE SKY COVER 1.0


WEATHER CONDITIONS
 THE FOLLOWING WEATHER WAS RECORDED TODAY.
  LIGHT RAIN
  FOG


RELATIVE HUMIDITY (PERCENT)
 HIGHEST    92           300 PM
 LOWEST     64           900 AM
 AVERAGE    78

..........................................................


THE PITTSBURGH PA CLIMATE NORMALS FOR TOMORROW
                         NORMAL    RECORD    YEAR
 MAXIMUM TEMPERATURE (F)   42        70      1892
 MINIMUM TEMPERATURE (F)   28         4      1882


SUNRISE AND SUNSET
DECEMBER  6 2016......SUNRISE   730 AM EST   SUNSET   454 PM EST
DECEMBER  7 2016......SUNRISE   731 AM EST   SUNSET   454 PM EST


-  INDICATES NEGATIVE NUMBERS.
R  INDICATES RECORD WAS SET OR TIED.
MM INDICATES DATA IS MISSING.
T  INDICATES TRACE AMOUNT.

&&

SNOW DEPTH IS MEASURED AT 7 AM EST OR 8 AM EDT.

$$
