598
CDUS41 KPBZ 222213
CLIPIT

CLIMATE REPORT
NATIONAL WEATHER SERVICE PITTSBURGH PA
512 PM EST SUN JAN 22 2017

...................................

...THE PITTSBURGH PA CLIMATE SUMMARY FOR JANUARY 22 2017...
VALID TODAY AS OF 0500 PM LOCAL TIME.

CLIMATE NORMAL PERIOD 1981 TO 2010
CLIMATE RECORD PERIOD 1871 TO 2017

WEATHER ITEM   OBSERVED TIME   RECORD YEAR NORMAL DEPARTURE LAST
                VALUE   (LST)  VALUE       VALUE  FROM      YEAR
                                                  NORMAL
..................................................................
TEMPERATURE (F)
 TODAY
  MAXIMUM         62    324 PM  75    1906  36     26       23
  MINIMUM         47    842 AM -14    1936  21     26       10
  AVERAGE         55                        28     27       17

PRECIPITATION (IN)
  TODAY            T             1.20 1966   0.08  -0.08     0.32
  MONTH TO DATE    2.20                      1.93   0.27     1.68
  SINCE JUN 1     23.59                     25.02  -1.43    27.76
  SINCE JAN 1      2.20                      1.93   0.27     1.68

SNOWFALL (IN)
  TODAY            0.0          12.0  1966   0.3   -0.3      2.9
  MONTH TO DATE    2.4                       8.0   -5.6     11.9
  SINCE OCT 1     10.5                      18.7   -8.2     12.2
  SINCE JUL 1     10.5                      18.7   -8.2     12.2
  SNOW DEPTH       0

DEGREE DAYS
 HEATING
  TODAY           10                        37    -27       48
  MONTH TO DATE  663                       810   -147      881
  SINCE DEC 1   1632                      1822   -190     1510
  SINCE JUL 1   2479                      2985   -506     2364

 COOLING
  TODAY            0                         0      0        0
  MONTH TO DATE    0                         0      0        0
  SINCE DEC 1      0                         0      0        0
  SINCE JAN 1      0                         0      0        0
..................................................................

WIND (MPH)
  HIGHEST WIND SPEED    13   HIGHEST WIND DIRECTION    NE (50)
  HIGHEST GUST SPEED    16   HIGHEST GUST DIRECTION    NE (30)
  AVERAGE WIND SPEED     4.5


SKY COVER
  POSSIBLE SUNSHINE  MM
  AVERAGE SKY COVER 0.8


WEATHER CONDITIONS
 THE FOLLOWING WEATHER WAS RECORDED TODAY.
  LIGHT RAIN
  FOG


RELATIVE HUMIDITY (PERCENT)
 HIGHEST   100           400 AM
 LOWEST     64           200 PM
 AVERAGE    82

..........................................................


THE PITTSBURGH PA CLIMATE NORMALS FOR TOMORROW
                         NORMAL    RECORD    YEAR
 MAXIMUM TEMPERATURE (F)   36        66      1906
 MINIMUM TEMPERATURE (F)   21       -16      1936


SUNRISE AND SUNSET
JANUARY 22 2017.......SUNRISE   738 AM EST   SUNSET   527 PM EST
JANUARY 23 2017.......SUNRISE   738 AM EST   SUNSET   528 PM EST


-  INDICATES NEGATIVE NUMBERS.
R  INDICATES RECORD WAS SET OR TIED.
MM INDICATES DATA IS MISSING.
T  INDICATES TRACE AMOUNT.

&&

SNOW DEPTH IS MEASURED AT 7 AM EST OR 8 AM EDT.

$$
