000
CDUS41 KPBZ 282218
CLIPIT


CLIMATE REPORT
NATIONAL WEATHER SERVICE PITTSBURGH PA
517 PM EST FRI NOV 28 2014


...................................

...THE PITTSBURGH PA CLIMATE SUMMARY FOR NOVEMBER 28 2014...
VALID TODAY AS OF 0500 PM LOCAL TIME.

CLIMATE NORMAL PERIOD 1981 TO 2010
CLIMATE RECORD PERIOD 1871 TO 2014


WEATHER ITEM   OBSERVED TIME   RECORD YEAR NORMAL DEPARTURE LAST
                VALUE   (LST)  VALUE       VALUE  FROM      YEAR
                                                  NORMAL
..................................................................
TEMPERATURE (F)
 TODAY
  MAXIMUM         29    207 PM  73    1990  46    -17       29
  MINIMUM         22    828 AM   8    1930  31     -9       17
  AVERAGE         26                        38    -12       23

PRECIPITATION (IN)
  TODAY            0.10          1.11 1958   0.11  -0.01      T
  MONTH TO DATE    1.97                      3.01  -1.04     2.97
  SINCE JUN 1     19.12                     20.02  -0.90    21.05
  SINCE JAN 1     34.21                     35.12  -0.91    33.39

SNOWFALL (IN)
  TODAY            1.9          10.4  1958   0.2    1.7       T
  MONTH TO DATE    3.1                       1.9    1.2      9.3
  SINCE OCT 1      3.1                       2.3    0.8      9.4
  SINCE JUL 1      3.1                       2.3    0.8      9.4
  SNOW DEPTH       2

DEGREE DAYS
 HEATING
  TODAY           39                        27     12       42
  MONTH TO DATE  746                       607    139      691
  SINCE SEP 1   1185                      1095     90     1086
  SINCE JUL 1   1206                      1108     98     1097

 COOLING
  TODAY            0                         0      0        0
  MONTH TO DATE    0                         0      0        0
  SINCE SEP 1     79                        84     -5      112
  SINCE JAN 1    700                       736    -36      831
..................................................................


WIND (MPH)
  HIGHEST WIND SPEED    23   HIGHEST WIND DIRECTION    NW (300)
  HIGHEST GUST SPEED    28   HIGHEST GUST DIRECTION    NW (300)
  AVERAGE WIND SPEED    11.0


SKY COVER
  POSSIBLE SUNSHINE  MM
  AVERAGE SKY COVER 0.7


WEATHER CONDITIONS
 THE FOLLOWING WEATHER WAS RECORDED TODAY.
  LIGHT SNOW
  FOG


RELATIVE HUMIDITY (PERCENT)
 HIGHEST    92           400 AM
 LOWEST     57          1100 AM
 AVERAGE    75

..........................................................


THE PITTSBURGH PA CLIMATE NORMALS FOR TOMORROW
                         NORMAL    RECORD    YEAR
 MAXIMUM TEMPERATURE (F)   45        67      1927
 MINIMUM TEMPERATURE (F)   31         4      1976
                                             1958


SUNRISE AND SUNSET
NOVEMBER 28 2014......SUNRISE   722 AM EST   SUNSET   456 PM EST
NOVEMBER 29 2014......SUNRISE   723 AM EST   SUNSET   455 PM EST


-  INDICATES NEGATIVE NUMBERS.
R  INDICATES RECORD WAS SET OR TIED.
MM INDICATES DATA IS MISSING.
T  INDICATES TRACE AMOUNT.





&&
SNOW DEPTH IS MEASURED AT 7 AM EST OR 8 AM EDT.
$$
