000
CDUS41 KPBZ 271223
CLIPIT


CLIMATE REPORT
NATIONAL WEATHER SERVICE PITTSBURGH PA
823 AM EDT WED AUG 27 2014


...................................

...THE PITTSBURGH PA CLIMATE SUMMARY FOR AUGUST 27 2014...
VALID AS OF 0800 AM LOCAL TIME.

CLIMATE NORMAL PERIOD 1981 TO 2010
CLIMATE RECORD PERIOD 1871 TO 2014


WEATHER ITEM   OBSERVED TIME   RECORD YEAR NORMAL DEPARTURE LAST
                VALUE   (LST)  VALUE       VALUE  FROM      YEAR
                                                  NORMAL
..................................................................
TEMPERATURE (F)
 TODAY
  MINIMUM         67    625 AM  46    1968  60      7       71

PRECIPITATION (IN)
  TODAY            0.00          1.98 1940   0.11  -0.11     0.04
  MONTH TO DATE    3.97                      3.04   0.93     1.09
  SINCE JUN 1     13.21                     11.17   2.04    12.73
  SINCE JAN 1     28.30                     26.27   2.03    25.07

SNOWFALL (IN)
  TODAY            0.0           0.0  2002   0.0    0.0      0.0
                                      2001
  MONTH TO DATE    0.0                       0.0    0.0      0.0
  SINCE OCT 1     63.4                      41.4   22.0     57.4
  SINCE JUL 1      0.0                       0.0    0.0      0.0
  SNOW DEPTH       0

DEGREE DAYS
 HEATING
  TODAY            0

 COOLING
  TODAY            4
..................................................................





WEATHER CONDITIONS
 THE FOLLOWING WEATHER WAS RECORDED TODAY.
  NO SIGNIFICANT WEATHER WAS OBSERVED.


RELATIVE HUMIDITY (PERCENT)
 HIGHEST    87           300 AM

..........................................................


THE PITTSBURGH PA CLIMATE NORMALS FOR TOMORROW
                         NORMAL    RECORD    YEAR
 MAXIMUM TEMPERATURE (F)   80        98      1948
 MINIMUM TEMPERATURE (F)   60        44      1968
                                             1965


SUNRISE AND SUNSET
AUGUST 27 2014........SUNRISE   643 AM EDT   SUNSET   801 PM EDT
AUGUST 28 2014........SUNRISE   644 AM EDT   SUNSET   759 PM EDT


-  INDICATES NEGATIVE NUMBERS.
R  INDICATES RECORD WAS SET OR TIED.
MM INDICATES DATA IS MISSING.
T  INDICATES TRACE AMOUNT.





&&
SNOW DEPTH IS MEASURED AT 7 AM EST OR 8 AM EDT.
$$
