000
CDUS41 KPBZ 200708
CLIPIT


CLIMATE REPORT
NATIONAL WEATHER SERVICE PITTSBURGH PA
308 AM EDT SAT SEP 20 2014


...................................

...THE PITTSBURGH PA CLIMATE SUMMARY FOR SEPTEMBER 19 2014...

CLIMATE NORMAL PERIOD 1981 TO 2010
CLIMATE RECORD PERIOD 1871 TO 2014


WEATHER ITEM   OBSERVED TIME   RECORD YEAR NORMAL DEPARTURE LAST
                VALUE   (LST)  VALUE       VALUE  FROM      YEAR
                                                  NORMAL
..................................................................
TEMPERATURE (F)
 YESTERDAY
  MAXIMUM         74    355 PM  92    1895  73      1       76
  MINIMUM         49    701 AM  31    1959  53     -4       61
  AVERAGE         62                        63     -1       69

PRECIPITATION (IN)
  YESTERDAY        0.00          1.07 1896   0.11  -0.11      T
  MONTH TO DATE    0.46                      2.05  -1.59     1.33
  SINCE JUN 1     14.75                     13.66   1.09    14.75
  SINCE JAN 1     29.84                     28.76   1.08    27.09

SNOWFALL (IN)
  YESTERDAY        0.0           0.0  2002   0.0    0.0      0.0
                                      2001
  MONTH TO DATE    0.0                       0.0    0.0      0.0
  SINCE OCT 1     63.4                      41.4   22.0     57.4
  SINCE JUL 1      0.0                       0.0    0.0      0.0
  SNOW DEPTH       0

DEGREE DAYS
 HEATING
  YESTERDAY        3                         4     -1        0
  MONTH TO DATE   57                        38     19       43
  SINCE SEP 1     57                        38     19       43
  SINCE JUL 1     78                        51     27       54

 COOLING
  YESTERDAY        0                         2     -2        4
  MONTH TO DATE   67                        62      5       71
  SINCE SEP 1     67                        62      5       71
  SINCE JAN 1    688                       714    -26      790
..................................................................


WIND (MPH)
  HIGHEST WIND SPEED    14   HIGHEST WIND DIRECTION    SE (140)
  HIGHEST GUST SPEED    19   HIGHEST GUST DIRECTION    SE (140)
  AVERAGE WIND SPEED     6.7


SKY COVER
  POSSIBLE SUNSHINE  MM
  AVERAGE SKY COVER 0.3


WEATHER CONDITIONS
 THE FOLLOWING WEATHER WAS RECORDED YESTERDAY.
  NO SIGNIFICANT WEATHER WAS OBSERVED.


RELATIVE HUMIDITY (PERCENT)
 HIGHEST   100           700 AM
 LOWEST     46           300 PM
 AVERAGE    73

..........................................................


THE PITTSBURGH PA CLIMATE NORMALS FOR TODAY
                         NORMAL    RECORD    YEAR
 MAXIMUM TEMPERATURE (F)   73        94      1895
 MINIMUM TEMPERATURE (F)   52        35      1956


SUNRISE AND SUNSET
SEPTEMBER 20 2014.....SUNRISE   706 AM EDT   SUNSET   721 PM EDT
SEPTEMBER 21 2014.....SUNRISE   707 AM EDT   SUNSET   720 PM EDT


-  INDICATES NEGATIVE NUMBERS.
R  INDICATES RECORD WAS SET OR TIED.
MM INDICATES DATA IS MISSING.
T  INDICATES TRACE AMOUNT.





&&
SNOW DEPTH IS MEASURED AT 7 AM EST OR 8 AM EDT.
$$
