000
CDUS41 KPBZ 242212
CLIPIT


CLIMATE REPORT
NATIONAL WEATHER SERVICE PITTSBURGH PA
511 PM EST WED DEC 24 2014


...................................

...THE PITTSBURGH PA CLIMATE SUMMARY FOR DECEMBER 24 2014...
VALID TODAY AS OF 0500 PM LOCAL TIME.

CLIMATE NORMAL PERIOD 1981 TO 2010
CLIMATE RECORD PERIOD 1871 TO 2014


WEATHER ITEM   OBSERVED TIME   RECORD YEAR NORMAL DEPARTURE LAST
                VALUE   (LST)  VALUE       VALUE  FROM      YEAR
                                                  NORMAL
..................................................................
TEMPERATURE (F)
 TODAY
  MAXIMUM         60    355 PM  66    1932  37     23       31
  MINIMUM         47    328 AM -11    1983  23     24       13
  AVERAGE         54                        30     24       22

PRECIPITATION (IN)
  TODAY            0.05          1.15 2008   0.09  -0.04     0.04
  MONTH TO DATE    2.23                      2.23   0.00     2.61
  SINCE JUN 1     21.35                     22.47  -1.12    23.66
  SINCE JAN 1     36.44                     37.57  -1.13    36.00

SNOWFALL (IN)
  TODAY            0.0           3.5  1912   0.3   -0.3      1.0
  MONTH TO DATE    0.2                       6.1   -5.9     10.5
  SINCE OCT 1      3.3                       8.5   -5.2     19.9
  SINCE JUL 1      3.3                       8.5   -5.2     19.9
  SNOW DEPTH       0

DEGREE DAYS
 HEATING
  TODAY           11                        35    -24       43
  MONTH TO DATE  694                       764    -70      718
  SINCE DEC 1    694                       764    -70      718
  SINCE JUL 1   1932                      1927      5     1886

 COOLING
  TODAY            0                         0      0        0
  MONTH TO DATE    0                         0      0        0
  SINCE DEC 1      0                         0      0        0
  SINCE JAN 1    700                       736    -36      831
..................................................................


WIND (MPH)
  HIGHEST WIND SPEED    15   HIGHEST WIND DIRECTION     W (270)
  HIGHEST GUST SPEED    19   HIGHEST GUST DIRECTION     W (270)
  AVERAGE WIND SPEED     5.5


SKY COVER
  POSSIBLE SUNSHINE  MM
  AVERAGE SKY COVER 0.9


WEATHER CONDITIONS
 THE FOLLOWING WEATHER WAS RECORDED TODAY.
  LIGHT RAIN
  FOG


RELATIVE HUMIDITY (PERCENT)
 HIGHEST   100           600 AM
 LOWEST     78           400 PM
 AVERAGE    89

..........................................................


THE PITTSBURGH PA CLIMATE NORMALS FOR TOMORROW
                         NORMAL    RECORD    YEAR
 MAXIMUM TEMPERATURE (F)   37        67      1895
 MINIMUM TEMPERATURE (F)   23       -12      1983


SUNRISE AND SUNSET
DECEMBER 24 2014......SUNRISE   742 AM EST   SUNSET   459 PM EST
DECEMBER 25 2014......SUNRISE   742 AM EST   SUNSET   500 PM EST


-  INDICATES NEGATIVE NUMBERS.
R  INDICATES RECORD WAS SET OR TIED.
MM INDICATES DATA IS MISSING.
T  INDICATES TRACE AMOUNT.





&&
SNOW DEPTH IS MEASURED AT 7 AM EST OR 8 AM EDT.
$$
