000
CDUS41 KRLX 172120
CLIPKB


CLIMATE REPORT
NATIONAL WEATHER SERVICE CHARLESTON WV
518 PM EDT WED SEP 17 2014


...................................

...THE PARKERSBURG WV CLIMATE SUMMARY FOR SEPTEMBER 17 2014...
VALID TODAY AS OF 0500 PM LOCAL TIME.

CLIMATE NORMAL PERIOD 1981 TO 2010
CLIMATE RECORD PERIOD 1889 TO 2014


WEATHER ITEM   OBSERVED TIME   RECORD YEAR NORMAL DEPARTURE LAST
                VALUE   (LST)  VALUE       VALUE  FROM      YEAR
                                                  NORMAL
..................................................................
TEMPERATURE (F)
 TODAY
  MAXIMUM         74    318 PM  94    1955  77     -3       75
  MINIMUM         48    403 AM  37    2000  55     -7       49
  AVERAGE         61                        66     -5       62

PRECIPITATION (IN)
  TODAY            0.00          4.10 2004   0.10  -0.10     0.00
  MONTH TO DATE    0.45                      1.79  -1.34     0.39
  SINCE SEP 1      0.45                      1.79  -1.34     0.39
  SINCE JAN 1         M                     30.58     MM    32.95

DEGREE DAYS
 HEATING
  TODAY            4                         2      2        3
  MONTH TO DATE   MM                        19     MM       25
  SINCE SEP 1     MM                        19     MM       25
  SINCE JUL 1     MM                        24     MM       30

 COOLING
  TODAY            0                         3     -3        0
  MONTH TO DATE   MM                        80     MM       88
  SINCE SEP 1     MM                        80     MM       88
  SINCE JAN 1     MM                       910     MM      912
..................................................................


WIND (MPH)
  HIGHEST WIND SPEED     8   HIGHEST WIND DIRECTION    NW (320)
  HIGHEST GUST SPEED    11   HIGHEST GUST DIRECTION    NW (320)
  AVERAGE WIND SPEED     1.5


SKY COVER
  POSSIBLE SUNSHINE  MM
  AVERAGE SKY COVER 0.7


WEATHER CONDITIONS
 THE FOLLOWING WEATHER WAS RECORDED TODAY.
  FOG
  FOG W/VISIBILITY <= 1/4 MILE


RELATIVE HUMIDITY (PERCENT)
 HIGHEST   100           500 AM
 LOWEST     44           300 PM
 AVERAGE    72

..........................................................


THE PARKERSBURG WV CLIMATE NORMALS FOR TOMORROW
                         NORMAL    RECORD    YEAR
 MAXIMUM TEMPERATURE (F)   77        95      1895
 MINIMUM TEMPERATURE (F)   54        37      1937


SUNRISE AND SUNSET
SEPTEMBER 17 2014.....SUNRISE   709 AM EDT   SUNSET   731 PM EDT
SEPTEMBER 18 2014.....SUNRISE   710 AM EDT   SUNSET   729 PM EDT


-  INDICATES NEGATIVE NUMBERS.
R  INDICATES RECORD WAS SET OR TIED.
MM INDICATES DATA IS MISSING.
T  INDICATES TRACE AMOUNT.




$$
