000
CDUS41 KRLX 210816
CLIPKB


CLIMATE REPORT
NATIONAL WEATHER SERVICE CHARLESTON WV
316 AM EST WED FEB 21 2018


...................................

...THE PARKERSBURG WV CLIMATE SUMMARY FOR FEBRUARY 20 2018...

CLIMATE NORMAL PERIOD 1981 TO 2010
CLIMATE RECORD PERIOD 1889 TO 2018


WEATHER ITEM   OBSERVED TIME   RECORD YEAR NORMAL DEPARTURE LAST
                VALUE   (LST)  VALUE       VALUE  FROM      YEAR
                                                  NORMAL
..................................................................
TEMPERATURE (F)
 YESTERDAY
  MAXIMUM         79R   458 PM  71    2016  45     34       66
                                      1939
  MINIMUM         63    537 AM  -9    2015  26     37       33
  AVERAGE         71                        36     35       50

PRECIPITATION (IN)
  YESTERDAY        0.00          0.87 1996   0.10  -0.10     0.00
  MONTH TO DATE    4.52                      1.90   2.62     2.16
  SINCE JAN 1      7.96                      4.85   3.11     6.72

SNOWFALL (IN)
  YESTERDAY       MM
  MONTH TO DATE   MM
  SINCE SEP 1     MM
  SNOW DEPTH      MM

DEGREE DAYS
 HEATING
  YESTERDAY        0                        29    -29       15
  MONTH TO DATE  526                       622    -96      488
  SINCE DEC 1   2640                      2582     58     2171
  SINCE JUL 1   3540                      3567    -27     2925

 COOLING
  YESTERDAY        6                         0      6        0
  MONTH TO DATE    6                         0      6        0
  SINCE DEC 1      6                         0      6        0
  SINCE JAN 1      6                         0      6        0
..................................................................


WIND (MPH)
  HIGHEST WIND SPEED    23   HIGHEST WIND DIRECTION    SW (210)
  HIGHEST GUST SPEED    33   HIGHEST GUST DIRECTION     S (200)
  AVERAGE WIND SPEED    10.3


SKY COVER
  POSSIBLE SUNSHINE  MM
  AVERAGE SKY COVER 0.2


WEATHER CONDITIONS
 THE FOLLOWING WEATHER WAS RECORDED YESTERDAY.
  NO SIGNIFICANT WEATHER WAS OBSERVED.


RELATIVE HUMIDITY (PERCENT)
 HIGHEST    63          1200 AM
 LOWEST     38           600 PM
 AVERAGE    51

..........................................................


THE PARKERSBURG WV CLIMATE NORMALS FOR TODAY
                         NORMAL    RECORD    YEAR
 MAXIMUM TEMPERATURE (F)   46        72      2017
                                             1997
 MINIMUM TEMPERATURE (F)   27         0      2008


SUNRISE AND SUNSET
FEBRUARY 21 2018......SUNRISE   710 AM EST   SUNSET   609 PM EST
FEBRUARY 22 2018......SUNRISE   708 AM EST   SUNSET   610 PM EST


-  INDICATES NEGATIVE NUMBERS.
R  INDICATES RECORD WAS SET OR TIED.
MM INDICATES DATA IS MISSING.
T  INDICATES TRACE AMOUNT.




$$
