000
CDUS41 KRLX 302116
CLIPKB


CLIMATE REPORT
NATIONAL WEATHER SERVICE CHARLESTON WV
516 PM EDT SAT AUG 30 2014


...................................

...THE PARKERSBURG WV CLIMATE SUMMARY FOR AUGUST 30 2014...
VALID TODAY AS OF 0500 PM LOCAL TIME.

CLIMATE NORMAL PERIOD 1981 TO 2010
CLIMATE RECORD PERIOD 1889 TO 2014


WEATHER ITEM   OBSERVED TIME   RECORD YEAR NORMAL DEPARTURE LAST
                VALUE   (LST)  VALUE       VALUE  FROM      YEAR
                                                  NORMAL
..................................................................
TEMPERATURE (F)
 TODAY
  MAXIMUM         92    212 PM 100    1953  83      9       86
  MINIMUM         65    216 AM  44    1986  61      4       65
  AVERAGE         79                        72      7       76

PRECIPITATION (IN)
  TODAY            0.00          0.81 2005   0.11  -0.11     0.00
  MONTH TO DATE    3.05                      3.49  -0.44     6.11
  SINCE JUN 1      7.53                     11.72  -4.19    19.53
  SINCE JAN 1     16.42                     28.67 -12.25    32.35

DEGREE DAYS
 HEATING
  TODAY            0                         0      0        0
  MONTH TO DATE    1                         0      1        5
  SINCE JUN 1      2                        20    -18       11
  SINCE JUL 1      2                         1      1        5

 COOLING
  TODAY           14                         7      7       11
  MONTH TO DATE  223                       254    -31      207
  SINCE JUN 1    470                       737   -267      687
  SINCE JAN 1    475                       821   -346      813
..................................................................


WIND (MPH)
  HIGHEST WIND SPEED    17   HIGHEST WIND DIRECTION     S (190)
  HIGHEST GUST SPEED    23   HIGHEST GUST DIRECTION     S (190)
  AVERAGE WIND SPEED     7.2


SKY COVER
  POSSIBLE SUNSHINE  MM
  AVERAGE SKY COVER 0.3


WEATHER CONDITIONS
 THE FOLLOWING WEATHER WAS RECORDED TODAY.
  NO SIGNIFICANT WEATHER WAS OBSERVED.


RELATIVE HUMIDITY (PERCENT)
 HIGHEST    93          1200 AM
 LOWEST     41           300 PM
 AVERAGE    67

..........................................................


THE PARKERSBURG WV CLIMATE NORMALS FOR TOMORROW
                         NORMAL    RECORD    YEAR
 MAXIMUM TEMPERATURE (F)   83        99      1953
 MINIMUM TEMPERATURE (F)   60        46      1890


SUNRISE AND SUNSET
AUGUST 30 2014........SUNRISE   652 AM EDT   SUNSET   800 PM EDT
AUGUST 31 2014........SUNRISE   653 AM EDT   SUNSET   758 PM EDT


-  INDICATES NEGATIVE NUMBERS.
R  INDICATES RECORD WAS SET OR TIED.
MM INDICATES DATA IS MISSING.
T  INDICATES TRACE AMOUNT.




$$
