000
CDUS41 KRLX 230719
CLIPKB


CLIMATE REPORT
NATIONAL WEATHER SERVICE CHARLESTON WV
318 AM EDT WED AUG 23 2017


...................................

...THE PARKERSBURG WV CLIMATE SUMMARY FOR AUGUST 22 2017...

CLIMATE NORMAL PERIOD 1981 TO 2010
CLIMATE RECORD PERIOD 1889 TO 2017


WEATHER ITEM   OBSERVED TIME   RECORD YEAR NORMAL DEPARTURE LAST
                VALUE   (LST)  VALUE       VALUE  FROM      YEAR
                                                  NORMAL
..................................................................
TEMPERATURE (F)
 YESTERDAY
  MAXIMUM         88    157 PM  99    1983  84      4       82
                                      1936
  MINIMUM         68    510 AM  49    1956  62      6       56
                                      1950
  AVERAGE         78                        73      5       69

PRECIPITATION (IN)
  YESTERDAY        0.19          1.82 1964   0.11   0.08     0.00
  MONTH TO DATE    4.14                      2.62   1.52     1.28
  SINCE JAN 1     39.47                     27.80  11.67    25.84

SNOWFALL (IN)
  YESTERDAY       MM
  MONTH TO DATE   MM
  SINCE SEP 1     MM
  SNOW DEPTH      MM

DEGREE DAYS
 HEATING
  YESTERDAY        0                         0      0        0
  MONTH TO DATE    0                         0      0        0
  SINCE JUN 1     19                        20     -1        7
  SINCE JUL 1      0                         1     -1        0

 COOLING
  YESTERDAY       13                         8      5        4
  MONTH TO DATE  165                       194    -29      289
  SINCE JUN 1    653                       677    -24      867
  SINCE JAN 1    773                       761     12      955
..................................................................


WIND (MPH)
  HIGHEST WIND SPEED    18   HIGHEST WIND DIRECTION    SW (220)
  HIGHEST GUST SPEED    28   HIGHEST GUST DIRECTION    SW (230)
  AVERAGE WIND SPEED     7.4


SKY COVER
  AVERAGE SKY COVER 0.3


WEATHER CONDITIONS
 THE FOLLOWING WEATHER WAS RECORDED YESTERDAY.
  THUNDERSTORM
  LIGHT RAIN
  FOG


RELATIVE HUMIDITY (PERCENT)
 HIGHEST    97           200 AM
 LOWEST     57          1200 PM
 AVERAGE    77

..........................................................


THE PARKERSBURG WV CLIMATE NORMALS FOR TODAY
                         NORMAL    RECORD    YEAR
 MAXIMUM TEMPERATURE (F)   84        98      1959
 MINIMUM TEMPERATURE (F)   62        50      1952


SUNRISE AND SUNSET
AUGUST 23 2017........SUNRISE   646 AM EDT   SUNSET   810 PM EDT
AUGUST 24 2017........SUNRISE   647 AM EDT   SUNSET   808 PM EDT


-  INDICATES NEGATIVE NUMBERS.
R  INDICATES RECORD WAS SET OR TIED.
MM INDICATES DATA IS MISSING.
T  INDICATES TRACE AMOUNT.




$$
