000
CDUS41 KRLX 272129
CLIPKB


CLIMATE REPORT
NATIONAL WEATHER SERVICE CHARLESTON WV
529 PM EDT THU AUG 27 2015


...................................

...THE PARKERSBURG WV CLIMATE SUMMARY FOR AUGUST 27 2015...
VALID TODAY AS OF 0500 PM LOCAL TIME.

CLIMATE NORMAL PERIOD 1981 TO 2010
CLIMATE RECORD PERIOD 1889 TO 2015


WEATHER ITEM   OBSERVED TIME   RECORD YEAR NORMAL DEPARTURE LAST
                VALUE   (LST)  VALUE       VALUE  FROM      YEAR
                                                  NORMAL
..................................................................
TEMPERATURE (F)
 TODAY
  MAXIMUM         77    349 PM 100    1948  83     -6       89
  MINIMUM         51    354 AM  47    1945  61    -10       62
  AVERAGE         64                        72     -8       76

PRECIPITATION (IN)
  TODAY            0.00          1.42 2008   0.11  -0.11     0.06
  MONTH TO DATE    2.74                      3.16  -0.42     3.05
  SINCE JUN 1      9.78                     11.39  -1.61    MM
  SINCE JAN 1     27.97                     28.34  -0.37    MM

DEGREE DAYS
 HEATING
  TODAY            1                         0      1        0
  MONTH TO DATE    3                         0      3        1
  SINCE JUN 1     18                        20     -2       MM
  SINCE JUL 1      3                         1      2       MM

 COOLING
  TODAY            0                         7     -7       11
  MONTH TO DATE  182                       233    -51      205
  SINCE JUN 1    684                       716    -32       MM
  SINCE JAN 1    845                       800     45       MM
..................................................................


WIND (MPH)
  HIGHEST WIND SPEED     8   HIGHEST WIND DIRECTION     N (10)
  HIGHEST GUST SPEED    17   HIGHEST GUST DIRECTION     N (350)
  AVERAGE WIND SPEED     1.5


SKY COVER
  POSSIBLE SUNSHINE  MM
  AVERAGE SKY COVER 0.6


WEATHER CONDITIONS
 THE FOLLOWING WEATHER WAS RECORDED TODAY.
  FOG


RELATIVE HUMIDITY (PERCENT)
 HIGHEST    96           300 AM
 LOWEST     43           400 PM
 AVERAGE    70

..........................................................


THE PARKERSBURG WV CLIMATE NORMALS FOR TOMORROW
                         NORMAL    RECORD    YEAR
 MAXIMUM TEMPERATURE (F)   83        98      1948
 MINIMUM TEMPERATURE (F)   61        42      1965


SUNRISE AND SUNSET
AUGUST 27 2015........SUNRISE   649 AM EDT   SUNSET   805 PM EDT
AUGUST 28 2015........SUNRISE   650 AM EDT   SUNSET   803 PM EDT


-  INDICATES NEGATIVE NUMBERS.
R  INDICATES RECORD WAS SET OR TIED.
MM INDICATES DATA IS MISSING.
T  INDICATES TRACE AMOUNT.




$$
