000
CDUS41 KRLX 012223
CLIPKB


CLIMATE REPORT
NATIONAL WEATHER SERVICE CHARLESTON WV
523 PM EST SUN FEB 1 2015


...................................

...THE PARKERSBURG WV CLIMATE SUMMARY FOR FEBRUARY 1 2015...
VALID TODAY AS OF 0500 PM LOCAL TIME.

CLIMATE NORMAL PERIOD 1981 TO 2010
CLIMATE RECORD PERIOD 1889 TO 2015


WEATHER ITEM   OBSERVED TIME   RECORD YEAR NORMAL DEPARTURE LAST
                VALUE   (LST)  VALUE       VALUE  FROM      YEAR
                                                  NORMAL
..................................................................
TEMPERATURE (F)
 TODAY
  MAXIMUM         40    338 PM  69    2002  41     -1       MM
  MINIMUM         31    742 AM  -8    1899  24      7       MM
  AVERAGE         36                        32      4       MM

PRECIPITATION (IN)
  TODAY            0.08          1.20 2008   0.10  -0.02     0.00
  MONTH TO DATE    0.08                      0.10  -0.02     0.00
  SINCE DEC 1      5.71                      6.15  -0.44     6.73
  SINCE JAN 1      2.31                      3.05  -0.74     2.26

DEGREE DAYS
 HEATING
  TODAY           29                        33     -4       MM
  MONTH TO DATE   29                        33     -4       MM
  SINCE DEC 1   1959                      1993    -34     1993
  SINCE JUL 1     MM                      2978     MM     3095

 COOLING
  TODAY            0                         0      0       MM
  MONTH TO DATE    0                         0      0       MM
  SINCE DEC 1      0                         0      0        0
  SINCE JAN 1      0                         0      0        0
..................................................................


WIND (MPH)
  HIGHEST WIND SPEED    13   HIGHEST WIND DIRECTION     E (90)
  HIGHEST GUST SPEED    16   HIGHEST GUST DIRECTION     E (90)
  AVERAGE WIND SPEED     3.1


SKY COVER
  POSSIBLE SUNSHINE  MM
  AVERAGE SKY COVER 1.0


WEATHER CONDITIONS
 THE FOLLOWING WEATHER WAS RECORDED TODAY.
  LIGHT RAIN
  LIGHT SNOW
  FOG
  HAZE


RELATIVE HUMIDITY (PERCENT)
 HIGHEST    92           500 AM
 LOWEST     58          1200 AM
 AVERAGE    75

..........................................................


THE PARKERSBURG WV CLIMATE NORMALS FOR TOMORROW
                         NORMAL    RECORD    YEAR
 MAXIMUM TEMPERATURE (F)   41        69      1903
 MINIMUM TEMPERATURE (F)   24        -3      1971


SUNRISE AND SUNSET
FEBRUARY  1 2015......SUNRISE   733 AM EST   SUNSET   546 PM EST
FEBRUARY  2 2015......SUNRISE   732 AM EST   SUNSET   547 PM EST


-  INDICATES NEGATIVE NUMBERS.
R  INDICATES RECORD WAS SET OR TIED.
MM INDICATES DATA IS MISSING.
T  INDICATES TRACE AMOUNT.




$$
