000
CDUS41 KRLX 230719
CLIPKB


CLIMATE REPORT
NATIONAL WEATHER SERVICE CHARLESTON WV
318 AM EDT WED APR 23 2014


...................................

...THE PARKERSBURG WV CLIMATE SUMMARY FOR APRIL 22 2014...

CLIMATE NORMAL PERIOD 1981 TO 2010
CLIMATE RECORD PERIOD 1889 TO 2014


WEATHER ITEM   OBSERVED TIME   RECORD YEAR NORMAL DEPARTURE LAST
                VALUE   (LST)  VALUE       VALUE  FROM      YEAR
                                                  NORMAL
..................................................................
TEMPERATURE (F)
 YESTERDAY
  MAXIMUM         73    359 PM  90    1985  68      5       70
  MINIMUM         50   1159 PM  23    1936  44      6       40
  AVERAGE         62                        56      6       55

PRECIPITATION (IN)
  YESTERDAY        0.08          0.52 2005   0.11  -0.03     0.00
  MONTH TO DATE    2.04                      2.38  -0.34     1.05
  SINCE JAN 1      7.45                     11.76  -4.31     9.26

SNOWFALL (IN)
  YESTERDAY       MM
  MONTH TO DATE   MM
  SINCE SEP 1     MM
  SINCE JUL 1     MM
  SNOW DEPTH      MM

DEGREE DAYS
 HEATING
  YESTERDAY        3                        10     -7       10
  MONTH TO DATE  207                       278    -71      248
  SINCE MAR 1    792                       949   -157     1060
  SINCE JUL 1   4555                      4739   -184     4796

 COOLING
  YESTERDAY        0                         1     -1        0
  MONTH TO DATE    5                        12     -7       29
  SINCE MAR 1      5                        15    -10       29
  SINCE JAN 1      5                        15    -10       29
..................................................................


WIND (MPH)
  HIGHEST WIND SPEED    25   HIGHEST WIND DIRECTION    NW (310)
  HIGHEST GUST SPEED    36   HIGHEST GUST DIRECTION     W (290)
  AVERAGE WIND SPEED     9.4


SKY COVER
  POSSIBLE SUNSHINE  MM
  AVERAGE SKY COVER 0.5


WEATHER CONDITIONS
 THE FOLLOWING WEATHER WAS RECORDED YESTERDAY.
  THUNDERSTORM
  RAIN
  LIGHT RAIN


RELATIVE HUMIDITY (PERCENT)
 HIGHEST    84          1100 AM
 LOWEST     20           500 PM
 AVERAGE    52

..........................................................


THE PARKERSBURG WV CLIMATE NORMALS FOR TODAY
                         NORMAL    RECORD    YEAR
 MAXIMUM TEMPERATURE (F)   69        91      1985
 MINIMUM TEMPERATURE (F)   44        27      1982


SUNRISE AND SUNSET
APRIL 23 2014.........SUNRISE   637 AM EDT   SUNSET   811 PM EDT
APRIL 24 2014.........SUNRISE   636 AM EDT   SUNSET   812 PM EDT


-  INDICATES NEGATIVE NUMBERS.
R  INDICATES RECORD WAS SET OR TIED.
MM INDICATES DATA IS MISSING.
T  INDICATES TRACE AMOUNT.




$$
