000
CDUS41 KRLX 240717
CLIPKB


CLIMATE REPORT
NATIONAL WEATHER SERVICE CHARLESTON WV
317 AM EDT WED MAY 24 2017


...................................

...THE PARKERSBURG WV CLIMATE SUMMARY FOR MAY 23 2017...

CLIMATE NORMAL PERIOD 1981 TO 2010
CLIMATE RECORD PERIOD 1889 TO 2017


WEATHER ITEM   OBSERVED TIME   RECORD YEAR NORMAL DEPARTURE LAST
                VALUE   (LST)  VALUE       VALUE  FROM      YEAR
                                                  NORMAL
..................................................................
TEMPERATURE (F)
 YESTERDAY
  MAXIMUM         73    311 PM  90    1966  76     -3       78
                                      1939
  MINIMUM         49    525 AM  34    2006  53     -4       47
  AVERAGE         61                        64     -3       63

PRECIPITATION (IN)
  YESTERDAY        0.11          1.42 1968   0.15  -0.04     0.00
  MONTH TO DATE    2.04                      3.12  -1.08     3.69
  SINCE JAN 1     20.04                     15.77   4.27    16.41

SNOWFALL (IN)
  YESTERDAY       MM
  MONTH TO DATE   MM
  SINCE SEP 1     MM
  SNOW DEPTH      MM

DEGREE DAYS
 HEATING
  YESTERDAY        4                         4      0        2
  MONTH TO DATE  121                       125     -4      159
  SINCE MAR 1    940                      1141   -201      928
  SINCE JUL 1   3971                      4931   -960     4141

 COOLING
  YESTERDAY        0                         3     -3        0
  MONTH TO DATE   49                        37     12       14
  SINCE MAR 1     88                        58     30       34
  SINCE JAN 1     92                        58     34       34
..................................................................


WIND (MPH)
  HIGHEST WIND SPEED    14   HIGHEST WIND DIRECTION     S (160)
  HIGHEST GUST SPEED    19   HIGHEST GUST DIRECTION    SE (150)
  AVERAGE WIND SPEED     3.7


SKY COVER
  POSSIBLE SUNSHINE  MM
  AVERAGE SKY COVER 0.4


WEATHER CONDITIONS
 THE FOLLOWING WEATHER WAS RECORDED YESTERDAY.
  RAIN
  LIGHT RAIN
  FOG
  FOG W/VISIBILITY <= 1/4 MILE


RELATIVE HUMIDITY (PERCENT)
 HIGHEST   100           500 AM
 LOWEST     49           200 PM
 AVERAGE    75

..........................................................


THE PARKERSBURG WV CLIMATE NORMALS FOR TODAY
                         NORMAL    RECORD    YEAR
 MAXIMUM TEMPERATURE (F)   76        88      1991
                                             1966
                                             1965
 MINIMUM TEMPERATURE (F)   53        37      2006
                                             1956


SUNRISE AND SUNSET
MAY 24 2017...........SUNRISE   605 AM EDT   SUNSET   841 PM EDT
MAY 25 2017...........SUNRISE   604 AM EDT   SUNSET   841 PM EDT


-  INDICATES NEGATIVE NUMBERS.
R  INDICATES RECORD WAS SET OR TIED.
MM INDICATES DATA IS MISSING.
T  INDICATES TRACE AMOUNT.




$$
