000
CDUS41 KRLX 112248
CLIPKB


CLIMATE REPORT
NATIONAL WEATHER SERVICE CHARLESTON WV
547 PM EST MON DEC 11 2017


...................................

...THE PARKERSBURG WV CLIMATE SUMMARY FOR DECEMBER 11 2017...
VALID TODAY AS OF 0500 PM LOCAL TIME.

CLIMATE NORMAL PERIOD 1981 TO 2010
CLIMATE RECORD PERIOD 1889 TO 2017


WEATHER ITEM   OBSERVED TIME   RECORD YEAR NORMAL DEPARTURE LAST
                VALUE   (LST)  VALUE       VALUE  FROM      YEAR
                                                  NORMAL
..................................................................
TEMPERATURE (F)
 TODAY
  MAXIMUM         43    359 PM  70    2007  44     -1       42
  MINIMUM         31    830 AM   5    1958  28      3       26
  AVERAGE         37                        36      1       34

PRECIPITATION (IN)
  TODAY            0.00          1.12 1927   0.11  -0.11     0.30
  MONTH TO DATE    0.56                      1.17  -0.61     1.10
  SINCE DEC 1      0.56                      1.17  -0.61     1.10
  SINCE JAN 1     49.36                     39.26  10.10    33.21

DEGREE DAYS
 HEATING
  TODAY           28                        29     -1       31
  MONTH TO DATE  311                       301     10      317
  SINCE DEC 1    311                       301     10      317
  SINCE JUL 1   1211                      1286    -75     1071

 COOLING
  TODAY            0                         0      0        0
  MONTH TO DATE    0                         0      0        0
  SINCE DEC 1      0                         0      0        0
  SINCE JAN 1    975                       955     20     1352
..................................................................


WIND (MPH)
  HIGHEST WIND SPEED    15   HIGHEST WIND DIRECTION    SW (210)
  HIGHEST GUST SPEED    19   HIGHEST GUST DIRECTION    SW (240)
  AVERAGE WIND SPEED     7.6


SKY COVER
  POSSIBLE SUNSHINE  MM
  AVERAGE SKY COVER 0.7


WEATHER CONDITIONS
 THE FOLLOWING WEATHER WAS RECORDED TODAY.
  NO SIGNIFICANT WEATHER WAS OBSERVED.


RELATIVE HUMIDITY (PERCENT)
 HIGHEST    69           800 AM
 LOWEST     47          1200 AM
 AVERAGE    58

..........................................................


THE PARKERSBURG WV CLIMATE NORMALS FOR TOMORROW
                         NORMAL    RECORD    YEAR
 MAXIMUM TEMPERATURE (F)   44        74      2015
 MINIMUM TEMPERATURE (F)   28        -1      1962


SUNRISE AND SUNSET
DECEMBER 11 2017......SUNRISE   736 AM EST   SUNSET   503 PM EST
DECEMBER 12 2017......SUNRISE   736 AM EST   SUNSET   503 PM EST


-  INDICATES NEGATIVE NUMBERS.
R  INDICATES RECORD WAS SET OR TIED.
MM INDICATES DATA IS MISSING.
T  INDICATES TRACE AMOUNT.




$$
