000
CDUS46 KLOX 050115
CLIPMD


CLIMATE REPORT
NATIONAL WEATHER SERVICE LOS ANGELES/OXNARD CA
615 PM PDT SAT JUL 4 2015


...................................

...THE PALMDALE AIRPORT CA CLIMATE SUMMARY FOR JULY 4 2015...
VALID TODAY AS OF 0600 PM LOCAL TIME.

CLIMATE NORMAL PERIOD 1981 TO 2010
CLIMATE RECORD PERIOD 1931 TO 2015


WEATHER ITEM   OBSERVED TIME   RECORD YEAR NORMAL DEPARTURE LAST
                VALUE   (LST)  VALUE       VALUE  FROM      YEAR
                                                  NORMAL
..................................................................
TEMPERATURE (F)
 TODAY
  MAXIMUM        101    109 PM 110    2007  96      5       99
                                      1991
  MINIMUM         70    447 AM  44    1979  63      7       68
  AVERAGE         86                        79      7       84

PRECIPITATION (IN)
  TODAY            0.00          T    2001   0.00   0.00     0.00
  MONTH TO DATE    0.03                      0.01   0.02     0.00
  SINCE OCT 1      4.28                      7.78  -3.50     4.99
  SINCE JAN 1      1.71                      5.33  -3.62     3.05

SNOWFALL (IN)
  TODAY            0.0          MM      MM  MM               0.0
  MONTH TO DATE    0.0                      MM               0.0
  SINCE JUN 1      0.0                      MM               0.0
  SINCE JUL 1      0.0                      MM               0.0
  SNOW DEPTH       0

DEGREE DAYS
 HEATING
  TODAY            0                         0      0        0
  MONTH TO DATE    0                         0      0        0
  SINCE JUN 1      0                         7     -7        0
  SINCE JUL 1      0                         0      0        0

 COOLING
  TODAY           21                        14      7       19
  MONTH TO DATE   79                        56     23       85
  SINCE JUN 1    527                       362    165      489
  SINCE JAN 1    652                       532    120      708
..................................................................


WIND (MPH)
  HIGHEST WIND SPEED    30   HIGHEST WIND DIRECTION    SW (230)
  HIGHEST GUST SPEED    36   HIGHEST GUST DIRECTION    SW (230)
  AVERAGE WIND SPEED    10.9


SKY COVER
  POSSIBLE SUNSHINE  MM
  AVERAGE SKY COVER 0.0


WEATHER CONDITIONS
 THE FOLLOWING WEATHER WAS RECORDED TODAY.
  NO SIGNIFICANT WEATHER WAS OBSERVED.


RELATIVE HUMIDITY (PERCENT)
 HIGHEST    41           400 AM
 LOWEST     13          1100 AM
 AVERAGE    27

..........................................................


THE PALMDALE AIRPORT CA CLIMATE NORMALS FOR TOMORROW
                         NORMAL    RECORD    YEAR
 MAXIMUM TEMPERATURE (F)   96       113      2007
 MINIMUM TEMPERATURE (F)   63        44      1948


SUNRISE AND SUNSET
JULY  4 2015..........SUNRISE   544 AM PDT   SUNSET   809 PM PDT
JULY  5 2015..........SUNRISE   545 AM PDT   SUNSET   809 PM PDT


-  INDICATES NEGATIVE NUMBERS.
R  INDICATES RECORD WAS SET OR TIED.
MM INDICATES DATA IS MISSING.
T  INDICATES TRACE AMOUNT.




$$
