000
CDUS46 KLOX 250902
CLIPMD


CLIMATE REPORT
NATIONAL WEATHER SERVICE LOS ANGELES/OXNARD CA
201 AM PDT THU AUG 25 2016


...................................

...THE PALMDALE AIRPORT CA CLIMATE SUMMARY FOR AUGUST 24 2016...

CLIMATE NORMAL PERIOD 1981 TO 2010
CLIMATE RECORD PERIOD 1931 TO 2016


WEATHER ITEM   OBSERVED TIME   RECORD YEAR NORMAL DEPARTURE LAST
                VALUE   (LST)  VALUE       VALUE  FROM      YEAR
                                                  NORMAL
..................................................................
TEMPERATURE (F)
 YESTERDAY
  MAXIMUM         98    119 PM 107    2010  97      1      102
                                      1985
  MINIMUM         67    551 AM  45    1973  64      3       68
  AVERAGE         83                        80      3       85

PRECIPITATION (IN)
  YESTERDAY        0.00          0.06 1988   0.01  -0.01     0.00
  MONTH TO DATE    0.00                      0.10  -0.10      T
  SINCE OCT 1      4.28                      7.97  -3.69     5.85
  SINCE JAN 1      2.47                      5.52  -3.05     3.28

SNOWFALL (IN)
  YESTERDAY        0.0          MM      MM  MM               0.0
  MONTH TO DATE    0.0                      MM               0.0
  SINCE JUN 1      0.0                      MM               0.0
  SINCE JUL 1      0.0                      MM               0.0
  SNOW DEPTH       0

DEGREE DAYS
 HEATING
  YESTERDAY        0                         0      0        0
  MONTH TO DATE    0                         0      0        0
  SINCE JUN 1      0                         7     -7        0
  SINCE JUL 1      0                         0      0        0

 COOLING
  YESTERDAY       18                        15      3       20
  MONTH TO DATE  427                       404     23      424
  SINCE JUN 1   1505                      1212    293     1296
  SINCE JAN 1   1649                      1382    267     1421
..................................................................


WIND (MPH)
  HIGHEST WIND SPEED    23   HIGHEST WIND DIRECTION     W (250)
  HIGHEST GUST SPEED    28   HIGHEST GUST DIRECTION     W (260)
  AVERAGE WIND SPEED    10.6


SKY COVER
  POSSIBLE SUNSHINE  MM
  AVERAGE SKY COVER 0.0


WEATHER CONDITIONS
 THE FOLLOWING WEATHER WAS RECORDED YESTERDAY.
  NO SIGNIFICANT WEATHER WAS OBSERVED.


RELATIVE HUMIDITY (PERCENT)
 HIGHEST    39           600 AM
 LOWEST     15          1100 AM
 AVERAGE    27

..........................................................


THE PALMDALE AIRPORT CA CLIMATE NORMALS FOR TODAY
                         NORMAL    RECORD    YEAR
 MAXIMUM TEMPERATURE (F)   97       108      1985
 MINIMUM TEMPERATURE (F)   64        48      1983


SUNRISE AND SUNSET
AUGUST 25 2016........SUNRISE   621 AM PDT   SUNSET   727 PM PDT
AUGUST 26 2016........SUNRISE   621 AM PDT   SUNSET   726 PM PDT


-  INDICATES NEGATIVE NUMBERS.
R  INDICATES RECORD WAS SET OR TIED.
MM INDICATES DATA IS MISSING.
T  INDICATES TRACE AMOUNT.




$$
