000
CDUS46 KLOX 220124
CLIPMD


CLIMATE REPORT
NATIONAL WEATHER SERVICE LOS ANGELES/OXNARD CA
524 PM PST SAT JAN 21 2017


...................................

...THE PALMDALE AIRPORT CA CLIMATE SUMMARY FOR JANUARY 21 2017...
VALID TODAY AS OF 0500 PM LOCAL TIME.

CLIMATE NORMAL PERIOD 1981 TO 2010
CLIMATE RECORD PERIOD 1931 TO 2017


WEATHER ITEM   OBSERVED TIME   RECORD YEAR NORMAL DEPARTURE LAST
                VALUE   (LST)  VALUE       VALUE  FROM      YEAR
                                                  NORMAL
..................................................................
TEMPERATURE (F)
 TODAY
  MAXIMUM         53    347 PM  74    1950  59     -6       59
  MINIMUM         39    728 AM   9    1937  32      7       34
  AVERAGE         46                        45      1       47

PRECIPITATION (IN)
  TODAY            0.02          0.84 2010   0.05  -0.03     0.00
  MONTH TO DATE    1.53                      1.18   0.35     1.20
  SINCE OCT 1      3.32                      3.63  -0.31     3.01
  SINCE JAN 1      1.53                      1.18   0.35     1.20

SNOWFALL (IN)
  TODAY           MM             0.2  1962  MM               0.0
  MONTH TO DATE    0.0                      MM               0.0
  SINCE DEC 1      0.0                      MM               0.0
  SINCE JUL 1      0.0                      MM               0.0
  SNOW DEPTH       0

DEGREE DAYS
 HEATING
  TODAY           19                        20     -1       18
  MONTH TO DATE  393                       429    -36      430
  SINCE DEC 1    965                      1066   -101     1108
  SINCE JUL 1   1348                      1593   -245     1631

 COOLING
  TODAY            0                         0      0        0
  MONTH TO DATE    0                         0      0        0
  SINCE DEC 1      0                         0      0        0
  SINCE JAN 1      0                         0      0        0
..................................................................


WIND (MPH)
  HIGHEST WIND SPEED    28   HIGHEST WIND DIRECTION     W (280)
  HIGHEST GUST SPEED    33   HIGHEST GUST DIRECTION     W (280)
  AVERAGE WIND SPEED    18.4


SKY COVER
  POSSIBLE SUNSHINE  MM
  AVERAGE SKY COVER 0.1


WEATHER CONDITIONS
 THE FOLLOWING WEATHER WAS RECORDED TODAY.
  LIGHT RAIN
  FOG


RELATIVE HUMIDITY (PERCENT)
 HIGHEST    79           700 AM
 LOWEST     54          1200 PM
 AVERAGE    67

..........................................................


THE PALMDALE AIRPORT CA CLIMATE NORMALS FOR TOMORROW
                         NORMAL    RECORD    YEAR
 MAXIMUM TEMPERATURE (F)   59        72      1970
 MINIMUM TEMPERATURE (F)   32        10      1937


SUNRISE AND SUNSET
JANUARY 21 2017.......SUNRISE   657 AM PST   SUNSET   511 PM PST
JANUARY 22 2017.......SUNRISE   656 AM PST   SUNSET   512 PM PST


-  INDICATES NEGATIVE NUMBERS.
R  INDICATES RECORD WAS SET OR TIED.
MM INDICATES DATA IS MISSING.
T  INDICATES TRACE AMOUNT.




$$
