000
CDUS46 KLOX 300120
CLIPMD


CLIMATE REPORT
NATIONAL WEATHER SERVICE LOS ANGELES/OXNARD CA
619 PM PDT MON MAY 29 2017


...................................

...THE PALMDALE AIRPORT CA CLIMATE SUMMARY FOR MAY 29 2017...
VALID TODAY AS OF 0600 PM LOCAL TIME.

CLIMATE NORMAL PERIOD 1981 TO 2010
CLIMATE RECORD PERIOD 1931 TO 2017


WEATHER ITEM   OBSERVED TIME   RECORD YEAR NORMAL DEPARTURE LAST
                VALUE   (LST)  VALUE       VALUE  FROM      YEAR
                                                  NORMAL
..................................................................
TEMPERATURE (F)
 TODAY
  MAXIMUM         95    227 PM 102    1984  87      8       87
  MINIMUM         61    453 AM  39    1942  55      6       59
  AVERAGE         78                        71      7       73

PRECIPITATION (IN)
  TODAY            0.00          0.02 1988   0.00   0.00     0.00
  MONTH TO DATE    0.02                      0.24  -0.22      T
  SINCE OCT 1      5.93                      7.67  -1.74     4.28
  SINCE JAN 1      4.14                      5.22  -1.08     2.47

SNOWFALL (IN)
  TODAY            0.0          MM      MM  MM               0.0
  MONTH TO DATE    0.0                      MM               0.0
  SINCE MAR 1      0.0                      MM               0.0
  SINCE JUL 1      0.0                      MM                T
  SNOW DEPTH       0

DEGREE DAYS
 HEATING
  TODAY            0                         1     -1        0
  MONTH TO DATE   62                        66     -4       61
  SINCE MAR 1    415                       671   -256      444
  SINCE JUL 1   2324                      2916   -592     2605

 COOLING
  TODAY           13                         7      6        8
  MONTH TO DATE  148                       132     16       93
  SINCE MAR 1    162                       155      7      113
  SINCE JAN 1    162                       155      7      113
..................................................................


WIND (MPH)
  HIGHEST WIND SPEED    24   HIGHEST WIND DIRECTION    SW (220)
  HIGHEST GUST SPEED    30   HIGHEST GUST DIRECTION    SW (230)
  AVERAGE WIND SPEED     8.2


SKY COVER
  POSSIBLE SUNSHINE  MM
  AVERAGE SKY COVER 0.0


WEATHER CONDITIONS
 THE FOLLOWING WEATHER WAS RECORDED TODAY.
  NO SIGNIFICANT WEATHER WAS OBSERVED.


RELATIVE HUMIDITY (PERCENT)
 HIGHEST    55           500 AM
 LOWEST     11           500 PM
 AVERAGE    33

..........................................................


THE PALMDALE AIRPORT CA CLIMATE NORMALS FOR TOMORROW
                         NORMAL    RECORD    YEAR
 MAXIMUM TEMPERATURE (F)   87       103      1984
 MINIMUM TEMPERATURE (F)   56        39      1998


SUNRISE AND SUNSET
MAY 29 2017...........SUNRISE   541 AM PDT   SUNSET   758 PM PDT
MAY 30 2017...........SUNRISE   541 AM PDT   SUNSET   759 PM PDT


-  INDICATES NEGATIVE NUMBERS.
R  INDICATES RECORD WAS SET OR TIED.
MM INDICATES DATA IS MISSING.
T  INDICATES TRACE AMOUNT.




$$
