210
CDUS46 KLOX 010913
CLIPMD


CLIMATE REPORT
NATIONAL WEATHER SERVICE LOS ANGELES/OXNARD CA
212 AM PDT SUN MAY 1 2016


...................................

...THE PALMDALE AIRPORT CA CLIMATE SUMMARY FOR APRIL 30 2016...

CLIMATE NORMAL PERIOD 1981 TO 2010
CLIMATE RECORD PERIOD 1931 TO 2016


WEATHER ITEM   OBSERVED TIME   RECORD YEAR NORMAL DEPARTURE LAST
                VALUE   (LST)  VALUE       VALUE  FROM      YEAR
                                                  NORMAL
..................................................................
TEMPERATURE (F)
 YESTERDAY
  MAXIMUM         70    215 PM  95    1996  77     -7       89
  MINIMUM         49    428 AM  33    1937  48      1       55
  AVERAGE         60                        62     -2       72

PRECIPITATION (IN)
  YESTERDAY        0.05          0.51 1955   0.01   0.04     0.00
  MONTH TO DATE    0.19                      0.47  -0.28     0.08
  SINCE OCT 1      4.28                      7.43  -3.15     4.12
  SINCE JAN 1      2.47                      4.98  -2.51     1.55

SNOWFALL (IN)
  YESTERDAY       MM             0.0  1973  MM               0.0
  MONTH TO DATE    0.0                      MM               0.0
  SINCE MAR 1      0.0                      MM               0.0
  SINCE JUL 1      T                        MM               0.0
  SNOW DEPTH       0

DEGREE DAYS
 HEATING
  YESTERDAY        5                         4      1        0
  MONTH TO DATE  114                       228   -114      162
  SINCE MAR 1    383                       605   -222      346
  SINCE JUL 1   2544                      2850   -306     2001

 COOLING
  YESTERDAY        0                         2     -2        7
  MONTH TO DATE   20                        21     -1       27
  SINCE MAR 1     20                        23     -3       35
  SINCE JAN 1     20                        23     -3       35
..................................................................


WIND (MPH)
  HIGHEST WIND SPEED    22   HIGHEST WIND DIRECTION    SW (230)
  HIGHEST GUST SPEED    26   HIGHEST GUST DIRECTION    SW (240)
  AVERAGE WIND SPEED    10.0


SKY COVER
  POSSIBLE SUNSHINE  MM
  AVERAGE SKY COVER 0.5


WEATHER CONDITIONS
 THE FOLLOWING WEATHER WAS RECORDED YESTERDAY.
  LIGHT RAIN


RELATIVE HUMIDITY (PERCENT)
 HIGHEST    61          1200 AM
 LOWEST     23           200 PM
 AVERAGE    42

..........................................................


THE PALMDALE AIRPORT CA CLIMATE NORMALS FOR TODAY
                         NORMAL    RECORD    YEAR
 MAXIMUM TEMPERATURE (F)   78        95      1996
 MINIMUM TEMPERATURE (F)   48        28      1988


SUNRISE AND SUNSET
MAY  1 2016...........SUNRISE   602 AM PDT   SUNSET   738 PM PDT
MAY  2 2016...........SUNRISE   601 AM PDT   SUNSET   738 PM PDT


-  INDICATES NEGATIVE NUMBERS.
R  INDICATES RECORD WAS SET OR TIED.
MM INDICATES DATA IS MISSING.
T  INDICATES TRACE AMOUNT.




$$
