000
CDUS46 KLOX 230917
CLIPMD


CLIMATE REPORT
NATIONAL WEATHER SERVICE LOS ANGELES/OXNARD CA
217 AM PDT SAT MAY 23 2015


...................................

...THE PALMDALE AIRPORT CA CLIMATE SUMMARY FOR MAY 22 2015...

CLIMATE NORMAL PERIOD 1981 TO 2010
CLIMATE RECORD PERIOD 1931 TO 2015


WEATHER ITEM   OBSERVED TIME   RECORD YEAR NORMAL DEPARTURE LAST
                VALUE   (LST)  VALUE       VALUE  FROM      YEAR
                                                  NORMAL
..................................................................
TEMPERATURE (F)
 YESTERDAY
  MAXIMUM         67    114 PM 103    2000  85    -18       76
  MINIMUM         51    435 AM  38    1933  54     -3       51
  AVERAGE         59                        69    -10       64

PRECIPITATION (IN)
  YESTERDAY        0.00          0.96 2014   0.01  -0.01     0.96
  MONTH TO DATE    0.10                      0.22  -0.12     0.96
  SINCE OCT 1      4.22                      7.65  -3.43     4.99
  SINCE JAN 1      1.65                      5.20  -3.55     3.05

SNOWFALL (IN)
  YESTERDAY        0.0          MM      MM  MM               0.0
  MONTH TO DATE    0.0                      MM               0.0
  SINCE MAR 1      0.0                      MM               0.0
  SINCE JUL 1      0.0                      MM               0.0
  SNOW DEPTH       0

DEGREE DAYS
 HEATING
  YESTERDAY        6                         2      4        1
  MONTH TO DATE   96                        58     38       35
  SINCE MAR 1    442                       663   -221      433
  SINCE JUL 1   2097                      2908   -811     2331

 COOLING
  YESTERDAY        0                         6     -6        0
  MONTH TO DATE   27                        85    -58       80
  SINCE MAR 1     62                       108    -46      123
  SINCE JAN 1     62                       108    -46      124
..................................................................


WIND (MPH)
  HIGHEST WIND SPEED    28   HIGHEST WIND DIRECTION    SW (230)
  HIGHEST GUST SPEED    34   HIGHEST GUST DIRECTION    SW (220)
  AVERAGE WIND SPEED    20.1


SKY COVER
  POSSIBLE SUNSHINE  MM
  AVERAGE SKY COVER 0.4


WEATHER CONDITIONS
 THE FOLLOWING WEATHER WAS RECORDED YESTERDAY.
  NO SIGNIFICANT WEATHER WAS OBSERVED.


RELATIVE HUMIDITY (PERCENT)
 HIGHEST    72           700 PM
 LOWEST     42           100 PM
 AVERAGE    57

..........................................................


THE PALMDALE AIRPORT CA CLIMATE NORMALS FOR TODAY
                         NORMAL    RECORD    YEAR
 MAXIMUM TEMPERATURE (F)   85       102      2000
 MINIMUM TEMPERATURE (F)   54        42      2010


SUNRISE AND SUNSET
MAY 23 2015...........SUNRISE   544 AM PDT   SUNSET   754 PM PDT
MAY 24 2015...........SUNRISE   544 AM PDT   SUNSET   755 PM PDT


-  INDICATES NEGATIVE NUMBERS.
R  INDICATES RECORD WAS SET OR TIED.
MM INDICATES DATA IS MISSING.
T  INDICATES TRACE AMOUNT.




$$
