000
CDUS46 KLOX 260902
CLIPMD


CLIMATE REPORT
NATIONAL WEATHER SERVICE LOS ANGELES/OXNARD CA
201 AM PDT TUE SEP 26 2017


...................................

...THE PALMDALE AIRPORT CA CLIMATE SUMMARY FOR SEPTEMBER 25 2017...

CLIMATE NORMAL PERIOD 1981 TO 2010
CLIMATE RECORD PERIOD 1931 TO 2017


WEATHER ITEM   OBSERVED TIME   RECORD YEAR NORMAL DEPARTURE LAST
                VALUE   (LST)  VALUE       VALUE  FROM      YEAR
                                                  NORMAL
..................................................................
TEMPERATURE (F)
 YESTERDAY
  MAXIMUM         80    338 PM 101    1947  87     -7       90
  MINIMUM         46    608 AM  35    1986  54     -8       52
  AVERAGE         63                        71     -8       71

PRECIPITATION (IN)
  YESTERDAY        0.00          1.02 1939   0.01  -0.01     0.00
  MONTH TO DATE    0.40                      0.23   0.17     0.00
  SINCE OCT 1      6.35                      8.24  -1.89     4.28
  SINCE JAN 1      4.56                      5.79  -1.23     2.47

SNOWFALL (IN)
  YESTERDAY        0.0           0.0  1973  MM               0.0
  MONTH TO DATE    0.0                      MM               0.0
  SINCE SEP 1      0.0                      MM               0.0
  SINCE JUL 1      0.0                      MM               0.0
  SNOW DEPTH       0

DEGREE DAYS
 HEATING
  YESTERDAY        2                         1      1        0
  MONTH TO DATE   19                         5     14        5
  SINCE SEP 1     19                         5     14        5
  SINCE JUL 1     19                         5     14        5

 COOLING
  YESTERDAY        0                         6     -6        6
  MONTH TO DATE  262                       247     15      223
  SINCE SEP 1    262                       247     15      223
  SINCE JAN 1   2175                      1729    446     1987
..................................................................


WIND (MPH)
  HIGHEST WIND SPEED    18   HIGHEST WIND DIRECTION    NE (60)
  HIGHEST GUST SPEED    23   HIGHEST GUST DIRECTION     E (80)
  AVERAGE WIND SPEED     5.6


SKY COVER
  POSSIBLE SUNSHINE  MM
  AVERAGE SKY COVER 0.0


WEATHER CONDITIONS
 THE FOLLOWING WEATHER WAS RECORDED YESTERDAY.
  NO SIGNIFICANT WEATHER WAS OBSERVED.


RELATIVE HUMIDITY (PERCENT)
 HIGHEST    45           500 AM
 LOWEST     12          1200 PM
 AVERAGE    29

..........................................................


THE PALMDALE AIRPORT CA CLIMATE NORMALS FOR TODAY
                         NORMAL    RECORD    YEAR
 MAXIMUM TEMPERATURE (F)   87       101      2009
 MINIMUM TEMPERATURE (F)   54        32      1948


SUNRISE AND SUNSET
SEPTEMBER 26 2017.....SUNRISE   643 AM PDT   SUNSET   643 PM PDT
SEPTEMBER 27 2017.....SUNRISE   644 AM PDT   SUNSET   642 PM PDT


-  INDICATES NEGATIVE NUMBERS.
R  INDICATES RECORD WAS SET OR TIED.
MM INDICATES DATA IS MISSING.
T  INDICATES TRACE AMOUNT.




$$
