000
CDUS46 KLOX 210907
CLIPMD


CLIMATE REPORT
NATIONAL WEATHER SERVICE LOS ANGELES/OXNARD CA
207 AM PDT SUN SEP 21 2014


...................................

...THE PALMDALE AIRPORT CA CLIMATE SUMMARY FOR SEPTEMBER 20 2014...

CLIMATE NORMAL PERIOD 1981 TO 2010
CLIMATE RECORD PERIOD 1931 TO 2014


WEATHER ITEM   OBSERVED TIME   RECORD YEAR NORMAL DEPARTURE LAST
                VALUE   (LST)  VALUE       VALUE  FROM      YEAR
                                                  NORMAL
..................................................................
TEMPERATURE (F)
 YESTERDAY
  MAXIMUM         90    158 PM 101    1995  89      1       91
  MINIMUM         61    545 AM  34    1978  56      5       60
  AVERAGE         76                        72      4       76

PRECIPITATION (IN)
  YESTERDAY        0.00          0.64 2005   0.01  -0.01     0.00
  MONTH TO DATE    0.12                      0.18  -0.06     0.00
  SINCE JUL 1      0.16                      0.42  -0.26     0.13
  SINCE JAN 1      3.21                      5.74  -2.53     0.99

SNOWFALL (IN)
  YESTERDAY        0.0           0.0  1973  MM               0.0
  MONTH TO DATE    0.0                      MM               0.0
  SINCE SEP 1      0.0                      MM               0.0
  SINCE JUL 1      0.0                      MM               0.0
  SNOW DEPTH       0

DEGREE DAYS
 HEATING
  YESTERDAY        0                         0      0        0
  MONTH TO DATE    0                         0      0        0
  SINCE SEP 1      0                         0      0        0
  SINCE JUL 1      0                         0      0        0

 COOLING
  YESTERDAY       11                         8      3       11
  MONTH TO DATE  318                       212    106      324
  SINCE SEP 1    318                       212    106      324
  SINCE JAN 1   2031                      1694    337     2089
..................................................................


WIND (MPH)
  HIGHEST WIND SPEED    18   HIGHEST WIND DIRECTION    SW (230)
  HIGHEST GUST SPEED    24   HIGHEST GUST DIRECTION    SW (210)
  AVERAGE WIND SPEED     7.0


SKY COVER
  POSSIBLE SUNSHINE  MM
  AVERAGE SKY COVER 0.0


WEATHER CONDITIONS
 THE FOLLOWING WEATHER WAS RECORDED YESTERDAY.
  NO SIGNIFICANT WEATHER WAS OBSERVED.


RELATIVE HUMIDITY (PERCENT)
 HIGHEST    68          1200 AM
 LOWEST     23           200 PM
 AVERAGE    46

..........................................................


THE PALMDALE AIRPORT CA CLIMATE NORMALS FOR TODAY
                         NORMAL    RECORD    YEAR
 MAXIMUM TEMPERATURE (F)   89       101      1949
 MINIMUM TEMPERATURE (F)   55        40      1978


SUNRISE AND SUNSET
SEPTEMBER 21 2014.....SUNRISE   640 AM PDT   SUNSET   650 PM PDT
SEPTEMBER 22 2014.....SUNRISE   640 AM PDT   SUNSET   649 PM PDT


-  INDICATES NEGATIVE NUMBERS.
R  INDICATES RECORD WAS SET OR TIED.
MM INDICATES DATA IS MISSING.
T  INDICATES TRACE AMOUNT.




$$
