000
CDUS46 KLOX 230919
CLIPMD


CLIMATE REPORT
NATIONAL WEATHER SERVICE LOS ANGELES/OXNARD CA
219 AM PDT THU OCT 23 2014


...................................

...THE PALMDALE AIRPORT CA CLIMATE SUMMARY FOR OCTOBER 22 2014...

CLIMATE NORMAL PERIOD 1981 TO 2010
CLIMATE RECORD PERIOD 1931 TO 2014


WEATHER ITEM   OBSERVED TIME   RECORD YEAR NORMAL DEPARTURE LAST
                VALUE   (LST)  VALUE       VALUE  FROM      YEAR
                                                  NORMAL
..................................................................
TEMPERATURE (F)
 YESTERDAY
  MAXIMUM         81    241 PM  95    2003  76      5       83
  MINIMUM         45    513 AM  30    1935  46     -1       44
  AVERAGE         63                        61      2       64

PRECIPITATION (IN)
  YESTERDAY        0.00          0.41 1941   0.03  -0.03     0.00
  MONTH TO DATE    0.00                      0.39  -0.39     0.08
  SINCE JUL 1      0.16                      0.92  -0.76     0.21
  SINCE JAN 1      3.21                      6.24  -3.03     1.07

SNOWFALL (IN)
  YESTERDAY        0.0           0.0  1973  MM               0.0
  MONTH TO DATE    0.0                      MM               0.0
  SINCE SEP 1      0.0                      MM               0.0
  SINCE JUL 1      0.0                      MM               0.0
  SNOW DEPTH       0

DEGREE DAYS
 HEATING
  YESTERDAY        2                         5     -3        1
  MONTH TO DATE    4                        59    -55       96
  SINCE SEP 1      5                        71    -66      110
  SINCE JUL 1      5                        71    -66      110

 COOLING
  YESTERDAY        0                         1     -1        0
  MONTH TO DATE  111                        54     57       10
  SINCE SEP 1    499                       329    170      359
  SINCE JAN 1   2212                      1811    401     2124
..................................................................


WIND (MPH)
  HIGHEST WIND SPEED    10   HIGHEST WIND DIRECTION     S (190)
  HIGHEST GUST SPEED    12   HIGHEST GUST DIRECTION    NE (40)
  AVERAGE WIND SPEED     4.1


SKY COVER
  POSSIBLE SUNSHINE  MM
  AVERAGE SKY COVER 0.0


WEATHER CONDITIONS
 THE FOLLOWING WEATHER WAS RECORDED YESTERDAY.
  HAZE


RELATIVE HUMIDITY (PERCENT)
 HIGHEST    60           500 AM
 LOWEST     16           300 PM
 AVERAGE    38

..........................................................


THE PALMDALE AIRPORT CA CLIMATE NORMALS FOR TODAY
                         NORMAL    RECORD    YEAR
 MAXIMUM TEMPERATURE (F)   76        92      1959
 MINIMUM TEMPERATURE (F)   46        30      1953


SUNRISE AND SUNSET
OCTOBER 23 2014.......SUNRISE   705 AM PDT   SUNSET   608 PM PDT
OCTOBER 24 2014.......SUNRISE   706 AM PDT   SUNSET   607 PM PDT


-  INDICATES NEGATIVE NUMBERS.
R  INDICATES RECORD WAS SET OR TIED.
MM INDICATES DATA IS MISSING.
T  INDICATES TRACE AMOUNT.




$$
