000
CDUS44 KMOB 010627
CLIPNS


CLIMATE REPORT
NATIONAL WEATHER SERVICE MOBILE AL
126 AM CDT SUN MAY 1 2016


...................................

...THE PENSACOLA CLIMATE SUMMARY FOR APRIL 30 2016...

CLIMATE NORMAL PERIOD 1981 TO 2010
CLIMATE RECORD PERIOD 1879 TO 2016


WEATHER ITEM   OBSERVED TIME   RECORD YEAR NORMAL DEPARTURE LAST
                VALUE   (LST)  VALUE       VALUE  FROM      YEAR
                                                  NORMAL
..................................................................
TEMPERATURE (F)
 YESTERDAY
  MAXIMUM         80    127 PM  93    1952  79      1       79
  MINIMUM         73   1015 PM  50    1965  62     11       54
  AVERAGE         77                        70      7       67

PRECIPITATION (IN)
  YESTERDAY        0.03          4.92 2014   0.12  -0.09     0.00
  MONTH TO DATE    6.00                      4.32   1.68     9.98
  SINCE MAR 1     13.65                     10.13   3.52    12.36
  SINCE JAN 1     22.30                     19.82   2.48    22.77

DEGREE DAYS
 HEATING
  YESTERDAY        0                         0      0        0
  MONTH TO DATE   11                        51    -40        1
  SINCE MAR 1     83                       227   -144      101
  SINCE JUL 1    965                      1535   -570     1544

 COOLING
  YESTERDAY       12                         6      6        2
  MONTH TO DATE  141                       101     40      199
  SINCE MAR 1    227                       134     93      301
  SINCE JAN 1    245                       148     97      308
..................................................................


WIND (MPH)
  HIGHEST WIND SPEED    18   HIGHEST WIND DIRECTION    SE (140)
  HIGHEST GUST SPEED    24   HIGHEST GUST DIRECTION    SE (130)
  AVERAGE WIND SPEED    10.3


SKY COVER
  POSSIBLE SUNSHINE  MM
  AVERAGE SKY COVER 0.8


WEATHER CONDITIONS
 THE FOLLOWING WEATHER WAS RECORDED YESTERDAY.
  THUNDERSTORM
  RAIN
  LIGHT RAIN


RELATIVE HUMIDITY (PERCENT)
 HIGHEST    93           400 AM
 LOWEST     74          1200 PM
 AVERAGE    84

..........................................................


THE PENSACOLA CLIMATE NORMALS FOR TODAY
                         NORMAL    RECORD    YEAR
 MAXIMUM TEMPERATURE (F)   79        88      1987
 MINIMUM TEMPERATURE (F)   62        48      1908


SUNRISE AND SUNSET
MAY  1 2016...........SUNRISE   605 AM CDT   SUNSET   727 PM CDT
MAY  2 2016...........SUNRISE   604 AM CDT   SUNSET   728 PM CDT


-  INDICATES NEGATIVE NUMBERS.
R  INDICATES RECORD WAS SET OR TIED.
MM INDICATES DATA IS MISSING.
T  INDICATES TRACE AMOUNT.




$$
