000
CDUS44 KMOB 010645
CLIPNS


CLIMATE REPORT
NATIONAL WEATHER SERVICE MOBILE AL
145 AM CDT SAT OCT 1 2016


...................................

...THE PENSACOLA CLIMATE SUMMARY FOR SEPTEMBER 30 2016...

CLIMATE NORMAL PERIOD 1981 TO 2010
CLIMATE RECORD PERIOD 1879 TO 2016


WEATHER ITEM   OBSERVED TIME   RECORD YEAR NORMAL DEPARTURE LAST
                VALUE   (LST)  VALUE       VALUE  FROM      YEAR
                                                  NORMAL
..................................................................
TEMPERATURE (F)
 YESTERDAY
  MAXIMUM         83    208 PM  96    1904  83      0       88
  MINIMUM         58    454 AM  46    1967  66     -8       73
  AVERAGE         71                        75     -4       81

PRECIPITATION (IN)
  YESTERDAY        0.00          5.01 1898   0.18  -0.18     0.01
  MONTH TO DATE    3.36                      5.98  -2.62     6.36
  SINCE MAR 1     45.49                     41.06   4.43    41.66
  SINCE JAN 1     54.14                     50.75   3.39    52.07

DEGREE DAYS
 COOLING
  YESTERDAY        6                        10     -4       16
  MONTH TO DATE  516                       403    113      431
  SINCE SEP 1    516                       403    113      431
  SINCE JAN 1   2819                      2370    449     2731
..................................................................


WIND (MPH)
  HIGHEST WIND SPEED    13   HIGHEST WIND DIRECTION    NW (330)
  HIGHEST GUST SPEED    25   HIGHEST GUST DIRECTION     N (340)
  AVERAGE WIND SPEED     5.9


SKY COVER
  POSSIBLE SUNSHINE  MM
  AVERAGE SKY COVER 0.0


WEATHER CONDITIONS
 THE FOLLOWING WEATHER WAS RECORDED YESTERDAY.
  NO SIGNIFICANT WEATHER WAS OBSERVED.


RELATIVE HUMIDITY (PERCENT)
 HIGHEST    80           500 AM
 LOWEST     36           100 PM
 AVERAGE    58

..........................................................


THE PENSACOLA CLIMATE NORMALS FOR TODAY
                         NORMAL    RECORD    YEAR
 MAXIMUM TEMPERATURE (F)   83        94      1904
 MINIMUM TEMPERATURE (F)   66        46      1920


SUNRISE AND SUNSET
OCTOBER  1 2016.......SUNRISE   643 AM CDT   SUNSET   633 PM CDT
OCTOBER  2 2016.......SUNRISE   643 AM CDT   SUNSET   632 PM CDT


-  INDICATES NEGATIVE NUMBERS.
R  INDICATES RECORD WAS SET OR TIED.
MM INDICATES DATA IS MISSING.
T  INDICATES TRACE AMOUNT.




$$
