000
CDUS44 KMOB 022245
CLIPNS


CLIMATE REPORT
NATIONAL WEATHER SERVICE MOBILE AL
545 PM CDT SUN AUG 2 2015


...................................

...THE PENSACOLA CLIMATE SUMMARY FOR AUGUST 2 2015...
VALID TODAY AS OF 0500 PM LOCAL TIME.

CLIMATE NORMAL PERIOD 1981 TO 2010
CLIMATE RECORD PERIOD 1879 TO 2015


WEATHER ITEM   OBSERVED TIME   RECORD YEAR NORMAL DEPARTURE LAST
                VALUE   (LST)  VALUE       VALUE  FROM      YEAR
                                                  NORMAL
..................................................................
TEMPERATURE (F)
 TODAY
  MAXIMUM         95    246 PM  99    1986  90      5       87
  MINIMUM         75    528 AM  69    1925  74      1       73
  AVERAGE         85                        82      3       80

PRECIPITATION (IN)
  TODAY            0.00          4.29 1881   0.25  -0.25      T
  MONTH TO DATE    0.62                      0.50   0.12      T
  SINCE MAR 1     29.21                     28.82   0.39    56.05
  SINCE JAN 1     39.62                     38.51   1.11    67.38

DEGREE DAYS
 COOLING
  TODAY           20                        17      3       15
  MONTH TO DATE   38                        34      4       28
  SINCE JUN 1   1132                      1032    100     1001
  SINCE JAN 1   1785                      1480    305     1452
..................................................................


WIND (MPH)
  HIGHEST WIND SPEED    12   HIGHEST WIND DIRECTION     N (20)
  HIGHEST GUST SPEED    14   HIGHEST GUST DIRECTION     N (20)
  AVERAGE WIND SPEED     5.8


SKY COVER
  POSSIBLE SUNSHINE  MM
  AVERAGE SKY COVER 0.0


WEATHER CONDITIONS
 THE FOLLOWING WEATHER WAS RECORDED TODAY.
  NO SIGNIFICANT WEATHER WAS OBSERVED.


RELATIVE HUMIDITY (PERCENT)
 HIGHEST    87           200 AM
 LOWEST     46           200 PM
 AVERAGE    67

..........................................................


THE PENSACOLA CLIMATE NORMALS FOR TOMORROW
                         NORMAL    RECORD    YEAR
 MAXIMUM TEMPERATURE (F)   90       101      1951
 MINIMUM TEMPERATURE (F)   74        69      1965
                                             1939


SUNRISE AND SUNSET
AUGUST  2 2015........SUNRISE   607 AM CDT   SUNSET   742 PM CDT
AUGUST  3 2015........SUNRISE   608 AM CDT   SUNSET   742 PM CDT


-  INDICATES NEGATIVE NUMBERS.
R  INDICATES RECORD WAS SET OR TIED.
MM INDICATES DATA IS MISSING.
T  INDICATES TRACE AMOUNT.




$$
