000
CDUS44 KMOB 230645
CLIPNS


CLIMATE REPORT
NATIONAL WEATHER SERVICE MOBILE AL
145 AM CDT THU OCT 23 2014


...................................

...THE PENSACOLA CLIMATE SUMMARY FOR OCTOBER 22 2014...

CLIMATE NORMAL PERIOD 1981 TO 2010
CLIMATE RECORD PERIOD 1879 TO 2014


WEATHER ITEM   OBSERVED TIME   RECORD YEAR NORMAL DEPARTURE LAST
                VALUE   (LST)  VALUE       VALUE  FROM      YEAR
                                                  NORMAL
..................................................................
TEMPERATURE (F)
 YESTERDAY
  MAXIMUM         79    217 PM  90    1963  77      2       74
  MINIMUM         59   1159 PM  42    1989  58      1       61
                                      1976
  AVERAGE         69                        68      1       68

PRECIPITATION (IN)
  YESTERDAY        0.00          2.53 1919   0.17  -0.17     0.11
  MONTH TO DATE    3.68                      3.74  -0.06     1.89
  SINCE MAR 1     66.38                     44.80  21.58    51.28
  SINCE JAN 1     77.71                     54.49  23.22    65.55

DEGREE DAYS
 HEATING
  YESTERDAY        0                         2     -2        0
  MONTH TO DATE    6                        14     -8        0
  SINCE SEP 1      6                        15     -9        0
  SINCE JUL 1      6                        15     -9        0

 COOLING
  YESTERDAY        4                         4      0        3
  MONTH TO DATE  147                       147      0      203
  SINCE SEP 1    548                       550     -2      679
  SINCE JAN 1   2504                      2517    -13     2661
..................................................................


WIND (MPH)
  HIGHEST WIND SPEED    14   HIGHEST WIND DIRECTION     N (360)
  HIGHEST GUST SPEED    18   HIGHEST GUST DIRECTION     N (350)
  AVERAGE WIND SPEED     6.8


SKY COVER
  POSSIBLE SUNSHINE  MM
  AVERAGE SKY COVER 0.0


WEATHER CONDITIONS
 THE FOLLOWING WEATHER WAS RECORDED YESTERDAY.
  NO SIGNIFICANT WEATHER WAS OBSERVED.


RELATIVE HUMIDITY (PERCENT)
 HIGHEST    80           500 AM
 LOWEST     35           100 PM
 AVERAGE    58

..........................................................


THE PENSACOLA CLIMATE NORMALS FOR TODAY
                         NORMAL    RECORD    YEAR
 MAXIMUM TEMPERATURE (F)   77        88      1953
                                             1949
 MINIMUM TEMPERATURE (F)   58        38      1937


SUNRISE AND SUNSET
OCTOBER 23 2014.......SUNRISE   657 AM CDT   SUNSET   609 PM CDT
OCTOBER 24 2014.......SUNRISE   657 AM CDT   SUNSET   608 PM CDT


-  INDICATES NEGATIVE NUMBERS.
R  INDICATES RECORD WAS SET OR TIED.
MM INDICATES DATA IS MISSING.
T  INDICATES TRACE AMOUNT.




$$
