460
CDUS44 KMOB 280636
CLIPNS


CLIMATE REPORT
NATIONAL WEATHER SERVICE MOBILE AL
125 AM CDT SAT MAY 28 2016


...................................

...THE PENSACOLA CLIMATE SUMMARY FOR MAY 27 2016...

CLIMATE NORMAL PERIOD 1981 TO 2010
CLIMATE RECORD PERIOD 1879 TO 2016


WEATHER ITEM   OBSERVED TIME   RECORD YEAR NORMAL DEPARTURE LAST
                VALUE   (LST)  VALUE       VALUE  FROM      YEAR
                                                  NORMAL
..................................................................
TEMPERATURE (F)
 YESTERDAY
  MAXIMUM         85    252 PM 102    1953  86     -1       83
  MINIMUM         72    448 AM  50    1961  69      3       69
  AVERAGE         79                        77      2       76

PRECIPITATION (IN)
  YESTERDAY        0.00          2.92 2009   0.13  -0.13      T
  MONTH TO DATE    1.88                      3.59  -1.71     5.13
  SINCE MAR 1     15.53                     13.72   1.81    17.49
  SINCE JAN 1     24.18                     23.41   0.77    27.90

DEGREE DAYS
 COOLING
  YESTERDAY       14                        12      2       11
  MONTH TO DATE  287                       246     41      295
  SINCE MAR 1    514                       380    134      596
  SINCE JAN 1    532                       394    138      603
..................................................................


WIND (MPH)
  HIGHEST WIND SPEED    17   HIGHEST WIND DIRECTION    SE (130)
  HIGHEST GUST SPEED    23   HIGHEST GUST DIRECTION    SE (120)
  AVERAGE WIND SPEED     8.6


SKY COVER
  POSSIBLE SUNSHINE  MM
  AVERAGE SKY COVER 0.0


WEATHER CONDITIONS
 THE FOLLOWING WEATHER WAS RECORDED YESTERDAY.
  NO SIGNIFICANT WEATHER WAS OBSERVED.


RELATIVE HUMIDITY (PERCENT)
 HIGHEST    90           300 AM
 LOWEST     55           900 AM
 AVERAGE    73

..........................................................


THE PENSACOLA CLIMATE NORMALS FOR TODAY
                         NORMAL    RECORD    YEAR
 MAXIMUM TEMPERATURE (F)   86        98      2012
 MINIMUM TEMPERATURE (F)   69        55      1961


SUNRISE AND SUNSET
MAY 28 2016...........SUNRISE   548 AM CDT   SUNSET   744 PM CDT
MAY 29 2016...........SUNRISE   548 AM CDT   SUNSET   745 PM CDT


-  INDICATES NEGATIVE NUMBERS.
R  INDICATES RECORD WAS SET OR TIED.
MM INDICATES DATA IS MISSING.
T  INDICATES TRACE AMOUNT.




$$
