000
CDUS44 KMOB 232326
CLIPNS


CLIMATE REPORT
NATIONAL WEATHER SERVICE MOBILE AL
526 PM CST THU NOV 23 2017


...................................

...THE PENSACOLA CLIMATE SUMMARY FOR NOVEMBER 23 2017...
VALID TODAY AS OF 0500 PM LOCAL TIME.

CLIMATE NORMAL PERIOD 1981 TO 2010
CLIMATE RECORD PERIOD 1879 TO 2017


WEATHER ITEM   OBSERVED TIME   RECORD YEAR NORMAL DEPARTURE LAST
                VALUE   (LST)  VALUE       VALUE  FROM      YEAR
                                                  NORMAL
..................................................................
TEMPERATURE (F)
 TODAY
  MAXIMUM         69    242 PM  81    1955  68      1       75
  MINIMUM         44    716 AM  28    1956  49     -5       47
  AVERAGE         57                        59     -2       61

PRECIPITATION (IN)
  TODAY            0.00          2.58 1884   0.15  -0.15     0.00
  MONTH TO DATE    0.09                      3.64  -3.55     0.36
  SINCE MAR 1     72.90                     49.94  22.96    45.85
  SINCE JAN 1     88.25                     59.63  28.62    54.50

DEGREE DAYS
 HEATING
  TODAY            8                         7      1        4
  MONTH TO DATE   68                       114    -46       52
  SINCE SEP 1    101                       152    -51       53
  SINCE JUL 1    101                       152    -51       53
..................................................................


WIND (MPH)
  HIGHEST WIND SPEED    16   HIGHEST WIND DIRECTION     N (360)
  HIGHEST GUST SPEED    21   HIGHEST GUST DIRECTION     N (350)
  AVERAGE WIND SPEED    10.9


SKY COVER
  POSSIBLE SUNSHINE  MM
  AVERAGE SKY COVER 0.2


WEATHER CONDITIONS
 THE FOLLOWING WEATHER WAS RECORDED TODAY.
  NO SIGNIFICANT WEATHER WAS OBSERVED.


RELATIVE HUMIDITY (PERCENT)
 HIGHEST    65           500 AM
 LOWEST     31           100 PM
 AVERAGE    48

..........................................................


THE PENSACOLA CLIMATE NORMALS FOR TOMORROW
                         NORMAL    RECORD    YEAR
 MAXIMUM TEMPERATURE (F)   68        83      1978
 MINIMUM TEMPERATURE (F)   49        26      1970


SUNRISE AND SUNSET
NOVEMBER 23 2017......SUNRISE   622 AM CST   SUNSET   449 PM CST
NOVEMBER 24 2017......SUNRISE   622 AM CST   SUNSET   448 PM CST


-  INDICATES NEGATIVE NUMBERS.
R  INDICATES RECORD WAS SET OR TIED.
MM INDICATES DATA IS MISSING.
T  INDICATES TRACE AMOUNT.




$$
