000
CDUS44 KMOB 250645
CLIPNS


CLIMATE REPORT
NATIONAL WEATHER SERVICE MOBILE AL
145 AM CDT TUE JUL 25 2017


...................................

...THE PENSACOLA CLIMATE SUMMARY FOR JULY 24 2017...

CLIMATE NORMAL PERIOD 1981 TO 2010
CLIMATE RECORD PERIOD 1879 TO 2017


WEATHER ITEM   OBSERVED TIME   RECORD YEAR NORMAL DEPARTURE LAST
                VALUE   (LST)  VALUE       VALUE  FROM      YEAR
                                                  NORMAL
..................................................................
TEMPERATURE (F)
 YESTERDAY
  MAXIMUM         90    314 PM 102    1952  90      0       91
  MINIMUM         77    752 AM  68    2007  75      2       78
                                      1890
  AVERAGE         84                        82      2       85

PRECIPITATION (IN)
  YESTERDAY        0.47          3.79 1963   0.25   0.22      T
  MONTH TO DATE    4.21                      5.70  -1.49     6.27
  SINCE MAR 1     38.09                     26.61  11.48    29.53
  SINCE JAN 1     53.44                     36.30  17.14    38.18

DEGREE DAYS
 COOLING
  YESTERDAY       19                        17      2       20
  MONTH TO DATE  476                       408     68      473
  SINCE JUN 1    946                       873     73      994
  SINCE JAN 1   1742                      1321    421     1590
..................................................................


WIND (MPH)
  HIGHEST WIND SPEED    15   HIGHEST WIND DIRECTION     W (270)
  HIGHEST GUST SPEED    23   HIGHEST GUST DIRECTION     W (270)
  AVERAGE WIND SPEED     7.8


SKY COVER
  POSSIBLE SUNSHINE  MM
  AVERAGE SKY COVER 0.4


WEATHER CONDITIONS
 THE FOLLOWING WEATHER WAS RECORDED YESTERDAY.
  THUNDERSTORM
  HEAVY RAIN
  RAIN
  LIGHT RAIN
  FOG


RELATIVE HUMIDITY (PERCENT)
 HIGHEST    91          1000 AM
 LOWEST     56           300 PM
 AVERAGE    74

..........................................................


THE PENSACOLA CLIMATE NORMALS FOR TODAY
                         NORMAL    RECORD    YEAR
 MAXIMUM TEMPERATURE (F)   90        98      1952
 MINIMUM TEMPERATURE (F)   74        70      1963
                                             1931
                                             1924


SUNRISE AND SUNSET
JULY 25 2017..........SUNRISE   603 AM CDT   SUNSET   747 PM CDT
JULY 26 2017..........SUNRISE   603 AM CDT   SUNSET   747 PM CDT


-  INDICATES NEGATIVE NUMBERS.
R  INDICATES RECORD WAS SET OR TIED.
MM INDICATES DATA IS MISSING.
T  INDICATES TRACE AMOUNT.




$$
