000
CDUS44 KMOB 220645
CLIPNS


CLIMATE REPORT
NATIONAL WEATHER SERVICE MOBILE AL
145 AM CDT MON SEP 22 2014


...................................

...THE PENSACOLA CLIMATE SUMMARY FOR SEPTEMBER 21 2014...

CLIMATE NORMAL PERIOD 1981 TO 2010
CLIMATE RECORD PERIOD 1879 TO 2014


WEATHER ITEM   OBSERVED TIME   RECORD YEAR NORMAL DEPARTURE LAST
                VALUE   (LST)  VALUE       VALUE  FROM      YEAR
                                                  NORMAL
..................................................................
TEMPERATURE (F)
 YESTERDAY
  MAXIMUM         84    225 PM 100    1925  86     -2       84
  MINIMUM         69   1159 PM  52    1918  69      0       75
  AVERAGE         77                        77      0       80

PRECIPITATION (IN)
  YESTERDAY        0.00          2.89 1898   0.21  -0.21     0.60
  MONTH TO DATE    5.09                      4.21   0.88     2.40
  SINCE MAR 1     62.51                     39.29  23.22    44.58
  SINCE JAN 1     73.84                     48.98  24.86    58.85

DEGREE DAYS
 COOLING
  YESTERDAY       12                        12      0       15
  MONTH TO DATE  319                       304     15      366
  SINCE SEP 1    319                       304     15      366
  SINCE JAN 1   2275                      2271      4     2348
..................................................................


WIND (MPH)
  HIGHEST WIND SPEED    12   HIGHEST WIND DIRECTION    SE (150)
  HIGHEST GUST SPEED    16   HIGHEST GUST DIRECTION     S (160)
  AVERAGE WIND SPEED     6.1


SKY COVER
  POSSIBLE SUNSHINE  MM
  AVERAGE SKY COVER 0.1


WEATHER CONDITIONS
 THE FOLLOWING WEATHER WAS RECORDED YESTERDAY.
  NO SIGNIFICANT WEATHER WAS OBSERVED.


RELATIVE HUMIDITY (PERCENT)
 HIGHEST    97          1100 PM
 LOWEST     55          1100 AM
 AVERAGE    76

..........................................................


THE PENSACOLA CLIMATE NORMALS FOR TODAY
                         NORMAL    RECORD    YEAR
 MAXIMUM TEMPERATURE (F)   85        96      1990
                                             1925
 MINIMUM TEMPERATURE (F)   69        49      1983


SUNRISE AND SUNSET
SEPTEMBER 22 2014.....SUNRISE   637 AM CDT   SUNSET   645 PM CDT
SEPTEMBER 23 2014.....SUNRISE   638 AM CDT   SUNSET   644 PM CDT


-  INDICATES NEGATIVE NUMBERS.
R  INDICATES RECORD WAS SET OR TIED.
MM INDICATES DATA IS MISSING.
T  INDICATES TRACE AMOUNT.




$$
