000
CDUS44 KMOB 092255
CLIPNS


CLIMATE REPORT
NATIONAL WEATHER SERVICE MOBILE AL
554 PM CDT WED JUL 9 2014


...................................

...THE PENSACOLA CLIMATE SUMMARY FOR JULY 9 2014...
VALID TODAY AS OF 0500 PM LOCAL TIME.

CLIMATE NORMAL PERIOD 1981 TO 2010
CLIMATE RECORD PERIOD 1879 TO 2014


WEATHER ITEM   OBSERVED TIME   RECORD YEAR NORMAL DEPARTURE LAST
                VALUE   (LST)  VALUE       VALUE  FROM      YEAR
                                                  NORMAL
..................................................................
TEMPERATURE (F)
 TODAY
  MAXIMUM         93   1258 PM  99    1995  90      3       89
  MINIMUM         77    359 PM  68    1947  75      2       75
                                      1892
  AVERAGE         85                        82      3       82

PRECIPITATION (IN)
  TODAY            0.00          4.28 1979   0.24  -0.24     0.00
  MONTH TO DATE    0.00                      2.12  -2.12     8.91
  SINCE MAR 1     48.41                     23.03  25.38    25.03
  SINCE JAN 1     59.74                     32.72  27.02    39.30

DEGREE DAYS
 COOLING
  TODAY           20                        17      3       17
  MONTH TO DATE  165                       153     12      131
  SINCE JUN 1    644                       618     26      645
  SINCE JAN 1   1095                      1066     29     1087
..................................................................


WIND (MPH)
  HIGHEST WIND SPEED    18   HIGHEST WIND DIRECTION    SW (230)
  HIGHEST GUST SPEED    25   HIGHEST GUST DIRECTION     N (350)
  AVERAGE WIND SPEED     8.5


SKY COVER
  POSSIBLE SUNSHINE  MM
  AVERAGE SKY COVER 0.2


WEATHER CONDITIONS
 THE FOLLOWING WEATHER WAS RECORDED TODAY.
  THUNDERSTORM


RELATIVE HUMIDITY (PERCENT)
 HIGHEST    85           100 AM
 LOWEST     44           100 PM
 AVERAGE    65

..........................................................


THE PENSACOLA CLIMATE NORMALS FOR TOMORROW
                         NORMAL    RECORD    YEAR
 MAXIMUM TEMPERATURE (F)   90        99      1957
 MINIMUM TEMPERATURE (F)   75        68      1947


SUNRISE AND SUNSET
JULY  9 2014..........SUNRISE   554 AM CDT   SUNSET   754 PM CDT
JULY 10 2014..........SUNRISE   554 AM CDT   SUNSET   754 PM CDT


-  INDICATES NEGATIVE NUMBERS.
R  INDICATES RECORD WAS SET OR TIED.
MM INDICATES DATA IS MISSING.
T  INDICATES TRACE AMOUNT.




$$
