000
CDUS41 KALY 270627
CLIPOU


CLIMATE REPORT
NATIONAL WEATHER SERVICE ALBANY NY
127 AM EST MON FEB 27 2017


...................................

...THE POUGHKEEPSIE NY CLIMATE SUMMARY FOR FEBRUARY 26 2017...

CLIMATE NORMAL PERIOD 1981 TO 2010
CLIMATE RECORD PERIOD 1949 TO 2017


WEATHER ITEM   OBSERVED TIME   RECORD YEAR NORMAL DEPARTURE LAST
                VALUE   (LST)  VALUE       VALUE  FROM      YEAR
                                                  NORMAL
..................................................................
TEMPERATURE (F)
 YESTERDAY
  MAXIMUM         40    207 PM  65    2002  42     -2       38
  MINIMUM         27   1159 PM  -7    1963  20      7       23
  AVERAGE         34                        31      3       31

PRECIPITATION (IN)
  YESTERDAY        0.00          0.60 1972   0.10  -0.10     0.00
  MONTH TO DATE    1.20                      2.45  -1.25     4.43
  SINCE DEC 1      6.77                      9.06  -2.29     9.54
  SINCE JAN 1      4.17                      5.53  -1.36     5.64

DEGREE DAYS
 HEATING
  YESTERDAY       31                        34     -3       34
  MONTH TO DATE  801                       951   -150      812
  SINCE DEC 1   2851                      3225   -374     2476
  SINCE JUL 1   3997                      4503   -506     3464

 COOLING
  YESTERDAY        0                         0      0        0
  MONTH TO DATE    0                         0      0        0
  SINCE DEC 1      0                         0      0        0
  SINCE JAN 1      0                         0      0        0
..................................................................


WIND (MPH)
  HIGHEST WIND SPEED    23   HIGHEST WIND DIRECTION     W (290)
  HIGHEST GUST SPEED    32   HIGHEST GUST DIRECTION     W (280)
  AVERAGE WIND SPEED    10.9


SKY COVER
  AVERAGE SKY COVER 0.7



RELATIVE HUMIDITY (PERCENT)
 HIGHEST    92          1200 AM
 LOWEST     37           300 PM
 AVERAGE    65

..........................................................


THE POUGHKEEPSIE NY CLIMATE NORMALS FOR TODAY
                         NORMAL    RECORD    YEAR
 MAXIMUM TEMPERATURE (F)   42        64      1976
 MINIMUM TEMPERATURE (F)   20       -14      1963


SUNRISE AND SUNSET
FEBRUARY 27 2017......SUNRISE   633 AM EST   SUNSET   544 PM EST
FEBRUARY 28 2017......SUNRISE   631 AM EST   SUNSET   545 PM EST


-  INDICATES NEGATIVE NUMBERS.
R  INDICATES RECORD WAS SET OR TIED.
MM INDICATES DATA IS MISSING.
T  INDICATES TRACE AMOUNT.




RECORDS FOR KPOU DATE BACK TO 1949...
HOWEVER...DATA IS MISSING FROM JANUARY 1993 - JULY 2000.
$$
