000
CDUS41 KALY 222052
CLIPOU


CLIMATE REPORT
NATIONAL WEATHER SERVICE ALBANY NY
452 PM EDT THU JUN 22 2017


...................................

...THE POUGHKEEPSIE NY CLIMATE SUMMARY FOR JUNE 22 2017...
VALID TODAY AS OF 0400 PM LOCAL TIME.

CLIMATE NORMAL PERIOD 1981 TO 2010
CLIMATE RECORD PERIOD 1949 TO 2017


WEATHER ITEM   OBSERVED TIME   RECORD YEAR NORMAL DEPARTURE LAST
                VALUE   (LST)  VALUE       VALUE  FROM      YEAR
                                                  NORMAL
..................................................................
TEMPERATURE (F)
 TODAY
  MAXIMUM         84    331 PM  92    1988  81      3       85
  MINIMUM         54    447 AM  41    1992  58     -4       53
  AVERAGE         69                        69      0       69

PRECIPITATION (IN)
  TODAY            0.00          1.67 1967   0.13  -0.13     0.00
  MONTH TO DATE    2.60                      3.38  -0.78     1.23
  SINCE JUN 1      2.60                      3.38  -0.78     1.23
  SINCE JAN 1     19.16                     20.88  -1.72    13.39

DEGREE DAYS
 HEATING
  TODAY            0                         1     -1        0
  MONTH TO DATE   50                        44      6        8
  SINCE JUN 1     50                        44      6        8
  SINCE JUL 1   5714                      6206   -492     4777

 COOLING
  TODAY            4                         5     -1        4
  MONTH TO DATE   91                        79     12      106
  SINCE JUN 1     91                        79     12      106
  SINCE JAN 1    139                       115     24      187
..................................................................


WIND (MPH)
  HIGHEST WIND SPEED    12   HIGHEST WIND DIRECTION    SW (240)
  HIGHEST GUST SPEED    MM   HIGHEST GUST DIRECTION    MM
  AVERAGE WIND SPEED     2.0


SKY COVER
  AVERAGE SKY COVER 0.0



RELATIVE HUMIDITY (PERCENT)
 HIGHEST    93          1200 AM
 LOWEST     45          1200 PM
 AVERAGE    69

..........................................................


THE POUGHKEEPSIE NY CLIMATE NORMALS FOR TOMORROW
                         NORMAL    RECORD    YEAR
 MAXIMUM TEMPERATURE (F)   82        94      1965
 MINIMUM TEMPERATURE (F)   58        40      1992


SUNRISE AND SUNSET
JUNE 22 2017..........SUNRISE   522 AM EDT   SUNSET   834 PM EDT
JUNE 23 2017..........SUNRISE   522 AM EDT   SUNSET   834 PM EDT


-  INDICATES NEGATIVE NUMBERS.
R  INDICATES RECORD WAS SET OR TIED.
MM INDICATES DATA IS MISSING.
T  INDICATES TRACE AMOUNT.




RECORDS FOR KPOU DATE BACK TO 1949...
HOWEVER...DATA IS MISSING FROM JANUARY 1993 - JULY 2000.
$$
