000
CDUS46 KLOX 050126
CLIPRB


CLIMATE REPORT
NATIONAL WEATHER SERVICE LOS ANGELES/OXNARD CA
626 PM PDT WED MAY 4 2016


...................................

...THE PASO ROBLES AIRPORT CA CLIMATE SUMMARY FOR MAY 4 2016...
VALID TODAY AS OF 0600 PM LOCAL TIME.

CLIMATE NORMAL PERIOD 1981 TO 2010
CLIMATE RECORD PERIOD 1948 TO 2016


WEATHER ITEM   OBSERVED TIME   RECORD YEAR NORMAL DEPARTURE LAST
                VALUE   (LST)  VALUE       VALUE  FROM      YEAR
                                                  NORMAL
..................................................................
TEMPERATURE (F)
 TODAY
  MAXIMUM         66    236 PM  98    1990  78    -12       73
  MINIMUM         51    517 AM  32    1964  44      7       44
  AVERAGE         59                        61     -2       59

PRECIPITATION (IN)
  TODAY            0.00          0.16 1998   0.02  -0.02     0.00
  MONTH TO DATE    0.00                      0.06  -0.06     0.00
  SINCE OCT 1      8.06                     12.23  -4.17     8.48
  SINCE JAN 1      6.00                      8.57  -2.57     2.76

SNOWFALL (IN)
  TODAY            0.0
  MONTH TO DATE    0.0
  SINCE MAR 1      0.0
  SINCE JUL 1      0.0

DEGREE DAYS
 HEATING
  TODAY            6                         5      1        6
  MONTH TO DATE    8                        21    -13       16
  SINCE MAR 1    410                       640   -230      344
  SINCE JUL 1   2197                      2733   -536     1704

 COOLING
  TODAY            0                         1     -1        0
  MONTH TO DATE    0                         4     -4        4
  SINCE MAR 1      5                        13     -8       44
  SINCE JAN 1      5                        13     -8       44
..................................................................


WIND (MPH)
  HIGHEST WIND SPEED    21   HIGHEST WIND DIRECTION    SW (240)
  HIGHEST GUST SPEED    24   HIGHEST GUST DIRECTION    SW (240)
  AVERAGE WIND SPEED     8.4


SKY COVER
  POSSIBLE SUNSHINE  MM
  AVERAGE SKY COVER 0.2


WEATHER CONDITIONS
 THE FOLLOWING WEATHER WAS RECORDED TODAY.
  NO SIGNIFICANT WEATHER WAS OBSERVED.


RELATIVE HUMIDITY (PERCENT)
 HIGHEST    83           500 AM
 LOWEST     56           300 PM
 AVERAGE    70

..........................................................


THE PASO ROBLES AIRPORT CA CLIMATE NORMALS FOR TOMORROW
                         NORMAL    RECORD    YEAR
 MAXIMUM TEMPERATURE (F)   78       101      1990
 MINIMUM TEMPERATURE (F)   44        36      1981


SUNRISE AND SUNSET
MAY  4 2016...........SUNRISE   607 AM PDT   SUNSET   752 PM PDT
MAY  5 2016...........SUNRISE   606 AM PDT   SUNSET   753 PM PDT


-  INDICATES NEGATIVE NUMBERS.
R  INDICATES RECORD WAS SET OR TIED.
MM INDICATES DATA IS MISSING.
T  INDICATES TRACE AMOUNT.




$$
