000
CDUS46 KLOX 240114
CLIPRB


CLIMATE REPORT
NATIONAL WEATHER SERVICE LOS ANGELES/OXNARD CA
514 PM PST THU NOV 23 2017


...................................

...THE PASO ROBLES AIRPORT CA CLIMATE SUMMARY FOR NOVEMBER 23 2017...
VALID TODAY AS OF 0500 PM LOCAL TIME.

CLIMATE NORMAL PERIOD 1981 TO 2010
CLIMATE RECORD PERIOD 1948 TO 2017


WEATHER ITEM   OBSERVED TIME   RECORD YEAR NORMAL DEPARTURE LAST
                VALUE   (LST)  VALUE       VALUE  FROM      YEAR
                                                  NORMAL
..................................................................
TEMPERATURE (F)
 TODAY
  MAXIMUM         87R   240 PM  79    2005  64     23       63
  MINIMUM         43    415 AM  21    2003  36      7       37
  AVERAGE         65                        50     15       50

PRECIPITATION (IN)
  TODAY            0.00          0.21 1965   0.04  -0.04     0.00
  MONTH TO DATE    0.14                      0.77  -0.63     0.95
  SINCE OCT 1      0.23                      1.39  -1.16     2.34
  SINCE JAN 1     12.72                     10.51   2.21     8.34

SNOWFALL (IN)
  TODAY            0.0
  MONTH TO DATE    0.0
  SINCE SEP 1      0.0
  SINCE JUL 1      0.0

DEGREE DAYS
 HEATING
  TODAY            0                        15    -15       15
  MONTH TO DATE  181                       266    -85      134
  SINCE SEP 1    302                       428   -126      256
  SINCE JUL 1    303                       436   -133      256

 COOLING
  TODAY            0                         0      0        0
  MONTH TO DATE    0                         0      0        8
  SINCE SEP 1    270                       193     77      184
  SINCE JAN 1   1370                       926    444     1073
..................................................................


WIND (MPH)
  HIGHEST WIND SPEED    13   HIGHEST WIND DIRECTION    NW (330)
  HIGHEST GUST SPEED    15   HIGHEST GUST DIRECTION    NW (320)
  AVERAGE WIND SPEED     2.6


SKY COVER
  POSSIBLE SUNSHINE  MM
  AVERAGE SKY COVER 0.0


WEATHER CONDITIONS
 THE FOLLOWING WEATHER WAS RECORDED TODAY.
  NO SIGNIFICANT WEATHER WAS OBSERVED.


RELATIVE HUMIDITY (PERCENT)
 HIGHEST    76           400 AM
 LOWEST     21           300 PM
 AVERAGE    49

..........................................................


THE PASO ROBLES AIRPORT CA CLIMATE NORMALS FOR TOMORROW
                         NORMAL    RECORD    YEAR
 MAXIMUM TEMPERATURE (F)   64        81      1959
 MINIMUM TEMPERATURE (F)   36        23      1993


SUNRISE AND SUNSET
NOVEMBER 23 2017......SUNRISE   647 AM PST   SUNSET   451 PM PST
NOVEMBER 24 2017......SUNRISE   648 AM PST   SUNSET   451 PM PST


-  INDICATES NEGATIVE NUMBERS.
R  INDICATES RECORD WAS SET OR TIED.
MM INDICATES DATA IS MISSING.
T  INDICATES TRACE AMOUNT.




$$
