000
CDUS46 KLOX 050111
CLIPRB


CLIMATE REPORT
NATIONAL WEATHER SERVICE LOS ANGELES/OXNARD CA
611 PM PDT FRI SEP 4 2015


...................................

...THE PASO ROBLES AIRPORT CA CLIMATE SUMMARY FOR SEPTEMBER 4 2015...
VALID TODAY AS OF 0600 PM LOCAL TIME.

CLIMATE NORMAL PERIOD 1981 TO 2010
CLIMATE RECORD PERIOD 1948 TO 2015


WEATHER ITEM   OBSERVED TIME   RECORD YEAR NORMAL DEPARTURE LAST
                VALUE   (LST)  VALUE       VALUE  FROM      YEAR
                                                  NORMAL
..................................................................
TEMPERATURE (F)
 TODAY
  MAXIMUM         80    208 PM 111    1988  91    -11       85
  MINIMUM         49    553 AM  44    2011  52     -3       52
  AVERAGE         65                        72     -7       69

PRECIPITATION (IN)
  TODAY            0.00          0.91 1978   0.00   0.00     0.00
  MONTH TO DATE    0.00                      0.00   0.00     0.00
  SINCE OCT 1     10.98                     12.56  -1.58     4.92
  SINCE JAN 1      5.26                      8.90  -3.64     4.46

SNOWFALL (IN)
  TODAY            0.0
  MONTH TO DATE    0.0
  SINCE SEP 1      0.0
  SINCE JUL 1      0.0

DEGREE DAYS
 HEATING
  TODAY            0                         0      0        0
  MONTH TO DATE    0                         0      0        0
  SINCE SEP 1      0                         0      0        0
  SINCE JUL 1      0                         8     -8        0

 COOLING
  TODAY            0                         7     -7        4
  MONTH TO DATE    9                        28    -19       28
  SINCE SEP 1      9                        28    -19       28
  SINCE JAN 1    948                       761    187     1035
..................................................................


WIND (MPH)
  HIGHEST WIND SPEED    18   HIGHEST WIND DIRECTION    SW (210)
  HIGHEST GUST SPEED    24   HIGHEST GUST DIRECTION    SW (220)
  AVERAGE WIND SPEED     6.1


SKY COVER
  POSSIBLE SUNSHINE  MM
  AVERAGE SKY COVER 0.0


WEATHER CONDITIONS
 THE FOLLOWING WEATHER WAS RECORDED TODAY.
  NO SIGNIFICANT WEATHER WAS OBSERVED.


RELATIVE HUMIDITY (PERCENT)
 HIGHEST    93           600 AM
 LOWEST     39           100 PM
 AVERAGE    66

..........................................................


THE PASO ROBLES AIRPORT CA CLIMATE NORMALS FOR TOMORROW
                         NORMAL    RECORD    YEAR
 MAXIMUM TEMPERATURE (F)   91       109      1988
 MINIMUM TEMPERATURE (F)   52        43      1970


SUNRISE AND SUNSET
SEPTEMBER  4 2015.....SUNRISE   637 AM PDT   SUNSET   726 PM PDT
SEPTEMBER  5 2015.....SUNRISE   637 AM PDT   SUNSET   724 PM PDT


-  INDICATES NEGATIVE NUMBERS.
R  INDICATES RECORD WAS SET OR TIED.
MM INDICATES DATA IS MISSING.
T  INDICATES TRACE AMOUNT.




$$
