000
CDUS46 KLOX 280127
CLIPRB


CLIMATE REPORT
NATIONAL WEATHER SERVICE LOS ANGELES/OXNARD CA
626 PM PDT SAT MAY 27 2017


...................................

...THE PASO ROBLES AIRPORT CA CLIMATE SUMMARY FOR MAY 27 2017...
VALID TODAY AS OF 0600 PM LOCAL TIME.

CLIMATE NORMAL PERIOD 1981 TO 2010
CLIMATE RECORD PERIOD 1948 TO 2017


WEATHER ITEM   OBSERVED TIME   RECORD YEAR NORMAL DEPARTURE LAST
                VALUE   (LST)  VALUE       VALUE  FROM      YEAR
                                                  NORMAL
..................................................................
TEMPERATURE (F)
 TODAY
  MAXIMUM         83    218 PM  99    2003  83      0       90
  MINIMUM         43    411 AM  38    1980  48     -5       49
  AVERAGE         63                        65     -2       70

PRECIPITATION (IN)
  TODAY            0.00          0.26 1990   0.01  -0.01     0.00
  MONTH TO DATE    0.18                      0.25  -0.07      T
  SINCE OCT 1     16.14                     12.42   3.72     8.06
  SINCE JAN 1     12.46                      8.76   3.70     6.00

SNOWFALL (IN)
  TODAY            0.0
  MONTH TO DATE    0.0
  SINCE MAR 1      0.0
  SINCE JUL 1      0.0

DEGREE DAYS
 HEATING
  TODAY            2                         2      0        0
  MONTH TO DATE   75                       100    -25       69
  SINCE MAR 1    526                       719   -193      471
  SINCE JUL 1   2327                      2812   -485     2258

 COOLING
  TODAY            0                         3     -3        5
  MONTH TO DATE   71                        47     24       34
  SINCE MAR 1     72                        56     16       39
  SINCE JAN 1     72                        56     16       39
..................................................................


WIND (MPH)
  HIGHEST WIND SPEED    21   HIGHEST WIND DIRECTION    SW (210)
  HIGHEST GUST SPEED    26   HIGHEST GUST DIRECTION     S (200)
  AVERAGE WIND SPEED     4.5


SKY COVER
  POSSIBLE SUNSHINE  MM
  AVERAGE SKY COVER 0.3


WEATHER CONDITIONS
 THE FOLLOWING WEATHER WAS RECORDED TODAY.
  NO SIGNIFICANT WEATHER WAS OBSERVED.


RELATIVE HUMIDITY (PERCENT)
 HIGHEST    96           400 AM
 LOWEST     33           300 PM
 AVERAGE    65

..........................................................


THE PASO ROBLES AIRPORT CA CLIMATE NORMALS FOR TOMORROW
                         NORMAL    RECORD    YEAR
 MAXIMUM TEMPERATURE (F)   83       101      2000
                                             1973
 MINIMUM TEMPERATURE (F)   48        39      2008


SUNRISE AND SUNSET
MAY 27 2017...........SUNRISE   550 AM PDT   SUNSET   810 PM PDT
MAY 28 2017...........SUNRISE   549 AM PDT   SUNSET   811 PM PDT


-  INDICATES NEGATIVE NUMBERS.
R  INDICATES RECORD WAS SET OR TIED.
MM INDICATES DATA IS MISSING.
T  INDICATES TRACE AMOUNT.




$$
