000
CDUS46 KLOX 300922
CLIPRB


CLIMATE REPORT
NATIONAL WEATHER SERVICE LOS ANGELES/OXNARD CA
217 AM PDT SAT JUL 30 2016


...................................

...THE PASO ROBLES AIRPORT CA CLIMATE SUMMARY FOR JULY 29 2016...

CLIMATE NORMAL PERIOD 1981 TO 2010
CLIMATE RECORD PERIOD 1948 TO 2016


WEATHER ITEM   OBSERVED TIME   RECORD YEAR NORMAL DEPARTURE LAST
                VALUE   (LST)  VALUE       VALUE  FROM      YEAR
                                                  NORMAL
..................................................................
TEMPERATURE (F)
 YESTERDAY
  MAXIMUM        109R   211 PM 108    1996  94     15       98
  MINIMUM         61    538 AM  47    1957  55      6       57
  AVERAGE         85                        74     11       78

PRECIPITATION (IN)
  YESTERDAY        0.00          0.00   MM   0.00   0.00     0.00
  MONTH TO DATE    0.00                      0.00   0.00     2.17
  SINCE OCT 1      8.06                     12.45  -4.39    10.98
  SINCE JAN 1      6.00                      8.79  -2.79     5.26

SNOWFALL (IN)
  YESTERDAY        0.0
  MONTH TO DATE    0.0
  SINCE JUN 1      0.0
  SINCE JUL 1      0.0

DEGREE DAYS
 HEATING
  YESTERDAY        0                         0      0        0
  MONTH TO DATE    0                         0      0        0
  SINCE JUN 1      8                        27    -19        8
  SINCE JUL 1      0                         0      0        0

 COOLING
  YESTERDAY       20                         9     11       13
  MONTH TO DATE  272                       247     25      253
  SINCE JUN 1    562                       390    172      516
  SINCE JAN 1    623                       458    165      587
..................................................................


WIND (MPH)
  HIGHEST WIND SPEED    17   HIGHEST WIND DIRECTION     S (200)
  HIGHEST GUST SPEED    21   HIGHEST GUST DIRECTION     S (200)
  AVERAGE WIND SPEED     4.9


SKY COVER
  POSSIBLE SUNSHINE  MM
  AVERAGE SKY COVER 0.0


WEATHER CONDITIONS
 THE FOLLOWING WEATHER WAS RECORDED YESTERDAY.
  NO SIGNIFICANT WEATHER WAS OBSERVED.


RELATIVE HUMIDITY (PERCENT)
 HIGHEST    67           500 AM
 LOWEST     10           200 PM
 AVERAGE    39

..........................................................


THE PASO ROBLES AIRPORT CA CLIMATE NORMALS FOR TODAY
                         NORMAL    RECORD    YEAR
 MAXIMUM TEMPERATURE (F)   94       109      2000
 MINIMUM TEMPERATURE (F)   54        43      1975


SUNRISE AND SUNSET
JULY 30 2016..........SUNRISE   610 AM PDT   SUNSET   808 PM PDT
JULY 31 2016..........SUNRISE   610 AM PDT   SUNSET   807 PM PDT


-  INDICATES NEGATIVE NUMBERS.
R  INDICATES RECORD WAS SET OR TIED.
MM INDICATES DATA IS MISSING.
T  INDICATES TRACE AMOUNT.




$$
