000
CDUS46 KLOX 280112
CLIPRB


CLIMATE REPORT
NATIONAL WEATHER SERVICE LOS ANGELES/OXNARD CA
612 PM PDT WED MAY 27 2015


...................................

...THE PASO ROBLES AIRPORT CA CLIMATE SUMMARY FOR MAY 27 2015...
VALID TODAY AS OF 0600 PM LOCAL TIME.

CLIMATE NORMAL PERIOD 1981 TO 2010
CLIMATE RECORD PERIOD 1948 TO 2015


WEATHER ITEM   OBSERVED TIME   RECORD YEAR NORMAL DEPARTURE LAST
                VALUE   (LST)  VALUE       VALUE  FROM      YEAR
                                                  NORMAL
..................................................................
TEMPERATURE (F)
 TODAY
  MAXIMUM         84    250 PM  99    2003  83      1       97
  MINIMUM         51    155 AM  38    1980  48      3       54
  AVERAGE         68                        65      3       76

PRECIPITATION (IN)
  TODAY            0.00          0.26 1990   0.01  -0.01     0.00
  MONTH TO DATE    0.15                      0.25  -0.10      T
  SINCE OCT 1      8.63                     12.42  -3.79     4.92
  SINCE JAN 1      2.91                      8.76  -5.85     4.46

SNOWFALL (IN)
  TODAY            0.0
  MONTH TO DATE    0.0
  SINCE MAR 1      0.0
  SINCE JUL 1      0.0

DEGREE DAYS
 HEATING
  TODAY            0                         2     -2        0
  MONTH TO DATE  115                       100     15       31
  SINCE MAR 1    443                       719   -276      401
  SINCE JUL 1   1803                      2812  -1009     2106

 COOLING
  TODAY            3                         3      0       11
  MONTH TO DATE   11                        47    -36      120
  SINCE MAR 1     51                        56     -5      138
  SINCE JAN 1     51                        56     -5      138
..................................................................


WIND (MPH)
  HIGHEST WIND SPEED    18   HIGHEST WIND DIRECTION     S (190)
  HIGHEST GUST SPEED    21   HIGHEST GUST DIRECTION    SW (210)
  AVERAGE WIND SPEED     6.8


SKY COVER
  POSSIBLE SUNSHINE  MM
  AVERAGE SKY COVER 0.4


WEATHER CONDITIONS
 THE FOLLOWING WEATHER WAS RECORDED TODAY.
  NO SIGNIFICANT WEATHER WAS OBSERVED.


RELATIVE HUMIDITY (PERCENT)
 HIGHEST    89          1200 AM
 LOWEST     32           500 PM
 AVERAGE    61

..........................................................


THE PASO ROBLES AIRPORT CA CLIMATE NORMALS FOR TOMORROW
                         NORMAL    RECORD    YEAR
 MAXIMUM TEMPERATURE (F)   83       101      2000
                                             1973
 MINIMUM TEMPERATURE (F)   48        39      2008


SUNRISE AND SUNSET
MAY 27 2015...........SUNRISE   550 AM PDT   SUNSET   810 PM PDT
MAY 28 2015...........SUNRISE   550 AM PDT   SUNSET   810 PM PDT


-  INDICATES NEGATIVE NUMBERS.
R  INDICATES RECORD WAS SET OR TIED.
MM INDICATES DATA IS MISSING.
T  INDICATES TRACE AMOUNT.




$$
