000
CDUS46 KPDT 220827
CLIPSC

CLIMATE REPORT
NATIONAL WEATHER SERVICE PENDLETON OR
1226 AM PST SAT NOV 22 2014


...................................

...THE PASCO WA CLIMATE SUMMARY FOR NOVEMBER 21 2014...

CLIMATE NORMAL PERIOD 1981 TO 2010
CLIMATE RECORD PERIOD 1948 TO 2014


WEATHER ITEM   OBSERVED TIME   RECORD YEAR NORMAL DEPARTURE LAST
                VALUE   (LST)  VALUE       VALUE  FROM      YEAR
                                                  NORMAL
..................................................................
TEMPERATURE (F)
 YESTERDAY
  MAXIMUM         34   1218 PM  58    2001  47    -13       37
  MINIMUM         22   1227 AM  10    2013  31     -9       10
  AVERAGE         28                        39    -11       24

PRECIPITATION (IN)
  YESTERDAY        0.17          0.22 1983   0.04   0.13     0.00
  MONTH TO DATE    0.45                      0.72  -0.27     0.40
  SINCE OCT 1      1.16                      1.37  -0.21     0.44
  SINCE JAN 1      4.27                      7.25  -2.98     4.75

SNOWFALL (IN)
  YESTERDAY       MM
  SNOW DEPTH       0

DEGREE DAYS
 HEATING
  YESTERDAY       37                        26     11       41
  MONTH TO DATE  579                       464    115      452
  SINCE SEP 1    860                       970   -110     1005
  SINCE JUL 1    860                       982   -122     1005

 COOLING
  YESTERDAY        0                         0      0        0
  MONTH TO DATE    0                         0      0        0
  SINCE SEP 1     73                        53     20      133
  SINCE JAN 1    991                       710    281      995
..................................................................


WIND (MPH)
  RESULTANT WIND SPEED   2   RESULTANT WIND DIRECTION  NW (310)
  HIGHEST WIND SPEED    10   HIGHEST WIND DIRECTION    NW (320)
  HIGHEST GUST SPEED    14   HIGHEST GUST DIRECTION    NW (300)


SKY COVER
  POSSIBLE SUNSHINE  MM
  AVERAGE SKY COVER 1.0


WEATHER CONDITIONS
THE FOLLOWING WEATHER WAS RECORDED YESTERDAY.
  LIGHT RAIN
  LIGHT SNOW
  FOG


RELATIVE HUMIDITY (PERCENT)
 HIGHEST   100
 LOWEST     92
 AVERAGE    96

..........................................................


THE PASCO WA CLIMATE NORMALS FOR TODAY
                         NORMAL    RECORD    YEAR
 MAXIMUM TEMPERATURE (F)   47        66      2011
 MINIMUM TEMPERATURE (F)   31         9      2013


SUNRISE AND SUNSET
NOVEMBER 22 2014......SUNRISE   707 AM PST   SUNSET   417 PM PST
NOVEMBER 23 2014......SUNRISE   709 AM PST   SUNSET   417 PM PST


-  INDICATES NEGATIVE NUMBERS.
R  INDICATES RECORD WAS SET OR TIED.
MM INDICATES DATA IS MISSING.
T  INDICATES TRACE AMOUNT.




$$
