000
CDUS46 KPDT 270836 RRB
CLIPSC

CLIMATE REPORT
NATIONAL WEATHER SERVICE PENDLETON OR
125 AM PDT TUE SEP 27 2016


...................................

...THE PASCO WA CLIMATE SUMMARY FOR SEPTEMBER 26 2016...

CLIMATE NORMAL PERIOD 1981 TO 2010
CLIMATE RECORD PERIOD 1948 TO 2016


WEATHER ITEM   OBSERVED TIME   RECORD YEAR NORMAL DEPARTURE LAST
                VALUE   (LST)  VALUE       VALUE  FROM      YEAR
                                                  NORMAL
..................................................................
TEMPERATURE (F)
 YESTERDAY
  MAXIMUM         84    352 PM  89    2003  76      8       77
  MINIMUM         47    614 AM  36    2000  43      4       49
  AVERAGE         66                        60      6       63

PRECIPITATION (IN)
  YESTERDAY        0.00          0.51 1982   0.01  -0.01     0.00
  MONTH TO DATE    0.24                      0.32  -0.08     0.12
  SINCE OCT 1      8.38                      8.75  -0.37     5.72
  SINCE JAN 1      5.62                      5.80  -0.18     3.35

SNOWFALL (IN)
  YESTERDAY       MM
  SNOW DEPTH       0

DEGREE DAYS
 HEATING
  YESTERDAY        0                         6     -6        2
  MONTH TO DATE   79                        71      8       67
  SINCE SEP 1     79                        71      8       67
  SINCE JUL 1     79                        83     -4       67

 COOLING
  YESTERDAY        1                         0      1        0
  MONTH TO DATE   22                        49    -27       42
  SINCE SEP 1     22                        49    -27       42
  SINCE JAN 1    773                       706     67     1115
..................................................................


WIND (MPH)
  RESULTANT WIND SPEED   3   RESULTANT WIND DIRECTION  NW (330)
  HIGHEST WIND SPEED     9   HIGHEST WIND DIRECTION     N (360)
  HIGHEST GUST SPEED    13   HIGHEST GUST DIRECTION     N (340)


SKY COVER
  POSSIBLE SUNSHINE  MM
  AVERAGE SKY COVER 0.0


WEATHER CONDITIONS
 THE FOLLOWING WEATHER WAS RECORDED YESTERDAY.
  FOG
  HAZE


RELATIVE HUMIDITY (PERCENT)
 HIGHEST    86
 LOWEST     31
 AVERAGE    59

..........................................................


THE PASCO WA CLIMATE NORMALS FOR TODAY
                         NORMAL    RECORD    YEAR
 MAXIMUM TEMPERATURE (F)   75        93      1991
 MINIMUM TEMPERATURE (F)   43        35      1999


SUNRISE AND SUNSET
SEPTEMBER 27 2016.....SUNRISE   651 AM PDT   SUNSET   643 PM PDT
SEPTEMBER 28 2016.....SUNRISE   652 AM PDT   SUNSET   641 PM PDT


-  INDICATES NEGATIVE NUMBERS.
R  INDICATES RECORD WAS SET OR TIED.
MM INDICATES DATA IS MISSING.
T  INDICATES TRACE AMOUNT.




$$
