540
CDUS46 KPDT 200033
CLIPSC

CLIMATE REPORT
NATIONAL WEATHER SERVICE PENDLETON OR
531 PM PDT SAT AUG 19 2017


...................................

...THE PASCO WA CLIMATE SUMMARY FOR AUGUST 19 2017...
VALID TODAY AS OF 0500 PM LOCAL TIME.

CLIMATE NORMAL PERIOD 1981 TO 2010
CLIMATE RECORD PERIOD 1948 TO 2017


WEATHER ITEM   OBSERVED TIME   RECORD YEAR NORMAL DEPARTURE LAST
                VALUE   (LST)  VALUE       VALUE  FROM      YEAR
                                                  NORMAL
..................................................................
TEMPERATURE (F)
 TODAY
  MAXIMUM         86    323 PM 106    1897  90     -4       89
  MINIMUM         55    515 AM  42    1920  55      0       56
  AVERAGE         71                        72     -1       73

PRECIPITATION (IN)
  TODAY            0.00          0.44 1924   0.01  -0.01     0.00
  MONTH TO DATE    0.05                      0.14  -0.09     0.04
  SINCE OCT 1      9.99                      8.30   1.69     8.14
  SINCE JAN 1      6.22                      5.35   0.87     5.38

SNOWFALL (IN)
  TODAY            0.0
  SNOW DEPTH       0

DEGREE DAYS
 HEATING
  TODAY            0                         0      0        0
  MONTH TO DATE    0                         0      0        0
  SINCE JUN 1     26                        37    -11       30
  SINCE JUL 1      0                         5     -5        0

 COOLING
  TODAY            6                         7     -1        8
  MONTH TO DATE  236                       174     62      182
  SINCE JUN 1    747                       551    196      634
  SINCE JAN 1    796                       584    212      667
..................................................................


WIND (MPH)
  RESULTANT WIND SPEED   1   RESULTANT WIND DIRECTION   W (250)
  HIGHEST WIND SPEED    14   HIGHEST WIND DIRECTION     N (340)
  HIGHEST GUST SPEED    17   HIGHEST GUST DIRECTION     N (340)


SKY COVER
  POSSIBLE SUNSHINE  MM
  AVERAGE SKY COVER 0.0


WEATHER CONDITIONS
 THE FOLLOWING WEATHER WAS RECORDED TODAY.
  NO SIGNIFICANT WEATHER WAS OBSERVED.


RELATIVE HUMIDITY (PERCENT)
 HIGHEST    86
 LOWEST     25
 AVERAGE    56

..........................................................


THE PASCO WA CLIMATE NORMALS FOR TOMORROW
                         NORMAL    RECORD    YEAR
 MAXIMUM TEMPERATURE (F)   89       106      1977
                                             1897
 MINIMUM TEMPERATURE (F)   55        42      1945


SUNRISE AND SUNSET
AUGUST 19 2017........SUNRISE   601 AM PDT   SUNSET   758 PM PDT
AUGUST 20 2017........SUNRISE   602 AM PDT   SUNSET   756 PM PDT


-  INDICATES NEGATIVE NUMBERS.
R  INDICATES RECORD WAS SET OR TIED.
MM INDICATES DATA IS MISSING.
T  INDICATES TRACE AMOUNT.




$$
