000
CDUS46 KPDT 050934 RRB
CLIPSC

CLIMATE REPORT
NATIONAL WEATHER SERVICE PENDLETON OR
119 AM PST MON DEC 5 2016


...................................

...THE PASCO WA CLIMATE SUMMARY FOR DECEMBER 4 2016...

CLIMATE NORMAL PERIOD 1981 TO 2010
CLIMATE RECORD PERIOD 1948 TO 2016


WEATHER ITEM   OBSERVED TIME   RECORD YEAR NORMAL DEPARTURE LAST
                VALUE   (LST)  VALUE       VALUE  FROM      YEAR
                                                  NORMAL
..................................................................
TEMPERATURE (F)
 YESTERDAY
  MAXIMUM         53   1224 PM  66    2007  42     11       50
  MINIMUM         30   1135 PM   7    2013  28      2       33
  AVERAGE         42                        35      7       42

PRECIPITATION (IN)
  YESTERDAY        T             0.50 1950   0.03  -0.03     0.00
  MONTH TO DATE    T                         0.12  -0.12     0.17
  SINCE OCT 1      3.12                      1.86   1.26     1.20
  SINCE JAN 1      8.74                      7.74   1.00     4.55

SNOWFALL (IN)
  YESTERDAY       MM
  SNOW DEPTH       0

DEGREE DAYS
 HEATING
  YESTERDAY       23                        30     -7       23
  MONTH TO DATE   92                       118    -26      127
  SINCE DEC 1     92                       118    -26      127
  SINCE JUL 1   1038                      1347   -309     1229

 COOLING
  YESTERDAY        0                         0      0        0
  MONTH TO DATE    0                         0      0        0
  SINCE DEC 1      0                         0      0        0
  SINCE JAN 1    778                       710     68     1122
..................................................................


WIND (MPH)
  RESULTANT WIND SPEED  14   RESULTANT WIND DIRECTION   W (250)
  HIGHEST WIND SPEED    32   HIGHEST WIND DIRECTION    SW (230)
  HIGHEST GUST SPEED    40   HIGHEST GUST DIRECTION    SW (230)


SKY COVER
  POSSIBLE SUNSHINE  MM
  AVERAGE SKY COVER 0.3


WEATHER CONDITIONS
 THE FOLLOWING WEATHER WAS RECORDED YESTERDAY.
  LIGHT RAIN


RELATIVE HUMIDITY (PERCENT)
 HIGHEST    71
 LOWEST     34
 AVERAGE    53

..........................................................


THE PASCO WA CLIMATE NORMALS FOR TODAY
                         NORMAL    RECORD    YEAR
 MAXIMUM TEMPERATURE (F)   42        56      2012
                                             1991
 MINIMUM TEMPERATURE (F)   28         3      2013


SUNRISE AND SUNSET
DECEMBER  5 2016......SUNRISE   724 AM PST   SUNSET   411 PM PST
DECEMBER  6 2016......SUNRISE   725 AM PST   SUNSET   410 PM PST


-  INDICATES NEGATIVE NUMBERS.
R  INDICATES RECORD WAS SET OR TIED.
MM INDICATES DATA IS MISSING.
T  INDICATES TRACE AMOUNT.




$$
