000
CDUS46 KPDT 300840
CLIPSC

CLIMATE REPORT
NATIONAL WEATHER SERVICE PENDLETON OR
139 AM PDT THU OCT 30 2014


...................................

...THE PASCO WA CLIMATE SUMMARY FOR OCTOBER 29 2014...

CLIMATE NORMAL PERIOD 1981 TO 2010
CLIMATE RECORD PERIOD 1948 TO 2014


WEATHER ITEM   OBSERVED TIME   RECORD YEAR NORMAL DEPARTURE LAST
                VALUE   (LST)  VALUE       VALUE  FROM      YEAR
                                                  NORMAL
..................................................................
TEMPERATURE (F)
 YESTERDAY
  MAXIMUM         67    241 PM  72    2012  59      8       53
  MINIMUM         38    657 AM  24    2013  35      3       24
  AVERAGE         53                        47      6       39

PRECIPITATION (IN)
  YESTERDAY        0.00          1.21 1982   0.02  -0.02      T
  MONTH TO DATE    0.70                      0.61   0.09     0.04
  SINCE OCT 1      0.70                      0.61   0.09     0.04
  SINCE JAN 1      3.81                      6.49  -2.68     4.35

SNOWFALL (IN)
  YESTERDAY        0.0
  SNOW DEPTH       0

DEGREE DAYS
 HEATING
  YESTERDAY       12                        18     -6       26
  MONTH TO DATE  217                       370   -153      448
  SINCE SEP 1    259                       469   -210      516
  SINCE JUL 1    259                       481   -222      516

 COOLING
  YESTERDAY        0                         0      0        0
  MONTH TO DATE   11                         0     11        0
  SINCE SEP 1     73                        52     21      133
  SINCE JAN 1    991                       709    282      995
..................................................................


WIND (MPH)
  RESULTANT WIND SPEED   1   RESULTANT WIND DIRECTION  NW (300)
  HIGHEST WIND SPEED    12   HIGHEST WIND DIRECTION     S (200)
  HIGHEST GUST SPEED    13   HIGHEST GUST DIRECTION    SW (240)


SKY COVER
  POSSIBLE SUNSHINE  MM
  AVERAGE SKY COVER 0.2


WEATHER CONDITIONS
 THE FOLLOWING WEATHER WAS RECORDED YESTERDAY.
  FOG


RELATIVE HUMIDITY (PERCENT)
 HIGHEST   100
 LOWEST     56
 AVERAGE    78

..........................................................


THE PASCO WA CLIMATE NORMALS FOR TODAY
                         NORMAL    RECORD    YEAR
 MAXIMUM TEMPERATURE (F)   59        70      2009
                                             1999
 MINIMUM TEMPERATURE (F)   35        16      2002


SUNRISE AND SUNSET
OCTOBER 30 2014.......SUNRISE   735 AM PDT   SUNSET   545 PM PDT
OCTOBER 31 2014.......SUNRISE   736 AM PDT   SUNSET   543 PM PDT


-  INDICATES NEGATIVE NUMBERS.
R  INDICATES RECORD WAS SET OR TIED.
MM INDICATES DATA IS MISSING.
T  INDICATES TRACE AMOUNT.




$$
