000
CDUS46 KPDT 230849
CLIPSC

CLIMATE REPORT
NATIONAL WEATHER SERVICE PENDLETON OR
150 AM PDT THU OCT 23 2014


...................................

...THE PASCO WA CLIMATE SUMMARY FOR OCTOBER 22 2014...

CLIMATE NORMAL PERIOD 1981 TO 2010
CLIMATE RECORD PERIOD 1948 TO 2014


WEATHER ITEM   OBSERVED TIME   RECORD YEAR NORMAL DEPARTURE LAST
                VALUE   (LST)  VALUE       VALUE  FROM      YEAR
                                                  NORMAL
..................................................................
TEMPERATURE (F)
 YESTERDAY
  MAXIMUM         71    218 PM  81    2003  63      8       68
  MINIMUM         47    224 AM  25    2008  37     10       33
  AVERAGE         59                        50      9       51

PRECIPITATION (IN)
  YESTERDAY        0.03          0.29 1966   0.02   0.01     0.00
  MONTH TO DATE    0.47                      0.47   0.00     0.03
  SINCE OCT 1      0.47                      0.47   0.00     0.03
  SINCE JAN 1      3.58                      6.35  -2.77     4.34

SNOWFALL (IN)
  YESTERDAY        0.0
  SNOW DEPTH       0

DEGREE DAYS
 HEATING
  YESTERDAY        6                        15     -9       14
  MONTH TO DATE  123                       253   -130      316
  SINCE SEP 1    165                       352   -187      384
  SINCE JUL 1    165                       364   -199      384

 COOLING
  YESTERDAY        0                         0      0        0
  MONTH TO DATE   11                         0     11        0
  SINCE SEP 1     73                        52     21      133
  SINCE JAN 1    991                       709    282      995
..................................................................


WIND (MPH)
  RESULTANT WIND SPEED   8   RESULTANT WIND DIRECTION   S (170)
  HIGHEST WIND SPEED    21   HIGHEST WIND DIRECTION     S (170)
  HIGHEST GUST SPEED    27   HIGHEST GUST DIRECTION     S (170)


SKY COVER
  POSSIBLE SUNSHINE  MM
  AVERAGE SKY COVER 0.9


WEATHER CONDITIONS
 THE FOLLOWING WEATHER WAS RECORDED YESTERDAY.
  LIGHT RAIN


RELATIVE HUMIDITY (PERCENT)
 HIGHEST    93
 LOWEST     41
 AVERAGE    67

..........................................................


THE PASCO WA CLIMATE NORMALS FOR TODAY
                         NORMAL    RECORD    YEAR
 MAXIMUM TEMPERATURE (F)   62        73      1993
 MINIMUM TEMPERATURE (F)   36        26      2008
                                             2002


SUNRISE AND SUNSET
OCTOBER 23 2014.......SUNRISE   725 AM PDT   SUNSET   556 PM PDT
OCTOBER 24 2014.......SUNRISE   726 AM PDT   SUNSET   554 PM PDT


-  INDICATES NEGATIVE NUMBERS.
R  INDICATES RECORD WAS SET OR TIED.
MM INDICATES DATA IS MISSING.
T  INDICATES TRACE AMOUNT.




$$
