000
CDUS46 KPDT 040842 RRA
CLIPSC

CLIMATE REPORT
NATIONAL WEATHER SERVICE PENDLETON OR
142 AM PDT TUE AUG 4 2015


...................................

...THE PASCO WA CLIMATE SUMMARY FOR AUGUST 3 2015...

CLIMATE NORMAL PERIOD 1981 TO 2010
CLIMATE RECORD PERIOD 1948 TO 2015


WEATHER ITEM   OBSERVED TIME   RECORD YEAR NORMAL DEPARTURE LAST
                VALUE   (LST)  VALUE       VALUE  FROM      YEAR
                                                  NORMAL
..................................................................
TEMPERATURE (F)
 YESTERDAY
  MAXIMUM         96    134 PM 107    1998  93      3       98
  MINIMUM         60    440 AM  44    2002  58      2       62
  AVERAGE         78                        75      3       80

PRECIPITATION (IN)
  YESTERDAY        0.00          0.53 1976   0.00   0.00     0.00
  MONTH TO DATE    0.00                      0.01  -0.01     0.01
  SINCE OCT 1      5.57                      8.17  -2.60     3.18
  SINCE JAN 1      3.20                      5.22  -2.02     2.60

SNOWFALL (IN)
  YESTERDAY        0.0
  SNOW DEPTH       0

DEGREE DAYS
 HEATING
  YESTERDAY        0                         0      0        0
  MONTH TO DATE    0                         0      0        0
  SINCE JUN 1      1                        37    -36       18
  SINCE JUL 1      0                         5     -5        0

 COOLING
  YESTERDAY       13                        10      3       15
  MONTH TO DATE   42                        30     12       47
  SINCE JUN 1    753                       407    346      594
  SINCE JAN 1    835                       440    395      628
..................................................................


WIND (MPH)
  RESULTANT WIND SPEED   4   RESULTANT WIND DIRECTION  SW (210)
  HIGHEST WIND SPEED    18   HIGHEST WIND DIRECTION    SW (220)
  HIGHEST GUST SPEED    21   HIGHEST GUST DIRECTION    SW (210)


SKY COVER
  POSSIBLE SUNSHINE  MM
  AVERAGE SKY COVER 0.1


WEATHER CONDITIONS
 THE FOLLOWING WEATHER WAS RECORDED YESTERDAY.
  NO SIGNIFICANT WEATHER WAS OBSERVED.


RELATIVE HUMIDITY (PERCENT)
 HIGHEST    78
 LOWEST     19
 AVERAGE    49

..........................................................


THE PASCO WA CLIMATE NORMALS FOR TODAY
                         NORMAL    RECORD    YEAR
 MAXIMUM TEMPERATURE (F)   92       113      1998
 MINIMUM TEMPERATURE (F)   58        49      2006
                                             2005


SUNRISE AND SUNSET
AUGUST  4 2015........SUNRISE   542 AM PDT   SUNSET   823 PM PDT
AUGUST  5 2015........SUNRISE   543 AM PDT   SUNSET   821 PM PDT


-  INDICATES NEGATIVE NUMBERS.
R  INDICATES RECORD WAS SET OR TIED.
MM INDICATES DATA IS MISSING.
T  INDICATES TRACE AMOUNT.

$$
