000
CDUS46 KPDT 040039
CLIPSC

CLIMATE REPORT
NATIONAL WEATHER SERVICE PENDLETON OR
428 PM PST TUE MAR 3 2015


...................................

...THE PASCO WA CLIMATE SUMMARY FOR MARCH 3 2015...
VALID TODAY AS OF 0400 PM LOCAL TIME.

CLIMATE NORMAL PERIOD 1981 TO 2010
CLIMATE RECORD PERIOD 1948 TO 2015


WEATHER ITEM   OBSERVED TIME   RECORD YEAR NORMAL DEPARTURE LAST
                VALUE   (LST)  VALUE       VALUE  FROM      YEAR
                                                  NORMAL
..................................................................
TEMPERATURE (F)
 TODAY
  MAXIMUM         49    349 PM  67    1994  55     -6       39
  MINIMUM         21    634 AM  11    1989  30     -9       24
  AVERAGE         35                        42     -7       32

PRECIPITATION (IN)
  TODAY            0.00          0.25 2009   0.02  -0.02      T
  MONTH TO DATE    0.00                      0.08  -0.08     0.11
  SINCE OCT 1      3.60                      5.11  -1.51     1.67
  SINCE JAN 1      1.23                      2.16  -0.93     1.09

SNOWFALL (IN)
  TODAY            0.0
  SNOW DEPTH       0

DEGREE DAYS
 HEATING
  TODAY           30                        23      7       33
  MONTH TO DATE   86                        69     17      105
  SINCE MAR 1     86                        69     17      105
  SINCE JUL 1   3542                      3952   -410     4334

 COOLING
  TODAY            0                         0      0        0
  MONTH TO DATE    0                         0      0        0
  SINCE MAR 1      0                         0      0        0
  SINCE JAN 1      0                         0      0        0
..................................................................


WIND (MPH)
  RESULTANT WIND SPEED   4   RESULTANT WIND DIRECTION  NW (330)
  HIGHEST WIND SPEED    12   HIGHEST WIND DIRECTION     W (290)
  HIGHEST GUST SPEED    15   HIGHEST GUST DIRECTION     N (350)


SKY COVER
  POSSIBLE SUNSHINE  MM
  AVERAGE SKY COVER 0.0


WEATHER CONDITIONS
 THE FOLLOWING WEATHER WAS RECORDED TODAY.
  NO SIGNIFICANT WEATHER WAS OBSERVED.


RELATIVE HUMIDITY (PERCENT)
 HIGHEST    92
 LOWEST     23
 AVERAGE    58

..........................................................


THE PASCO WA CLIMATE NORMALS FOR TOMORROW
                         NORMAL    RECORD    YEAR
 MAXIMUM TEMPERATURE (F)   55        67      2012
 MINIMUM TEMPERATURE (F)   30        19      1993


SUNRISE AND SUNSET
MARCH  3 2015.........SUNRISE   632 AM PST   SUNSET   545 PM PST
MARCH  4 2015.........SUNRISE   630 AM PST   SUNSET   547 PM PST


-  INDICATES NEGATIVE NUMBERS.
R  INDICATES RECORD WAS SET OR TIED.
MM INDICATES DATA IS MISSING.
T  INDICATES TRACE AMOUNT.




$$
