000
CDUS46 KPDT 210852
CLIPSC

CLIMATE REPORT
NATIONAL WEATHER SERVICE PENDLETON OR
135 AM PDT THU AUG 21 2014


...................................

...THE PASCO WA CLIMATE SUMMARY FOR AUGUST 20 2014...

CLIMATE NORMAL PERIOD 1981 TO 2010
CLIMATE RECORD PERIOD 1948 TO 2014


WEATHER ITEM   OBSERVED TIME   RECORD YEAR NORMAL DEPARTURE LAST
                VALUE   (LST)  VALUE       VALUE  FROM      YEAR
                                                  NORMAL
..................................................................
TEMPERATURE (F)
 YESTERDAY
  MAXIMUM         87    458 PM 102    1991  89     -2       89
  MINIMUM         62   1121 PM  47    2000  55      7       55
  AVERAGE         75                        72      3       72

PRECIPITATION (IN)
  YESTERDAY        0.00          0.18 2008   0.01  -0.01     0.00
  MONTH TO DATE    0.47                      0.15   0.32     0.09
  SINCE OCT 1      3.64                      8.31  -4.67     6.39
  SINCE JAN 1      3.06                      5.36  -2.30     3.03

SNOWFALL (IN)
  YESTERDAY        0.0
  SNOW DEPTH       0

DEGREE DAYS
 HEATING
  YESTERDAY        0                         0      0        0
  MONTH TO DATE    0                         0      0        0
  SINCE JUN 1     18                        37    -19       19
  SINCE JUL 1      0                         5     -5        0

 COOLING
  YESTERDAY       10                         7      3        7
  MONTH TO DATE  264                       181     83      218
  SINCE JUN 1    811                       558    253      713
  SINCE JAN 1    845                       591    254      759
..................................................................


WIND (MPH)
  RESULTANT WIND SPEED   9   RESULTANT WIND DIRECTION  SW (220)
  HIGHEST WIND SPEED    21   HIGHEST WIND DIRECTION    SW (210)
  HIGHEST GUST SPEED    27   HIGHEST GUST DIRECTION    SW (210)


SKY COVER
  POSSIBLE SUNSHINE  MM
  AVERAGE SKY COVER 0.1


WEATHER CONDITIONS
 THE FOLLOWING WEATHER WAS RECORDED YESTERDAY.
  NO SIGNIFICANT WEATHER WAS OBSERVED.


RELATIVE HUMIDITY (PERCENT)
 HIGHEST    68
 LOWEST     24
 AVERAGE    46

..........................................................


THE PASCO WA CLIMATE NORMALS FOR TODAY
                         NORMAL    RECORD    YEAR
 MAXIMUM TEMPERATURE (F)   89       101      1991
 MINIMUM TEMPERATURE (F)   55        46      1996


SUNRISE AND SUNSET
AUGUST 21 2014........SUNRISE   603 AM PDT   SUNSET   755 PM PDT
AUGUST 22 2014........SUNRISE   604 AM PDT   SUNSET   753 PM PDT


-  INDICATES NEGATIVE NUMBERS.
R  INDICATES RECORD WAS SET OR TIED.
MM INDICATES DATA IS MISSING.
T  INDICATES TRACE AMOUNT.




$$
