000
CDUS46 KPDT 240851
CLIPSC

CLIMATE REPORT
NATIONAL WEATHER SERVICE PENDLETON OR
141 AM PDT WED MAY 24 2017


...................................

...THE PASCO WA CLIMATE SUMMARY FOR MAY 23 2017...

CLIMATE NORMAL PERIOD 1981 TO 2010
CLIMATE RECORD PERIOD 1948 TO 2017


WEATHER ITEM   OBSERVED TIME   RECORD YEAR NORMAL DEPARTURE LAST
                VALUE   (LST)  VALUE       VALUE  FROM      YEAR
                                                  NORMAL
..................................................................
TEMPERATURE (F)
 YESTERDAY
  MAXIMUM         95    458 PM 101    2001  77     18       74
  MINIMUM         49    504 AM  35    1964  48      1       53
  AVERAGE         72                        63      9       64

PRECIPITATION (IN)
  YESTERDAY        0.00          0.52 1962   0.03  -0.03     0.00
  MONTH TO DATE    0.48                      0.48   0.00     1.52
  SINCE OCT 1      9.44                      6.95   2.49     7.31
  SINCE JAN 1      5.67                      4.00   1.67     4.55

SNOWFALL (IN)
  YESTERDAY        0.0
  SNOW DEPTH       0

DEGREE DAYS
 HEATING
  YESTERDAY        0                         4     -4        1
  MONTH TO DATE  141                       142     -1       57
  SINCE MAR 1   1046                      1083    -37      778
  SINCE JUL 1   5368                      4966    402     4296

 COOLING
  YESTERDAY        7                         2      5        0
  MONTH TO DATE   19                        16      3       27
  SINCE MAR 1     19                        17      2       31
  SINCE JAN 1     19                        17      2       31
..................................................................


WIND (MPH)
  RESULTANT WIND SPEED   6   RESULTANT WIND DIRECTION  SW (240)
  HIGHEST WIND SPEED    25   HIGHEST WIND DIRECTION    SW (230)
  HIGHEST GUST SPEED    30   HIGHEST GUST DIRECTION    SW (210)


SKY COVER
  POSSIBLE SUNSHINE  MM
  AVERAGE SKY COVER 0.0


WEATHER CONDITIONS
 THE FOLLOWING WEATHER WAS RECORDED YESTERDAY.
  NO SIGNIFICANT WEATHER WAS OBSERVED.


RELATIVE HUMIDITY (PERCENT)
 HIGHEST    93
 LOWEST     15
 AVERAGE    54

..........................................................


THE PASCO WA CLIMATE NORMALS FOR TODAY
                         NORMAL    RECORD    YEAR
 MAXIMUM TEMPERATURE (F)   78        98      1938
                                             1894
 MINIMUM TEMPERATURE (F)   49        32      1922


SUNRISE AND SUNSET
MAY 24 2017...........SUNRISE   514 AM PDT   SUNSET   833 PM PDT
MAY 25 2017...........SUNRISE   513 AM PDT   SUNSET   834 PM PDT


-  INDICATES NEGATIVE NUMBERS.
R  INDICATES RECORD WAS SET OR TIED.
MM INDICATES DATA IS MISSING.
T  INDICATES TRACE AMOUNT.




$$
