000
CDUS46 KPDT 280835 RRA
CLIPSC

CLIMATE REPORT
NATIONAL WEATHER SERVICE PENDLETON OR
125 AM PDT WED JUN 28 2017


...................................

...THE PASCO WA CLIMATE SUMMARY FOR JUNE 27 2017...

CLIMATE NORMAL PERIOD 1981 TO 2010
CLIMATE RECORD PERIOD 1948 TO 2017


WEATHER ITEM   OBSERVED TIME   RECORD YEAR NORMAL DEPARTURE LAST
                VALUE   (LST)  VALUE       VALUE  FROM      YEAR
                                                  NORMAL
..................................................................
TEMPERATURE (F)
 YESTERDAY
  MAXIMUM         87    403 PM 111    2015  86      1       97
  MINIMUM         64   1159 PM  43    1976  53     11       56
  AVERAGE         76                        70      6       77

PRECIPITATION (IN)
  YESTERDAY        0.00          0.45 1916   0.02  -0.02     0.00
  MONTH TO DATE    0.50                      0.65  -0.15     0.46
  SINCE OCT 1      9.94                      7.85   2.09     7.77
  SINCE JAN 1      6.17                      4.90   1.27     5.01

SNOWFALL (IN)
  YESTERDAY        0.0
  SNOW DEPTH       0

DEGREE DAYS
 HEATING
  YESTERDAY        0                         1     -1        0
  MONTH TO DATE   26                        35     -9       30
  SINCE JUN 1     26                        35     -9       30
  SINCE JUL 1   5408                      5025    383     4344

 COOLING
  YESTERDAY       11                         5      6       12
  MONTH TO DATE  123                        91     32      128
  SINCE JUN 1    123                        91     32      128
  SINCE JAN 1    172                       124     48      161
..................................................................


WIND (MPH)
  RESULTANT WIND SPEED   7   RESULTANT WIND DIRECTION   S (200)
  HIGHEST WIND SPEED    14   HIGHEST WIND DIRECTION    NW (330)
  HIGHEST GUST SPEED    18   HIGHEST GUST DIRECTION     S (190)


SKY COVER
  POSSIBLE SUNSHINE  MM
  AVERAGE SKY COVER 0.0


WEATHER CONDITIONS
 THE FOLLOWING WEATHER WAS RECORDED YESTERDAY.
  NO SIGNIFICANT WEATHER WAS OBSERVED.


RELATIVE HUMIDITY (PERCENT)
 HIGHEST    67
 LOWEST     21
 AVERAGE    44

..........................................................


THE PASCO WA CLIMATE NORMALS FOR TODAY
                         NORMAL    RECORD    YEAR
 MAXIMUM TEMPERATURE (F)   87       111      2015
 MINIMUM TEMPERATURE (F)   53        38      1975


SUNRISE AND SUNSET
JUNE 28 2017..........SUNRISE   507 AM PDT   SUNSET   852 PM PDT
JUNE 29 2017..........SUNRISE   508 AM PDT   SUNSET   852 PM PDT


-  INDICATES NEGATIVE NUMBERS.
R  INDICATES RECORD WAS SET OR TIED.
MM INDICATES DATA IS MISSING.
T  INDICATES TRACE AMOUNT.




$$
