000
CDUS46 KPDT 130045
CLIPSC

CLIMATE REPORT
NATIONAL WEATHER SERVICE PENDLETON OR
426 PM PST TUE DEC 12 2017


...................................

...THE PASCO WA CLIMATE SUMMARY FOR DECEMBER 12 2017...
VALID TODAY AS OF 0400 PM LOCAL TIME.

CLIMATE NORMAL PERIOD 1981 TO 2010
CLIMATE RECORD PERIOD 1948 TO 2017


WEATHER ITEM   OBSERVED TIME   RECORD YEAR NORMAL DEPARTURE LAST
                VALUE   (LST)  VALUE       VALUE  FROM      YEAR
                                                  NORMAL
..................................................................
TEMPERATURE (F)
 TODAY
  MAXIMUM         33    359 PM  70    1921  40     -7       32
  MINIMUM         32    355 PM -11    1922  26      6       23
  AVERAGE         33                        33      0       28

PRECIPITATION (IN)
  TODAY            0.00          0.85 1995   0.03  -0.03     0.13
  MONTH TO DATE    T                         0.36  -0.36     0.29
  SINCE OCT 1      1.84                      2.10  -0.26     3.41
  SINCE JAN 1      8.19                      7.98   0.21     9.03

SNOWFALL (IN)
  TODAY            0.0
  SNOW DEPTH       0

DEGREE DAYS
 HEATING
  TODAY           32                        32      0       37
  MONTH TO DATE  386                       367     19      409
  SINCE DEC 1    386                       367     19      409
  SINCE JUL 1   1554                      1596    -42     1355

 COOLING
  TODAY            0                         0      0        0
  MONTH TO DATE    0                         0      0        0
  SINCE DEC 1      0                         0      0        0
  SINCE JAN 1    981                       710    271      778
..................................................................


WIND (MPH)
  RESULTANT WIND SPEED   1   RESULTANT WIND DIRECTION  SE (120)
  HIGHEST WIND SPEED     6   HIGHEST WIND DIRECTION    SE (120)
  HIGHEST GUST SPEED     6   HIGHEST GUST DIRECTION    SE (120)


SKY COVER
  POSSIBLE SUNSHINE  MM
  AVERAGE SKY COVER 1.0


WEATHER CONDITIONS
THE FOLLOWING WEATHER WAS RECORDED TODAY.
  HAZE


RELATIVE HUMIDITY (PERCENT)
 HIGHEST    78
 LOWEST     69
 AVERAGE    74

..........................................................


THE PASCO WA CLIMATE NORMALS FOR TOMORROW
                         NORMAL    RECORD    YEAR
 MAXIMUM TEMPERATURE (F)   40        66      1924
 MINIMUM TEMPERATURE (F)   26       -11      1922


SUNRISE AND SUNSET
DECEMBER 12 2017......SUNRISE   730 AM PST   SUNSET   410 PM PST
DECEMBER 13 2017......SUNRISE   731 AM PST   SUNSET   410 PM PST


-  INDICATES NEGATIVE NUMBERS.
R  INDICATES RECORD WAS SET OR TIED.
MM INDICATES DATA IS MISSING.
T  INDICATES TRACE AMOUNT.




$$
