340
CDUS41 KALY 220624
CLIPSF


CLIMATE REPORT
NATIONAL WEATHER SERVICE ALBANY NY
222 AM EDT FRI MAY 22 2015


...................................

...THE PITTSFIELD MA CLIMATE SUMMARY FOR MAY 21 2015...

CLIMATE NORMAL PERIOD 1981 TO 2010
CLIMATE RECORD PERIOD 9999 TO 9999


WEATHER ITEM   OBSERVED TIME   NORMAL DEPARTURE LAST
                VALUE   (LST)  VALUE  FROM      YEAR
                                      NORMAL
......................................................
TEMPERATURE (F)
 YESTERDAY
  MAXIMUM         61    345 PM  68     -7       75
  MINIMUM         41    414 AM  45     -4       41
  AVERAGE         51            56     -5       58

PRECIPITATION (IN)
  YESTERDAY        0.00          0.16  -0.16      T
  MONTH TO DATE    0.25          2.55  -2.30     0.69
  SINCE MAR 1      4.72          9.78  -5.06     7.26
  SINCE JAN 1      9.81         15.38  -5.57    13.64

DEGREE DAYS
 HEATING
  YESTERDAY       14             9      5        7
  MONTH TO DATE  126           250   -124      189
  SINCE MAR 1   1955          1905     50     2053
  SINCE JUL 1   7618          7285    333     7605

 COOLING
  YESTERDAY        0             0      0        0
  MONTH TO DATE   20             0     20        3
  SINCE MAR 1     20             2     18        4
  SINCE JAN 1     20             2     18        4
......................................................


WIND (MPH)
  HIGHEST WIND SPEED    13   HIGHEST WIND DIRECTION    SW (230)
  HIGHEST GUST SPEED    17   HIGHEST GUST DIRECTION    SW (210)
  AVERAGE WIND SPEED     5.6


SKY COVER
  AVERAGE SKY COVER 0.6



RELATIVE HUMIDITY (PERCENT)
 HIGHEST    67
 LOWEST     33
 AVERAGE    50

..........................................................


THE PITTSFIELD MA CLIMATE NORMALS FOR TODAY
                         NORMAL
 MAXIMUM TEMPERATURE (F)   68
 MINIMUM TEMPERATURE (F)   45


SUNRISE AND SUNSET
MAY 22 2015...........SUNRISE   525 AM EDT   SUNSET   815 PM EDT
MAY 23 2015...........SUNRISE   525 AM EDT   SUNSET   816 PM EDT


-  INDICATES NEGATIVE NUMBERS.
R  INDICATES RECORD WAS SET OR TIED.
MM INDICATES DATA IS MISSING.
T  INDICATES TRACE AMOUNT.




$$
