000
CDUS46 KSGX 100139
CLIPSP


CLIMATE REPORT
NATIONAL WEATHER SERVICE SAN DIEGO, CA
529 PM PST TUE FEB 9 2016


...................................

...THE PALM SPRINGS INTL AIRPORT CA CLIMATE SUMMARY FOR FEBRUARY 9 2016...
VALID TODAY AS OF 0500 PM LOCAL TIME.

CLIMATE NORMAL PERIOD 1981 TO 2010
CLIMATE RECORD PERIOD 1893 TO 2016


WEATHER ITEM   OBSERVED TIME   RECORD YEAR NORMAL DEPARTURE LAST
                VALUE   (LST)  VALUE       VALUE  FROM      YEAR
                                                  NORMAL
..................................................................
TEMPERATURE (F)
 TODAY
  MAXIMUM         88    355 PM  94    1951  71     17       89
  MINIMUM         61    448 AM  28    1933  47     14       57
  AVERAGE         75                        59     16       73

PRECIPITATION (IN)
  TODAY            0.00          1.51 1976   0.04  -0.04     0.00
  MONTH TO DATE    0.00                      0.21  -0.21     0.00
  SINCE OCT 1      2.45                      3.06  -0.61     1.09
  SINCE JAN 1      2.26                      1.21   1.05     0.22

DEGREE DAYS
 HEATING
  TODAY            0                         6     -6        0
  MONTH TO DATE   56                        60     -4        0
  SINCE DEC 1    603                       591     12      329
  SINCE JUL 1    710                       687     23      362

 COOLING
  TODAY           10                         1      9        8
  MONTH TO DATE   22                         8     14       32
  SINCE DEC 1     22                        20      2       74
  SINCE JAN 1     22                        16      6       50
..................................................................


WIND (MPH)
  RESULTANT WIND SPEED   4   RESULTANT WIND DIRECTION   W (250)
  HIGHEST WIND SPEED     9   HIGHEST WIND DIRECTION     W (260)
  HIGHEST GUST SPEED    12   HIGHEST GUST DIRECTION     W (260)
  AVERAGE WIND SPEED     4.5


SKY COVER
  POSSIBLE SUNSHINE  MM
  AVERAGE SKY COVER 0.0


WEATHER CONDITIONS
 THE FOLLOWING WEATHER WAS RECORDED TODAY.
  NO SIGNIFICANT WEATHER WAS OBSERVED.


RELATIVE HUMIDITY (PERCENT)
 HIGHEST    22           500 AM
 LOWEST      9           200 PM
 AVERAGE    16

..........................................................


THE PALM SPRINGS INTL AIRPORT CA CLIMATE NORMALS FOR TOMORROW
                         NORMAL    RECORD    YEAR
 MAXIMUM TEMPERATURE (F)   72        90      1971
                                             1951
 MINIMUM TEMPERATURE (F)   47        25      1933


SUNRISE AND SUNSET
FEBRUARY  9 2016......SUNRISE   637 AM PST   SUNSET   524 PM PST
FEBRUARY 10 2016......SUNRISE   636 AM PST   SUNSET   525 PM PST


-  INDICATES NEGATIVE NUMBERS.
R  INDICATES RECORD WAS SET OR TIED.
MM INDICATES DATA IS MISSING.
T  INDICATES TRACE AMOUNT.




$$
