000
CDUS46 KSGX 280030
CLIPSP


CLIMATE REPORT
NATIONAL WEATHER SERVICE SAN DIEGO, CA
530 PM PDT WED JUL 27 2016


...................................

...THE PALM SPRINGS INTL AIRPORT CA CLIMATE SUMMARY FOR JULY 27 2016...
VALID TODAY AS OF 0500 PM LOCAL TIME.

CLIMATE NORMAL PERIOD 1981 TO 2010
CLIMATE RECORD PERIOD 1893 TO 2016


WEATHER ITEM   OBSERVED TIME   RECORD YEAR NORMAL DEPARTURE LAST
                VALUE   (LST)  VALUE       VALUE  FROM      YEAR
                                                  NORMAL
..................................................................
TEMPERATURE (F)
 TODAY
  MAXIMUM        117    322 PM 119    1980 108      9      105
  MINIMUM         89    426 AM  63    1940  78     11       74
  AVERAGE        103                        93     10       90

PRECIPITATION (IN)
  TODAY            0.00          0.07 1975   0.02  -0.02     0.00
  MONTH TO DATE    0.00                      0.18  -0.18     0.42
  SINCE OCT 1      2.63                      4.97  -2.34     2.63
  SINCE JAN 1      2.44                      3.12  -0.68     1.76

DEGREE DAYS
 HEATING
  TODAY            0                         0      0        0
  MONTH TO DATE    0                         0      0        0
  SINCE JUN 1      0                         0      0        0
  SINCE JUL 1      0                         0      0        0

 COOLING
  TODAY           38                        28     10       25
  MONTH TO DATE  813                       736     77      683
  SINCE JUN 1   1616                      1383    233     1469
  SINCE JAN 1   2613                      2142    471     2534
..................................................................


WIND (MPH)
  RESULTANT WIND SPEED   2   RESULTANT WIND DIRECTION  SE (130)
  HIGHEST WIND SPEED    23   HIGHEST WIND DIRECTION    NW (330)
  HIGHEST GUST SPEED    30   HIGHEST GUST DIRECTION    NW (330)
  AVERAGE WIND SPEED     6.0


SKY COVER
  POSSIBLE SUNSHINE  MM
  AVERAGE SKY COVER 0.1


WEATHER CONDITIONS
 THE FOLLOWING WEATHER WAS RECORDED TODAY.
  NO SIGNIFICANT WEATHER WAS OBSERVED.


RELATIVE HUMIDITY (PERCENT)
 HIGHEST    29           400 AM
 LOWEST     12           400 PM
 AVERAGE    21

..........................................................


THE PALM SPRINGS INTL AIRPORT CA CLIMATE NORMALS FOR TOMORROW
                         NORMAL    RECORD    YEAR
 MAXIMUM TEMPERATURE (F)  108       123      1995
 MINIMUM TEMPERATURE (F)   78        59      1941


SUNRISE AND SUNSET
JULY 27 2016..........SUNRISE   555 AM PDT   SUNSET   750 PM PDT
JULY 28 2016..........SUNRISE   555 AM PDT   SUNSET   749 PM PDT


-  INDICATES NEGATIVE NUMBERS.
R  INDICATES RECORD WAS SET OR TIED.
MM INDICATES DATA IS MISSING.
T  INDICATES TRACE AMOUNT.




$$
