000
CDUS46 KSGX 301419
CLIPSP


CLIMATE REPORT
NATIONAL WEATHER SERVICE SAN DIEGO, CA
719 AM PDT MON MAY 30 2016


...................................

...THE PALM SPRINGS INTL AIRPORT CA CLIMATE SUMMARY FOR MAY 29 2016...

CLIMATE NORMAL PERIOD 1981 TO 2010
CLIMATE RECORD PERIOD 1893 TO 2016


WEATHER ITEM   OBSERVED TIME   RECORD YEAR NORMAL DEPARTURE LAST
                VALUE   (LST)  VALUE       VALUE  FROM      YEAR
                                                  NORMAL
..................................................................
TEMPERATURE (F)
 YESTERDAY
  MAXIMUM         92    313 PM 113    1984  97     -5      100
  MINIMUM         66    459 AM  46    1953  68     -2       72
  AVERAGE         79                        82     -3       86

PRECIPITATION (IN)
  YESTERDAY        0.00          0.00 2002   0.00   0.00     0.00
                                      2001
                                      1999
  MONTH TO DATE    0.02                      0.13  -0.11     0.12
  SINCE OCT 1      2.63                      4.73  -2.10     2.21
  SINCE JAN 1      2.44                      2.88  -0.44     1.34

DEGREE DAYS
 HEATING
  YESTERDAY        0                         0      0        0
  MONTH TO DATE    0                         0      0        6
  SINCE MAR 1     28                        94    -66       36
  SINCE JUL 1    738                       872   -134      407

 COOLING
  YESTERDAY       14                        17     -3       21
  MONTH TO DATE  340                       403    -63      306
  SINCE MAR 1    807                       696    111      897
  SINCE JAN 1    957                       723    234     1017
..................................................................


WIND (MPH)
  RESULTANT WIND SPEED   6   RESULTANT WIND DIRECTION  NW (330)
  HIGHEST WIND SPEED    21   HIGHEST WIND DIRECTION    NW (320)
  HIGHEST GUST SPEED    26   HIGHEST GUST DIRECTION    NW (330)
  AVERAGE WIND SPEED     8.3


SKY COVER
  POSSIBLE SUNSHINE  MM
  AVERAGE SKY COVER 0.1


WEATHER CONDITIONS
 THE FOLLOWING WEATHER WAS RECORDED YESTERDAY.
  NO SIGNIFICANT WEATHER WAS OBSERVED.


RELATIVE HUMIDITY (PERCENT)
 HIGHEST    63           400 AM
 LOWEST     15           300 PM
 AVERAGE    39

..........................................................


THE PALM SPRINGS INTL AIRPORT CA CLIMATE NORMALS FOR TODAY
                         NORMAL    RECORD    YEAR
 MAXIMUM TEMPERATURE (F)   97       110      1984
 MINIMUM TEMPERATURE (F)   68        48      1932


SUNRISE AND SUNSET
MAY 30 2016...........SUNRISE   537 AM PDT   SUNSET   751 PM PDT
MAY 31 2016...........SUNRISE   536 AM PDT   SUNSET   751 PM PDT


-  INDICATES NEGATIVE NUMBERS.
R  INDICATES RECORD WAS SET OR TIED.
MM INDICATES DATA IS MISSING.
T  INDICATES TRACE AMOUNT.




$$
