000
CDUS46 KSGX 160016
CLIPSP


CLIMATE REPORT
NATIONAL WEATHER SERVICE SAN DIEGO, CA
516 PM PDT TUE APR 15 2014


...................................

...THE PALM SPRINGS INTL AIRPORT CA CLIMATE SUMMARY FOR APRIL 15 2014...
VALID TODAY AS OF 0500 PM LOCAL TIME.

CLIMATE NORMAL PERIOD 1981 TO 2010
CLIMATE RECORD PERIOD 1893 TO 2014


WEATHER ITEM   OBSERVED TIME   RECORD YEAR NORMAL DEPARTURE LAST
                VALUE   (LST)  VALUE       VALUE  FROM      YEAR
                                                  NORMAL
..................................................................
TEMPERATURE (F)
 TODAY
  MAXIMUM         94    340 PM 105    1947  84     10       79
  MINIMUM         64    455 AM  36    1976  57      7       58
  AVERAGE         79                        71      8       69

PRECIPITATION (IN)
  TODAY            0.00          0.13 1988   0.01  -0.01     0.00
  MONTH TO DATE    T                         0.06  -0.06     0.00
  SINCE JUL 1      1.96                      5.50  -3.54     2.19
  SINCE JAN 1      0.70                      2.70  -2.00     0.97

SNOWFALL (IN)
  TODAY            0.0
  MONTH TO DATE    0.0
  SINCE JAN 1      0.0
  SINCE JUL 1      0.0
  SNOW DEPTH       0

DEGREE DAYS
 HEATING
  TODAY            0                         1     -1        0
  MONTH TO DATE    8                        15     -7        0
  SINCE MAR 1     20                        88    -68       22
  SINCE JUL 1    431                       866   -435      760

 COOLING
  TODAY           14                         6      8        4
  MONTH TO DATE  131                        80     51      123
  SINCE MAR 1    298                       173    125      343
  SINCE JAN 1    406                       200    206      355
..................................................................


WIND (MPH)
  RESULTANT WIND SPEED   2   RESULTANT WIND DIRECTION  NE (50)
  HIGHEST WIND SPEED    12   HIGHEST WIND DIRECTION     E (110)
  HIGHEST GUST SPEED    17   HIGHEST GUST DIRECTION    SE (120)
  AVERAGE WIND SPEED     6.0


SKY COVER
  POSSIBLE SUNSHINE  MM
  AVERAGE SKY COVER 0.0


WEATHER CONDITIONS
 THE FOLLOWING WEATHER WAS RECORDED TODAY.
  NO SIGNIFICANT WEATHER WAS OBSERVED.


RELATIVE HUMIDITY (PERCENT)
 HIGHEST    30           500 AM
 LOWEST      7           300 PM
 AVERAGE    19

..........................................................


THE PALM SPRINGS INTL AIRPORT CA CLIMATE NORMALS FOR TOMORROW
                         NORMAL    RECORD    YEAR
 MAXIMUM TEMPERATURE (F)   85       110      1948
 MINIMUM TEMPERATURE (F)   57        43      1998
                                             1922


SUNRISE AND SUNSET
APRIL 15 2014.........SUNRISE   615 AM PDT   SUNSET   717 PM PDT
APRIL 16 2014.........SUNRISE   614 AM PDT   SUNSET   718 PM PDT


-  INDICATES NEGATIVE NUMBERS.
R  INDICATES RECORD WAS SET OR TIED.
MM INDICATES DATA IS MISSING.
T  INDICATES TRACE AMOUNT.




$$
