000
CDUS46 KSGX 170128
CLIPSP


CLIMATE REPORT
NATIONAL WEATHER SERVICE SAN DIEGO, CA
528 PM PST SAT DEC 16 2017


...................................

...THE PALM SPRINGS INTL AIRPORT CA CLIMATE SUMMARY FOR DECEMBER 16 2017...
VALID TODAY AS OF 0500 PM LOCAL TIME.

CLIMATE NORMAL PERIOD 1981 TO 2010
CLIMATE RECORD PERIOD 1893 TO 2017


WEATHER ITEM   OBSERVED TIME   RECORD YEAR NORMAL DEPARTURE LAST
                VALUE   (LST)  VALUE       VALUE  FROM      YEAR
                                                  NORMAL
..................................................................
TEMPERATURE (F)
 TODAY
  MAXIMUM         68    256 PM  90    1980  66      2       72
  MINIMUM         49    701 AM  30    1964  44      5       51
                                      1948
                                      1945
  AVERAGE         59                        55      4       62

PRECIPITATION (IN)
  TODAY            0.00          1.23 1938   0.03  -0.03     0.07
  MONTH TO DATE    0.00                      0.35  -0.35     0.07
  SINCE OCT 1      T                         1.32  -1.32     0.36
  SINCE JAN 1      7.17                      5.21   1.96     3.72

DEGREE DAYS
 HEATING
  TODAY            6                        10     -4        3
  MONTH TO DATE   13                       143   -130       64
  SINCE DEC 1     13                       143   -130       64
  SINCE JUL 1     13                       239   -226      125

 COOLING
  TODAY            0                         0      0        0
  MONTH TO DATE   29                         0     29        1
  SINCE DEC 1     29                         0     29        1
  SINCE JAN 1   5220                      4137   1083     4809
..................................................................


WIND (MPH)
  RESULTANT WIND SPEED   2   RESULTANT WIND DIRECTION  NW (300)
  HIGHEST WIND SPEED    15   HIGHEST WIND DIRECTION     N (20)
  HIGHEST GUST SPEED    16   HIGHEST GUST DIRECTION     N (20)
  AVERAGE WIND SPEED     3.2


SKY COVER
  POSSIBLE SUNSHINE  MM
  AVERAGE SKY COVER 0.3


WEATHER CONDITIONS
 THE FOLLOWING WEATHER WAS RECORDED TODAY.
  NO SIGNIFICANT WEATHER WAS OBSERVED.


RELATIVE HUMIDITY (PERCENT)
 HIGHEST    41           300 AM
 LOWEST     16          1200 PM
 AVERAGE    29

..........................................................


THE PALM SPRINGS INTL AIRPORT CA CLIMATE NORMALS FOR TOMORROW
                         NORMAL    RECORD    YEAR
 MAXIMUM TEMPERATURE (F)   66        86      1998
                                             1950
 MINIMUM TEMPERATURE (F)   44        30      1945


SUNRISE AND SUNSET
DECEMBER 16 2017......SUNRISE   644 AM PST   SUNSET   439 PM PST
DECEMBER 17 2017......SUNRISE   645 AM PST   SUNSET   440 PM PST


-  INDICATES NEGATIVE NUMBERS.
R  INDICATES RECORD WAS SET OR TIED.
MM INDICATES DATA IS MISSING.
T  INDICATES TRACE AMOUNT.




$$
