000
CDUS46 KSGX 210120
CLIPSP


CLIMATE REPORT
NATIONAL WEATHER SERVICE SAN DIEGO, CA
519 PM PST FRI JAN 20 2017


...................................

...THE PALM SPRINGS INTL AIRPORT CA CLIMATE SUMMARY FOR JANUARY 20 2017...
VALID TODAY AS OF 0500 PM LOCAL TIME.

CLIMATE NORMAL PERIOD 1981 TO 2010
CLIMATE RECORD PERIOD 1893 TO 2017


WEATHER ITEM   OBSERVED TIME   RECORD YEAR NORMAL DEPARTURE LAST
                VALUE   (LST)  VALUE       VALUE  FROM      YEAR
                                                  NORMAL
..................................................................
TEMPERATURE (F)
 TODAY
  MAXIMUM         60   1103 AM  88    1971  70    -10       74
  MINIMUM         47    656 AM  28    1963  46      1       51
                                      1943
  AVERAGE         54                        58     -4       63

PRECIPITATION (IN)
  TODAY            0.43          0.74 2010   0.02   0.41     0.00
  MONTH TO DATE    1.36                      0.80   0.56     2.12
  SINCE OCT 1      3.15                      2.65   0.50     2.31
  SINCE JAN 1      1.36                      0.80   0.56     2.12

DEGREE DAYS
 HEATING
  TODAY           11                         7      4        2
  MONTH TO DATE  180                       164     16      203
  SINCE DEC 1    402                       454    -52      498
  SINCE JUL 1    463                       550    -87      605

 COOLING
  TODAY            0                         0      0        0
  MONTH TO DATE    0                         0      0        0
  SINCE DEC 1      1                         4     -3        0
  SINCE JAN 1      0                         0      0        0
..................................................................


WIND (MPH)
  RESULTANT WIND SPEED   2   RESULTANT WIND DIRECTION  NW (300)
  HIGHEST WIND SPEED    21   HIGHEST WIND DIRECTION    NW (320)
  HIGHEST GUST SPEED    26   HIGHEST GUST DIRECTION    NW (320)
  AVERAGE WIND SPEED     4.2


SKY COVER
  POSSIBLE SUNSHINE  MM
  AVERAGE SKY COVER 0.7


WEATHER CONDITIONS
 THE FOLLOWING WEATHER WAS RECORDED TODAY.
  HEAVY RAIN
  RAIN
  LIGHT RAIN
  FOG


RELATIVE HUMIDITY (PERCENT)
 HIGHEST   100           400 AM
 LOWEST     77           100 PM
 AVERAGE    89

..........................................................


THE PALM SPRINGS INTL AIRPORT CA CLIMATE NORMALS FOR TOMORROW
                         NORMAL    RECORD    YEAR
 MAXIMUM TEMPERATURE (F)   70        92      1944
 MINIMUM TEMPERATURE (F)   46        24      1937


SUNRISE AND SUNSET
JANUARY 20 2017.......SUNRISE   649 AM PST   SUNSET   505 PM PST
JANUARY 21 2017.......SUNRISE   649 AM PST   SUNSET   506 PM PST


-  INDICATES NEGATIVE NUMBERS.
R  INDICATES RECORD WAS SET OR TIED.
MM INDICATES DATA IS MISSING.
T  INDICATES TRACE AMOUNT.




$$
