000
CDUS45 KPUB 281125
CLIPUB


CLIMATE REPORT
NATIONAL WEATHER SERVICE PUEBLO
425 AM MST TUE FEB 28 2017


...................................

...THE PUEBLO CO CLIMATE SUMMARY FOR FEBRUARY 27 2017...

CLIMATE NORMAL PERIOD 1981 TO 2010
CLIMATE RECORD PERIOD 1888 TO 2017


WEATHER ITEM   OBSERVED TIME   RECORD YEAR NORMAL DEPARTURE LAST
                VALUE   (LST)  VALUE       VALUE  FROM      YEAR
                                                  NORMAL
..................................................................
TEMPERATURE (F)
 YESTERDAY
  MAXIMUM         61    131 PM  81    1980  54      7       78
  MINIMUM         10    614 AM  -7    1960  21    -11       23
  AVERAGE         36                        37     -1       51

PRECIPITATION (IN)
  YESTERDAY        0.00          0.70 1918   0.01  -0.01     0.00
  MONTH TO DATE    0.17                      0.28  -0.11     0.33
  SINCE DEC 1      1.68                      1.01   0.67     1.26
  SINCE JAN 1      0.92                      0.63   0.29     0.86

SNOWFALL (IN)
  YESTERDAY        0.0           9.1  1939   0.1   -0.1      0.0
  MONTH TO DATE    0.0                       3.7   -3.7      5.8
  SINCE DEC 1     14.2                      15.7   -1.5     17.8
  SINCE JUL 1     14.2                      21.7   -7.5     24.2
  SNOW DEPTH       0

DEGREE DAYS
 HEATING
  YESTERDAY       29                        28      1       14
  MONTH TO DATE  602                       844   -242      673
  SINCE DEC 1   2686                      2995   -309     2604
  SINCE JUL 1   3468                      4276   -808     3478

 COOLING
  YESTERDAY        0                         0      0        0
  MONTH TO DATE    0                         0      0        0
  SINCE DEC 1      0                         0      0        0
  SINCE JAN 1      0                         0      0        0
..................................................................


WIND (MPH)
  HIGHEST WIND SPEED    38   HIGHEST WIND DIRECTION    SW (210)
  HIGHEST GUST SPEED    47   HIGHEST GUST DIRECTION    SW (220)
  AVERAGE WIND SPEED    10.8


SKY COVER
  POSSIBLE SUNSHINE  MM
  AVERAGE SKY COVER 0.0


WEATHER CONDITIONS
 THE FOLLOWING WEATHER WAS RECORDED YESTERDAY.
  NO SIGNIFICANT WEATHER WAS OBSERVED.


RELATIVE HUMIDITY (PERCENT)
 HIGHEST    63           700 AM
 LOWEST     15           100 PM
 AVERAGE    39

..........................................................


THE PUEBLO CO CLIMATE NORMALS FOR TODAY
                         NORMAL    RECORD    YEAR
 MAXIMUM TEMPERATURE (F)   54        79      2006
                                             1972
 MINIMUM TEMPERATURE (F)   21       -19      1962


SUNRISE AND SUNSET
FEBRUARY 28 2017......SUNRISE   631 AM MST   SUNSET   551 PM MST
MARCH  1 2017.........SUNRISE   630 AM MST   SUNSET   552 PM MST


-  INDICATES NEGATIVE NUMBERS.
R  INDICATES RECORD WAS SET OR TIED.
MM INDICATES DATA IS MISSING.
T  INDICATES TRACE AMOUNT.




$$
