000
CDUS45 KPUB 291126
CLIPUB


CLIMATE REPORT
NATIONAL WEATHER SERVICE PUEBLO
426 AM MST MON DEC 29 2014


...................................

...THE PUEBLO CO CLIMATE SUMMARY FOR DECEMBER 28 2014...

CLIMATE NORMAL PERIOD 1981 TO 2010
CLIMATE RECORD PERIOD 1888 TO 2014


WEATHER ITEM   OBSERVED TIME   RECORD YEAR NORMAL DEPARTURE LAST
                VALUE   (LST)  VALUE       VALUE  FROM      YEAR
                                                  NORMAL
..................................................................
TEMPERATURE (F)
 YESTERDAY
  MAXIMUM         49    134 PM  68    1999  46      3       65
  MINIMUM          6    236 AM -15    1983  13     -7       16
  AVERAGE         28                        30     -2       41

PRECIPITATION (IN)
  YESTERDAY        0.00          0.12 1891   0.01  -0.01      T
  MONTH TO DATE    0.15                      0.35  -0.20     0.02
  SINCE DEC 1      0.15                      0.35  -0.20     0.02
  SINCE JAN 1     11.74                     12.54  -0.80     9.67

SNOWFALL (IN)
  YESTERDAY        0.0           1.3  1939   0.2   -0.2       T
  MONTH TO DATE    0.9                       5.0   -4.1      2.0
  SINCE DEC 1      0.9                       5.0   -4.1      2.0
  SINCE JUL 1     10.8                      11.0   -0.2      5.7
  SNOW DEPTH       0

DEGREE DAYS
 HEATING
  YESTERDAY       37                        35      2       24
  MONTH TO DATE  891                       978    -87      953
  SINCE DEC 1    891                       978    -87      953
  SINCE JUL 1   2053                      2259   -206     2136

 COOLING
  YESTERDAY        0                         0      0        0
  MONTH TO DATE    0                         0      0        0
  SINCE DEC 1      0                         0      0        0
  SINCE JAN 1   1002                       897    105     1230
..................................................................


WIND (MPH)
  HIGHEST WIND SPEED    32   HIGHEST WIND DIRECTION     W (270)
  HIGHEST GUST SPEED    38   HIGHEST GUST DIRECTION     W (290)
  AVERAGE WIND SPEED     8.8


SKY COVER
  POSSIBLE SUNSHINE  MM
  AVERAGE SKY COVER 0.0


WEATHER CONDITIONS
 THE FOLLOWING WEATHER WAS RECORDED YESTERDAY.
  NO SIGNIFICANT WEATHER WAS OBSERVED.


RELATIVE HUMIDITY (PERCENT)
 HIGHEST    88           100 AM
 LOWEST     18           100 PM
 AVERAGE    53

..........................................................


THE PUEBLO CO CLIMATE NORMALS FOR TODAY
                         NORMAL    RECORD    YEAR
 MAXIMUM TEMPERATURE (F)   46        71      1999
 MINIMUM TEMPERATURE (F)   14       -20      1983


SUNRISE AND SUNSET
DECEMBER 29 2014......SUNRISE   714 AM MST   SUNSET   446 PM MST
DECEMBER 30 2014......SUNRISE   715 AM MST   SUNSET   447 PM MST


-  INDICATES NEGATIVE NUMBERS.
R  INDICATES RECORD WAS SET OR TIED.
MM INDICATES DATA IS MISSING.
T  INDICATES TRACE AMOUNT.




$$
