000
CDUS45 KPUB 021030
CLIPUB


CLIMATE REPORT
NATIONAL WEATHER SERVICE PUEBLO
430 AM MDT SUN AUG 2 2015


...................................

...THE PUEBLO CO CLIMATE SUMMARY FOR AUGUST 1 2015...

CLIMATE NORMAL PERIOD 1981 TO 2010
CLIMATE RECORD PERIOD 1888 TO 2015


WEATHER ITEM   OBSERVED TIME   RECORD YEAR NORMAL DEPARTURE LAST
                VALUE   (LST)  VALUE       VALUE  FROM      YEAR
                                                  NORMAL
..................................................................
TEMPERATURE (F)
 YESTERDAY
  MAXIMUM         95    338 PM 103    1938  91      4       79
  MINIMUM         63    502 AM  46    1995  59      4       60
  AVERAGE         79                        75      4       70

PRECIPITATION (IN)
  YESTERDAY        0.89          1.15 1999   0.08   0.81     0.03
  MONTH TO DATE    0.89                      0.08   0.81     0.03
  SINCE JUN 1      2.75                      3.50  -0.75     4.17
  SINCE JAN 1     11.67                      7.99   3.68     8.37

SNOWFALL (IN)
  YESTERDAY        0.0           0.0  2002   0.0    0.0      0.0
  MONTH TO DATE    0.0                       0.0    0.0      0.0
  SINCE JUN 1      0.0                       0.0    0.0       T
  SINCE JUL 1      0.0                       0.0    0.0      0.0
  SNOW DEPTH       0

DEGREE DAYS
 HEATING
  YESTERDAY        0                         0      0        0
  MONTH TO DATE    0                         0      0        0
  SINCE JUN 1      0                        26    -26        4
  SINCE JUL 1      0                         1     -1        1

 COOLING
  YESTERDAY       14                        10      4        5
  MONTH TO DATE   14                        10      4        5
  SINCE JUN 1    657                       521    136      566
  SINCE JAN 1    661                       555    106      618
..................................................................


WIND (MPH)
  HIGHEST WIND SPEED    29   HIGHEST WIND DIRECTION     W (280)
  HIGHEST GUST SPEED    39   HIGHEST GUST DIRECTION     W (290)
  AVERAGE WIND SPEED     5.8


SKY COVER
  POSSIBLE SUNSHINE  MM
  AVERAGE SKY COVER 0.1


WEATHER CONDITIONS
 THE FOLLOWING WEATHER WAS RECORDED YESTERDAY.
  THUNDERSTORM
  HEAVY RAIN
  RAIN
  LIGHT RAIN


RELATIVE HUMIDITY (PERCENT)
 HIGHEST    73           600 AM
 LOWEST     23           100 PM
 AVERAGE    48

..........................................................


THE PUEBLO CO CLIMATE NORMALS FOR TODAY
                         NORMAL    RECORD    YEAR
 MAXIMUM TEMPERATURE (F)   91       105      2008
 MINIMUM TEMPERATURE (F)   59        51      1995


SUNRISE AND SUNSET
AUGUST  2 2015........SUNRISE   601 AM MDT   SUNSET   807 PM MDT
AUGUST  3 2015........SUNRISE   602 AM MDT   SUNSET   806 PM MDT


-  INDICATES NEGATIVE NUMBERS.
R  INDICATES RECORD WAS SET OR TIED.
MM INDICATES DATA IS MISSING.
T  INDICATES TRACE AMOUNT.




$$
