000
CDUS45 KPUB 211030
CLIPUB


CLIMATE REPORT
NATIONAL WEATHER SERVICE PUEBLO
429 AM MDT THU AUG 21 2014


...................................

...THE PUEBLO CO CLIMATE SUMMARY FOR AUGUST 20 2014...

CLIMATE NORMAL PERIOD 1981 TO 2010
CLIMATE RECORD PERIOD 1888 TO 2014


WEATHER ITEM   OBSERVED TIME   RECORD YEAR NORMAL DEPARTURE LAST
                VALUE   (LST)  VALUE       VALUE  FROM      YEAR
                                                  NORMAL
..................................................................
TEMPERATURE (F)
 YESTERDAY
  MAXIMUM         93    155 PM 102    1987  89      4       95
  MINIMUM         63    540 AM  50    1979  57      6       60
                                      1897
  AVERAGE         78                        73      5       78

PRECIPITATION (IN)
  YESTERDAY        0.00          1.57 1982   0.07  -0.07     0.00
  MONTH TO DATE    1.24                      1.63  -0.39     3.26
  SINCE JUN 1      5.38                      5.05   0.33     5.21
  SINCE JAN 1      9.58                      9.54   0.04     7.14

SNOWFALL (IN)
  YESTERDAY        0.0           0.0  2002   0.0    0.0      0.0
  MONTH TO DATE    0.0                       0.0    0.0      0.0
  SINCE JUN 1      T                         0.0    0.0       T
  SINCE JUL 1      0.0                       0.0    0.0       T
  SNOW DEPTH       0

DEGREE DAYS
 HEATING
  YESTERDAY        0                         0      0        0
  MONTH TO DATE    0                         0      0        0
  SINCE JUN 1      4                        26    -22       17
  SINCE JUL 1      1                         1      0        0

 COOLING
  YESTERDAY       13                         8      5       13
  MONTH TO DATE  192                       186      6      180
  SINCE JUN 1    753                       697     56      846
  SINCE JAN 1    805                       731     74      919
..................................................................


WIND (MPH)
  HIGHEST WIND SPEED    25   HIGHEST WIND DIRECTION     N (360)
  HIGHEST GUST SPEED    30   HIGHEST GUST DIRECTION     N (340)
  AVERAGE WIND SPEED     6.8


SKY COVER
  POSSIBLE SUNSHINE  MM
  AVERAGE SKY COVER 0.1


WEATHER CONDITIONS
 THE FOLLOWING WEATHER WAS RECORDED YESTERDAY.
  THUNDERSTORM


RELATIVE HUMIDITY (PERCENT)
 HIGHEST    68           700 AM
 LOWEST     20           200 PM
 AVERAGE    44

..........................................................


THE PUEBLO CO CLIMATE NORMALS FOR TODAY
                         NORMAL    RECORD    YEAR
 MAXIMUM TEMPERATURE (F)   89       101      2003
 MINIMUM TEMPERATURE (F)   57        46      1964


SUNRISE AND SUNSET
AUGUST 21 2014........SUNRISE   618 AM MDT   SUNSET   744 PM MDT
AUGUST 22 2014........SUNRISE   619 AM MDT   SUNSET   742 PM MDT


-  INDICATES NEGATIVE NUMBERS.
R  INDICATES RECORD WAS SET OR TIED.
MM INDICATES DATA IS MISSING.
T  INDICATES TRACE AMOUNT.




$$
