000
CDUS45 KPUB 041037
CLIPUB


CLIMATE REPORT
NATIONAL WEATHER SERVICE PUEBLO
437 AM MDT FRI SEP 4 2015


...................................

...THE PUEBLO CO CLIMATE SUMMARY FOR SEPTEMBER 3 2015...

CLIMATE NORMAL PERIOD 1981 TO 2010
CLIMATE RECORD PERIOD 1888 TO 2015


WEATHER ITEM   OBSERVED TIME   RECORD YEAR NORMAL DEPARTURE LAST
                VALUE   (LST)  VALUE       VALUE  FROM      YEAR
                                                  NORMAL
..................................................................
TEMPERATURE (F)
 YESTERDAY
  MAXIMUM         95    252 PM 100    2014  86      9      100
  MINIMUM         62    527 AM  39    1934  53      9       56
  AVERAGE         79                        70      9       78

PRECIPITATION (IN)
  YESTERDAY        T             0.97 1991   0.03  -0.03     0.00
                                      1938
  MONTH TO DATE    0.02                      0.12  -0.10     0.00
  SINCE SEP 1      0.02                      0.12  -0.10     0.00
  SINCE JAN 1     15.04                     10.35   4.69     9.60

SNOWFALL (IN)
  YESTERDAY        0.0           0.0  2002   0.0    0.0      0.0
  MONTH TO DATE    0.0                       0.0    0.0      0.0
  SINCE SEP 1      0.0                       0.0    0.0      0.0
  SINCE JUL 1      0.0                       0.0    0.0       T
  SNOW DEPTH       0

DEGREE DAYS
 HEATING
  YESTERDAY        0                         1     -1        0
  MONTH TO DATE    0                         3     -3        0
  SINCE SEP 1      0                         3     -3        0
  SINCE JUL 1      0                         8     -8        1

 COOLING
  YESTERDAY       14                         5      9       13
  MONTH TO DATE   39                        17     22       29
  SINCE SEP 1     39                        17     22       29
  SINCE JAN 1   1085                       828    257      904
..................................................................


WIND (MPH)
  HIGHEST WIND SPEED    33   HIGHEST WIND DIRECTION     W (280)
  HIGHEST GUST SPEED    40   HIGHEST GUST DIRECTION     W (280)
  AVERAGE WIND SPEED     6.7


SKY COVER
  POSSIBLE SUNSHINE  MM
  AVERAGE SKY COVER 0.1


WEATHER CONDITIONS
 THE FOLLOWING WEATHER WAS RECORDED YESTERDAY.
  THUNDERSTORM
  LIGHT RAIN


RELATIVE HUMIDITY (PERCENT)
 HIGHEST    63          1100 PM
 LOWEST     17           300 PM
 AVERAGE    40

..........................................................


THE PUEBLO CO CLIMATE NORMALS FOR TODAY
                         NORMAL    RECORD    YEAR
 MAXIMUM TEMPERATURE (F)   86        98      1982
                                             1959
                                             1945
 MINIMUM TEMPERATURE (F)   53        39      2008
                                             1961


SUNRISE AND SUNSET
SEPTEMBER  4 2015.....SUNRISE   630 AM MDT   SUNSET   724 PM MDT
SEPTEMBER  5 2015.....SUNRISE   631 AM MDT   SUNSET   722 PM MDT


-  INDICATES NEGATIVE NUMBERS.
R  INDICATES RECORD WAS SET OR TIED.
MM INDICATES DATA IS MISSING.
T  INDICATES TRACE AMOUNT.




$$
