000
CDUS45 KPUB 281031
CLIPUB


CLIMATE REPORT
NATIONAL WEATHER SERVICE PUEBLO
431 AM MDT FRI APR 28 2017


...................................

...THE PUEBLO CO CLIMATE SUMMARY FOR APRIL 27 2017...

CLIMATE NORMAL PERIOD 1981 TO 2010
CLIMATE RECORD PERIOD 1888 TO 2017


WEATHER ITEM   OBSERVED TIME   RECORD YEAR NORMAL DEPARTURE LAST
                VALUE   (LST)  VALUE       VALUE  FROM      YEAR
                                                  NORMAL
..................................................................
TEMPERATURE (F)
 YESTERDAY
  MAXIMUM         70    239 PM  88    1992  71     -1       64
  MINIMUM         39   1159 PM  22    1984  38      1       35
  AVERAGE         55                        54      1       50

PRECIPITATION (IN)
  YESTERDAY        0.00          0.91 1938   0.05  -0.05      T
  MONTH TO DATE    2.72                      1.23   1.49     1.71
  SINCE MAR 1      3.67                      2.16   1.51     2.29
  SINCE JAN 1      4.59                      2.81   1.78     3.15

SNOWFALL (IN)
  YESTERDAY        0.0           5.2  1932   0.0    0.0      0.0
  MONTH TO DATE    5.6                       3.5    2.1      0.2
  SINCE MAR 1      5.6                       9.2   -3.6      4.1
  SINCE JUL 1     19.8                      31.0  -11.2     28.3
  SNOW DEPTH       0

DEGREE DAYS
 HEATING
  YESTERDAY       10                        11     -1       15
  MONTH TO DATE  299                       405   -106      296
  SINCE MAR 1    775                      1107   -332      894
  SINCE JUL 1   4275                      5410  -1135     4403

 COOLING
  YESTERDAY        0                         0      0        0
  MONTH TO DATE    0                         0      0        0
  SINCE MAR 1      0                         0      0        0
  SINCE JAN 1      0                         0      0        0
..................................................................


WIND (MPH)
  HIGHEST WIND SPEED    35   HIGHEST WIND DIRECTION     W (260)
  HIGHEST GUST SPEED    44   HIGHEST GUST DIRECTION     W (260)
  AVERAGE WIND SPEED     9.1


SKY COVER
  POSSIBLE SUNSHINE  MM
  AVERAGE SKY COVER 0.2


WEATHER CONDITIONS
 THE FOLLOWING WEATHER WAS RECORDED YESTERDAY.
  NO SIGNIFICANT WEATHER WAS OBSERVED.


RELATIVE HUMIDITY (PERCENT)
 HIGHEST    86           200 AM
 LOWEST     18           300 PM
 AVERAGE    52

..........................................................


THE PUEBLO CO CLIMATE NORMALS FOR TODAY
                         NORMAL    RECORD    YEAR
 MAXIMUM TEMPERATURE (F)   71        88      1910
 MINIMUM TEMPERATURE (F)   38        20      1932


SUNRISE AND SUNSET
APRIL 28 2017.........SUNRISE   605 AM MDT   SUNSET   747 PM MDT
APRIL 29 2017.........SUNRISE   603 AM MDT   SUNSET   748 PM MDT


-  INDICATES NEGATIVE NUMBERS.
R  INDICATES RECORD WAS SET OR TIED.
MM INDICATES DATA IS MISSING.
T  INDICATES TRACE AMOUNT.




$$
