000
CDUS45 KPUB 210029
CLIPUB


CLIMATE REPORT
NATIONAL WEATHER SERVICE PUEBLO
629 PM MDT WED SEP 20 2017


...................................

...THE PUEBLO CO CLIMATE SUMMARY FOR SEPTEMBER 20 2017...
VALID TODAY AS OF 0500 PM LOCAL TIME.

CLIMATE NORMAL PERIOD 1981 TO 2010
CLIMATE RECORD PERIOD 1888 TO 2017


WEATHER ITEM   OBSERVED TIME   RECORD YEAR NORMAL DEPARTURE LAST
                VALUE   (LST)  VALUE       VALUE  FROM      YEAR
                                                  NORMAL
..................................................................
TEMPERATURE (F)
 TODAY
  MAXIMUM         79    443 PM  96    1970  80     -1       95
  MINIMUM         40    551 AM  32    1995  46     -6       54
  AVERAGE         60                        63     -3       75

PRECIPITATION (IN)
  TODAY            0.00          0.40 1997   0.02  -0.02     0.00
  MONTH TO DATE    T                         0.56  -0.56     0.05
  SINCE SEP 1      T                         0.56  -0.56     0.05
  SINCE JAN 1     14.26                     10.79   3.47    10.37

SNOWFALL (IN)
  TODAY            0.0           1.8  1995   0.0    0.0      0.0
  MONTH TO DATE    0.0                       0.1   -0.1      0.0
  SINCE SEP 1      0.0                       0.1   -0.1      0.0
  SINCE JUL 1      0.0                       0.1   -0.1       T
  SNOW DEPTH       0

DEGREE DAYS
 HEATING
  TODAY            5                         4      1        0
  MONTH TO DATE    6                        38    -32        4
  SINCE SEP 1      6                        38    -32        4
  SINCE JUL 1      6                        43    -37        4

 COOLING
  TODAY            0                         2     -2       10
  MONTH TO DATE  137                        73     64      139
  SINCE SEP 1    137                        73     64      139
  SINCE JAN 1   1018                       884    134     1304
..................................................................


WIND (MPH)
  HIGHEST WIND SPEED    24   HIGHEST WIND DIRECTION     E (110)
  HIGHEST GUST SPEED    28   HIGHEST GUST DIRECTION     E (110)
  AVERAGE WIND SPEED     6.8


SKY COVER
  POSSIBLE SUNSHINE  MM
  AVERAGE SKY COVER 0.0


WEATHER CONDITIONS
 THE FOLLOWING WEATHER WAS RECORDED TODAY.
  NO SIGNIFICANT WEATHER WAS OBSERVED.


RELATIVE HUMIDITY (PERCENT)
 HIGHEST    60           600 AM
 LOWEST     17           300 PM
 AVERAGE    39

..........................................................


THE PUEBLO CO CLIMATE NORMALS FOR TOMORROW
                         NORMAL    RECORD    YEAR
 MAXIMUM TEMPERATURE (F)   80        93      2015
                                             1926
 MINIMUM TEMPERATURE (F)   45        27      1983


SUNRISE AND SUNSET
SEPTEMBER 20 2017.....SUNRISE   644 AM MDT   SUNSET   658 PM MDT
SEPTEMBER 21 2017.....SUNRISE   645 AM MDT   SUNSET   656 PM MDT


-  INDICATES NEGATIVE NUMBERS.
R  INDICATES RECORD WAS SET OR TIED.
MM INDICATES DATA IS MISSING.
T  INDICATES TRACE AMOUNT.




$$
