000
CDUS45 KPUB 181156
CLIPUB


CLIMATE REPORT
NATIONAL WEATHER SERVICE PUEBLO
456 AM MST SAT NOV 18 2017


...................................

...THE PUEBLO CO CLIMATE SUMMARY FOR NOVEMBER 17 2017...

CLIMATE NORMAL PERIOD 1981 TO 2010
CLIMATE RECORD PERIOD 1888 TO 2017


WEATHER ITEM   OBSERVED TIME   RECORD YEAR NORMAL DEPARTURE LAST
                VALUE   (LST)  VALUE       VALUE  FROM      YEAR
                                                  NORMAL
..................................................................
TEMPERATURE (F)
 YESTERDAY
  MAXIMUM         73   1258 PM  80    1999  55     18       65
  MINIMUM         38   1124 PM   0    2014  22     16       31
  AVERAGE         56                        39     17       48

PRECIPITATION (IN)
  YESTERDAY        0.09          0.42 1928   0.02   0.07     0.08
  MONTH TO DATE    0.31                      0.28   0.03     0.08
  SINCE SEP 1      1.72                      1.77  -0.05     0.13
  SINCE JAN 1     15.98                     12.00   3.98    10.45

SNOWFALL (IN)
  YESTERDAY        0.0           4.4  1962   0.2   -0.2       T
  MONTH TO DATE    1.4                       2.2   -0.8       T
  SINCE SEP 1      1.4                       3.8   -2.4       T
  SINCE JUL 1      1.4                       3.8   -2.4       T
  SNOW DEPTH       0

DEGREE DAYS
 HEATING
  YESTERDAY        9                        26    -17       17
  MONTH TO DATE  322                       386    -64      241
  SINCE SEP 1    779                       891   -112      455
  SINCE JUL 1    779                       896   -117      455

 COOLING
  YESTERDAY        0                         0      0        0
  MONTH TO DATE    0                         0      0        0
  SINCE SEP 1    146                        86     60      193
  SINCE JAN 1   1027                       897    130     1358
..................................................................


WIND (MPH)
  HIGHEST WIND SPEED    39   HIGHEST WIND DIRECTION     N (10)
  HIGHEST GUST SPEED    47   HIGHEST GUST DIRECTION     N (10)
  AVERAGE WIND SPEED    12.5


SKY COVER
  POSSIBLE SUNSHINE  MM
  AVERAGE SKY COVER 0.1


WEATHER CONDITIONS
 THE FOLLOWING WEATHER WAS RECORDED YESTERDAY.
  LIGHT RAIN
  FOG


RELATIVE HUMIDITY (PERCENT)
 HIGHEST    61           900 PM
 LOWEST     25          1100 AM
 AVERAGE    43

..........................................................


THE PUEBLO CO CLIMATE NORMALS FOR TODAY
                         NORMAL    RECORD    YEAR
 MAXIMUM TEMPERATURE (F)   55        77      2008
 MINIMUM TEMPERATURE (F)   21         1      1903


SUNRISE AND SUNSET
NOVEMBER 18 2017......SUNRISE   643 AM MST   SUNSET   443 PM MST
NOVEMBER 19 2017......SUNRISE   644 AM MST   SUNSET   443 PM MST


-  INDICATES NEGATIVE NUMBERS.
R  INDICATES RECORD WAS SET OR TIED.
MM INDICATES DATA IS MISSING.
T  INDICATES TRACE AMOUNT.




$$
