000
CDUS45 KPUB 301036
CLIPUB


CLIMATE REPORT
NATIONAL WEATHER SERVICE PUEBLO
433 AM MDT FRI SEP 30 2016


...................................

...THE PUEBLO CO CLIMATE SUMMARY FOR SEPTEMBER 29 2016...

CLIMATE NORMAL PERIOD 1981 TO 2010
CLIMATE RECORD PERIOD 1888 TO 2016


WEATHER ITEM   OBSERVED TIME   RECORD YEAR NORMAL DEPARTURE LAST
                VALUE   (LST)  VALUE       VALUE  FROM      YEAR
                                                  NORMAL
..................................................................
TEMPERATURE (F)
 YESTERDAY
  MAXIMUM         87    310 PM  94    2010  76     11       75
                                      1933
  MINIMUM         48    620 AM  21    1999  41      7       54
  AVERAGE         68                        59      9       65

PRECIPITATION (IN)
  YESTERDAY        0.00          1.14 1959   0.02  -0.02      T
  MONTH TO DATE    0.05                      0.75  -0.70     0.03
  SINCE SEP 1      0.05                      0.75  -0.70     0.03
  SINCE JAN 1     10.37                     10.98  -0.61    15.05

SNOWFALL (IN)
  YESTERDAY        0.0           9.5  1959   0.0    0.0      0.0
  MONTH TO DATE    0.0                       0.3   -0.3      0.0
  SINCE SEP 1      0.0                       0.3   -0.3      0.0
  SINCE JUL 1      T                         0.3   -0.3      0.0
  SNOW DEPTH       0

DEGREE DAYS
 HEATING
  YESTERDAY        0                         7     -7        0
  MONTH TO DATE   20                        88    -68        0
  SINCE SEP 1     20                        88    -68        0
  SINCE JUL 1     20                        93    -73        0

 COOLING
  YESTERDAY        3                         1      2        0
  MONTH TO DATE  170                        82     88      217
  SINCE SEP 1    170                        82     88      217
  SINCE JAN 1   1335                       893    442     1263
..................................................................


WIND (MPH)
  HIGHEST WIND SPEED    21   HIGHEST WIND DIRECTION    SE (120)
  HIGHEST GUST SPEED    26   HIGHEST GUST DIRECTION     E (110)
  AVERAGE WIND SPEED     8.1


SKY COVER
  POSSIBLE SUNSHINE  MM
  AVERAGE SKY COVER 0.0


WEATHER CONDITIONS
 THE FOLLOWING WEATHER WAS RECORDED YESTERDAY.
  NO SIGNIFICANT WEATHER WAS OBSERVED.


RELATIVE HUMIDITY (PERCENT)
 HIGHEST    66           500 AM
 LOWEST     15           300 PM
 AVERAGE    41

..........................................................


THE PUEBLO CO CLIMATE NORMALS FOR TODAY
                         NORMAL    RECORD    YEAR
 MAXIMUM TEMPERATURE (F)   76        92      1989
 MINIMUM TEMPERATURE (F)   41        27      1984


SUNRISE AND SUNSET
SEPTEMBER 30 2016.....SUNRISE   653 AM MDT   SUNSET   642 PM MDT
OCTOBER  1 2016.......SUNRISE   654 AM MDT   SUNSET   640 PM MDT


-  INDICATES NEGATIVE NUMBERS.
R  INDICATES RECORD WAS SET OR TIED.
MM INDICATES DATA IS MISSING.
T  INDICATES TRACE AMOUNT.




$$
