245
CDUS45 KPUB 051046
CLIPUB


CLIMATE REPORT
NATIONAL WEATHER SERVICE PUEBLO
446 AM MDT THU MAY 5 2016


...................................

...THE PUEBLO CO CLIMATE SUMMARY FOR MAY 4 2016...

CLIMATE NORMAL PERIOD 1981 TO 2010
CLIMATE RECORD PERIOD 1888 TO 2016


WEATHER ITEM   OBSERVED TIME   RECORD YEAR NORMAL DEPARTURE LAST
                VALUE   (LST)  VALUE       VALUE  FROM      YEAR
                                                  NORMAL
..................................................................
TEMPERATURE (F)
 YESTERDAY
  MAXIMUM         80    320 PM  94    1947  73      7       68
  MINIMUM         40    501 AM  27    1990  40      0       53
  AVERAGE         60                        57      3       61

PRECIPITATION (IN)
  YESTERDAY        0.00          1.06 1933   0.05  -0.05      T
  MONTH TO DATE    T                         0.21  -0.21     0.02
  SINCE MAR 1      3.55                      2.54   1.01     2.01
  SINCE JAN 1      4.41                      3.19   1.22     3.39

SNOWFALL (IN)
  YESTERDAY        0.0           1.0  1898   0.1   -0.1      0.0
  MONTH TO DATE    0.0                       0.2   -0.2      0.0
  SINCE MAR 1      7.2                       9.7   -2.5      1.7
  SINCE JUL 1     31.4                      31.5   -0.1     42.8
  SNOW DEPTH       0

DEGREE DAYS
 HEATING
  YESTERDAY        5                         9     -4        4
  MONTH TO DATE   54                        37     17        7
  SINCE MAR 1   1018                      1174   -156      995
  SINCE JUL 1   4527                      5477   -950     5017

 COOLING
  YESTERDAY        0                         0      0        0
  MONTH TO DATE    0                         0      0        1
  SINCE MAR 1      0                         2     -2        1
  SINCE JAN 1      0                         2     -2        1
..................................................................


WIND (MPH)
  HIGHEST WIND SPEED    18   HIGHEST WIND DIRECTION     E (100)
  HIGHEST GUST SPEED    23   HIGHEST GUST DIRECTION     E (100)
  AVERAGE WIND SPEED     8.3


SKY COVER
  POSSIBLE SUNSHINE  MM
  AVERAGE SKY COVER 0.0


WEATHER CONDITIONS
 THE FOLLOWING WEATHER WAS RECORDED YESTERDAY.
  NO SIGNIFICANT WEATHER WAS OBSERVED.


RELATIVE HUMIDITY (PERCENT)
 HIGHEST    70           100 AM
 LOWEST     16           100 PM
 AVERAGE    43

..........................................................


THE PUEBLO CO CLIMATE NORMALS FOR TODAY
                         NORMAL    RECORD    YEAR
 MAXIMUM TEMPERATURE (F)   74        94      2000
 MINIMUM TEMPERATURE (F)   41        27      2011


SUNRISE AND SUNSET
MAY  5 2016...........SUNRISE   556 AM MDT   SUNSET   754 PM MDT
MAY  6 2016...........SUNRISE   555 AM MDT   SUNSET   755 PM MDT


-  INDICATES NEGATIVE NUMBERS.
R  INDICATES RECORD WAS SET OR TIED.
MM INDICATES DATA IS MISSING.
T  INDICATES TRACE AMOUNT.




$$
