000
CDUS41 KBOX 260543
CLIPVD


CLIMATE REPORT
NATIONAL WEATHER SERVICE TAUNTON MA
1241 AM EST SUN FEB 26 2017


...................................

...THE PROVIDENCE RI CLIMATE SUMMARY FOR FEBRUARY 25 2017...

CLIMATE NORMAL PERIOD 1981 TO 2010
CLIMATE RECORD PERIOD 1904 TO 2017


WEATHER ITEM   OBSERVED TIME   RECORD YEAR NORMAL DEPARTURE LAST
                VALUE   (LST)  VALUE       VALUE  FROM      YEAR
                                                  NORMAL
..................................................................
TEMPERATURE (F)
 YESTERDAY
  MAXIMUM         63   1250 PM  69    1976  42     21       61
  MINIMUM         47    624 AM   1    1914  25     22       40
  AVERAGE         55                        34     21       51

PRECIPITATION (IN)
  YESTERDAY        0.13          2.11 1965   0.13   0.00     0.88
  MONTH TO DATE    2.20                      2.89  -0.69     5.32
  SINCE DEC 1     10.30                     10.97  -0.67    13.15
  SINCE JAN 1      7.16                      6.75   0.41     8.35

SNOWFALL (IN)
  YESTERDAY        0.0          10.7  1999   0.2   -0.2      0.0
  MONTH TO DATE   16.8                       7.7    9.1     11.5
  SINCE DEC 1     38.2                      25.4   12.8     19.4
  SINCE JUL 1     38.2                      26.9   11.3     19.4
  SNOW DEPTH       0

DEGREE DAYS
 HEATING
  YESTERDAY       10                        31    -21       14
  MONTH TO DATE  738                       833    -95      797
  SINCE DEC 1   2595                      2895   -300     2390
  SINCE JUL 1   3482                      3970   -488     3271

 COOLING
  YESTERDAY        0                         0      0        0
  MONTH TO DATE    0                         0      0        0
  SINCE DEC 1      0                         0      0        0
  SINCE JAN 1      0                         0      0        0
..................................................................


WIND (MPH)
  RESULTANT WIND SPEED   6   RESULTANT WIND DIRECTION   S (170)
  HIGHEST WIND SPEED    21   HIGHEST WIND DIRECTION    NW (320)
  HIGHEST GUST SPEED    30   HIGHEST GUST DIRECTION    NW (320)
  AVERAGE WIND SPEED     8.3


SKY COVER
  POSSIBLE SUNSHINE  MM
  AVERAGE SKY COVER 1.0


WEATHER CONDITIONS
 THE FOLLOWING WEATHER WAS RECORDED YESTERDAY.
  RAIN
  LIGHT RAIN
  FOG
  FOG W/VISIBILITY <= 1/4 MILE


RELATIVE HUMIDITY (PERCENT)
 HIGHEST   100           200 AM
 LOWEST     67          1200 PM
 AVERAGE    84

..........................................................


THE PROVIDENCE RI CLIMATE NORMALS FOR TODAY
                         NORMAL    RECORD    YEAR
 MAXIMUM TEMPERATURE (F)   43        65      1957
 MINIMUM TEMPERATURE (F)   26         0      1928


SUNRISE AND SUNSET
FEBRUARY 26 2017......SUNRISE   625 AM EST   SUNSET   533 PM EST
FEBRUARY 27 2017......SUNRISE   623 AM EST   SUNSET   534 PM EST


-  INDICATES NEGATIVE NUMBERS.
R  INDICATES RECORD WAS SET OR TIED.
MM INDICATES DATA IS MISSING.
T  INDICATES TRACE AMOUNT.




$$
