000
CDUS41 KBOX 010530
CLIPVD


CLIMATE REPORT
NATIONAL WEATHER SERVICE TAUNTON MA
1230 AM EST SUN MAR 1 2015


...................................

...THE PROVIDENCE RI CLIMATE SUMMARY FOR FEBRUARY 28 2015...

CLIMATE NORMAL PERIOD 1981 TO 2010
CLIMATE RECORD PERIOD 1904 TO 2015


WEATHER ITEM   OBSERVED TIME   RECORD YEAR NORMAL DEPARTURE LAST
                VALUE   (LST)  VALUE       VALUE  FROM      YEAR
                                                  NORMAL
..................................................................
TEMPERATURE (F)
 YESTERDAY
  MAXIMUM         29   1248 PM  66    1976  43    -14       26
  MINIMUM         10    633 AM   2    1907  26    -16        9
  AVERAGE         20                        35    -15       18

PRECIPITATION (IN)
  YESTERDAY        0.00          2.21 1984   0.14  -0.14     0.00
  MONTH TO DATE    2.73                      3.29  -0.56     4.71
  SINCE DEC 1     12.60                     11.37   1.23    13.22
  SINCE JAN 1      6.35                      7.15  -0.80     8.40

SNOWFALL (IN)
  YESTERDAY        0.0           5.9  1949   0.3   -0.3      0.0
  MONTH TO DATE   31.8                       8.5   23.3     20.0
  SINCE DEC 1     58.3                      26.2   32.1     42.0
  SINCE JUL 1     59.9                      27.7   32.2     42.1
  SNOW DEPTH      14

DEGREE DAYS
 HEATING
  YESTERDAY       45                        31     14       47
  MONTH TO DATE 1296                       926    370     1016
  SINCE DEC 1   3326                      2987    339     3169
  SINCE JUL 1   4362                      4062    300     4272

 COOLING
  YESTERDAY        0                         0      0        0
  MONTH TO DATE    0                         0      0        0
  SINCE DEC 1      0                         0      0        0
  SINCE JAN 1      0                         0      0        0
..................................................................


WIND (MPH)
  RESULTANT WIND SPEED   3   RESULTANT WIND DIRECTION   W (290)
  HIGHEST WIND SPEED    12   HIGHEST WIND DIRECTION     S (160)
  HIGHEST GUST SPEED    14   HIGHEST GUST DIRECTION     S (160)
  AVERAGE WIND SPEED     6.1


SKY COVER
  POSSIBLE SUNSHINE  MM
  AVERAGE SKY COVER 0.1


WEATHER CONDITIONS
 THE FOLLOWING WEATHER WAS RECORDED YESTERDAY.
  NO SIGNIFICANT WEATHER WAS OBSERVED.


RELATIVE HUMIDITY (PERCENT)
 HIGHEST    65           700 PM
 LOWEST     29           100 PM
 AVERAGE    47

..........................................................


THE PROVIDENCE RI CLIMATE NORMALS FOR TODAY
                         NORMAL    RECORD    YEAR
 MAXIMUM TEMPERATURE (F)   43        66      1972
 MINIMUM TEMPERATURE (F)   26         4      1980


SUNRISE AND SUNSET
MARCH  1 2015.........SUNRISE   621 AM EST   SUNSET   536 PM EST
MARCH  2 2015.........SUNRISE   619 AM EST   SUNSET   537 PM EST


-  INDICATES NEGATIVE NUMBERS.
R  INDICATES RECORD WAS SET OR TIED.
MM INDICATES DATA IS MISSING.
T  INDICATES TRACE AMOUNT.




$$
