000
CDUS41 KBOX 160538
CLIPVD


CLIMATE REPORT
NATIONAL WEATHER SERVICE TAUNTON MA
1238 AM EST MON JAN 16 2017


...................................

...THE PROVIDENCE RI CLIMATE SUMMARY FOR JANUARY 15 2017...

CLIMATE NORMAL PERIOD 1981 TO 2010
CLIMATE RECORD PERIOD 1904 TO 2017


WEATHER ITEM   OBSERVED TIME   RECORD YEAR NORMAL DEPARTURE LAST
                VALUE   (LST)  VALUE       VALUE  FROM      YEAR
                                                  NORMAL
..................................................................
TEMPERATURE (F)
 YESTERDAY
  MAXIMUM         40    215 PM  67    1995  37      3       41
  MINIMUM         21   1124 PM  -9    1957  21      0       23
  AVERAGE         31                        29      2       32

PRECIPITATION (IN)
  YESTERDAY        0.00          1.93 1936   0.14  -0.14      T
  MONTH TO DATE    2.40                      1.88   0.52     1.63
  SINCE DEC 1      5.54                      6.10  -0.56     6.43
  SINCE JAN 1      2.40                      1.88   0.52     1.63

SNOWFALL (IN)
  YESTERDAY        0.0           4.8  1910   0.2   -0.2      0.0
  MONTH TO DATE   14.1                       4.4    9.7      0.3
  SINCE DEC 1     18.5                      13.1    5.4      0.9
  SINCE JUL 1     18.5                      14.6    3.9      0.9
  SNOW DEPTH       0

DEGREE DAYS
 HEATING
  YESTERDAY       34                        36     -2       33
  MONTH TO DATE  488                       536    -48      488
  SINCE DEC 1   1416                      1488    -72     1071
  SINCE JUL 1   2303                      2563   -260     1952

 COOLING
  YESTERDAY        0                         0      0        0
  MONTH TO DATE    0                         0      0        0
  SINCE DEC 1      0                         0      0        0
  SINCE JAN 1      0                         0      0        0
..................................................................


WIND (MPH)
  RESULTANT WIND SPEED   5   RESULTANT WIND DIRECTION  NW (320)
  HIGHEST WIND SPEED    16   HIGHEST WIND DIRECTION     N (350)
  HIGHEST GUST SPEED    21   HIGHEST GUST DIRECTION     N (360)
  AVERAGE WIND SPEED     6.3


SKY COVER
  POSSIBLE SUNSHINE  MM
  AVERAGE SKY COVER 0.2


WEATHER CONDITIONS
 THE FOLLOWING WEATHER WAS RECORDED YESTERDAY.
  NO SIGNIFICANT WEATHER WAS OBSERVED.


RELATIVE HUMIDITY (PERCENT)
 HIGHEST    78           100 AM
 LOWEST     33           200 PM
 AVERAGE    56

..........................................................


THE PROVIDENCE RI CLIMATE NORMALS FOR TODAY
                         NORMAL    RECORD    YEAR
 MAXIMUM TEMPERATURE (F)   37        61      1995
 MINIMUM TEMPERATURE (F)   21        -6      2004


SUNRISE AND SUNSET
JANUARY 16 2017.......SUNRISE   710 AM EST   SUNSET   442 PM EST
JANUARY 17 2017.......SUNRISE   709 AM EST   SUNSET   443 PM EST


-  INDICATES NEGATIVE NUMBERS.
R  INDICATES RECORD WAS SET OR TIED.
MM INDICATES DATA IS MISSING.
T  INDICATES TRACE AMOUNT.




$$
