000
CDUS43 KLOT 140632
CLIPWK


CLIMATE REPORT
NATIONAL WEATHER SERVICE CHICAGO IL
1231 AM CST SUN FEB 14 2016


...................................

...THE CHICAGO EXECUTIVE CLIMATE SUMMARY FOR FEBRUARY 13 2016...

CLIMATE NORMAL PERIOD 1981 TO 2010
CLIMATE RECORD PERIOD 1996 TO 2016


WEATHER ITEM   OBSERVED TIME   RECORD YEAR NORMAL DEPARTURE LAST
                VALUE   (LST)  VALUE       VALUE  FROM      YEAR
                                                  NORMAL
..................................................................
TEMPERATURE (F)
 YESTERDAY
  MAXIMUM         17    312 PM  49    2011  34    -17       27
  MINIMUM          2R   722 AM   2    2015  20    -18        2
  AVERAGE         10                        27    -17       15

PRECIPITATION (IN)
  YESTERDAY        0.00          0.19 2005   0.03  -0.03     0.00
  MONTH TO DATE    1.19                      0.43   0.76      T
  SINCE DEC 1      4.38                      3.89   0.49     1.40
  SINCE JAN 1      1.57                      2.06  -0.49     0.69

DEGREE DAYS
 HEATING
  YESTERDAY       55                        38     17       50
  MONTH TO DATE  521                       511     10      579
  SINCE DEC 1   2564                      2938   -374     2911
  SINCE JUL 1   3576                      4208   -632     4314

 COOLING
  YESTERDAY        0                         0      0        0
  MONTH TO DATE    0                         0      0        0
  SINCE DEC 1      0                         0      0        0
  SINCE JAN 1      0                         0      0        0
..................................................................


WIND (MPH)
  RESULTANT WIND SPEED   8   RESULTANT WIND DIRECTION  NW (320)
  HIGHEST WIND SPEED    18   HIGHEST WIND DIRECTION     N (350)
  HIGHEST GUST SPEED    25   HIGHEST GUST DIRECTION    NW (320)
  AVERAGE WIND SPEED     7.8



WEATHER CONDITIONS
 THE FOLLOWING WEATHER WAS RECORDED YESTERDAY.
  NO SIGNIFICANT WEATHER WAS OBSERVED.


..........................................................


THE CHICAGO EXECUTIVE CLIMATE NORMALS FOR TODAY
                         NORMAL    RECORD    YEAR
 MAXIMUM TEMPERATURE (F)   35        54      2006
 MINIMUM TEMPERATURE (F)   20         1      2015


SUNRISE AND SUNSET
FEBRUARY 14 2016......SUNRISE   650 AM CST   SUNSET   522 PM CST
FEBRUARY 15 2016......SUNRISE   648 AM CST   SUNSET   524 PM CST


-  INDICATES NEGATIVE NUMBERS.
R  INDICATES RECORD WAS SET OR TIED.
MM INDICATES DATA IS MISSING.
T  INDICATES TRACE AMOUNT.




$$
