000
CDUS43 KLOT 240637
CLIPWK


CLIMATE REPORT
NATIONAL WEATHER SERVICE CHICAGO IL
1237 AM CST FRI NOV 24 2017


...................................

...THE CHICAGO EXECUTIVE CLIMATE SUMMARY FOR NOVEMBER 23 2017...

CLIMATE NORMAL PERIOD 1981 TO 2010
CLIMATE RECORD PERIOD 1996 TO 2017


WEATHER ITEM   OBSERVED TIME   RECORD YEAR NORMAL DEPARTURE LAST
                VALUE   (LST)  VALUE       VALUE  FROM      YEAR
                                                  NORMAL
..................................................................
TEMPERATURE (F)
 YESTERDAY
  MAXIMUM         46    341 PM  64    2003  44      2       44
  MINIMUM         29   1121 PM  15    2013  29      0       38
  AVERAGE         38                        37      1       41

PRECIPITATION (IN)
  YESTERDAY        0.00          0.62 2014   0.09  -0.09     0.22
  MONTH TO DATE    1.66                      2.27  -0.61     0.85
  SINCE SEP 1     10.37                      8.42   1.95     5.83
  SINCE JAN 1     41.99                     30.90  11.09    31.20

DEGREE DAYS
 HEATING
  YESTERDAY       27                        28     -1       24
  MONTH TO DATE  614                       537     77      388
  SINCE SEP 1    922                      1048   -126      688
  SINCE JUL 1    928                      1058   -130      690

 COOLING
  YESTERDAY        0                         0      0        0
  MONTH TO DATE    0                         0      0        3
  SINCE SEP 1    194                        92    102      158
  SINCE JAN 1    829                       789     40     1071
..................................................................


WIND (MPH)
  RESULTANT WIND SPEED   6   RESULTANT WIND DIRECTION  SW (210)
  HIGHEST WIND SPEED    15   HIGHEST WIND DIRECTION    SW (210)
  HIGHEST GUST SPEED    20   HIGHEST GUST DIRECTION    SW (210)
  AVERAGE WIND SPEED     6.9



WEATHER CONDITIONS
 THE FOLLOWING WEATHER WAS RECORDED YESTERDAY.
  NO SIGNIFICANT WEATHER WAS OBSERVED.


..........................................................


THE CHICAGO EXECUTIVE CLIMATE NORMALS FOR TODAY
                         NORMAL    RECORD    YEAR
 MAXIMUM TEMPERATURE (F)   44        64      2001
 MINIMUM TEMPERATURE (F)   28        11      2013


SUNRISE AND SUNSET
NOVEMBER 24 2017......SUNRISE   653 AM CST   SUNSET   424 PM CST
NOVEMBER 25 2017......SUNRISE   654 AM CST   SUNSET   423 PM CST


-  INDICATES NEGATIVE NUMBERS.
R  INDICATES RECORD WAS SET OR TIED.
MM INDICATES DATA IS MISSING.
T  INDICATES TRACE AMOUNT.




$$
