000
CDUS43 KLOT 280639
CLIPWK


CLIMATE REPORT
NATIONAL WEATHER SERVICE CHICAGO IL
134 AM CDT FRI AUG 28 2015


...................................

...THE CHICAGO EXECUTIVE CLIMATE SUMMARY FOR AUGUST 27 2015...

CLIMATE NORMAL PERIOD 1981 TO 2010
CLIMATE RECORD PERIOD 1996 TO 2015


WEATHER ITEM   OBSERVED TIME   RECORD YEAR NORMAL DEPARTURE LAST
                VALUE   (LST)  VALUE       VALUE  FROM      YEAR
                                                  NORMAL
..................................................................
TEMPERATURE (F)
 YESTERDAY
  MAXIMUM         74    213 PM  96    2013  80     -6       79
  MINIMUM         50R   458 AM  56    2008  62    -12       66
  AVERAGE         62                        71     -9       73

PRECIPITATION (IN)
  YESTERDAY        0.00          1.91 2009   0.11  -0.11     0.00
  MONTH TO DATE    2.13                      3.24  -1.11     6.95
  SINCE JUN 1     11.46                     10.57   0.89    16.31
  SINCE JAN 1     19.59                     22.06  -2.47    25.51

DEGREE DAYS
 HEATING
  YESTERDAY        3                         0      3        0
  MONTH TO DATE    8                         0      8        1
  SINCE JUN 1     84                        56     28       24
  SINCE JUL 1     28                         4     24        4

 COOLING
  YESTERDAY        0                         6     -6        8
  MONTH TO DATE  206                       208     -2      223
  SINCE JUN 1    554                       631    -77      585
  SINCE JAN 1    605                       673    -68      643
..................................................................


WIND (MPH)
  RESULTANT WIND SPEED   2   RESULTANT WIND DIRECTION   E (90)
  HIGHEST WIND SPEED    12   HIGHEST WIND DIRECTION     E (90)
  HIGHEST GUST SPEED    17   HIGHEST GUST DIRECTION     E (70)
  AVERAGE WIND SPEED     2.3



WEATHER CONDITIONS
 THE FOLLOWING WEATHER WAS RECORDED YESTERDAY.
  NO SIGNIFICANT WEATHER WAS OBSERVED.


..........................................................


THE CHICAGO EXECUTIVE CLIMATE NORMALS FOR TODAY
                         NORMAL    RECORD    YEAR
 MAXIMUM TEMPERATURE (F)   80        93      2003
 MINIMUM TEMPERATURE (F)   61        58      2009
                                             2003


SUNRISE AND SUNSET
AUGUST 28 2015........SUNRISE   613 AM CDT   SUNSET   732 PM CDT
AUGUST 29 2015........SUNRISE   614 AM CDT   SUNSET   731 PM CDT


-  INDICATES NEGATIVE NUMBERS.
R  INDICATES RECORD WAS SET OR TIED.
MM INDICATES DATA IS MISSING.
T  INDICATES TRACE AMOUNT.




$$
