000
CDUS43 KLOT 300633
CLIPWK


CLIMATE REPORT
NATIONAL WEATHER SERVICE CHICAGO IL
133 AM CDT SAT MAY 30 2015


...................................

...THE CHICAGO EXECUTIVE CLIMATE SUMMARY FOR MAY 29 2015...

CLIMATE NORMAL PERIOD 1981 TO 2010
CLIMATE RECORD PERIOD 1996 TO 2015


WEATHER ITEM   OBSERVED TIME   RECORD YEAR NORMAL DEPARTURE LAST
                VALUE   (LST)  VALUE       VALUE  FROM      YEAR
                                                  NORMAL
..................................................................
TEMPERATURE (F)
 YESTERDAY
  MAXIMUM         83    152 PM  90    2006  74      9       72
  MINIMUM         62    145 AM  39    2008  52     10       53
  AVERAGE         73                        63     10       63

PRECIPITATION (IN)
  YESTERDAY        0.18          1.42 2011   0.10   0.08     0.00
  MONTH TO DATE    3.61                      3.48   0.13     3.64
  SINCE MAR 1      7.08                      8.70  -1.62     7.07
  SINCE JAN 1      7.77                     11.28  -3.51     9.20

DEGREE DAYS
 HEATING
  YESTERDAY        0                         5     -5        2
  MONTH TO DATE  189                       238    -49      211
  SINCE MAR 1   1607                      1613     -6     1766
  SINCE JUL 1   6735                      6351    384     7125

 COOLING
  YESTERDAY        8                         2      6        0
  MONTH TO DATE   51                        33     18       53
  SINCE MAR 1     51                        37     14       53
  SINCE JAN 1     51                        37     14       53
..................................................................


WIND (MPH)
  RESULTANT WIND SPEED   7   RESULTANT WIND DIRECTION   S (190)
  HIGHEST WIND SPEED    23   HIGHEST WIND DIRECTION     S (190)
  HIGHEST GUST SPEED    29   HIGHEST GUST DIRECTION     S (190)
  AVERAGE WIND SPEED     8.3



WEATHER CONDITIONS
 THE FOLLOWING WEATHER WAS RECORDED YESTERDAY.
  RAIN
  LIGHT RAIN


..........................................................


THE CHICAGO EXECUTIVE CLIMATE NORMALS FOR TODAY
                         NORMAL    RECORD    YEAR
 MAXIMUM TEMPERATURE (F)   74        91      2010
 MINIMUM TEMPERATURE (F)   52        41      2001


SUNRISE AND SUNSET
MAY 30 2015...........SUNRISE   519 AM CDT   SUNSET   819 PM CDT
MAY 31 2015...........SUNRISE   519 AM CDT   SUNSET   820 PM CDT


-  INDICATES NEGATIVE NUMBERS.
R  INDICATES RECORD WAS SET OR TIED.
MM INDICATES DATA IS MISSING.
T  INDICATES TRACE AMOUNT.




$$
