000
CDUS41 KGYX 241223
CLIPWM


CLIMATE REPORT
NATIONAL WEATHER SERVICE GRAY ME
822 AM EDT FRI OCT 24 2014


...................................

...THE PORTLAND ME CLIMATE SUMMARY FOR OCTOBER 23 2014...

CLIMATE NORMAL PERIOD 1981 TO 2010
CLIMATE RECORD PERIOD 1941 TO 2014


WEATHER ITEM   OBSERVED TIME   RECORD YEAR NORMAL DEPARTURE LAST
                VALUE   (LST)  VALUE       VALUE  FROM      YEAR
                                                  NORMAL
..................................................................
TEMPERATURE (F)
 YESTERDAY
  MAXIMUM         53    508 PM  83    1947  56     -3       53
  MINIMUM         48   1216 AM  22    1997  37     11       33
  AVERAGE         51                        46      5       43

PRECIPITATION (IN)
  YESTERDAY        1.33          1.64 1956   0.17   1.16     0.00
                                      1970
  MONTH TO DATE    6.17                      3.59   2.58     0.76
  SINCE SEP 1      7.04                      7.28  -0.24     7.48
  SINCE JAN 1     45.24                     37.02   8.22    35.70

SNOWFALL (IN)
  YESTERDAY       MM             0.2  1969   0.0   MM        0.0
  MONTH TO DATE    0.0                       0.0    0.0      0.0
  SINCE SEP 1      0.0                       0.0    0.0      0.0
  SINCE JUL 1      0.0                       0.0    0.0      0.0
  SNOW DEPTH       0

DEGREE DAYS
 HEATING
  YESTERDAY       14                        19     -5       22
  MONTH TO DATE  213                       344   -131      241
  SINCE SEP 1    399                       520   -121      427
  SINCE JUL 1    423                       565   -142      445

 COOLING
  YESTERDAY        0                         0      0        0
  MONTH TO DATE    8                         0      8        0
  SINCE SEP 1     53                        30     23       37
  SINCE JAN 1    351                       358     -7      454
..................................................................


WIND (MPH)
  RESULTANT WIND SPEED  17   RESULTANT WIND DIRECTION  NE (30)
  HIGHEST WIND SPEED    29   HIGHEST WIND DIRECTION    NE (30)
  HIGHEST GUST SPEED    40   HIGHEST GUST DIRECTION    NE (30)
  AVERAGE WIND SPEED    17.8


SKY COVER
  AVERAGE SKY COVER 1.0


WEATHER CONDITIONS
 THE FOLLOWING WEATHER WAS RECORDED YESTERDAY.
  THUNDERSTORM
  HEAVY RAIN
  RAIN
  LIGHT RAIN
  FOG


RELATIVE HUMIDITY (PERCENT)
 HIGHEST    89           900 AM
 LOWEST     83           200 PM
 AVERAGE    86

..........................................................


THE PORTLAND ME CLIMATE NORMALS FOR TODAY
                         NORMAL    RECORD    YEAR
 MAXIMUM TEMPERATURE (F)   56        81      1963
 MINIMUM TEMPERATURE (F)   36        22      1969


SUNRISE AND SUNSET
OCTOBER 24 2014.......SUNRISE   707 AM EDT   SUNSET   544 PM EDT
OCTOBER 25 2014.......SUNRISE   708 AM EDT   SUNSET   542 PM EDT


-  INDICATES NEGATIVE NUMBERS.
R  INDICATES RECORD WAS SET OR TIED.
MM INDICATES DATA IS MISSING.
T  INDICATES TRACE AMOUNT.




$$
