000
CDUS41 KGYX 032046
CLIPWM


CLIMATE REPORT
NATIONAL WEATHER SERVICE GRAY ME
446 PM EDT WED JUN 3 2015


...................................

...THE PORTLAND ME CLIMATE SUMMARY FOR JUNE 3 2015...
VALID TODAY AS OF 0400 PM LOCAL TIME.

CLIMATE NORMAL PERIOD 1981 TO 2010
CLIMATE RECORD PERIOD 1941 TO 2015


WEATHER ITEM   OBSERVED TIME   RECORD YEAR NORMAL DEPARTURE LAST
                VALUE   (LST)  VALUE       VALUE  FROM      YEAR
                                                  NORMAL
..................................................................
TEMPERATURE (F)
 TODAY
  MAXIMUM         61    132 PM  88    1943  69     -8       69
  MINIMUM         46    146 AM  39    1973  50     -4       50
  AVERAGE         54                        60     -6       60

PRECIPITATION (IN)
  TODAY            0.00          2.37 2012   0.14  -0.14     0.00
  MONTH TO DATE    1.85                      0.42   1.43     0.00
  SINCE JUN 1      1.85                      0.42   1.43     0.00
  SINCE JAN 1     18.46                     19.62  -1.16    19.22

SNOWFALL (IN)
  TODAY            0.0           0.0  2002   0.0    0.0      0.0
                                      2001
                                      2000
  MONTH TO DATE    0.0                       0.0    0.0      0.0
  SINCE JUN 1      0.0                       0.0    0.0      0.0
  SINCE JUL 1     94.5                      61.9   32.6     83.4
  SNOW DEPTH       0

DEGREE DAYS
 HEATING
  TODAY           11                         6      5        5
  MONTH TO DATE   43                        19     24       17
  SINCE JUN 1     43                        19     24       17
  SINCE JUL 1   6975                      7020    -45     7378

 COOLING
  TODAY            0                         1     -1        0
  MONTH TO DATE    0                         3     -3        0
  SINCE JUN 1      0                         3     -3        0
  SINCE JAN 1     40                        10     30        0
..................................................................


WIND (MPH)
  HIGHEST WIND SPEED    13   HIGHEST WIND DIRECTION     N (350)
  HIGHEST GUST SPEED    16   HIGHEST GUST DIRECTION     N (350)
  AVERAGE WIND SPEED     3.3


SKY COVER
  POSSIBLE SUNSHINE  MM
  AVERAGE SKY COVER 0.9


WEATHER CONDITIONS
 THE FOLLOWING WEATHER WAS RECORDED TODAY.
  NO SIGNIFICANT WEATHER WAS OBSERVED.


RELATIVE HUMIDITY (PERCENT)
 HIGHEST   100          1200 AM
 LOWEST     62          1200 PM
 AVERAGE    81

..........................................................


THE PORTLAND ME CLIMATE NORMALS FOR TOMORROW
                         NORMAL    RECORD    YEAR
 MAXIMUM TEMPERATURE (F)   70        86      1966
 MINIMUM TEMPERATURE (F)   50        33      1944


SUNRISE AND SUNSET
JUNE  3 2015..........SUNRISE   502 AM EDT   SUNSET   817 PM EDT
JUNE  4 2015..........SUNRISE   501 AM EDT   SUNSET   818 PM EDT


-  INDICATES NEGATIVE NUMBERS.
R  INDICATES RECORD WAS SET OR TIED.
MM INDICATES DATA IS MISSING.
T  INDICATES TRACE AMOUNT.




$$
