000
CDUS43 KUNR 020041
CLIRAP


CLIMATE REPORT
NATIONAL WEATHER SERVICE RAPID CITY SD
641 PM MDT WED JUL 1 2015


...................................

...THE RAPID CITY AIRPORT SD CLIMATE SUMMARY FOR JULY 1 2015...
VALID TODAY AS OF 0500 PM LOCAL TIME.

CLIMATE NORMAL PERIOD 1981 TO 2010
CLIMATE RECORD PERIOD 1942 TO 2015


WEATHER ITEM   OBSERVED TIME   RECORD YEAR NORMAL DEPARTURE LAST
                VALUE   (LST)  VALUE       VALUE  FROM      YEAR
                                                  NORMAL
..................................................................
TEMPERATURE (F)
 TODAY
  MAXIMUM         84    217 PM 102    2007  84      0       71
  MINIMUM         64    247 AM  39    1959  56      8       51
  AVERAGE         74                        70      4       61

PRECIPITATION (IN)
  TODAY            0.00          1.10 1961   0.05  -0.05      T
  MONTH TO DATE    0.00                      0.05  -0.05      T
  SINCE JUN 1      7.12                      2.58   4.54     5.25
  SINCE JAN 1     15.17                      9.27   5.90    10.64

SNOWFALL (IN)
  TODAY            0.0           0.0    MM   0.0    0.0      0.0
  MONTH TO DATE    0.0                       0.0    0.0      0.0
  SINCE JUN 1      0.0                       0.0    0.0      0.0
  SINCE JUL 1      0.0                       0.0    0.0      0.0
  SNOW DEPTH       0

DEGREE DAYS
 HEATING
  TODAY            0                         1     -1        4
  MONTH TO DATE    0                         1     -1        4
  SINCE JUN 1     27                       100    -73      132
  SINCE JUL 1      0                         1     -1        4

 COOLING
  TODAY            9                         6      3        0
  MONTH TO DATE    9                         6      3        0
  SINCE JUN 1    105                        90     15       22
  SINCE JAN 1    105                       105      0       42
..................................................................


WIND (MPH)
  HIGHEST WIND SPEED    28   HIGHEST WIND DIRECTION     N (360)
  HIGHEST GUST SPEED    33   HIGHEST GUST DIRECTION     N (350)
  AVERAGE WIND SPEED    14.8


SKY COVER
  AVERAGE SKY COVER 0.0


WEATHER CONDITIONS
 THE FOLLOWING WEATHER WAS RECORDED TODAY.
  HAZE


RELATIVE HUMIDITY (PERCENT)
 HIGHEST    93          1200 AM
 LOWEST     43           100 PM
 AVERAGE    68

..........................................................


THE RAPID CITY AIRPORT SD CLIMATE NORMALS FOR TOMORROW
                         NORMAL    RECORD    YEAR
 MAXIMUM TEMPERATURE (F)   84       106      1990
 MINIMUM TEMPERATURE (F)   56        41      1968


SUNRISE AND SUNSET
JULY  1 2015..........SUNRISE   513 AM MDT   SUNSET   839 PM MDT
JULY  2 2015..........SUNRISE   514 AM MDT   SUNSET   839 PM MDT


-  INDICATES NEGATIVE NUMBERS.
R  INDICATES RECORD WAS SET OR TIED.
MM INDICATES DATA IS MISSING.
T  INDICATES TRACE AMOUNT.




$$
