000
CDUS43 KUNR 310831
CLIRAP


CLIMATE REPORT
NATIONAL WEATHER SERVICE RAPID CITY SD
131 AM MST SAT JAN 31 2015


...................................

...THE RAPID CITY AIRPORT SD CLIMATE SUMMARY FOR JANUARY 30 2015...

CLIMATE NORMAL PERIOD 1981 TO 2010
CLIMATE RECORD PERIOD 1942 TO 2015


WEATHER ITEM   OBSERVED TIME   RECORD YEAR NORMAL DEPARTURE LAST
                VALUE   (LST)  VALUE       VALUE  FROM      YEAR
                                                  NORMAL
..................................................................
TEMPERATURE (F)
 YESTERDAY
  MAXIMUM         53    135 PM  72    1989  38     15       36
  MINIMUM         18    446 AM -21    1996  13      5       10
  AVERAGE         36                        25     11       23

PRECIPITATION (IN)
  YESTERDAY        0.00          0.65 1971   0.01  -0.01      T
  MONTH TO DATE    0.13                      0.29  -0.16     0.22
  SINCE DEC 1      0.55                      0.71  -0.16     0.78
  SINCE JAN 1      0.13                      0.29  -0.16     0.22

SNOWFALL (IN)
  YESTERDAY        0.0           6.8  1971   0.1   -0.1       T
  MONTH TO DATE    2.4                       4.2   -1.8      3.2
  SINCE DEC 1     11.5                       9.6    1.9     11.8
  SINCE JUL 1     27.0                      17.4    9.6     36.6
  SNOW DEPTH       0

DEGREE DAYS
 HEATING
  YESTERDAY       29                        40    -11       42
  MONTH TO DATE 1097                      1202   -105     1160
  SINCE DEC 1   2227                      2443   -216     2583
  SINCE JUL 1   4035                      4118    -83     4303

 COOLING
  YESTERDAY        0                         0      0        0
  MONTH TO DATE    0                         0      0        0
  SINCE DEC 1      0                         0      0        0
  SINCE JAN 1      0                         0      0        0
..................................................................


WIND (MPH)
  HIGHEST WIND SPEED    22   HIGHEST WIND DIRECTION     N (360)
  HIGHEST GUST SPEED    26   HIGHEST GUST DIRECTION     N (10)
  AVERAGE WIND SPEED     8.7


SKY COVER
  AVERAGE SKY COVER 0.0


WEATHER CONDITIONS
 THE FOLLOWING WEATHER WAS RECORDED YESTERDAY.
  NO SIGNIFICANT WEATHER WAS OBSERVED.


RELATIVE HUMIDITY (PERCENT)
 HIGHEST    84           700 AM
 LOWEST     35          1200 PM
 AVERAGE    60

..........................................................


THE RAPID CITY AIRPORT SD CLIMATE NORMALS FOR TODAY
                         NORMAL    RECORD    YEAR
 MAXIMUM TEMPERATURE (F)   38        68      1992
 MINIMUM TEMPERATURE (F)   13       -21      1996


SUNRISE AND SUNSET
JANUARY 31 2015.......SUNRISE   711 AM MST   SUNSET   501 PM MST
FEBRUARY  1 2015......SUNRISE   710 AM MST   SUNSET   502 PM MST


-  INDICATES NEGATIVE NUMBERS.
R  INDICATES RECORD WAS SET OR TIED.
MM INDICATES DATA IS MISSING.
T  INDICATES TRACE AMOUNT.




$$
