000
CDUS43 KUNR 310836
CLIRAP


CLIMATE REPORT
NATIONAL WEATHER SERVICE RAPID CITY SD
235 AM MDT SUN AUG 31 2014


...................................

...THE RAPID CITY AIRPORT SD CLIMATE SUMMARY FOR AUGUST 30 2014...

CLIMATE NORMAL PERIOD 1981 TO 2010
CLIMATE RECORD PERIOD 1942 TO 2014


WEATHER ITEM   OBSERVED TIME   RECORD YEAR NORMAL DEPARTURE LAST
                VALUE   (LST)  VALUE       VALUE  FROM      YEAR
                                                  NORMAL
..................................................................
TEMPERATURE (F)
 YESTERDAY
  MAXIMUM         89    315 PM 102    1948  83      6       94
  MINIMUM         50    527 AM  38    1992  53     -3       60
  AVERAGE         70                        68      2       77

PRECIPITATION (IN)
  YESTERDAY        0.02          0.50 1963   0.05  -0.03     0.37
  MONTH TO DATE    3.14                      1.52   1.62     2.41
  SINCE JUN 1     10.33                      5.90   4.43     6.44
  SINCE JAN 1     15.72                     12.59   3.13    14.06

SNOWFALL (IN)
  YESTERDAY        0.0                       0.0    0.0      0.0
  MONTH TO DATE    0.0                       0.0    0.0      0.0
  SINCE JUN 1      0.0                       0.0    0.0      0.0
  SINCE JUL 1      0.0                       0.0    0.0      0.0
  SNOW DEPTH       0

DEGREE DAYS
 HEATING
  YESTERDAY        0                         2     -2        0
  MONTH TO DATE   11                        16     -5        0
  SINCE JUN 1    161                       130     31       85
  SINCE JUL 1     33                        31      2        5

 COOLING
  YESTERDAY        5                         5      0       12
  MONTH TO DATE  154                       220    -66      238
  SINCE JUN 1    343                       554   -211      576
  SINCE JAN 1    363                       569   -206      584
..................................................................


WIND (MPH)
  HIGHEST WIND SPEED    38   HIGHEST WIND DIRECTION    NW (330)
  HIGHEST GUST SPEED    48   HIGHEST GUST DIRECTION    NW (320)
  AVERAGE WIND SPEED    12.0


SKY COVER
  AVERAGE SKY COVER 0.1


WEATHER CONDITIONS
 THE FOLLOWING WEATHER WAS RECORDED YESTERDAY.
  THUNDERSTORM
  LIGHT RAIN
  FOG
  FOG W/VISIBILITY <= 1/4 MILE


RELATIVE HUMIDITY (PERCENT)
 HIGHEST   100           500 AM
 LOWEST     29           300 PM
 AVERAGE    65

..........................................................


THE RAPID CITY AIRPORT SD CLIMATE NORMALS FOR TODAY
                         NORMAL    RECORD    YEAR
 MAXIMUM TEMPERATURE (F)   83       103      1954
 MINIMUM TEMPERATURE (F)   53        41      1993


SUNRISE AND SUNSET
AUGUST 31 2014........SUNRISE   614 AM MDT   SUNSET   730 PM MDT
SEPTEMBER  1 2014.....SUNRISE   615 AM MDT   SUNSET   728 PM MDT


-  INDICATES NEGATIVE NUMBERS.
R  INDICATES RECORD WAS SET OR TIED.
MM INDICATES DATA IS MISSING.
T  INDICATES TRACE AMOUNT.




$$
