000
CDUS43 KUNR 230832
CLIRAP


CLIMATE REPORT
NATIONAL WEATHER SERVICE RAPID CITY SD
231 AM MDT MON OCT 23 2017


...................................

...THE RAPID CITY AIRPORT SD CLIMATE SUMMARY FOR OCTOBER 22 2017...

CLIMATE NORMAL PERIOD 1981 TO 2010
CLIMATE RECORD PERIOD 1942 TO 2017


WEATHER ITEM   OBSERVED TIME   RECORD YEAR NORMAL DEPARTURE LAST
                VALUE   (LST)  VALUE       VALUE  FROM      YEAR
                                                  NORMAL
..................................................................
TEMPERATURE (F)
 YESTERDAY
  MAXIMUM         72    112 PM  82    2003  59     13       79
  MINIMUM         25    629 AM  13    1981  32     -7       32
  AVERAGE         49                        46      3       56

PRECIPITATION (IN)
  YESTERDAY        0.00          0.73 1995   0.04  -0.04     0.00
  MONTH TO DATE    0.58                      1.10  -0.52     0.42
  SINCE SEP 1      1.72                      2.39  -0.67     1.26
  SINCE JAN 1     10.88                     15.02  -4.14    12.23

SNOWFALL (IN)
  YESTERDAY        0.0           7.3  1995   0.1   -0.1      0.0
  MONTH TO DATE    0.0                       0.7   -0.7       T
  SINCE SEP 1      0.0                       0.9   -0.9       T
  SINCE JUL 1      0.0                       0.9   -0.9       T
  SNOW DEPTH       0

DEGREE DAYS
 HEATING
  YESTERDAY       16                        20     -4        9
  MONTH TO DATE  337                       344     -7      300
  SINCE SEP 1    532                       531      1      429
  SINCE JUL 1    539                       568    -29      461

 COOLING
  YESTERDAY        0                         0      0        0
  MONTH TO DATE    0                         0      0        0
  SINCE SEP 1     85                        61     24       30
  SINCE JAN 1    709                       633     76      646
..................................................................


WIND (MPH)
  HIGHEST WIND SPEED    47   HIGHEST WIND DIRECTION    NW (320)
  HIGHEST GUST SPEED    58   HIGHEST GUST DIRECTION    NW (320)
  AVERAGE WIND SPEED    11.0


SKY COVER
  AVERAGE SKY COVER 0.2


WEATHER CONDITIONS
 THE FOLLOWING WEATHER WAS RECORDED YESTERDAY.
  HAZE


RELATIVE HUMIDITY (PERCENT)
 HIGHEST    63           600 AM
 LOWEST     20          1100 AM
 AVERAGE    42

..........................................................


THE RAPID CITY AIRPORT SD CLIMATE NORMALS FOR TODAY
                         NORMAL    RECORD    YEAR
 MAXIMUM TEMPERATURE (F)   59        80      1963
 MINIMUM TEMPERATURE (F)   32        12      1981


SUNRISE AND SUNSET
OCTOBER 23 2017.......SUNRISE   717 AM MDT   SUNSET   555 PM MDT
OCTOBER 24 2017.......SUNRISE   719 AM MDT   SUNSET   553 PM MDT


-  INDICATES NEGATIVE NUMBERS.
R  INDICATES RECORD WAS SET OR TIED.
MM INDICATES DATA IS MISSING.
T  INDICATES TRACE AMOUNT.




$$
