000
CDUS43 KUNR 031836
CLIRAP


CLIMATE REPORT
NATIONAL WEATHER SERVICE RAPID CITY SD
1235 PM MDT THU SEP 3 2015


...................................

...THE RAPID CITY AIRPORT SD CLIMATE SUMMARY FOR SEPTEMBER 3 2015...
VALID AS OF 1100 AM LOCAL TIME.

CLIMATE NORMAL PERIOD 1981 TO 2010
CLIMATE RECORD PERIOD 1942 TO 2015


WEATHER ITEM   OBSERVED TIME   RECORD YEAR NORMAL DEPARTURE LAST
                VALUE   (LST)  VALUE       VALUE  FROM      YEAR
                                                  NORMAL
..................................................................
TEMPERATURE (F)
 TODAY
  MAXIMUM         94   1059 AM 100    2005  82     12       94
                                      1948
  MINIMUM         58    532 AM  36    1974  51      7       47
  AVERAGE         76                        66     10       71

PRECIPITATION (IN)
  TODAY            0.00          0.44 2004   0.04  -0.04     0.00
  MONTH TO DATE    0.00                      0.13  -0.13     0.05
  SINCE SEP 1      0.00                      0.13  -0.13     0.05
  SINCE JAN 1     22.59                     12.76   9.83    16.65

SNOWFALL (IN)
  TODAY            0.0           0.0    MM   0.0    0.0      0.0
  MONTH TO DATE    0.0                       0.0    0.0      0.0
  SINCE SEP 1      0.0                       0.0    0.0      0.0
  SINCE JUL 1      0.0                       0.0    0.0      0.0
  SNOW DEPTH       0

DEGREE DAYS
 HEATING
  TODAY            0                         3     -3        0
  MONTH TO DATE    0                         7     -7        9
  SINCE SEP 1      0                         7     -7        9
  SINCE JUL 1     45                        44      1       45

 COOLING
  TODAY           11                         4      7        6
  MONTH TO DATE   27                        12     15        6
  SINCE SEP 1     27                        12     15        6
  SINCE JAN 1    517                       584    -67      369
..................................................................


WIND (MPH)
  HIGHEST WIND SPEED     8   HIGHEST WIND DIRECTION    SE (140)
  HIGHEST GUST SPEED    10   HIGHEST GUST DIRECTION    SE (130)
  AVERAGE WIND SPEED     3.4


SKY COVER
  AVERAGE SKY COVER 0.0


WEATHER CONDITIONS
 THE FOLLOWING WEATHER WAS RECORDED TODAY.
  NO SIGNIFICANT WEATHER WAS OBSERVED.


RELATIVE HUMIDITY (PERCENT)
 HIGHEST    67           600 AM
 LOWEST     28          1100 AM
 AVERAGE    48

..........................................................


THE RAPID CITY AIRPORT SD CLIMATE NORMALS FOR TOMORROW
                         NORMAL    RECORD    YEAR
 MAXIMUM TEMPERATURE (F)   81       104      1960
 MINIMUM TEMPERATURE (F)   51        34      1962


SUNRISE AND SUNSET
SEPTEMBER  3 2015.....SUNRISE   617 AM MDT   SUNSET   725 PM MDT
SEPTEMBER  4 2015.....SUNRISE   619 AM MDT   SUNSET   723 PM MDT


-  INDICATES NEGATIVE NUMBERS.
R  INDICATES RECORD WAS SET OR TIED.
MM INDICATES DATA IS MISSING.
T  INDICATES TRACE AMOUNT.




$$
