000
CDUS43 KUNR 260039
CLIRAP


CLIMATE REPORT
NATIONAL WEATHER SERVICE RAPID CITY SD
639 PM MDT MON MAY 25 2015


...................................

...THE RAPID CITY AIRPORT SD CLIMATE SUMMARY FOR MAY 25 2015...
VALID TODAY AS OF 0500 PM LOCAL TIME.

CLIMATE NORMAL PERIOD 1981 TO 2010
CLIMATE RECORD PERIOD 1942 TO 2015


WEATHER ITEM   OBSERVED TIME   RECORD YEAR NORMAL DEPARTURE LAST
                VALUE   (LST)  VALUE       VALUE  FROM      YEAR
                                                  NORMAL
..................................................................
TEMPERATURE (F)
 TODAY
  MAXIMUM         63   1036 AM  86    1985  70     -7       78
  MINIMUM         49    345 AM  30    1992  45      4       52
  AVERAGE         56                        58     -2       65

PRECIPITATION (IN)
  TODAY            0.27          1.85 1997   0.11   0.16     0.00
  MONTH TO DATE    6.59                      2.56   4.03     1.13
  SINCE MAR 1      7.35                      5.29   2.06     4.49
  SINCE JAN 1      7.78                      6.03   1.75     4.98

SNOWFALL (IN)
  TODAY            0.0           0.0    MM   0.0    0.0      0.0
  MONTH TO DATE   13.0                       1.1   11.9      0.1
  SINCE MAR 1     14.2                      17.7   -3.5     20.8
  SINCE JUL 1     49.2                      41.1    8.1     63.8
  SNOW DEPTH       0

DEGREE DAYS
 HEATING
  TODAY            9                         8      1        0
  MONTH TO DATE  352                       283     69      338
  SINCE MAR 1   1634                      1802   -168     2001
  SINCE JUL 1   6742                      7012   -270     7634

 COOLING
  TODAY            0                         1     -1        0
  MONTH TO DATE    0                         1     -1        0
  SINCE MAR 1      0                         3     -3        0
  SINCE JAN 1      0                         3     -3        0
..................................................................


WIND (MPH)
  HIGHEST WIND SPEED    21   HIGHEST WIND DIRECTION     N (340)
  HIGHEST GUST SPEED    25   HIGHEST GUST DIRECTION     N (340)
  AVERAGE WIND SPEED     9.9


SKY COVER
  AVERAGE SKY COVER 0.9


WEATHER CONDITIONS
 THE FOLLOWING WEATHER WAS RECORDED TODAY.
  HEAVY RAIN
  RAIN
  LIGHT RAIN
  FOG


RELATIVE HUMIDITY (PERCENT)
 HIGHEST   100           100 AM
 LOWEST     72          1100 AM
 AVERAGE    86

..........................................................


THE RAPID CITY AIRPORT SD CLIMATE NORMALS FOR TOMORROW
                         NORMAL    RECORD    YEAR
 MAXIMUM TEMPERATURE (F)   71        95      1969
 MINIMUM TEMPERATURE (F)   45        30      1992
                                             1984


SUNRISE AND SUNSET
MAY 25 2015...........SUNRISE   517 AM MDT   SUNSET   822 PM MDT
MAY 26 2015...........SUNRISE   516 AM MDT   SUNSET   823 PM MDT


-  INDICATES NEGATIVE NUMBERS.
R  INDICATES RECORD WAS SET OR TIED.
MM INDICATES DATA IS MISSING.
T  INDICATES TRACE AMOUNT.




$$
