000
CDUS43 KUNR 220043
CLIRAP


CLIMATE REPORT
NATIONAL WEATHER SERVICE RAPID CITY SD
642 PM MDT MON AUG 21 2017


...................................

...THE RAPID CITY AIRPORT SD CLIMATE SUMMARY FOR AUGUST 21 2017...
VALID TODAY AS OF 0500 PM LOCAL TIME.

CLIMATE NORMAL PERIOD 1981 TO 2010
CLIMATE RECORD PERIOD 1942 TO 2017


WEATHER ITEM   OBSERVED TIME   RECORD YEAR NORMAL DEPARTURE LAST
                VALUE   (LST)  VALUE       VALUE  FROM      YEAR
                                                  NORMAL
..................................................................
TEMPERATURE (F)
 TODAY
  MAXIMUM         80    332 PM 101    1947  86     -6       87
  MINIMUM         57    550 AM  44    2016  56      1       44
                                      1966
  AVERAGE         69                        71     -2       66

PRECIPITATION (IN)
  TODAY            0.00          0.92 1964   0.04  -0.04     0.00
  MONTH TO DATE    2.02                      1.13   0.89     1.31
  SINCE JUN 1      4.84                      5.51  -0.67     5.36
  SINCE JAN 1      9.11                     12.20  -3.09    10.00

SNOWFALL (IN)
  TODAY            0.0           0.0    MM   0.0    0.0      0.0
  MONTH TO DATE    0.0                       0.0    0.0      0.0
  SINCE JUN 1      0.0                       0.0    0.0      0.0
  SINCE JUL 1      0.0                       0.0    0.0      0.0
  SNOW DEPTH       0

DEGREE DAYS
 HEATING
  TODAY            0                         1     -1        0
  MONTH TO DATE    7                         5      2       18
  SINCE JUN 1     40                       119    -79       31
  SINCE JUL 1      7                        20    -13       21

 COOLING
  TODAY            4                         7     -3        1
  MONTH TO DATE   67                       170   -103      134
  SINCE JUN 1    552                       504     48      575
  SINCE JAN 1    564                       519     45      575
..................................................................


WIND (MPH)
  HIGHEST WIND SPEED    29   HIGHEST WIND DIRECTION     N (350)
  HIGHEST GUST SPEED    34   HIGHEST GUST DIRECTION     N (350)
  AVERAGE WIND SPEED    13.4


SKY COVER
  AVERAGE SKY COVER 0.2


WEATHER CONDITIONS
 THE FOLLOWING WEATHER WAS RECORDED TODAY.
  NO SIGNIFICANT WEATHER WAS OBSERVED.


RELATIVE HUMIDITY (PERCENT)
 HIGHEST    80           200 AM
 LOWEST     25           300 PM
 AVERAGE    53

..........................................................


THE RAPID CITY AIRPORT SD CLIMATE NORMALS FOR TOMORROW
                         NORMAL    RECORD    YEAR
 MAXIMUM TEMPERATURE (F)   86       104      1960
                                             1949
 MINIMUM TEMPERATURE (F)   56        38      1966


SUNRISE AND SUNSET
AUGUST 21 2017........SUNRISE   603 AM MDT   SUNSET   747 PM MDT
AUGUST 22 2017........SUNRISE   604 AM MDT   SUNSET   745 PM MDT


-  INDICATES NEGATIVE NUMBERS.
R  INDICATES RECORD WAS SET OR TIED.
MM INDICATES DATA IS MISSING.
T  INDICATES TRACE AMOUNT.




$$
