000
CDUS43 KUNR 060831
CLIRAP


CLIMATE REPORT
NATIONAL WEATHER SERVICE RAPID CITY SD
231 AM MDT FRI MAY 6 2016


...................................

...THE RAPID CITY AIRPORT SD CLIMATE SUMMARY FOR MAY 5 2016...

CLIMATE NORMAL PERIOD 1981 TO 2010
CLIMATE RECORD PERIOD 1942 TO 2016


WEATHER ITEM   OBSERVED TIME   RECORD YEAR NORMAL DEPARTURE LAST
                VALUE   (LST)  VALUE       VALUE  FROM      YEAR
                                                  NORMAL
..................................................................
TEMPERATURE (F)
 YESTERDAY
  MAXIMUM         84    213 PM  93    2004  65     19       65
  MINIMUM         43    304 AM  22    1944  38      5       38
  AVERAGE         64                        52     12       52

PRECIPITATION (IN)
  YESTERDAY        0.00          1.10 2007   0.09  -0.09     0.00
  MONTH TO DATE    T                         0.46  -0.46     0.22
  SINCE MAR 1      2.94                      3.19  -0.25     0.98
  SINCE JAN 1      3.80                      3.93  -0.13     1.41

SNOWFALL (IN)
  YESTERDAY        0.0           0.1  1950   0.1   -0.1      0.0
  MONTH TO DATE    0.0                       0.5   -0.5      0.0
  SINCE MAR 1     10.2                      17.1   -6.9      1.2
  SINCE JUL 1     36.3                      40.5   -4.2     36.2
  SNOW DEPTH       0

DEGREE DAYS
 HEATING
  YESTERDAY        1                        14    -13       13
  MONTH TO DATE   51                        72    -21       42
  SINCE MAR 1   1334                      1591   -257     1324
  SINCE JUL 1   6029                      6801   -772     6432

 COOLING
  YESTERDAY        0                         0      0        0
  MONTH TO DATE    0                         0      0        0
  SINCE MAR 1      0                         2     -2        0
  SINCE JAN 1      0                         2     -2        0
..................................................................


WIND (MPH)
  HIGHEST WIND SPEED    16   HIGHEST WIND DIRECTION    SE (140)
  HIGHEST GUST SPEED    23   HIGHEST GUST DIRECTION    SE (140)
  AVERAGE WIND SPEED     6.9


SKY COVER
  AVERAGE SKY COVER 0.0


WEATHER CONDITIONS
 THE FOLLOWING WEATHER WAS RECORDED YESTERDAY.
  NO SIGNIFICANT WEATHER WAS OBSERVED.


RELATIVE HUMIDITY (PERCENT)
 HIGHEST    86           200 AM
 LOWEST     26           200 PM
 AVERAGE    56

..........................................................


THE RAPID CITY AIRPORT SD CLIMATE NORMALS FOR TODAY
                         NORMAL    RECORD    YEAR
 MAXIMUM TEMPERATURE (F)   65        85      1992
 MINIMUM TEMPERATURE (F)   39        26      1989


SUNRISE AND SUNSET
MAY  6 2016...........SUNRISE   536 AM MDT   SUNSET   802 PM MDT
MAY  7 2016...........SUNRISE   535 AM MDT   SUNSET   803 PM MDT


-  INDICATES NEGATIVE NUMBERS.
R  INDICATES RECORD WAS SET OR TIED.
MM INDICATES DATA IS MISSING.
T  INDICATES TRACE AMOUNT.




$$
