000
CDUS46 KMFR 260836
CLIRBG


CLIMATE REPORT
NATIONAL WEATHER SERVICE MEDFORD, OR
135 AM PDT TUE JUL 26 2016


...................................

...THE ROSEBURG OR CLIMATE SUMMARY FOR JULY 25 2016...

CLIMATE NORMAL PERIOD 1981 TO 2010
CLIMATE RECORD PERIOD 1931 TO 2016


WEATHER ITEM   OBSERVED TIME   RECORD YEAR NORMAL DEPARTURE LAST
                VALUE   (LST)  VALUE       VALUE  FROM      YEAR
                                                  NORMAL
..................................................................
TEMPERATURE (F)
 YESTERDAY
  MAXIMUM         87    507 PM  99    2013  86      1       80
                                      1965
  MINIMUM         59    530 AM  46    1963  57      2       58
                                      1954
  AVERAGE         73                        72      1       69

PRECIPITATION (IN)
  YESTERDAY        0.00          0.32 1947   0.01  -0.01     0.00
  MONTH TO DATE    0.77                      0.36   0.41     0.01
  SINCE OCT 1     38.45                     34.77   3.68    24.95
  SINCE JAN 1     19.26                     19.12   0.14    10.67

SNOWFALL (IN)
  YESTERDAY       MM                        MM     MM       MM
  MONTH TO DATE   MM                        MM     MM        0.0
  SINCE JUL 1     MM                        MM     MM        0.0
  SNOW DEPTH      MM

DEGREE DAYS
 HEATING
  YESTERDAY        0                         0      0        0
  MONTH TO DATE    3                         8     -5        0
  SINCE JUN 1     67                        91    -24       12
  SINCE JUL 1      3                         8     -5        0

 COOLING
  YESTERDAY        8                         7      1        4
  MONTH TO DATE  120                       134    -14      269
  SINCE JUN 1    256                       184     72      500
  SINCE JAN 1    299                       204     95      530
..................................................................


WIND (MPH)
  RESULTANT WIND SPEED   4   RESULTANT WIND DIRECTION   N (360)
  HIGHEST WIND SPEED    15   HIGHEST WIND DIRECTION     N (10)
  HIGHEST GUST SPEED    21   HIGHEST GUST DIRECTION     N (10)
  AVERAGE WIND SPEED     5.5


SKY COVER
  POSSIBLE SUNSHINE  MM
  AVERAGE SKY COVER 0.3


WEATHER CONDITIONS
 THE FOLLOWING WEATHER WAS RECORDED YESTERDAY.
  NO SIGNIFICANT WEATHER WAS OBSERVED.


RELATIVE HUMIDITY (PERCENT)
 HIGHEST    78           300 AM
 LOWEST     34           400 PM
 AVERAGE    56

..........................................................


THE ROSEBURG OR CLIMATE NORMALS FOR TODAY
                         NORMAL    RECORD    YEAR
 MAXIMUM TEMPERATURE (F)   86       104      1998
                                             1939
 MINIMUM TEMPERATURE (F)   57        45      1953


SUNRISE AND SUNSET
JULY 26 2016..........SUNRISE   558 AM PDT   SUNSET   841 PM PDT
JULY 27 2016..........SUNRISE   559 AM PDT   SUNSET   840 PM PDT


-  INDICATES NEGATIVE NUMBERS.
R  INDICATES RECORD WAS SET OR TIED.
MM INDICATES DATA IS MISSING.
T  INDICATES TRACE AMOUNT.




$$
