000
CDUS46 KMFR 300933
CLIRBG


CLIMATE REPORT
NATIONAL WEATHER SERVICE MEDFORD, OR
233 AM PDT THU MAR 30 2017


...................................

...THE ROSEBURG OR CLIMATE SUMMARY FOR MARCH 29 2017...

CLIMATE NORMAL PERIOD 1981 TO 2010
CLIMATE RECORD PERIOD 1931 TO 2017


WEATHER ITEM   OBSERVED TIME   RECORD YEAR NORMAL DEPARTURE LAST
                VALUE   (LST)  VALUE       VALUE  FROM      YEAR
                                                  NORMAL
..................................................................
TEMPERATURE (F)
 YESTERDAY
  MAXIMUM         56    517 PM  80    2004  59     -3       64
  MINIMUM         49   1159 PM  30    2008  40      9       41
                                      1950
                                      1936
  AVERAGE         53                        50      3       53

PRECIPITATION (IN)
  YESTERDAY        0.50          1.40 2005   0.13   0.37     0.00
  MONTH TO DATE    4.88                      3.26   1.62     5.24
  SINCE OCT 1     37.53                     27.95   9.58    33.65
  SINCE JAN 1     18.61                     12.30   6.31    14.46

SNOWFALL (IN)
  YESTERDAY       MM                        MM     MM       MM
  MONTH TO DATE   MM                        MM     MM       MM
  SINCE JUL 1     MM                        MM     MM        0.0
  SNOW DEPTH      MM

DEGREE DAYS
 HEATING
  YESTERDAY       12                        15     -3       12
  MONTH TO DATE  422                       480    -58      394
  SINCE MAR 1    422                       480    -58      394
  SINCE JUL 1   3138                      3349   -211     2747

 COOLING
  YESTERDAY        0                         0      0        0
  MONTH TO DATE    0                         0      0        0
  SINCE MAR 1      0                         0      0        0
  SINCE JAN 1      0                         0      0        0
..................................................................


WIND (MPH)
  RESULTANT WIND SPEED   2   RESULTANT WIND DIRECTION  SE (140)
  HIGHEST WIND SPEED    10   HIGHEST WIND DIRECTION     N (340)
  HIGHEST GUST SPEED    14   HIGHEST GUST DIRECTION     N (340)
  AVERAGE WIND SPEED     3.1


SKY COVER
  POSSIBLE SUNSHINE  MM
  AVERAGE SKY COVER 0.9


WEATHER CONDITIONS
 THE FOLLOWING WEATHER WAS RECORDED YESTERDAY.
  RAIN
  LIGHT RAIN
  FOG


RELATIVE HUMIDITY (PERCENT)
 HIGHEST    93           700 PM
 LOWEST     66           600 AM
 AVERAGE    80

..........................................................


THE ROSEBURG OR CLIMATE NORMALS FOR TODAY
                         NORMAL    RECORD    YEAR
 MAXIMUM TEMPERATURE (F)   59        82      2003
                                             1991
 MINIMUM TEMPERATURE (F)   40        26      1954


SUNRISE AND SUNSET
MARCH 30 2017.........SUNRISE   658 AM PDT   SUNSET   738 PM PDT
MARCH 31 2017.........SUNRISE   656 AM PDT   SUNSET   739 PM PDT


-  INDICATES NEGATIVE NUMBERS.
R  INDICATES RECORD WAS SET OR TIED.
MM INDICATES DATA IS MISSING.
T  INDICATES TRACE AMOUNT.




$$
