000
CDUS46 KMFR 240836
CLIRBG


CLIMATE REPORT
NATIONAL WEATHER SERVICE MEDFORD, OR
136 AM PDT SUN MAY 24 2015


...................................

...THE ROSEBURG OR CLIMATE SUMMARY FOR MAY 23 2015...

CLIMATE NORMAL PERIOD 1981 TO 2010
CLIMATE RECORD PERIOD 1931 TO 2015


WEATHER ITEM   OBSERVED TIME   RECORD YEAR NORMAL DEPARTURE LAST
                VALUE   (LST)  VALUE       VALUE  FROM      YEAR
                                                  NORMAL
..................................................................
TEMPERATURE (F)
 YESTERDAY
  MAXIMUM         69    209 PM  93    2001  71     -2       77
  MINIMUM         53    608 AM  35    1966  48      5       60
  AVERAGE         61                        60      1       69

PRECIPITATION (IN)
  YESTERDAY        0.00          0.68 2006   0.07  -0.07     0.01
  MONTH TO DATE    0.18                      1.76  -1.58     1.29
  SINCE OCT 1     24.66                     32.77  -8.11    19.00
  SINCE JAN 1     10.38                     17.12  -6.74    15.30

SNOWFALL (IN)
  YESTERDAY       MM                        MM     MM       MM
  MONTH TO DATE   MM                        MM     MM       MM
  SINCE JUL 1      0.0                      MM     MM        0.0
  SNOW DEPTH      MM

DEGREE DAYS
 HEATING
  YESTERDAY        4                         6     -2        0
  MONTH TO DATE  111                       175    -64      100
  SINCE MAR 1    774                      1070   -296      787
  SINCE JUL 1   2831                      3939  -1108     3714

 COOLING
  YESTERDAY        0                         1     -1        4
  MONTH TO DATE    1                        11    -10       35
  SINCE MAR 1      2                        12    -10       41
  SINCE JAN 1      2                        12    -10       41
..................................................................


WIND (MPH)
  RESULTANT WIND SPEED   5   RESULTANT WIND DIRECTION   N (0)
  HIGHEST WIND SPEED    28   HIGHEST WIND DIRECTION     N (10)
  HIGHEST GUST SPEED    68   HIGHEST GUST DIRECTION    NW (330)
  AVERAGE WIND SPEED     5.8


SKY COVER
  POSSIBLE SUNSHINE  MM
  AVERAGE SKY COVER 1.0


WEATHER CONDITIONS
 THE FOLLOWING WEATHER WAS RECORDED YESTERDAY.
  NO SIGNIFICANT WEATHER WAS OBSERVED.


RELATIVE HUMIDITY (PERCENT)
 HIGHEST    77           200 AM
 LOWEST     48           200 PM
 AVERAGE    63

..........................................................


THE ROSEBURG OR CLIMATE NORMALS FOR TODAY
                         NORMAL    RECORD    YEAR
 MAXIMUM TEMPERATURE (F)   72        96      1992
 MINIMUM TEMPERATURE (F)   49        35      1966


SUNRISE AND SUNSET
MAY 24 2015...........SUNRISE   542 AM PDT   SUNSET   840 PM PDT
MAY 25 2015...........SUNRISE   541 AM PDT   SUNSET   841 PM PDT


-  INDICATES NEGATIVE NUMBERS.
R  INDICATES RECORD WAS SET OR TIED.
MM INDICATES DATA IS MISSING.
T  INDICATES TRACE AMOUNT.




$$
