000
CDUS46 KMFR 290837
CLIRBG


CLIMATE REPORT
NATIONAL WEATHER SERVICE MEDFORD, OR
137 AM PDT WED JUL 29 2015


...................................

...THE ROSEBURG OR CLIMATE SUMMARY FOR JULY 28 2015...

CLIMATE NORMAL PERIOD 1981 TO 2010
CLIMATE RECORD PERIOD 1931 TO 2015


WEATHER ITEM   OBSERVED TIME   RECORD YEAR NORMAL DEPARTURE LAST
                VALUE   (LST)  VALUE       VALUE  FROM      YEAR
                                                  NORMAL
..................................................................
TEMPERATURE (F)
 YESTERDAY
  MAXIMUM         90    515 PM 108    2009  86      4      100
  MINIMUM         56    413 AM  45    1955  57     -1       61
  AVERAGE         73                        72      1       81

PRECIPITATION (IN)
  YESTERDAY        0.00          0.01 1950   0.01  -0.01     0.00
  MONTH TO DATE    0.01                      0.39  -0.38     0.20
  SINCE OCT 1     24.95                     34.80  -9.85    20.32
  SINCE JAN 1     10.67                     19.15  -8.48    16.62

SNOWFALL (IN)
  YESTERDAY       MM                        MM     MM       MM
  MONTH TO DATE    0.0                      MM     MM       MM
  SINCE JUL 1      0.0                      MM     MM       MM
  SNOW DEPTH      MM

DEGREE DAYS
 HEATING
  YESTERDAY        0                         0      0        0
  MONTH TO DATE    0                         8     -8        7
  SINCE JUN 1     12                        91    -79       42
  SINCE JUL 1      0                         8     -8        7

 COOLING
  YESTERDAY        8                         7      1       16
  MONTH TO DATE  289                       155    134      264
  SINCE JUN 1    520                       205    315      335
  SINCE JAN 1    550                       225    325      380
..................................................................


WIND (MPH)
  RESULTANT WIND SPEED   7   RESULTANT WIND DIRECTION   N (360)
  HIGHEST WIND SPEED    20   HIGHEST WIND DIRECTION     N (360)
  HIGHEST GUST SPEED    25   HIGHEST GUST DIRECTION     N (10)
  AVERAGE WIND SPEED     7.0


SKY COVER
  POSSIBLE SUNSHINE  MM
  AVERAGE SKY COVER 0.0


WEATHER CONDITIONS
 THE FOLLOWING WEATHER WAS RECORDED YESTERDAY.
  NO SIGNIFICANT WEATHER WAS OBSERVED.


RELATIVE HUMIDITY (PERCENT)
 HIGHEST    67           300 AM
 LOWEST     21           300 PM
 AVERAGE    44

..........................................................


THE ROSEBURG OR CLIMATE NORMALS FOR TODAY
                         NORMAL    RECORD    YEAR
 MAXIMUM TEMPERATURE (F)   86       106      2009
 MINIMUM TEMPERATURE (F)   57        43      1948


SUNRISE AND SUNSET
JULY 29 2015..........SUNRISE   600 AM PDT   SUNSET   839 PM PDT
JULY 30 2015..........SUNRISE   601 AM PDT   SUNSET   838 PM PDT


-  INDICATES NEGATIVE NUMBERS.
R  INDICATES RECORD WAS SET OR TIED.
MM INDICATES DATA IS MISSING.
T  INDICATES TRACE AMOUNT.




$$
