000
CDUS46 KMFR 020842
CLIRBG


CLIMATE REPORT
NATIONAL WEATHER SERVICE MEDFORD, OR
142 AM PDT THU OCT 2 2014


...................................

...THE ROSEBURG OR CLIMATE SUMMARY FOR OCTOBER 1 2014...

CLIMATE NORMAL PERIOD 1981 TO 2010
CLIMATE RECORD PERIOD 1931 TO 2014


WEATHER ITEM   OBSERVED TIME   RECORD YEAR NORMAL DEPARTURE LAST
                VALUE   (LST)  VALUE       VALUE  FROM      YEAR
                                                  NORMAL
..................................................................
TEMPERATURE (F)
 YESTERDAY
  MAXIMUM         71    357 PM  95    2001  73     -2       61
                                      1987
  MINIMUM         48    401 AM  33    1959  48      0       45
  AVERAGE         60                        60      0       53

PRECIPITATION (IN)
  YESTERDAY        0.00          0.74 2005   0.05  -0.05     0.08
  MONTH TO DATE    0.00                      0.05  -0.05     0.08
  SINCE SEP 1      1.52                      1.01   0.51     3.92
  SINCE JAN 1     18.17                     20.66  -2.49    12.46

SNOWFALL (IN)
  YESTERDAY       MM                        MM     MM       MM
  MONTH TO DATE   MM                        MM     MM       MM
  SINCE JUL 1     MM                        MM     MM       MM
  SNOW DEPTH      MM

DEGREE DAYS
 HEATING
  YESTERDAY        5                         5      0       12
  MONTH TO DATE    5                         5      0       12
  SINCE SEP 1     18                        73    -55       89
  SINCE JUL 1     25                        94    -69       90

 COOLING
  YESTERDAY        0                         1     -1        0
  MONTH TO DATE    0                         1     -1        0
  SINCE SEP 1    147                        66     81      121
  SINCE JAN 1    880                       477    403      823
..................................................................


WIND (MPH)
  RESULTANT WIND SPEED   4   RESULTANT WIND DIRECTION   N (360)
  HIGHEST WIND SPEED    16   HIGHEST WIND DIRECTION     N (10)
  HIGHEST GUST SPEED    20   HIGHEST GUST DIRECTION     N (360)
  AVERAGE WIND SPEED     3.8


SKY COVER
  POSSIBLE SUNSHINE  MM
  AVERAGE SKY COVER 0.2


WEATHER CONDITIONS
 THE FOLLOWING WEATHER WAS RECORDED YESTERDAY.
  NO SIGNIFICANT WEATHER WAS OBSERVED.


RELATIVE HUMIDITY (PERCENT)
 HIGHEST    93           300 AM
 LOWEST     40           400 PM
 AVERAGE    67

..........................................................


THE ROSEBURG OR CLIMATE NORMALS FOR TODAY
                         NORMAL    RECORD    YEAR
 MAXIMUM TEMPERATURE (F)   73        93      1980
 MINIMUM TEMPERATURE (F)   48        32      1954


SUNRISE AND SUNSET
OCTOBER  2 2014.......SUNRISE   712 AM PDT   SUNSET   653 PM PDT
OCTOBER  3 2014.......SUNRISE   713 AM PDT   SUNSET   651 PM PDT


-  INDICATES NEGATIVE NUMBERS.
R  INDICATES RECORD WAS SET OR TIED.
MM INDICATES DATA IS MISSING.
T  INDICATES TRACE AMOUNT.




$$
