000
CDUS46 KMFR 270835
CLIRBG


CLIMATE REPORT
NATIONAL WEATHER SERVICE MEDFORD, OR
135 AM PDT FRI MAY 27 2016


...................................

...THE ROSEBURG OR CLIMATE SUMMARY FOR MAY 26 2016...

CLIMATE NORMAL PERIOD 1981 TO 2010
CLIMATE RECORD PERIOD 1931 TO 2016


WEATHER ITEM   OBSERVED TIME   RECORD YEAR NORMAL DEPARTURE LAST
                VALUE   (LST)  VALUE       VALUE  FROM      YEAR
                                                  NORMAL
..................................................................
TEMPERATURE (F)
 YESTERDAY
  MAXIMUM         67    240 PM  95    2005  72     -5       76
  MINIMUM         53   1159 PM  37    1954  49      4       50
  AVERAGE         60                        60      0       63

PRECIPITATION (IN)
  YESTERDAY        0.00          0.79 1960   0.07  -0.07     0.00
  MONTH TO DATE    0.85                      1.96  -1.11     0.18
  SINCE OCT 1     36.82                     32.97   3.85    24.66
  SINCE JAN 1     17.63                     17.32   0.31    10.38

SNOWFALL (IN)
  YESTERDAY       MM                        MM     MM       MM
  MONTH TO DATE   MM                        MM     MM       MM
  SINCE JUL 1      0.0                      MM     MM        0.0
  SNOW DEPTH      MM

DEGREE DAYS
 HEATING
  YESTERDAY        5                         6     -1        2
  MONTH TO DATE  107                       193    -86      114
  SINCE MAR 1    725                      1088   -363      777
  SINCE JUL 1   3078                      3957   -879     2834

 COOLING
  YESTERDAY        0                         1     -1        0
  MONTH TO DATE   19                        14      5        2
  SINCE MAR 1     37                        15     22        3
  SINCE JAN 1     37                        15     22        3
..................................................................


WIND (MPH)
  RESULTANT WIND SPEED   5   RESULTANT WIND DIRECTION   N (10)
  HIGHEST WIND SPEED    15   HIGHEST WIND DIRECTION     N (10)
  HIGHEST GUST SPEED    21   HIGHEST GUST DIRECTION     N (10)
  AVERAGE WIND SPEED     6.6


SKY COVER
  POSSIBLE SUNSHINE  MM
  AVERAGE SKY COVER 0.9


WEATHER CONDITIONS
 THE FOLLOWING WEATHER WAS RECORDED YESTERDAY.
  NO SIGNIFICANT WEATHER WAS OBSERVED.


RELATIVE HUMIDITY (PERCENT)
 HIGHEST    77          1200 AM
 LOWEST     43           300 PM
 AVERAGE    60

..........................................................


THE ROSEBURG OR CLIMATE NORMALS FOR TODAY
                         NORMAL    RECORD    YEAR
 MAXIMUM TEMPERATURE (F)   72        90      2005
 MINIMUM TEMPERATURE (F)   49        32      1954


SUNRISE AND SUNSET
MAY 27 2016...........SUNRISE   539 AM PDT   SUNSET   843 PM PDT
MAY 28 2016...........SUNRISE   538 AM PDT   SUNSET   844 PM PDT


-  INDICATES NEGATIVE NUMBERS.
R  INDICATES RECORD WAS SET OR TIED.
MM INDICATES DATA IS MISSING.
T  INDICATES TRACE AMOUNT.




$$
