000
CDUS46 KMFR 100837
CLIRBG


CLIMATE REPORT
NATIONAL WEATHER SERVICE MEDFORD, OR
137 AM PDT THU JUL 10 2014


...................................

...THE ROSEBURG OR CLIMATE SUMMARY FOR JULY 9 2014...

CLIMATE NORMAL PERIOD 1981 TO 2010
CLIMATE RECORD PERIOD 1931 TO 2014


WEATHER ITEM   OBSERVED TIME   RECORD YEAR NORMAL DEPARTURE LAST
                VALUE   (LST)  VALUE       VALUE  FROM      YEAR
                                                  NORMAL
..................................................................
TEMPERATURE (F)
 YESTERDAY
  MAXIMUM         94    346 PM  99    1985  83     11       96
  MINIMUM         64    515 AM  43    1971  56      8       59
  AVERAGE         79                        69     10       78

PRECIPITATION (IN)
  YESTERDAY        0.00          0.28 1936   0.02  -0.02     0.00
  MONTH TO DATE    0.00                      0.18  -0.18     0.00
  SINCE SEP 1     23.96                     35.55 -11.59    26.55
  SINCE JAN 1     16.42                     18.94  -2.52     7.88

SNOWFALL (IN)
  YESTERDAY       MM                        MM     MM       MM
  MONTH TO DATE   MM                        MM     MM       MM
  SINCE JUL 1     MM                        MM     MM       MM
  SNOW DEPTH      MM

DEGREE DAYS
 HEATING
  YESTERDAY        0                         0      0        0
  MONTH TO DATE    0                         8     -8        0
  SINCE JUN 1     35                        91    -56       35
  SINCE JUL 1      0                         8     -8        0

 COOLING
  YESTERDAY       14                         5      9       13
  MONTH TO DATE   90                        39     51       95
  SINCE JUN 1    161                        89     72      206
  SINCE JAN 1    206                       109     97      240
..................................................................


WIND (MPH)
  RESULTANT WIND SPEED   6   RESULTANT WIND DIRECTION   N (10)
  HIGHEST WIND SPEED    18   HIGHEST WIND DIRECTION     N (10)
  HIGHEST GUST SPEED    25   HIGHEST GUST DIRECTION     N (10)
  AVERAGE WIND SPEED     7.2


SKY COVER
  POSSIBLE SUNSHINE  MM
  AVERAGE SKY COVER 0.0


WEATHER CONDITIONS
 THE FOLLOWING WEATHER WAS RECORDED YESTERDAY.
  NO SIGNIFICANT WEATHER WAS OBSERVED.


RELATIVE HUMIDITY (PERCENT)
 HIGHEST    78           300 AM
 LOWEST     16           600 PM
 AVERAGE    47

..........................................................


THE ROSEBURG OR CLIMATE NORMALS FOR TODAY
                         NORMAL    RECORD    YEAR
 MAXIMUM TEMPERATURE (F)   83       101      2007
 MINIMUM TEMPERATURE (F)   56        45      1960


SUNRISE AND SUNSET
JULY 10 2014..........SUNRISE   543 AM PDT   SUNSET   854 PM PDT
JULY 11 2014..........SUNRISE   544 AM PDT   SUNSET   854 PM PDT


-  INDICATES NEGATIVE NUMBERS.
R  INDICATES RECORD WAS SET OR TIED.
MM INDICATES DATA IS MISSING.
T  INDICATES TRACE AMOUNT.




$$
