000
CDUS46 KMFR 040835
CLIRBG


CLIMATE REPORT
NATIONAL WEATHER SERVICE MEDFORD, OR
135 AM PDT FRI SEP 4 2015


...................................

...THE ROSEBURG OR CLIMATE SUMMARY FOR SEPTEMBER 3 2015...

CLIMATE NORMAL PERIOD 1981 TO 2010
CLIMATE RECORD PERIOD 1931 TO 2015


WEATHER ITEM   OBSERVED TIME   RECORD YEAR NORMAL DEPARTURE LAST
                VALUE   (LST)  VALUE       VALUE  FROM      YEAR
                                                  NORMAL
..................................................................
TEMPERATURE (F)
 YESTERDAY
  MAXIMUM         72    521 PM 103    2003  82    -10       79
  MINIMUM         50    633 AM  41    1958  54     -4       53
  AVERAGE         61                        68     -7       66

PRECIPITATION (IN)
  YESTERDAY        0.00          0.56 1960   0.02  -0.02     0.00
  MONTH TO DATE    0.08                      0.07   0.01     0.00
  SINCE OCT 1     25.26                     35.37 -10.11    20.35
  SINCE JAN 1     10.98                     19.72  -8.74    16.65

SNOWFALL (IN)
  YESTERDAY       MM                        MM     MM       MM
  MONTH TO DATE   MM                        MM     MM       MM
  SINCE JUL 1      0.0                      MM     MM       MM
  SNOW DEPTH      MM

DEGREE DAYS
 HEATING
  YESTERDAY        4                         1      3        0
  MONTH TO DATE    7                         3      4        0
  SINCE SEP 1      7                         3      4        0
  SINCE JUL 1      7                        24    -17        7

 COOLING
  YESTERDAY        0                         4     -4        1
  MONTH TO DATE    6                        12     -6       12
  SINCE SEP 1      6                        12     -6       12
  SINCE JAN 1    895                       423    472      745
..................................................................


WIND (MPH)
  RESULTANT WIND SPEED   2   RESULTANT WIND DIRECTION   N (350)
  HIGHEST WIND SPEED    15   HIGHEST WIND DIRECTION    NW (330)
  HIGHEST GUST SPEED    19   HIGHEST GUST DIRECTION    NW (330)
  AVERAGE WIND SPEED     3.2


SKY COVER
  POSSIBLE SUNSHINE  MM
  AVERAGE SKY COVER 0.5


WEATHER CONDITIONS
 THE FOLLOWING WEATHER WAS RECORDED YESTERDAY.
  NO SIGNIFICANT WEATHER WAS OBSERVED.


RELATIVE HUMIDITY (PERCENT)
 HIGHEST    89           300 AM
 LOWEST     31           300 PM
 AVERAGE    60

..........................................................


THE ROSEBURG OR CLIMATE NORMALS FOR TODAY
                         NORMAL    RECORD    YEAR
 MAXIMUM TEMPERATURE (F)   82       102      1955
 MINIMUM TEMPERATURE (F)   53        41      1958


SUNRISE AND SUNSET
SEPTEMBER  4 2015.....SUNRISE   641 AM PDT   SUNSET   743 PM PDT
SEPTEMBER  5 2015.....SUNRISE   642 AM PDT   SUNSET   742 PM PDT


-  INDICATES NEGATIVE NUMBERS.
R  INDICATES RECORD WAS SET OR TIED.
MM INDICATES DATA IS MISSING.
T  INDICATES TRACE AMOUNT.




$$
