000
CDUS46 KMFR 200851
CLIRBG


CLIMATE REPORT
NATIONAL WEATHER SERVICE MEDFORD, OR
1251 AM PST SAT JAN 20 2018


...................................

...THE ROSEBURG OR CLIMATE SUMMARY FOR JANUARY 19 2018...

CLIMATE NORMAL PERIOD 1981 TO 2010
CLIMATE RECORD PERIOD 1931 TO 2018


WEATHER ITEM   OBSERVED TIME   RECORD YEAR NORMAL DEPARTURE LAST
                VALUE   (LST)  VALUE       VALUE  FROM      YEAR
                                                  NORMAL
..................................................................
TEMPERATURE (F)
 YESTERDAY
  MAXIMUM         48    201 PM  63    1934  50     -2       52
  MINIMUM         38    156 AM  17    1963  37      1       41
  AVERAGE         43                        43      0       47

PRECIPITATION (IN)
  YESTERDAY        0.05          3.15 1964   0.14  -0.09     0.04
  MONTH TO DATE    1.75                      3.64  -1.89     4.79
  SINCE OCT 1     10.12                     19.29  -9.17    23.71
  SINCE JAN 1      1.75                      3.64  -1.89     4.79

SNOWFALL (IN)
  YESTERDAY       MM                        MM     MM       MM
  MONTH TO DATE   MM                        MM     MM       MM
  SINCE JUL 1     MM                        MM     MM       MM
  SNOW DEPTH      MM

DEGREE DAYS
 HEATING
  YESTERDAY       22                        22      0       18
  MONTH TO DATE  344                       425    -81      512
  SINCE DEC 1   1106                      1136    -30     1280
  SINCE JUL 1   1965                      2065   -100     1919

 COOLING
  YESTERDAY        0                         0      0        0
  MONTH TO DATE    0                         0      0        0
  SINCE DEC 1      0                         0      0        0
  SINCE JAN 1      0                         0      0        0
..................................................................


WIND (MPH)
  RESULTANT WIND SPEED   2   RESULTANT WIND DIRECTION   S (160)
  HIGHEST WIND SPEED    10   HIGHEST WIND DIRECTION    SW (230)
  HIGHEST GUST SPEED    13   HIGHEST GUST DIRECTION    SW (240)
  AVERAGE WIND SPEED     2.9


SKY COVER
  POSSIBLE SUNSHINE  MM
  AVERAGE SKY COVER 0.9


WEATHER CONDITIONS
 THE FOLLOWING WEATHER WAS RECORDED YESTERDAY.
  LIGHT RAIN
  FOG


RELATIVE HUMIDITY (PERCENT)
 HIGHEST   100           200 AM
 LOWEST     76          1100 AM
 AVERAGE    88

..........................................................


THE ROSEBURG OR CLIMATE NORMALS FOR TODAY
                         NORMAL    RECORD    YEAR
 MAXIMUM TEMPERATURE (F)   50        65      2005
 MINIMUM TEMPERATURE (F)   37        13      1962


SUNRISE AND SUNSET
JANUARY 20 2018.......SUNRISE   740 AM PST   SUNSET   510 PM PST
JANUARY 21 2018.......SUNRISE   739 AM PST   SUNSET   511 PM PST


-  INDICATES NEGATIVE NUMBERS.
R  INDICATES RECORD WAS SET OR TIED.
MM INDICATES DATA IS MISSING.
T  INDICATES TRACE AMOUNT.




$$
