000
CDUS46 KSTO 290037
CLIRDD

CLIMATE REPORT
NATIONAL WEATHER SERVICE SACRAMENTO, CA
535 PM PDT THU MAY 28 2015


...................................

...THE REDDING AIRPORT CA CLIMATE SUMMARY FOR MAY 28 2015...
VALID TODAY AS OF 0500 PM LOCAL TIME.

CLIMATE NORMAL PERIOD 1981 TO 2010
CLIMATE RECORD PERIOD 1986 TO 2015


WEATHER ITEM   OBSERVED RECORD YEAR NORMAL DEPARTURE LAST
                VALUE   VALUE       VALUE  FROM      YEAR
                                           NORMAL
...........................................................
TEMPERATURE (F)
 TODAY
  MAXIMUM         95    100    2009  85     10       80
  MINIMUM         61     45    2006  57      4       46
  AVERAGE         78

PRECIPITATION (IN)
  TODAY            0.00   1.48 1998   0.06  -0.06     0.00
  MONTH TO DATE    0.34               1.69  -1.35     0.15
  SINCE OCT 1     22.47              32.86 -10.39    16.38
  SINCE JAN 1      6.22              20.01 -13.79    14.27

SNOWFALL (IN)
  TODAY            0.0   MM      MM  MM               0.0
  MONTH TO DATE    0.0               MM               0.0
  SINCE MAR 1      0.0               MM               0.0
  SINCE JUL 1      0.0               MM               5.0

DEGREE DAYS
 HEATING
  TODAY            0

 COOLING
  TODAY           13
...........................................................


WIND (MPH)
  RESULTANT WIND SPEED   2   RESULTANT WIND DIRECTION   S (180)
  HIGHEST WIND SPEED    15   HIGHEST WIND DIRECTION     S (160)
  HIGHEST GUST SPEED    19   HIGHEST GUST DIRECTION     S (170)


SKY COVER
  POSSIBLE SUNSHINE  MM
  AVERAGE SKY COVER 0.0


WEATHER CONDITIONS
 THE FOLLOWING WEATHER WAS RECORDED TODAY.
  NO SIGNIFICANT WEATHER WAS OBSERVED.


RELATIVE HUMIDITY (PERCENT)
 HIGHEST    69
 LOWEST     22
 AVERAGE    46

..........................................................


THE REDDING AIRPORT CA CLIMATE NORMALS FOR TOMORROW
                         NORMAL    RECORD    YEAR
 MAXIMUM TEMPERATURE (F)   85       101      2009
 MINIMUM TEMPERATURE (F)   57        41      2011


SUNRISE AND SUNSET
MAY 28 2015...........SUNRISE   543 AM PDT   SUNSET   830 PM PDT
MAY 29 2015...........SUNRISE   542 AM PDT   SUNSET   831 PM PDT


-  INDICATES NEGATIVE NUMBERS.
R  INDICATES RECORD WAS SET OR TIED.
MM INDICATES DATA IS MISSING.
T  INDICATES TRACE AMOUNT.






&&
....................................................................

REDDING CITY CLIMATE DATA FOR MAY 28

CLIMATE RECORD PERIOD 1897-1986

RECORD HIGH..............    108 IN 1984
RECORD LOW...............     42 IN 1927

RECORD RAINFALL..........   1.15 IN 1985

$$
