000
CDUS46 KSTO 300044
CLIRDD

CLIMATE REPORT
NATIONAL WEATHER SERVICE SACRAMENTO, CA
541 PM PDT SAT APR 29 2017


...................................

...THE REDDING AIRPORT CA CLIMATE SUMMARY FOR APRIL 29 2017...
VALID TODAY AS OF 0500 PM LOCAL TIME.

CLIMATE NORMAL PERIOD 1981 TO 2010
CLIMATE RECORD PERIOD 1986 TO 2017


WEATHER ITEM   OBSERVED RECORD YEAR NORMAL DEPARTURE LAST
                VALUE   VALUE       VALUE  FROM      YEAR
                                           NORMAL
...........................................................
TEMPERATURE (F)
 TODAY
  MAXIMUM         83     91    2014  75      8       81
  MINIMUM         44     34    2010  49     -5       58
  AVERAGE         64

PRECIPITATION (IN)
  TODAY            0.00   1.65 2003   0.07  -0.07      T
  MONTH TO DATE    3.89               2.41   1.48     3.25
  SINCE OCT 1     46.19              31.10  15.09    37.06
  SINCE JAN 1     27.46              18.25   9.21    27.20

SNOWFALL (IN)
  TODAY            0.0   MM      MM  MM               0.0
  MONTH TO DATE    0.0               MM               0.0
  SINCE MAR 1      0.0               MM               0.0
  SINCE JUL 1      3.0               MM               0.0

DEGREE DAYS
 HEATING
  TODAY            1

 COOLING
  TODAY            0
...........................................................


WIND (MPH)
  RESULTANT WIND SPEED   4   RESULTANT WIND DIRECTION   N (0)
  HIGHEST WIND SPEED    13   HIGHEST WIND DIRECTION     N (10)
  HIGHEST GUST SPEED    17   HIGHEST GUST DIRECTION     N (350)


SKY COVER
  POSSIBLE SUNSHINE  MM
  AVERAGE SKY COVER 0.0


WEATHER CONDITIONS
 THE FOLLOWING WEATHER WAS RECORDED TODAY.
  NO SIGNIFICANT WEATHER WAS OBSERVED.


RELATIVE HUMIDITY (PERCENT)
 HIGHEST    76
 LOWEST     14
 AVERAGE    45

..........................................................


THE REDDING AIRPORT CA CLIMATE NORMALS FOR TOMORROW
                         NORMAL    RECORD    YEAR
 MAXIMUM TEMPERATURE (F)   75        92      1996
 MINIMUM TEMPERATURE (F)   49        41      2010
                                             2008
                                             1988


SUNRISE AND SUNSET
APRIL 29 2017.........SUNRISE   610 AM PDT   SUNSET   803 PM PDT
APRIL 30 2017.........SUNRISE   609 AM PDT   SUNSET   804 PM PDT


-  INDICATES NEGATIVE NUMBERS.
R  INDICATES RECORD WAS SET OR TIED.
MM INDICATES DATA IS MISSING.
T  INDICATES TRACE AMOUNT.

&&
....................................................................

REDDING CITY CLIMATE DATA FOR APRIL 29

CLIMATE RECORD PERIOD 1897-1986

RECORD HIGH..............     96 IN 1981
RECORD LOW...............     37 IN 1967

RECORD RAINFALL..........   1.50 IN 1901

$$

NNNN
