000
CDUS46 KSTO 210039
CLIRDD

CLIMATE REPORT
NATIONAL WEATHER SERVICE SACRAMENTO, CA
436 PM PST SAT DEC 20 2014


...................................

...THE REDDING AIRPORT CA CLIMATE SUMMARY FOR DECEMBER 20 2014...
VALID TODAY AS OF 400 PM LOCAL TIME.

CLIMATE NORMAL PERIOD 1981 TO 2010
CLIMATE RECORD PERIOD 1986 TO 2014


WEATHER ITEM   OBSERVED RECORD YEAR NORMAL DEPARTURE LAST
                VALUE   VALUE       VALUE  FROM      YEAR
                                           NORMAL
...........................................................
TEMPERATURE (F)
 TODAY
  MAXIMUM         54     73    1999  54      0       65
  MINIMUM         51     22    1990  36     15       39
  AVERAGE         53

PRECIPITATION (IN)
  TODAY            0.39   0.97 2005   0.22   0.17     0.00
  MONTH TO DATE   10.14               3.89   6.25     0.38
  SINCE JUL 1     19.44              11.38   8.06     3.50
  SINCE JAN 1     33.71              32.24   1.47    12.80

SNOWFALL (IN)
  TODAY            0.0   MM      MM  MM               0.0
  MONTH TO DATE    0.0               MM               5.0
  SINCE DEC 1      0.0               MM               5.0
  SINCE JUL 1      0.0               MM               5.0

DEGREE DAYS
 HEATING
  TODAY           12

 COOLING
  TODAY            0
...........................................................


WIND (MPH)
  RESULTANT WIND SPEED  11   RESULTANT WIND DIRECTION   S (190)
  HIGHEST WIND SPEED    20   HIGHEST WIND DIRECTION     S (190)
  HIGHEST GUST SPEED    23   HIGHEST GUST DIRECTION     S (180)


SKY COVER
  POSSIBLE SUNSHINE  MM
  AVERAGE SKY COVER 1.0


WEATHER CONDITIONS
 THE FOLLOWING WEATHER WAS RECORDED TODAY.
  RAIN
  LIGHT RAIN
  FOG


RELATIVE HUMIDITY (PERCENT)
 HIGHEST   100
 LOWEST     93
 AVERAGE    97

..........................................................


THE REDDING AIRPORT CA CLIMATE NORMALS FOR TOMORROW
                         NORMAL    RECORD    YEAR
 MAXIMUM TEMPERATURE (F)   54        72      1999
 MINIMUM TEMPERATURE (F)   36        17      1990


SUNRISE AND SUNSET
DECEMBER 20 2014......SUNRISE   729 AM PST   SUNSET   445 PM PST
DECEMBER 21 2014......SUNRISE   729 AM PST   SUNSET   446 PM PST


-  INDICATES NEGATIVE NUMBERS.
R  INDICATES RECORD WAS SET OR TIED.
MM INDICATES DATA IS MISSING.
T  INDICATES TRACE AMOUNT.

&&
....................................................................

REDDING CITY CLIMATE DATA FOR DECEMBER 20

CLIMATE RECORD PERIOD 1897-1986

RECORD HIGH..............     73 IN 1962
RECORD LOW...............     25 IN 1965

RECORD RAINFALL..........   4.14 IN 1940

$$

NNNN
