000
CDUS46 KSTO 220840 RRA
CLIRDD

CLIMATE REPORT
NATIONAL WEATHER SERVICE SACRAMENTO, CA
140 AM PDT SUN OCT 22 2017


...................................

...THE REDDING AIRPORT CA CLIMATE SUMMARY FOR OCTOBER 21 2017...

CLIMATE NORMAL PERIOD 1981 TO 2010
CLIMATE RECORD PERIOD 1986 TO 2017


WEATHER ITEM   OBSERVED RECORD YEAR NORMAL DEPARTURE LAST
                VALUE   VALUE       VALUE  FROM      YEAR
                                           NORMAL
...........................................................
TEMPERATURE (F)
 YESTERDAY
  MAXIMUM         66     91    2013  75     -9       77
                               1988
  MINIMUM         41     39    2004  48     -7       48
                               1996
  AVERAGE         54

PRECIPITATION (IN)
  YESTERDAY        0.00   0.31 1989   0.09  -0.09     0.00
  MONTH TO DATE    0.33               1.13  -0.80     3.23
  SINCE OCT 1      0.33               1.13  -0.80     3.23
  SINCE JAN 1     29.34              22.90   6.44    33.86

SNOWFALL (IN)
  YESTERDAY        0.0    0.0  2002  MM               0.0
                               2001
  MONTH TO DATE    0.0               MM               0.0
  SINCE SEP 1      0.0               MM               0.0
  SINCE JUL 1      0.0               MM               0.0

DEGREE DAYS
 HEATING
  YESTERDAY       11

 COOLING
  YESTERDAY        0
...........................................................


WIND (MPH)
  RESULTANT WIND SPEED   2   RESULTANT WIND DIRECTION   N (350)
  HIGHEST WIND SPEED     9   HIGHEST WIND DIRECTION    NW (330)
  HIGHEST GUST SPEED    11   HIGHEST GUST DIRECTION     N (340)


SKY COVER
  POSSIBLE SUNSHINE  MM
  AVERAGE SKY COVER 0.6


WEATHER CONDITIONS
 THE FOLLOWING WEATHER WAS RECORDED YESTERDAY.
  NO SIGNIFICANT WEATHER WAS OBSERVED.


RELATIVE HUMIDITY (PERCENT)
 HIGHEST    92
 LOWEST     37
 AVERAGE    65

..........................................................


THE REDDING AIRPORT CA CLIMATE NORMALS FOR TODAY
                         NORMAL    RECORD    YEAR
 MAXIMUM TEMPERATURE (F)   75        92      1988
 MINIMUM TEMPERATURE (F)   48        41      1999
                                             1996


SUNRISE AND SUNSET
OCTOBER 22 2017.......SUNRISE   728 AM PDT   SUNSET   618 PM PDT
OCTOBER 23 2017.......SUNRISE   729 AM PDT   SUNSET   617 PM PDT


-  INDICATES NEGATIVE NUMBERS.
R  INDICATES RECORD WAS SET OR TIED.
MM INDICATES DATA IS MISSING.
T  INDICATES TRACE AMOUNT.

&&
....................................................................

REDDING CITY CLIMATE DATA FOR OCTOBER 21

CLIMATE RECORD PERIOD 1897-1986

RECORD HIGH..............     93 IN 1965
RECORD LOW...............     33 IN 1979
RECORD RAINFALL..........   1.51 IN 1902

$$
