000
CDUS46 KSTO 230048
CLIRDD

CLIMATE REPORT
NATIONAL WEATHER SERVICE SACRAMENTO, CA
547 PM PDT FRI AUG 22 2014


...................................

...THE REDDING AIRPORT CA CLIMATE SUMMARY FOR AUGUST 22 2014...
VALID TODAY AS OF 0500 PM LOCAL TIME.

CLIMATE NORMAL PERIOD 1981 TO 2010
CLIMATE RECORD PERIOD 1986 TO 2014


WEATHER ITEM   OBSERVED RECORD YEAR NORMAL DEPARTURE LAST
                VALUE   VALUE       VALUE  FROM      YEAR
                                           NORMAL
...........................................................
TEMPERATURE (F)
 TODAY
  MAXIMUM         92    106    1999  95     -3       95
  MINIMUM         63     53    1992  62      1       67
  AVERAGE         78

PRECIPITATION (IN)
  TODAY            0.00   0.23 1989   0.01  -0.01     0.00
  MONTH TO DATE    0.12               0.11   0.01     0.00
  SINCE JUL 1      0.21               0.20   0.01      T
  SINCE JAN 1     14.48              21.06  -6.58     9.30

SNOWFALL (IN)
  TODAY            0.0   MM      MM  MM               0.0
  MONTH TO DATE    0.0               MM               0.0
  SINCE JUN 1      0.0               MM               0.0
  SINCE JUL 1      0.0               MM               0.0

DEGREE DAYS
 HEATING
  TODAY            0

 COOLING
  TODAY           13
...........................................................


WIND (MPH)
  RESULTANT WIND SPEED   1   RESULTANT WIND DIRECTION   N (360)
  HIGHEST WIND SPEED     5   HIGHEST WIND DIRECTION    NW (330)
  HIGHEST GUST SPEED    MM   HIGHEST GUST DIRECTION    MM


SKY COVER
  POSSIBLE SUNSHINE  MM
  AVERAGE SKY COVER 0.0


WEATHER CONDITIONS
 THE FOLLOWING WEATHER WAS RECORDED TODAY.
  NO SIGNIFICANT WEATHER WAS OBSERVED.


RELATIVE HUMIDITY (PERCENT)
 HIGHEST    68
 LOWEST     53
 AVERAGE    61

..........................................................


THE REDDING AIRPORT CA CLIMATE NORMALS FOR TOMORROW
                         NORMAL    RECORD    YEAR
 MAXIMUM TEMPERATURE (F)   95       106      2007
 MINIMUM TEMPERATURE (F)   62        55      1994
                                             1989


SUNRISE AND SUNSET
AUGUST 22 2014........SUNRISE   627 AM PDT   SUNSET   756 PM PDT
AUGUST 23 2014........SUNRISE   628 AM PDT   SUNSET   755 PM PDT


-  INDICATES NEGATIVE NUMBERS.
R  INDICATES RECORD WAS SET OR TIED.
MM INDICATES DATA IS MISSING.
T  INDICATES TRACE AMOUNT.






&&
....................................................................

REDDING CITY CLIMATE DATA FOR AUGUST 22

CLIMATE RECORD PERIOD 1897-1986

RECORD HIGH..............    110 IN 1982
RECORD LOW...............     52 IN 1978

RECORD RAINFALL..........   0.12 IN 1925

$$

NNNN
