000
CDUS46 KSTO 010848
CLIRDD

SFOCLIRDD 000
TTAA00 KSTO 010838


CLIMATE REPORT
NATIONAL WEATHER SERVICE SACRAMENTO, CA
1238 AM PST SUN MAR 1 2015


...................................

...THE REDDING AIRPORT CA CLIMATE SUMMARY FOR FEBRUARY 28 2015...

CLIMATE NORMAL PERIOD 1981 TO 2010
CLIMATE RECORD PERIOD 1986 TO 2015


WEATHER ITEM   OBSERVED RECORD YEAR NORMAL DEPARTURE LAST
                VALUE   VALUE       VALUE  FROM      YEAR
                                           NORMAL
...........................................................
TEMPERATURE (F)
 YESTERDAY
  MAXIMUM         65     78    2008  62      3       54
  MINIMUM         39     29    2012  41     -2       48
  AVERAGE         52

PRECIPITATION (IN)
  YESTERDAY        0.00   0.81 1991   0.18  -0.18     0.80
  MONTH TO DATE    3.38               5.51  -2.13     8.08
  SINCE OCT 1     19.89              24.32  -4.43    10.61
  SINCE JAN 1      3.64              11.47  -7.83     8.50

SNOWFALL (IN)
  YESTERDAY        0.0   MM      MM  MM              MM
  MONTH TO DATE    0.0               MM               0.0
  SINCE DEC 1      0.0               MM               5.0
  SINCE JUL 1      0.0               MM               5.0

DEGREE DAYS
 HEATING
  YESTERDAY       13

 COOLING
  YESTERDAY        0
...........................................................


WIND (MPH)
  RESULTANT WIND SPEED   9   RESULTANT WIND DIRECTION   N (20)
  HIGHEST WIND SPEED    24   HIGHEST WIND DIRECTION     N (20)
  HIGHEST GUST SPEED    33   HIGHEST GUST DIRECTION     N (20)


SKY COVER
  POSSIBLE SUNSHINE  MM
  AVERAGE SKY COVER 0.3


WEATHER CONDITIONS
 THE FOLLOWING WEATHER WAS RECORDED YESTERDAY.
  NO SIGNIFICANT WEATHER WAS OBSERVED.


RELATIVE HUMIDITY (PERCENT)
 HIGHEST    85
 LOWEST     31
 AVERAGE    58

..........................................................


THE REDDING AIRPORT CA CLIMATE NORMALS FOR TODAY
                         NORMAL    RECORD    YEAR
 MAXIMUM TEMPERATURE (F)   62        77      2013
 MINIMUM TEMPERATURE (F)   42        30      2007


SUNRISE AND SUNSET
MARCH  1 2015.........SUNRISE   643 AM PST   SUNSET   601 PM PST
MARCH  2 2015.........SUNRISE   642 AM PST   SUNSET   602 PM PST


-  INDICATES NEGATIVE NUMBERS.
R  INDICATES RECORD WAS SET OR TIED.
MM INDICATES DATA IS MISSING.
T  INDICATES TRACE AMOUNT.




$$
