000
CDUS46 KSTO 030855
CLIRDD

CLIMATE REPORT
NATIONAL WEATHER SERVICE SACRAMENTO, CA
147 AM PDT MON AUG 3 2015


...................................

...THE REDDING AIRPORT CA CLIMATE SUMMARY FOR AUGUST 2 2015...

CLIMATE NORMAL PERIOD 1981 TO 2010
CLIMATE RECORD PERIOD 1986 TO 2015


WEATHER ITEM   OBSERVED RECORD YEAR NORMAL DEPARTURE LAST
                VALUE   VALUE       VALUE  FROM      YEAR
                                           NORMAL
...........................................................
TEMPERATURE (F)
 YESTERDAY
  MAXIMUM         96    111    1993  99     -3      104
  MINIMUM         73     56    1989  65      8       68
  AVERAGE         85

PRECIPITATION (IN)
  YESTERDAY        T      0.61 2003   0.01  -0.01     0.00
  MONTH TO DATE    T                  0.01  -0.01     0.00
  SINCE OCT 1     23.08              33.81 -10.73    16.47
  SINCE JAN 1      6.83              20.96 -14.13    14.36

SNOWFALL (IN)
  YESTERDAY        0.0   MM      MM  MM               0.0
  MONTH TO DATE    0.0               MM               0.0
  SINCE JUN 1      0.0               MM               0.0
  SINCE JUL 1      0.0               MM               0.0

DEGREE DAYS
 HEATING
  YESTERDAY        0

 COOLING
  YESTERDAY       20
...........................................................


WIND (MPH)
  RESULTANT WIND SPEED   2   RESULTANT WIND DIRECTION   S (170)
  HIGHEST WIND SPEED    10   HIGHEST WIND DIRECTION    SE (150)
  HIGHEST GUST SPEED    12   HIGHEST GUST DIRECTION     W (270)


SKY COVER
  POSSIBLE SUNSHINE  MM
  AVERAGE SKY COVER 0.0


WEATHER CONDITIONS
 THE FOLLOWING WEATHER WAS RECORDED YESTERDAY.
  THUNDERSTORM


RELATIVE HUMIDITY (PERCENT)
 HIGHEST    69
 LOWEST     24
 AVERAGE    47

..........................................................


THE REDDING AIRPORT CA CLIMATE NORMALS FOR TODAY
                         NORMAL    RECORD    YEAR
 MAXIMUM TEMPERATURE (F)   99       112      1998
 MINIMUM TEMPERATURE (F)   65        59      2013
                                             2005
                                             1991


SUNRISE AND SUNSET
AUGUST  3 2015........SUNRISE   608 AM PDT   SUNSET   822 PM PDT
AUGUST  4 2015........SUNRISE   609 AM PDT   SUNSET   821 PM PDT


-  INDICATES NEGATIVE NUMBERS.
R  INDICATES RECORD WAS SET OR TIED.
MM INDICATES DATA IS MISSING.
T  INDICATES TRACE AMOUNT.




&&
....................................................................

REDDING CITY CLIMATE DATA FOR AUGUST 02

CLIMATE RECORD PERIOD 1897-1986

RECORD HIGH..............    110 IN 1946
RECORD LOW...............     55 IN 1919

RECORD RAINFALL..........   0.04 IN 1968

$$

NNNN
