000
CDUS41 KPHI 242128
CLIRDG


CLIMATE REPORT
NATIONAL WEATHER SERVICE MOUNT HOLLY NJ
427 PM EST FRI NOV 24 2017


...................................

...THE READING PA CLIMATE SUMMARY FOR NOVEMBER 24 2017...
VALID TODAY AS OF 0400 PM LOCAL TIME.

CLIMATE NORMAL PERIOD 1981 TO 2010
CLIMATE RECORD PERIOD 1869 TO 2017


WEATHER ITEM   OBSERVED TIME   RECORD YEAR NORMAL DEPARTURE LAST
                VALUE   (LST)  VALUE       VALUE  FROM      YEAR
                                                  NORMAL
..................................................................
TEMPERATURE (F)
 TODAY
  MAXIMUM         52    249 PM  71    2014  50      2       47
  MINIMUM         24    709 AM  15    1970  32     -8       37
  AVERAGE         38                        41     -3       42

PRECIPITATION (IN)
  TODAY            0.00          2.80 1873   0.12  -0.12      T
  MONTH TO DATE    1.78                      2.63  -0.85     0.47
  SINCE SEP 1      8.32                     10.19  -1.87     6.00
  SINCE JAN 1     41.76                     39.15   2.61    30.51

DEGREE DAYS
 HEATING
  TODAY           27                        24      3       23
  MONTH TO DATE  520                       477     43      441
  SINCE SEP 1    768                       910   -142      742
  SINCE JUL 1    772                       915   -143      742

 COOLING
  TODAY            0                         0      0        0
  MONTH TO DATE    0                         0      0        0
  SINCE SEP 1    197                        93    104      214
  SINCE JAN 1   1086                       896    190     1356
..................................................................


WIND (MPH)
  HIGHEST WIND SPEED    12   HIGHEST WIND DIRECTION    SW (230)
  HIGHEST GUST SPEED    14   HIGHEST GUST DIRECTION    SW (220)
  AVERAGE WIND SPEED     1.8


SKY COVER
  POSSIBLE SUNSHINE  MM
  AVERAGE SKY COVER 0.0


WEATHER CONDITIONS
 THE FOLLOWING WEATHER WAS RECORDED TODAY.
  NO SIGNIFICANT WEATHER WAS OBSERVED.


RELATIVE HUMIDITY (PERCENT)
 HIGHEST   100           600 AM
 LOWEST     30           200 PM
 AVERAGE    65

..........................................................


THE READING PA CLIMATE NORMALS FOR TOMORROW
                         NORMAL    RECORD    YEAR
 MAXIMUM TEMPERATURE (F)   49        74      1979
 MINIMUM TEMPERATURE (F)   32        17      1956
                                             1938


SUNRISE AND SUNSET
NOVEMBER 24 2017......SUNRISE   700 AM EST   SUNSET   441 PM EST
NOVEMBER 25 2017......SUNRISE   701 AM EST   SUNSET   440 PM EST


-  INDICATES NEGATIVE NUMBERS.
R  INDICATES RECORD WAS SET OR TIED.
MM INDICATES DATA IS MISSING.
T  INDICATES TRACE AMOUNT.




$$
