000
CDUS41 KPHI 180628
CLIRDG


CLIMATE REPORT
NATIONAL WEATHER SERVICE MOUNT HOLLY NJ
128 AM EST WED JAN 18 2017


...................................

...THE READING PA CLIMATE SUMMARY FOR JANUARY 17 2017...

CLIMATE NORMAL PERIOD 1981 TO 2010
CLIMATE RECORD PERIOD 1869 TO 2017


WEATHER ITEM   OBSERVED TIME   RECORD YEAR NORMAL DEPARTURE LAST
                VALUE   (LST)  VALUE       VALUE  FROM      YEAR
                                                  NORMAL
..................................................................
TEMPERATURE (F)
 YESTERDAY
  MAXIMUM         42    334 PM  62    1990  37      5       38
  MINIMUM         35    738 AM -10    1982  21     14       27
  AVERAGE         39                        29     10       33

PRECIPITATION (IN)
  YESTERDAY        0.34          0.59 1952   0.10   0.24     0.01
  MONTH TO DATE    1.59                      1.82  -0.23     1.38
  SINCE DEC 1      3.72                      5.11  -1.39     4.94
  SINCE JAN 1      1.59                      1.82  -0.23     1.38

DEGREE DAYS
 HEATING
  YESTERDAY       26                        36    -10       32
  MONTH TO DATE  555                       597    -42      554
  SINCE DEC 1   1471                      1561    -90     1119
  SINCE JUL 1   2325                      2628   -303     1938

 COOLING
  YESTERDAY        0                         0      0        0
  MONTH TO DATE    0                         0      0        0
  SINCE DEC 1      0                         0      0        0
  SINCE JAN 1      0                         0      0        0
..................................................................


WIND (MPH)
  HIGHEST WIND SPEED     9   HIGHEST WIND DIRECTION     N (360)
  HIGHEST GUST SPEED    12   HIGHEST GUST DIRECTION    SE (120)
  AVERAGE WIND SPEED     3.1


SKY COVER
  POSSIBLE SUNSHINE  MM
  AVERAGE SKY COVER 1.0


WEATHER CONDITIONS
 THE FOLLOWING WEATHER WAS RECORDED YESTERDAY.
  HEAVY RAIN
  RAIN
  LIGHT RAIN
  FOG
  HAZE


RELATIVE HUMIDITY (PERCENT)
 HIGHEST    92           600 PM
 LOWEST     64          1200 AM
 AVERAGE    78

..........................................................


THE READING PA CLIMATE NORMALS FOR TODAY
                         NORMAL    RECORD    YEAR
 MAXIMUM TEMPERATURE (F)   37        63      1986
 MINIMUM TEMPERATURE (F)   21        -9      1977


SUNRISE AND SUNSET
JANUARY 18 2017.......SUNRISE   723 AM EST   SUNSET   506 PM EST
JANUARY 19 2017.......SUNRISE   723 AM EST   SUNSET   507 PM EST


-  INDICATES NEGATIVE NUMBERS.
R  INDICATES RECORD WAS SET OR TIED.
MM INDICATES DATA IS MISSING.
T  INDICATES TRACE AMOUNT.




$$
