000
CDUS41 KPHI 122133
CLIRDG


CLIMATE REPORT
NATIONAL WEATHER SERVICE MOUNT HOLLY NJ
533 PM EDT SAT JUL 12 2014


...................................

...THE READING PA CLIMATE SUMMARY FOR JULY 12 2014...
VALID TODAY AS OF 0500 PM LOCAL TIME.

CLIMATE NORMAL PERIOD 1981 TO 2010
CLIMATE RECORD PERIOD 1869 TO 2014


WEATHER ITEM   OBSERVED TIME   RECORD YEAR NORMAL DEPARTURE LAST
                VALUE   (LST)  VALUE       VALUE  FROM      YEAR
                                                  NORMAL
..................................................................
TEMPERATURE (F)
 TODAY
  MAXIMUM         88   1238 PM  96    1908  86      2       76
  MINIMUM         67    507 AM  48    1978  65      2       69
  AVERAGE         78                        75      3       73

PRECIPITATION (IN)
  TODAY            0.22          5.32 2004   0.13   0.09     0.99
  MONTH TO DATE    2.90                      1.69   1.21     2.50
  SINCE JUN 1      6.69                      5.47   1.22     8.71
  SINCE JAN 1     25.51                     22.49   3.02    21.75

SNOWFALL (IN)
  TODAY           MM            MM      MM  MM     MM       MM
  MONTH TO DATE   MM                        MM     MM       MM
  SINCE JUN 1     MM                        MM     MM       MM
  SINCE JUL 1     MM                        MM     MM       MM
  SNOW DEPTH      MM

DEGREE DAYS
 HEATING
  TODAY            0                         0      0        0
  MONTH TO DATE    0                         0      0        0
  SINCE JUN 1      1                        24    -23        2
  SINCE JUL 1      0                         0      0        0

 COOLING
  TODAY           13                        10      3        8
  MONTH TO DATE  149                       117     32      172
  SINCE JUN 1    377                       306     71      413
  SINCE JAN 1    439                       366     73      512
..................................................................


WIND (MPH)
  HIGHEST WIND SPEED    21   HIGHEST WIND DIRECTION    NW (300)
  HIGHEST GUST SPEED    24   HIGHEST GUST DIRECTION     W (280)
  AVERAGE WIND SPEED     3.9


SKY COVER
  POSSIBLE SUNSHINE  MM
  AVERAGE SKY COVER 0.4


WEATHER CONDITIONS
 THE FOLLOWING WEATHER WAS RECORDED TODAY.
  THUNDERSTORM
  HEAVY RAIN
  RAIN
  LIGHT RAIN
  FOG


RELATIVE HUMIDITY (PERCENT)
 HIGHEST    93           500 AM
 LOWEST     51          1200 PM
 AVERAGE    72

..........................................................


THE READING PA CLIMATE NORMALS FOR TOMORROW
                         NORMAL    RECORD    YEAR
 MAXIMUM TEMPERATURE (F)   86        96      1966
                                             1927
 MINIMUM TEMPERATURE (F)   65        52      1978


SUNRISE AND SUNSET
JULY 12 2014..........SUNRISE   544 AM EDT   SUNSET   834 PM EDT
JULY 13 2014..........SUNRISE   545 AM EDT   SUNSET   834 PM EDT


-  INDICATES NEGATIVE NUMBERS.
R  INDICATES RECORD WAS SET OR TIED.
MM INDICATES DATA IS MISSING.
T  INDICATES TRACE AMOUNT.




$$
