000
CDUS41 KPHI 280629
CLIRDG


CLIMATE REPORT
NATIONAL WEATHER SERVICE MOUNT HOLLY NJ
228 AM EDT TUE MAR 28 2017


...................................

...THE READING PA CLIMATE SUMMARY FOR MARCH 27 2017...

CLIMATE NORMAL PERIOD 1981 TO 2010
CLIMATE RECORD PERIOD 1869 TO 2017


WEATHER ITEM   OBSERVED TIME   RECORD YEAR NORMAL DEPARTURE LAST
                VALUE   (LST)  VALUE       VALUE  FROM      YEAR
                                                  NORMAL
..................................................................
TEMPERATURE (F)
 YESTERDAY
  MAXIMUM         57    538 PM  85    1998  55      2       57
  MINIMUM         40    149 AM  18    2014  35      5       42
  AVERAGE         49                        45      4       50

PRECIPITATION (IN)
  YESTERDAY        0.23          2.00 1978   0.14   0.09      T
  MONTH TO DATE    2.27                      2.94  -0.67     0.66
  SINCE MAR 1      2.27                      2.94  -0.67     0.66
  SINCE JAN 1      5.66                      8.47  -2.81     7.47

DEGREE DAYS
 HEATING
  YESTERDAY       16                        20     -4       15
  MONTH TO DATE  717                       665     52      475
  SINCE MAR 1    717                       665     52      475
  SINCE JUL 1   4079                      4707   -628     3822

 COOLING
  YESTERDAY        0                         0      0        0
  MONTH TO DATE    0                         0      0        3
  SINCE MAR 1      0                         0      0        3
  SINCE JAN 1      0                         0      0        3
..................................................................


WIND (MPH)
  HIGHEST WIND SPEED     9   HIGHEST WIND DIRECTION    SE (120)
  HIGHEST GUST SPEED    14   HIGHEST GUST DIRECTION     E (70)
  AVERAGE WIND SPEED     1.4


SKY COVER
  POSSIBLE SUNSHINE  MM
  AVERAGE SKY COVER 0.6


WEATHER CONDITIONS
 THE FOLLOWING WEATHER WAS RECORDED YESTERDAY.
  LIGHT RAIN
  FOG
  HAZE


RELATIVE HUMIDITY (PERCENT)
 HIGHEST   100           300 AM
 LOWEST     80           500 PM
 AVERAGE    90

..........................................................


THE READING PA CLIMATE NORMALS FOR TODAY
                         NORMAL    RECORD    YEAR
 MAXIMUM TEMPERATURE (F)   55        85      1945
 MINIMUM TEMPERATURE (F)   35        17      1923


SUNRISE AND SUNSET
MARCH 28 2017.........SUNRISE   654 AM EDT   SUNSET   725 PM EDT
MARCH 29 2017.........SUNRISE   652 AM EDT   SUNSET   726 PM EDT


-  INDICATES NEGATIVE NUMBERS.
R  INDICATES RECORD WAS SET OR TIED.
MM INDICATES DATA IS MISSING.
T  INDICATES TRACE AMOUNT.




$$
