000
CDUS46 KPDT 241033
CLIRDM

CLIMATE REPORT
NATIONAL WEATHER SERVICE PENDLETON OR
333 AM PDT SAT SEP 24 2016

...................................

...THE REDMOND OR CLIMATE SUMMARY FOR SEPTEMBER 23 2016...

CLIMATE NORMAL PERIOD 1981 TO 2010
CLIMATE RECORD PERIOD 1949 TO 2016


WEATHER ITEM   OBSERVED TIME   RECORD YEAR NORMAL DEPARTURE LAST
                VALUE   (LST)  VALUE       VALUE  FROM      YEAR
                                                  NORMAL
..................................................................
TEMPERATURE (F)
 YESTERDAY
  MAXIMUM         62    326 PM  94    2011  74    -12       78
  MINIMUM         28    554 AM  23    2008  36     -8       29
  AVERAGE         45                        55    -10       54

PRECIPITATION (IN)
  YESTERDAY        0.01          0.16 1986   0.01   0.00     0.00
  MONTH TO DATE    0.04                      0.31  -0.27     0.07
  SINCE OCT 1      9.10                      8.80   0.30     8.84
  SINCE JAN 1      5.53                      6.04  -0.51     4.56

DEGREE DAYS
 HEATING
  YESTERDAY       20                        10     10       11
  MONTH TO DATE  232                       170     62      209
  SINCE SEP 1    232                       170     62      209
  SINCE JUL 1    321                       319      2      300

COOLING
  YESTERDAY        0                         0      0        0
  MONTH TO DATE    0                        14    -14        8
  SINCE SEP 1      0                        14    -14        8
  SINCE JAN 1    239                       220     19      363
..................................................................


WIND (MPH)
  RESULTANT WIND SPEED   2   RESULTANT WIND DIRECTION  NW (300)
  HIGHEST WIND SPEED    22   HIGHEST WIND DIRECTION     W (290)
  HIGHEST GUST SPEED    28   HIGHEST GUST DIRECTION    NW (300)
  AVERAGE WIND SPEED     6.0


SKY COVER
  POSSIBLE SUNSHINE  MM
  AVERAGE SKY COVER 0.4


WEATHER CONDITIONS
 THE FOLLOWING WEATHER WAS RECORDED YESTERDAY.
  LIGHT RAIN


RELATIVE HUMIDITY (PERCENT)
 HIGHEST    85           600 AM
 LOWEST     29          1200 PM
 AVERAGE    57

..........................................................


THE REDMOND OR CLIMATE NORMALS FOR TODAY
                         NORMAL    RECORD    YEAR
 MAXIMUM TEMPERATURE (F)   73        94      2011
 MINIMUM TEMPERATURE (F)   36        16      1961


SUNRISE AND SUNSET
SEPTEMBER 24 2016.....SUNRISE   655 AM PDT   SUNSET   657 PM PDT
SEPTEMBER 25 2016.....SUNRISE   656 AM PDT   SUNSET   655 PM PDT


-  INDICATES NEGATIVE NUMBERS.
R  INDICATES RECORD WAS SET OR TIED.
MM INDICATES DATA IS MISSING.
T  INDICATES TRACE AMOUNT.

$$
