000
CDUS46 KPDT 260041
CLIRDM

CLIMATE REPORT
NATIONAL WEATHER SERVICE PENDLETON OR
527 PM PDT MON MAY 25 2015


...................................

...THE REDMOND OR CLIMATE SUMMARY FOR MAY 25 2015...
VALID TODAY AS OF 0500 PM LOCAL TIME.

CLIMATE NORMAL PERIOD 1981 TO 2010
CLIMATE RECORD PERIOD 1949 TO 2015


WEATHER ITEM   OBSERVED TIME   RECORD YEAR NORMAL DEPARTURE LAST
                VALUE   (LST)  VALUE       VALUE  FROM      YEAR
                                                  NORMAL
..................................................................
TEMPERATURE (F)
 TODAY
  MAXIMUM         72    357 PM  92    1986  70      2       78
  MINIMUM         40    452 AM  20    1975  38      2       40
  AVERAGE         56                        54      2       59

PRECIPITATION (IN)
  TODAY            0.00          0.59 1993   0.04  -0.04     0.00
  MONTH TO DATE    2.39                      0.80   1.59     0.36
  SINCE OCT 1      8.20                      6.57   1.63     4.16
  SINCE JAN 1      3.92                      3.81   0.11     3.45

DEGREE DAYS
 HEATING
  TODAY            9                        12     -3        6
  MONTH TO DATE  342                       362    -20      295
  SINCE MAR 1   1620                      1760   -140     1597
  SINCE JUL 1   5653                      6433   -780     6390

 COOLING
  TODAY            0                         0      0        0
  MONTH TO DATE    0                         0      0        0
  SINCE MAR 1      0                         0      0        0
  SINCE JAN 1      0                         0      0        0
..................................................................


WIND (MPH)
  RESULTANT WIND SPEED   2   RESULTANT WIND DIRECTION  NW (330)
  HIGHEST WIND SPEED    16   HIGHEST WIND DIRECTION     N (350)
  HIGHEST GUST SPEED    21   HIGHEST GUST DIRECTION     W (290)
  AVERAGE WIND SPEED     5.5


SKY COVER
  POSSIBLE SUNSHINE  MM
  AVERAGE SKY COVER 0.0


WEATHER CONDITIONS
THE FOLLOWING WEATHER WAS RECORDED TODAY.
  NO SIGNIFICANT WEATHER WAS OBSERVED.


RELATIVE HUMIDITY (PERCENT)
 HIGHEST    93           500 AM
 LOWEST     24           100 PM
 AVERAGE    59

..........................................................


THE REDMOND OR CLIMATE NORMALS FOR TOMORROW
                         NORMAL    RECORD    YEAR
 MAXIMUM TEMPERATURE (F)   70        88      1950
 MINIMUM TEMPERATURE (F)   38        22      1964


SUNRISE AND SUNSET
MAY 25 2015...........SUNRISE   528 AM PDT   SUNSET   835 PM PDT
MAY 26 2015...........SUNRISE   528 AM PDT   SUNSET   836 PM PDT


-  INDICATES NEGATIVE NUMBERS.
R  INDICATES RECORD WAS SET OR TIED.
MM INDICATES DATA IS MISSING.
T  INDICATES TRACE AMOUNT.




$$
