000
CDUS46 KPDT 210853
CLIRDM

CLIMATE REPORT
NATIONAL WEATHER SERVICE PENDLETON OR
1252 AM PST SUN JAN 21 2018


...................................

...THE REDMOND OR CLIMATE SUMMARY FOR JANUARY 20 2018...

CLIMATE NORMAL PERIOD 1981 TO 2010
CLIMATE RECORD PERIOD 1949 TO 2018


WEATHER ITEM   OBSERVED TIME   RECORD YEAR NORMAL DEPARTURE LAST
                VALUE   (LST)  VALUE       VALUE  FROM      YEAR
                                                  NORMAL
..................................................................
TEMPERATURE (F)
 YESTERDAY
  MAXIMUM         45    321 PM  64    1968  43      2       40
  MINIMUM         22    753 AM  -4    1962  24     -2       25
  AVERAGE         34                        33      1       33

PRECIPITATION (IN)
  YESTERDAY        0.00          0.54 1956   0.03  -0.03     0.02
  MONTH TO DATE    0.17                      0.68  -0.51     1.53
  SINCE OCT 1      1.28                      3.44  -2.16     5.28
  SINCE JAN 1      0.17                      0.68  -0.51     1.53

DEGREE DAYS
 HEATING
  YESTERDAY       31                        32     -1       32
  MONTH TO DATE  593                       657    -64      950
  SINCE DEC 1   1725                      1723      2     2209
  SINCE JUL 1   3304                      3497   -193     3673

 COOLING
  YESTERDAY        0                         0      0        0
  MONTH TO DATE    0                         0      0        0
  SINCE DEC 1      0                         0      0        0
  SINCE JAN 1      0                         0      0        0
..................................................................


WIND (MPH)
  RESULTANT WIND SPEED   2   RESULTANT WIND DIRECTION  SE (120)
  HIGHEST WIND SPEED    15   HIGHEST WIND DIRECTION     S (180)
  HIGHEST GUST SPEED    19   HIGHEST GUST DIRECTION     S (170)
  AVERAGE WIND SPEED     4.8


SKY COVER
  POSSIBLE SUNSHINE  MM
  AVERAGE SKY COVER 0.5


WEATHER CONDITIONS
 THE FOLLOWING WEATHER WAS RECORDED YESTERDAY.
  NO SIGNIFICANT WEATHER WAS OBSERVED.


RELATIVE HUMIDITY (PERCENT)
 HIGHEST    96           800 AM
 LOWEST     45           200 PM
 AVERAGE    71

..........................................................


THE REDMOND OR CLIMATE NORMALS FOR TODAY
                         NORMAL    RECORD    YEAR
 MAXIMUM TEMPERATURE (F)   43        65      1963
 MINIMUM TEMPERATURE (F)   24       -20      1962


SUNRISE AND SUNSET
JANUARY 21 2018.......SUNRISE   733 AM PST   SUNSET   459 PM PST
JANUARY 22 2018.......SUNRISE   732 AM PST   SUNSET   501 PM PST


-  INDICATES NEGATIVE NUMBERS.
R  INDICATES RECORD WAS SET OR TIED.
MM INDICATES DATA IS MISSING.
T  INDICATES TRACE AMOUNT.

$$
