000
CDUS46 KPDT 260829
CLIRDM

CLIMATE REPORT
NATIONAL WEATHER SERVICE PENDLETON OR
1227 AM PST MON JAN 26 2015


...................................

...THE REDMOND OR CLIMATE SUMMARY FOR JANUARY 25 2015...

CLIMATE NORMAL PERIOD 1981 TO 2010
CLIMATE RECORD PERIOD 1949 TO 2015


WEATHER ITEM   OBSERVED TIME   RECORD YEAR NORMAL DEPARTURE LAST
                VALUE   (LST)  VALUE       VALUE  FROM      YEAR
                                                  NORMAL
..................................................................
TEMPERATURE (F)
 YESTERDAY
  MAXIMUM         69R   304 PM  61    1951  44     25       47
  MINIMUM         34    640 AM -12    1957  24     10       14
  AVERAGE         52                        34     18       31

PRECIPITATION (IN)
  YESTERDAY        0.00          0.38 1987   0.02  -0.02     0.00
  MONTH TO DATE    0.28                      0.81  -0.53     0.26
  SINCE OCT 1      4.56                      3.57   0.99     0.97
  SINCE JAN 1      0.28                      0.81  -0.53     0.26

DEGREE DAYS
 HEATING
  YESTERDAY       13                        31    -18       34
  MONTH TO DATE  695                       813   -118      746
  SINCE DEC 1   1617                      1879   -262     1855
  SINCE JUL 1   3204                      3653   -449     3641

 COOLING
  YESTERDAY        0                         0      0        0
  MONTH TO DATE    0                         0      0        0
  SINCE DEC 1      0                         0      0        0
  SINCE JAN 1      0                         0      0        0
..................................................................


WIND (MPH)
  RESULTANT WIND SPEED  MM   RESULTANT WIND DIRECTION  MM
  HIGHEST WIND SPEED    15   HIGHEST WIND DIRECTION     S (180)
  HIGHEST GUST SPEED    19   HIGHEST GUST DIRECTION     S (180)
  AVERAGE WIND SPEED     6.6


SKY COVER
  POSSIBLE SUNSHINE  MM
  AVERAGE SKY COVER  MM


WEATHER CONDITIONS
 THE FOLLOWING WEATHER WAS RECORDED YESTERDAY.
  NO SIGNIFICANT WEATHER WAS OBSERVED.


RELATIVE HUMIDITY (PERCENT)
 HIGHEST    MM
 LOWEST     MM
 AVERAGE    MM

..........................................................


THE REDMOND OR CLIMATE NORMALS FOR TODAY
                         NORMAL    RECORD    YEAR
 MAXIMUM TEMPERATURE (F)   44        62      1971
 MINIMUM TEMPERATURE (F)   24       -21      1957


SUNRISE AND SUNSET
JANUARY 26 2015.......SUNRISE   729 AM PST   SUNSET   506 PM PST
JANUARY 27 2015.......SUNRISE   728 AM PST   SUNSET   507 PM PST


-  INDICATES NEGATIVE NUMBERS.
R  INDICATES RECORD WAS SET OR TIED.
MM INDICATES DATA IS MISSING.
T  INDICATES TRACE AMOUNT.




$$
