000
CDUS46 KPDT 180829 RRA
CLIRDM

CLIMATE REPORT
NATIONAL WEATHER SERVICE PENDLETON OR
127 AM PDT FRI AUG 18 2017


...................................

...THE REDMOND OR CLIMATE SUMMARY FOR AUGUST 17 2017...

CLIMATE NORMAL PERIOD 1981 TO 2010
CLIMATE RECORD PERIOD 1949 TO 2017


WEATHER ITEM   OBSERVED TIME   RECORD YEAR NORMAL DEPARTURE LAST
                VALUE   (LST)  VALUE       VALUE  FROM      YEAR
                                                  NORMAL
..................................................................
TEMPERATURE (F)
 YESTERDAY
  MAXIMUM         91    330 PM 103    1977  85      6       93
  MINIMUM         48    458 AM  34    1998  45      3       48
  AVERAGE         70                        65      5       71

PRECIPITATION (IN)
  YESTERDAY        0.00          0.35 1975   0.01  -0.01     0.00
  MONTH TO DATE    0.29                      0.27   0.02     0.02
  SINCE OCT 1      8.79                      8.26   0.53     9.06
  SINCE JAN 1      5.04                      5.50  -0.46     5.49

DEGREE DAYS
 HEATING
  YESTERDAY        0                         3     -3        0
  MONTH TO DATE   10                        32    -22       25
  SINCE JUN 1    181                       318   -137      251
  SINCE JUL 1     16                       101    -85       74

 COOLING
  YESTERDAY        5                         3      2        6
  MONTH TO DATE  115                        57     58       50
  SINCE JUN 1    323                       178    145      190
  SINCE JAN 1    333                       183    150      193
..................................................................


WIND (MPH)
  RESULTANT WIND SPEED   2   RESULTANT WIND DIRECTION   E (100)
  HIGHEST WIND SPEED    16   HIGHEST WIND DIRECTION    NE (30)
  HIGHEST GUST SPEED    21   HIGHEST GUST DIRECTION    NW (320)
  AVERAGE WIND SPEED     5.0


SKY COVER
  POSSIBLE SUNSHINE  MM
  AVERAGE SKY COVER 0.0


WEATHER CONDITIONS
 THE FOLLOWING WEATHER WAS RECORDED YESTERDAY.
  NO SIGNIFICANT WEATHER WAS OBSERVED.


RELATIVE HUMIDITY (PERCENT)
 HIGHEST    71           500 AM
 LOWEST      9           100 PM
 AVERAGE    40

..........................................................


THE REDMOND OR CLIMATE NORMALS FOR TODAY
                         NORMAL    RECORD    YEAR
 MAXIMUM TEMPERATURE (F)   85       103      1967
 MINIMUM TEMPERATURE (F)   45        31      1973


SUNRISE AND SUNSET
AUGUST 18 2017........SUNRISE   612 AM PDT   SUNSET   804 PM PDT
AUGUST 19 2017........SUNRISE   613 AM PDT   SUNSET   802 PM PDT


-  INDICATES NEGATIVE NUMBERS.
R  INDICATES RECORD WAS SET OR TIED.
MM INDICATES DATA IS MISSING.
T  INDICATES TRACE AMOUNT.

$$
