000
CDUS46 KPDT 290854
CLIRDM

CLIMATE REPORT
NATIONAL WEATHER SERVICE PENDLETON OR
154 AM PDT THU JUN 29 2017

...................................

...THE REDMOND OR CLIMATE SUMMARY FOR JUNE 28 2017...

CLIMATE NORMAL PERIOD 1981 TO 2010
CLIMATE RECORD PERIOD 1949 TO 2017


WEATHER ITEM   OBSERVED TIME   RECORD YEAR NORMAL DEPARTURE LAST
                VALUE   (LST)  VALUE       VALUE  FROM      YEAR
                                                  NORMAL
..................................................................
TEMPERATURE (F)
 YESTERDAY
  MAXIMUM         83    242 PM  97    2008  80      3       92
  MINIMUM         40    449 AM  28    1971  43     -3       51
  AVERAGE         62                        62      0       72

PRECIPITATION (IN)
  YESTERDAY        0.00          0.30 1983   0.01  -0.01     0.00
  MONTH TO DATE    0.36                      0.61  -0.25     0.65
  SINCE OCT 1      8.50                      7.41   1.09     8.40
  SINCE JAN 1      4.75                      4.65   0.10     4.83

DEGREE DAYS
 HEATING
  YESTERDAY        3                         5     -2        0
  MONTH TO DATE  161                       209    -48      177
  SINCE JUN 1    161                       209    -48      177
  SINCE JUL 1   6711                      6705      6     5792

 COOLING
  YESTERDAY        0                         1     -1        7
  MONTH TO DATE   37                        18     19       58
  SINCE JUN 1     37                        18     19       58
  SINCE JAN 1     47                        23     24       61
..................................................................


WIND (MPH)
  RESULTANT WIND SPEED   5   RESULTANT WIND DIRECTION  NW (300)
  HIGHEST WIND SPEED    21   HIGHEST WIND DIRECTION    NW (300)
  HIGHEST GUST SPEED    26   HIGHEST GUST DIRECTION    NW (310)
  AVERAGE WIND SPEED     8.2


SKY COVER
  POSSIBLE SUNSHINE  MM
  AVERAGE SKY COVER 0.0


WEATHER CONDITIONS
 THE FOLLOWING WEATHER WAS RECORDED YESTERDAY.
  NO SIGNIFICANT WEATHER WAS OBSERVED.


RELATIVE HUMIDITY (PERCENT)
 HIGHEST    73           500 AM
 LOWEST     10          1200 PM
 AVERAGE    42

..........................................................


THE REDMOND OR CLIMATE NORMALS FOR TODAY
                         NORMAL    RECORD    YEAR
 MAXIMUM TEMPERATURE (F)   81       100      2008
 MINIMUM TEMPERATURE (F)   43        29      1971


SUNRISE AND SUNSET
JUNE 29 2017..........SUNRISE   524 AM PDT   SUNSET   852 PM PDT
JUNE 30 2017..........SUNRISE   524 AM PDT   SUNSET   852 PM PDT


-  INDICATES NEGATIVE NUMBERS.
R  INDICATES RECORD WAS SET OR TIED.
MM INDICATES DATA IS MISSING.
T  INDICATES TRACE AMOUNT.

$$
