000
CDUS46 KPDT 040836
CLIRDM

CLIMATE REPORT
NATIONAL WEATHER SERVICE PENDLETON OR
134 AM PDT WED MAY 4 2016


...................................

...THE REDMOND OR CLIMATE SUMMARY FOR MAY 3 2016...

CLIMATE NORMAL PERIOD 1981 TO 2010
CLIMATE RECORD PERIOD 1949 TO 2016


WEATHER ITEM   OBSERVED TIME   RECORD YEAR NORMAL DEPARTURE LAST
                VALUE   (LST)  VALUE       VALUE  FROM      YEAR
                                                  NORMAL
..................................................................
TEMPERATURE (F)
 YESTERDAY
  MAXIMUM         77   1139 AM  89    1966  64     13       74
  MINIMUM         44    516 AM  14    1964  32     12       26
  AVERAGE         61                        48     13       50

PRECIPITATION (IN)
  YESTERDAY        0.01          0.43 1956   0.03  -0.02     0.00
  MONTH TO DATE    0.01                      0.08  -0.07     0.00
  SINCE OCT 1      5.78                      5.85  -0.07     5.81
  SINCE JAN 1      2.21                      3.09  -0.88     1.53

DEGREE DAYS
 HEATING
  YESTERDAY        4                        17    -13       15
  MONTH TO DATE   24                        52    -28       37
  SINCE MAR 1   1194                      1450   -256     1315
  SINCE JUL 1   5325                      6123   -798     5348

 COOLING
  YESTERDAY        0                         0      0        0
  MONTH TO DATE    0                         0      0        0
  SINCE MAR 1      0                         0      0        0
  SINCE JAN 1      0                         0      0        0
..................................................................


WIND (MPH)
  RESULTANT WIND SPEED   2   RESULTANT WIND DIRECTION   S (200)
  HIGHEST WIND SPEED    22   HIGHEST WIND DIRECTION    SW (240)
  HIGHEST GUST SPEED    27   HIGHEST GUST DIRECTION    SW (230)
  AVERAGE WIND SPEED     7.1


SKY COVER
  POSSIBLE SUNSHINE  MM
  AVERAGE SKY COVER 0.5


WEATHER CONDITIONS
 THE FOLLOWING WEATHER WAS RECORDED YESTERDAY.
  RAIN
  LIGHT RAIN


RELATIVE HUMIDITY (PERCENT)
 HIGHEST    77           800 PM
 LOWEST     23          1100 AM
 AVERAGE    50

..........................................................


THE REDMOND OR CLIMATE NORMALS FOR TODAY
                         NORMAL    RECORD    YEAR
 MAXIMUM TEMPERATURE (F)   64        91      1966
 MINIMUM TEMPERATURE (F)   33        16      1962


SUNRISE AND SUNSET
MAY  4 2016...........SUNRISE   551 AM PDT   SUNSET   813 PM PDT
MAY  5 2016...........SUNRISE   549 AM PDT   SUNSET   814 PM PDT


-  INDICATES NEGATIVE NUMBERS.
R  INDICATES RECORD WAS SET OR TIED.
MM INDICATES DATA IS MISSING.
T  INDICATES TRACE AMOUNT.




$$
