000
CDUS46 KPDT 200836
CLIRDM

CLIMATE REPORT
NATIONAL WEATHER SERVICE PENDLETON OR
135 AM PDT SAT SEP 20 2014


...................................

...THE REDMOND OR CLIMATE SUMMARY FOR SEPTEMBER 19 2014...

CLIMATE NORMAL PERIOD 1981 TO 2010
CLIMATE RECORD PERIOD 1949 TO 2014


WEATHER ITEM   OBSERVED TIME   RECORD YEAR NORMAL DEPARTURE LAST
                VALUE   (LST)  VALUE       VALUE  FROM      YEAR
                                                  NORMAL
..................................................................
TEMPERATURE (F)
 YESTERDAY
  MAXIMUM         80    447 PM  95    1999  75      5       81
  MINIMUM         41    434 AM  24    2004  37      4       28
                                      1983
  AVERAGE         61                        56      5       55

PRECIPITATION (IN)
  YESTERDAY        0.00          0.74 2010   0.01  -0.01     0.00
  MONTH TO DATE    0.03                      0.25  -0.22     0.10
  SINCE OCT 1      5.74                      8.74  -3.00     7.09
  SINCE JAN 1      5.03                      5.98  -0.95     3.18

DEGREE DAYS
 HEATING
  YESTERDAY        4                         9     -5       10
  MONTH TO DATE  117                       131    -14       60
  SINCE SEP 1    117                       131    -14       60
  SINCE JUL 1    191                       280    -89       96

 COOLING
  YESTERDAY        0                         0      0        0
  MONTH TO DATE    6                        14     -8       36
  SINCE SEP 1      6                        14     -8       36
  SINCE JAN 1    303                       220     83      350
..................................................................


WIND (MPH)
  RESULTANT WIND SPEED   1   RESULTANT WIND DIRECTION  NE (30)
  HIGHEST WIND SPEED    14   HIGHEST WIND DIRECTION     N (10)
  HIGHEST GUST SPEED    18   HIGHEST GUST DIRECTION     N (340)
  AVERAGE WIND SPEED     4.4


SKY COVER
  POSSIBLE SUNSHINE  MM
  AVERAGE SKY COVER 0.0


WEATHER CONDITIONS
 THE FOLLOWING WEATHER WAS RECORDED YESTERDAY.
  NO SIGNIFICANT WEATHER WAS OBSERVED.


RELATIVE HUMIDITY (PERCENT)
 HIGHEST    96           400 AM
 LOWEST     26           400 PM
 AVERAGE    61

..........................................................


THE REDMOND OR CLIMATE NORMALS FOR TODAY
                         NORMAL    RECORD    YEAR
 MAXIMUM TEMPERATURE (F)   75        95      1999
 MINIMUM TEMPERATURE (F)   37        23      1983


SUNRISE AND SUNSET
SEPTEMBER 20 2014.....SUNRISE   650 AM PDT   SUNSET   706 PM PDT
SEPTEMBER 21 2014.....SUNRISE   651 AM PDT   SUNSET   704 PM PDT


-  INDICATES NEGATIVE NUMBERS.
R  INDICATES RECORD WAS SET OR TIED.
MM INDICATES DATA IS MISSING.
T  INDICATES TRACE AMOUNT.




$$
