000
CDUS46 KPDT 020852 RRA
CLIRDM

CLIMATE REPORT
NATIONAL WEATHER SERVICE PENDLETON OR
152 AM PDT SUN AUG 2 2015


...................................

...THE REDMOND OR CLIMATE SUMMARY FOR AUGUST 1 2015...

CLIMATE NORMAL PERIOD 1981 TO 2010
CLIMATE RECORD PERIOD 1949 TO 2015


WEATHER ITEM   OBSERVED TIME   RECORD YEAR NORMAL DEPARTURE LAST
                VALUE   (LST)  VALUE       VALUE  FROM      YEAR
                                                  NORMAL
..................................................................
TEMPERATURE (F)
 YESTERDAY
  MAXIMUM        101    414 PM 103    2009  88     13       95
  MINIMUM         55    521 AM  32    1963  47      8       56
  AVERAGE         78                        67     11       76

PRECIPITATION (IN)
  YESTERDAY        0.00          0.78 2009   0.02  -0.02     0.05
  MONTH TO DATE    0.00                      0.02  -0.02     0.05
  SINCE OCT 1      8.75                      8.01   0.74     4.80
  SINCE JAN 1      4.47                      5.25  -0.78     4.09

DEGREE DAYS
 HEATING
  YESTERDAY        0                         1     -1        0
  MONTH TO DATE    0                         1     -1        0
  SINCE JUN 1    125                       287   -162      254
  SINCE JUL 1     48                        70    -22       31

 COOLING
  YESTERDAY       13                         4      9       11
  MONTH TO DATE   13                         4      9       11
  SINCE JUN 1    254                       125    129      205
  SINCE JAN 1    263                       130    133      205
..................................................................


WIND (MPH)
  RESULTANT WIND SPEED   1   RESULTANT WIND DIRECTION   N (0)
  HIGHEST WIND SPEED    14   HIGHEST WIND DIRECTION     N (350)
  HIGHEST GUST SPEED    18   HIGHEST GUST DIRECTION     N (360)
  AVERAGE WIND SPEED     5.9


SKY COVER
  POSSIBLE SUNSHINE  MM
  AVERAGE SKY COVER 0.0


WEATHER CONDITIONS
 THE FOLLOWING WEATHER WAS RECORDED YESTERDAY.
  NO SIGNIFICANT WEATHER WAS OBSERVED.


RELATIVE HUMIDITY (PERCENT)
 HIGHEST    44           400 AM
 LOWEST      8           700 PM
 AVERAGE    26

..........................................................


THE REDMOND OR CLIMATE NORMALS FOR TODAY
                         NORMAL    RECORD    YEAR
 MAXIMUM TEMPERATURE (F)   87        98      1998
 MINIMUM TEMPERATURE (F)   47        34      1972


SUNRISE AND SUNSET
AUGUST  2 2015........SUNRISE   553 AM PDT   SUNSET   828 PM PDT
AUGUST  3 2015........SUNRISE   554 AM PDT   SUNSET   827 PM PDT


-  INDICATES NEGATIVE NUMBERS.
R  INDICATES RECORD WAS SET OR TIED.
MM INDICATES DATA IS MISSING.
T  INDICATES TRACE AMOUNT.

$$
