000
CDUS46 KPDT 230849 RRA
CLIRDM

CLIMATE REPORT
NATIONAL WEATHER SERVICE PENDLETON OR
149 AM PDT SAT JUL 23 2016


...................................

...THE REDMOND OR CLIMATE SUMMARY FOR JULY 22 2016...

CLIMATE NORMAL PERIOD 1981 TO 2010
CLIMATE RECORD PERIOD 1949 TO 2016


WEATHER ITEM   OBSERVED TIME   RECORD YEAR NORMAL DEPARTURE LAST
                VALUE   (LST)  VALUE       VALUE  FROM      YEAR
                                                  NORMAL
..................................................................
TEMPERATURE (F)
 YESTERDAY
  MAXIMUM         81    351 PM 105    1959  87     -6       80
  MINIMUM         48   1129 PM  34    1965  47      1       39
  AVERAGE         65                        67     -2       60

PRECIPITATION (IN)
  YESTERDAY        0.00          0.43 1987   0.02  -0.02     0.00
  MONTH TO DATE    0.64                      0.40   0.24     0.44
  SINCE OCT 1      9.04                      7.84   1.20     8.75
  SINCE JAN 1      5.47                      5.08   0.39     4.47

DEGREE DAYS
 HEATING
  YESTERDAY        0                         2     -2        5
  MONTH TO DATE   48                        59    -11       21
  SINCE JUN 1    225                       276    -51       98
  SINCE JUL 1     48                        59    -11       21

 COOLING
  YESTERDAY        0                         4     -4        0
  MONTH TO DATE   18                        64    -46      108
  SINCE JUN 1     82                        88     -6      215
  SINCE JAN 1     85                        93     -8      224
..................................................................


WIND (MPH)
  RESULTANT WIND SPEED   4   RESULTANT WIND DIRECTION  NW (330)
  HIGHEST WIND SPEED    18   HIGHEST WIND DIRECTION    NW (310)
  HIGHEST GUST SPEED    25   HIGHEST GUST DIRECTION    NW (310)
  AVERAGE WIND SPEED     5.7


SKY COVER
  POSSIBLE SUNSHINE  MM
  AVERAGE SKY COVER 0.0


WEATHER CONDITIONS
 THE FOLLOWING WEATHER WAS RECORDED YESTERDAY.
  NO SIGNIFICANT WEATHER WAS OBSERVED.


RELATIVE HUMIDITY (PERCENT)
 HIGHEST    66           400 AM
 LOWEST     17           300 PM
 AVERAGE    42

..........................................................


THE REDMOND OR CLIMATE NORMALS FOR TODAY
                         NORMAL    RECORD    YEAR
 MAXIMUM TEMPERATURE (F)   87       104      2006
 MINIMUM TEMPERATURE (F)   47        32      1963


SUNRISE AND SUNSET
JULY 23 2016..........SUNRISE   543 AM PDT   SUNSET   838 PM PDT
JULY 24 2016..........SUNRISE   544 AM PDT   SUNSET   837 PM PDT


-  INDICATES NEGATIVE NUMBERS.
R  INDICATES RECORD WAS SET OR TIED.
MM INDICATES DATA IS MISSING.
T  INDICATES TRACE AMOUNT.




$$
