000
CDUS42 KRAH 050726
CLIRDU


CLIMATE REPORT
NATIONAL WEATHER SERVICE RALEIGH NC
324 AM EDT THU MAY 5 2016


...................................

...THE RALEIGH-DURHAM INTL AIRPORT NC CLIMATE SUMMARY FOR MAY 4 2016...

CLIMATE NORMAL PERIOD 1981 TO 2010
CLIMATE RECORD PERIOD 1887 TO 2016


WEATHER ITEM   OBSERVED TIME   RECORD YEAR NORMAL DEPARTURE LAST
                VALUE   (LST)  VALUE       VALUE  FROM      YEAR
                                                  NORMAL
..................................................................
TEMPERATURE (F)
 YESTERDAY
  MAXIMUM         74    405 PM  94    1938  77     -3       82
                                      1913
  MINIMUM         55   1146 PM  34    1971  53      2       53
  AVERAGE         65                        65      0       68

PRECIPITATION (IN)
  YESTERDAY        0.00          1.12 1917   0.09  -0.09     0.00
  MONTH TO DATE    0.71                      0.35   0.36     0.58
  SINCE MAR 1      7.73                      7.38   0.35     9.12
  SINCE JAN 1     14.14                     14.11   0.03    15.38

SNOWFALL (IN)
  YESTERDAY        0.0           0.0    MM   0.0    0.0      0.0
  MONTH TO DATE    T                         0.0    0.0      0.0
  SINCE MAR 1      T                         0.6   -0.6      0.0
  SINCE JUL 1      1.4                       6.1   -4.7      7.9
  SNOW DEPTH       0

DEGREE DAYS
 HEATING
  YESTERDAY        0                         3     -3        0
  MONTH TO DATE    0                        13    -13       16
  SINCE MAR 1    414                       630   -216      583
  SINCE JUL 1   2557                      3202   -645     3480

 COOLING
  YESTERDAY        0                         3     -3        3
  MONTH TO DATE   21                        12      9        3
  SINCE MAR 1    116                        72     44       59
  SINCE JAN 1    116                        73     43       59
..................................................................


WIND (MPH)
  HIGHEST WIND SPEED    14   HIGHEST WIND DIRECTION     W (270)
  HIGHEST GUST SPEED    17   HIGHEST GUST DIRECTION    SW (230)
  AVERAGE WIND SPEED     2.3


SKY COVER
  POSSIBLE SUNSHINE  MM
  AVERAGE SKY COVER 0.6


WEATHER CONDITIONS
 THE FOLLOWING WEATHER WAS RECORDED YESTERDAY.
  FOG


RELATIVE HUMIDITY (PERCENT)
 HIGHEST    93           100 AM
 LOWEST     44           400 PM
 AVERAGE    69

..........................................................


THE RALEIGH-DURHAM INTL AIRPORT NC CLIMATE NORMALS FOR TODAY
                         NORMAL    RECORD    YEAR
 MAXIMUM TEMPERATURE (F)   77        92      1955
 MINIMUM TEMPERATURE (F)   53        35      1973


SUNRISE AND SUNSET
MAY  5 2016...........SUNRISE   618 AM EDT   SUNSET   806 PM EDT
MAY  6 2016...........SUNRISE   617 AM EDT   SUNSET   807 PM EDT


-  INDICATES NEGATIVE NUMBERS.
R  INDICATES RECORD WAS SET OR TIED.
MM INDICATES DATA IS MISSING.
T  INDICATES TRACE AMOUNT.

&&

CLIMATE REPORT
NWS FORECAST OFFICE
NCSU CENTENNIAL CAMPUS
RALEIGH NC

MAXIMUM TEMPERATURE...74

MINIMUM TEMPERATURE...57

PRECIPITATION...0.01


$$
