000
CDUS42 KRAH 242140
CLIRDU


CLIMATE REPORT
NATIONAL WEATHER SERVICE RALEIGH NC
439 PM EST WED DEC 24 2014


...................................

...THE RALEIGH-DURHAM INTL AIRPORT NC CLIMATE SUMMARY FOR DECEMBER 24 2014...
VALID TODAY AS OF 0439 PM LOCAL TIME.

CLIMATE NORMAL PERIOD 1981 TO 2010
CLIMATE RECORD PERIOD 1887 TO 2014


WEATHER ITEM   OBSERVED TIME   RECORD YEAR NORMAL DEPARTURE LAST
                VALUE   (LST)  VALUE       VALUE  FROM      YEAR
                                                  NORMAL
..................................................................
TEMPERATURE (F)
 TODAY
  MAXIMUM         65    429 PM  75    1931  52     13       47
  MINIMUM         46   1200 AM   6    1983  32     14       29
  AVERAGE         56                        42     14       38

PRECIPITATION (IN)
  TODAY            1.70R         1.21 1986   0.10   1.60      T
  MONTH TO DATE    4.18                      2.38   1.80     3.94
  SINCE DEC 1      4.18                      2.38   1.80     3.94
  SINCE JAN 1     54.46                     42.65  11.81    48.72

SNOWFALL (IN)
  TODAY            0.0           1.0  1966   0.0    0.0      0.0
  MONTH TO DATE    T                         0.3   -0.3      0.0
  SINCE DEC 1      T                         0.3   -0.3      0.0
  SINCE JUL 1      T                         0.4   -0.4       T
  SNOW DEPTH       0

DEGREE DAYS
 HEATING
  TODAY            9                        23    -14       27
  MONTH TO DATE  482                       501    -19      416
  SINCE DEC 1    482                       501    -19      416
  SINCE JUL 1   1146                      1082     64     1068

 COOLING
  TODAY            0                         0      0        0
  MONTH TO DATE    0                         0      0       13
  SINCE DEC 1      0                         0      0       13
  SINCE JAN 1   1657                      1728    -71     1565
..................................................................


WIND (MPH)
  HIGHEST WIND SPEED    16   HIGHEST WIND DIRECTION     S (180)
  HIGHEST GUST SPEED    21   HIGHEST GUST DIRECTION     S (180)
  AVERAGE WIND SPEED    MM


SKY COVER
  POSSIBLE SUNSHINE  MM
  AVERAGE SKY COVER 1.0


WEATHER CONDITIONS
 THE FOLLOWING WEATHER WAS RECORDED TODAY.
  HEAVY RAIN
  RAIN
  LIGHT RAIN
  FOG
  FOG W/VISIBILITY <= 1/4 MILE


RELATIVE HUMIDITY (PERCENT)
 HIGHEST   100           800 AM
 LOWEST     87           400 PM
 AVERAGE    94

..........................................................


THE RALEIGH-DURHAM INTL AIRPORT NC CLIMATE NORMALS FOR TOMORROW
                         NORMAL    RECORD    YEAR
 MAXIMUM TEMPERATURE (F)   51        75      1955
 MINIMUM TEMPERATURE (F)   32         4      1983


SUNRISE AND SUNSET
DECEMBER 24 2014......SUNRISE   723 AM EST   SUNSET   507 PM EST
DECEMBER 25 2014......SUNRISE   723 AM EST   SUNSET   507 PM EST


-  INDICATES NEGATIVE NUMBERS.
R  INDICATES RECORD WAS SET OR TIED.
MM INDICATES DATA IS MISSING.
T  INDICATES TRACE AMOUNT.


&&

CLIMATE REPORT NWS FORECAST OFFICE
NCSU CENTENNIAL CAMPUS
RALEIGH, NC

MAXIMUM TEMPERATURE... 64

MINIMUM TEMPERATURE... 45

PRECIPITATION... 1.60

$$
