000
CDUS42 KRAH 301439
CLIRDU


CLIMATE REPORT
NATIONAL WEATHER SERVICE RALEIGH NC
1038 AM EDT THU OCT 30 2014


...................................

...THE RALEIGH-DURHAM INTL AIRPORT NC CLIMATE SUMMARY FOR OCTOBER 30 2014...
VALID AS OF 1038 AM LOCAL TIME.

CLIMATE NORMAL PERIOD 1981 TO 2010
CLIMATE RECORD PERIOD 1887 TO 2014


WEATHER ITEM   OBSERVED TIME   RECORD YEAR NORMAL DEPARTURE LAST
                VALUE   (LST)  VALUE       VALUE  FROM      YEAR
                                                  NORMAL
..................................................................
TEMPERATURE (F)
 TODAY
  MAXIMUM         60            86    1996  69              72
                                      1937
  MINIMUM         48    658 AM  24    1965  45      3       55
  AVERAGE         54                        57              64

PRECIPITATION (IN)
  TODAY            0.00          3.41 1917   0.10  -0.10     0.00
  MONTH TO DATE    2.18                      3.15  -0.97     1.41
  SINCE SEP 1      8.09                      7.51   0.58     4.32
  SINCE JAN 1     46.50                     37.05   9.45    41.79

..................................................................


WIND (MPH)
  RESULTANT WIND SPEED   2   RESULTANT WIND DIRECTION  NE (50)
  HIGHEST WIND SPEED     7   HIGHEST WIND DIRECTION     N (340)
  HIGHEST GUST SPEED    10   HIGHEST GUST DIRECTION     N (10)
  AVERAGE WIND SPEED     3.0


SKY COVER
  POSSIBLE SUNSHINE  MM
  AVERAGE SKY COVER 0.5


WEATHER CONDITIONS
 THE FOLLOWING WEATHER WAS RECORDED TODAY.
  NO SIGNIFICANT WEATHER WAS OBSERVED.


RELATIVE HUMIDITY (PERCENT)
 HIGHEST    93           600 AM
 LOWEST     72          1200 AM
 AVERAGE    83

..........................................................


THE RALEIGH-DURHAM INTL AIRPORT NC CLIMATE NORMALS FOR TOMORROW
                         NORMAL    RECORD    YEAR
 MAXIMUM TEMPERATURE (F)   69        85      1961
                                             1950
 MINIMUM TEMPERATURE (F)   45        30      1963
                                             1917


SUNRISE AND SUNSET
OCTOBER 30 2014.......SUNRISE   735 AM EDT   SUNSET   622 PM EDT
OCTOBER 31 2014.......SUNRISE   736 AM EDT   SUNSET   621 PM EDT


-  INDICATES NEGATIVE NUMBERS.
R  INDICATES RECORD WAS SET OR TIED.
MM INDICATES DATA IS MISSING.
T  INDICATES TRACE AMOUNT.

&&

CLIMATE REPORT NWS FORECAST OFFICE
NCSU CENTENNIAL CAMPUS
RALEIGH, NC

MINIMUM TEMPERATURE... 52

PRECIPITATION... 0.00


$$
