000
CDUS42 KRAH 240820
CLIRDU


CLIMATE REPORT
NATIONAL WEATHER SERVICE RALEIGH NC
418 AM EDT WED MAY 24 2017


...................................

...THE RALEIGH-DURHAM INTL AIRPORT NC CLIMATE SUMMARY FOR MAY 23 2017...

CLIMATE NORMAL PERIOD 1981 TO 2010
CLIMATE RECORD PERIOD 1887 TO 2017


WEATHER ITEM   OBSERVED TIME   RECORD YEAR NORMAL DEPARTURE LAST
                VALUE   (LST)  VALUE       VALUE  FROM      YEAR
                                                  NORMAL
..................................................................
TEMPERATURE (F)
 YESTERDAY
  MAXIMUM         71   1244 PM  98    1941  81    -10       68
  MINIMUM         67   1159 PM  38    2002  59      8       51
  AVERAGE         69                        70     -1       60

PRECIPITATION (IN)
  YESTERDAY        0.69          1.27 1974   0.12   0.57     0.02
  MONTH TO DATE    4.31                      2.32   1.99     3.73
  SINCE MAR 1     16.10                      9.35   6.75    10.75
  SINCE JAN 1     20.53                     16.08   4.45    17.16

DEGREE DAYS
 HEATING
  YESTERDAY        0                         1     -1        5
  MONTH TO DATE   45                        47     -2       52
  SINCE MAR 1    533                       664   -131      466
  SINCE JUL 1   2506                      3236   -730     2609

 COOLING
  YESTERDAY        4                         6     -2        0
  MONTH TO DATE  119                        93     26       69
  SINCE MAR 1    263                       153    110      164
  SINCE JAN 1    271                       154    117      164
..................................................................


WIND (MPH)
  HIGHEST WIND SPEED    12   HIGHEST WIND DIRECTION     E (80)
  HIGHEST GUST SPEED    16   HIGHEST GUST DIRECTION     E (90)
  AVERAGE WIND SPEED     4.4


SKY COVER
  POSSIBLE SUNSHINE  MM
  AVERAGE SKY COVER 1.0


WEATHER CONDITIONS
 THE FOLLOWING WEATHER WAS RECORDED YESTERDAY.
  RAIN
  LIGHT RAIN
  FOG


RELATIVE HUMIDITY (PERCENT)
 HIGHEST   100           300 AM
 LOWEST     84          1200 PM
 AVERAGE    92

..........................................................


THE RALEIGH-DURHAM INTL AIRPORT NC CLIMATE NORMALS FOR TODAY
                         NORMAL    RECORD    YEAR
 MAXIMUM TEMPERATURE (F)   82        95      1944
                                             1903
 MINIMUM TEMPERATURE (F)   59        42      1931


SUNRISE AND SUNSET
MAY 24 2017...........SUNRISE   604 AM EDT   SUNSET   821 PM EDT
MAY 25 2017...........SUNRISE   603 AM EDT   SUNSET   822 PM EDT


-  INDICATES NEGATIVE NUMBERS.
R  INDICATES RECORD WAS SET OR TIED.
MM INDICATES DATA IS MISSING.
T  INDICATES TRACE AMOUNT.

&&

CLIMATE REPORT
NWS FORECAST OFFICE
NCSU CENTENNIAL CAMPUS
RALEIGH NC

MAXIMUM TEMPERATURE... 69

MINIMUM TEMPERATURE... 66

PRECIPITATION...1.30

$$
