000
CDUS42 KRAH 220806
CLIRDU


CLIMATE REPORT
NATIONAL WEATHER SERVICE RALEIGH NC
404 AM EDT WED OCT 22 2014


...................................

...THE RALEIGH-DURHAM INTL AIRPORT NC CLIMATE SUMMARY FOR OCTOBER 21 2014...

CLIMATE NORMAL PERIOD 1981 TO 2010
CLIMATE RECORD PERIOD 1887 TO 2014


WEATHER ITEM   OBSERVED TIME   RECORD YEAR NORMAL DEPARTURE LAST
                VALUE   (LST)  VALUE       VALUE  FROM      YEAR
                                                  NORMAL
..................................................................
TEMPERATURE (F)
 YESTERDAY
  MAXIMUM         74    137 PM  84    1993  71      3       68
                                      1979
  MINIMUM         51    644 AM  26    1974  48      3       39
  AVERAGE         63                        60      3       54

PRECIPITATION (IN)
  YESTERDAY        0.00          2.22 1904   0.11  -0.11     0.00
  MONTH TO DATE    2.00                      2.25  -0.25     1.41
  SINCE SEP 1      7.91                      6.61   1.30     4.32
  SINCE JAN 1     46.32                     36.15  10.17    41.79

DEGREE DAYS
 HEATING
  YESTERDAY        2                         7     -5       11
  MONTH TO DATE   52                        90    -38       52
  SINCE SEP 1     62                       110    -48       63
  SINCE JUL 1     62                       111    -49       63

 COOLING
  YESTERDAY        0                         1     -1        0
  MONTH TO DATE   60                        43     17       53
  SINCE SEP 1    294                       270     24      242
  SINCE JAN 1   1652                      1711    -59     1548
..................................................................


WIND (MPH)
  HIGHEST WIND SPEED    14   HIGHEST WIND DIRECTION    NW (330)
  HIGHEST GUST SPEED    23   HIGHEST GUST DIRECTION    NW (300)
  AVERAGE WIND SPEED     4.0


SKY COVER
  POSSIBLE SUNSHINE  MM
  AVERAGE SKY COVER 0.5


WEATHER CONDITIONS
 THE FOLLOWING WEATHER WAS RECORDED YESTERDAY.
  NO SIGNIFICANT WEATHER WAS OBSERVED.


RELATIVE HUMIDITY (PERCENT)
 HIGHEST    89           700 AM
 LOWEST     41           100 PM
 AVERAGE    65

..........................................................


THE RALEIGH-DURHAM INTL AIRPORT NC CLIMATE NORMALS FOR TODAY
                         NORMAL    RECORD    YEAR
 MAXIMUM TEMPERATURE (F)   71        86      1947
 MINIMUM TEMPERATURE (F)   48        26      1974


SUNRISE AND SUNSET
OCTOBER 22 2014.......SUNRISE   728 AM EDT   SUNSET   631 PM EDT
OCTOBER 23 2014.......SUNRISE   729 AM EDT   SUNSET   629 PM EDT


-  INDICATES NEGATIVE NUMBERS.
R  INDICATES RECORD WAS SET OR TIED.
MM INDICATES DATA IS MISSING.
T  INDICATES TRACE AMOUNT.


&&

CLIMATE REPORT NWS FORECAST OFFICE
NCSU CENTENNIAL CAMPUS
RALEIGH, NC

MAXIMUM TEMPERATURE... 74

MINIMUM TEMPERATURE... 53

PRECIPITATION... T

$$
