000
CDUS42 KRAH 070703
CLIRDU


CLIMATE REPORT
NATIONAL WEATHER SERVICE RALEIGH NC
201 AM EST SUN FEB 7 2016


...................................

...THE RALEIGH-DURHAM INTL AIRPORT NC CLIMATE SUMMARY FOR FEBRUARY 6 2016...

CLIMATE NORMAL PERIOD 1981 TO 2010
CLIMATE RECORD PERIOD 1887 TO 2016


WEATHER ITEM   OBSERVED TIME   RECORD YEAR NORMAL DEPARTURE LAST
                VALUE   (LST)  VALUE       VALUE  FROM      YEAR
                                                  NORMAL
..................................................................
TEMPERATURE (F)
 YESTERDAY
  MAXIMUM         48    420 PM  77    2008  53     -5       42
  MINIMUM         26    639 AM   9    1917  33     -7       17
  AVERAGE         37                        43     -6       30

PRECIPITATION (IN)
  YESTERDAY        0.00          2.89 1896   0.11  -0.11     0.00
  MONTH TO DATE    1.54                      0.67   0.87     0.39
  SINCE DEC 1      9.34                      7.24   2.10     8.71
  SINCE JAN 1      3.27                      4.17  -0.90     3.74

SNOWFALL (IN)
  YESTERDAY        0.0           6.9  1984   0.1   -0.1      0.0
  MONTH TO DATE    0.0                       0.5   -0.5      0.0
  SINCE DEC 1      1.2                       4.0   -2.8       T
  SINCE JUL 1      1.2                       4.1   -2.9       T
  SNOW DEPTH       0

DEGREE DAYS
 HEATING
  YESTERDAY       28                        22      6       35
  MONTH TO DATE   85                       135    -50      156
  SINCE DEC 1   1171                      1551   -380     1553
  SINCE JUL 1   1622                      2132   -510     2217

 COOLING
  YESTERDAY        0                         0      0        0
  MONTH TO DATE    0                         0      0        0
  SINCE DEC 1     27                         2     25        0
  SINCE JAN 1      0                         0      0        0
..................................................................


WIND (MPH)
  HIGHEST WIND SPEED     9   HIGHEST WIND DIRECTION    NE (30)
  HIGHEST GUST SPEED    25   HIGHEST GUST DIRECTION    SE (150)
  AVERAGE WIND SPEED     2.1


SKY COVER
  POSSIBLE SUNSHINE  MM
  AVERAGE SKY COVER 0.5


WEATHER CONDITIONS
 THE FOLLOWING WEATHER WAS RECORDED YESTERDAY.
  NO SIGNIFICANT WEATHER WAS OBSERVED.


RELATIVE HUMIDITY (PERCENT)
 HIGHEST    92           600 AM
 LOWEST     31           100 PM
 AVERAGE    62

..........................................................


THE RALEIGH-DURHAM INTL AIRPORT NC CLIMATE NORMALS FOR TODAY
                         NORMAL    RECORD    YEAR
 MAXIMUM TEMPERATURE (F)   54        76      1904
 MINIMUM TEMPERATURE (F)   33        12      1995
                                             1977


SUNRISE AND SUNSET
FEBRUARY  7 2016......SUNRISE   711 AM EST   SUNSET   548 PM EST
FEBRUARY  8 2016......SUNRISE   710 AM EST   SUNSET   549 PM EST


-  INDICATES NEGATIVE NUMBERS.
R  INDICATES RECORD WAS SET OR TIED.
MM INDICATES DATA IS MISSING.
T  INDICATES TRACE AMOUNT.

&&

CLIMATE REPORT NWS FORECAST OFFICE
NCSU CENTENNIAL CAMPUS
RALEIGH...NC

MAXIMUM TEMPERATURE... 48

MINIMUM TEMPERATURE... 27

PRECIPITATION... 0.00

$$
