000
CDUS42 KRAH 230643
CLIRDU


CLIMATE REPORT
NATIONAL WEATHER SERVICE RALEIGH NC
242 AM EDT WED AUG 23 2017


...................................

...THE RALEIGH-DURHAM INTL AIRPORT NC CLIMATE SUMMARY FOR AUGUST 22 2017...

CLIMATE NORMAL PERIOD 1981 TO 2010
CLIMATE RECORD PERIOD 1887 TO 2017


WEATHER ITEM   OBSERVED TIME   RECORD YEAR NORMAL DEPARTURE LAST
                VALUE   (LST)  VALUE       VALUE  FROM      YEAR
                                                  NORMAL
..................................................................
TEMPERATURE (F)
 YESTERDAY
  MAXIMUM         96    233 PM 101    1983  88      8       87
  MINIMUM         74    603 AM  53    2000  68      6       67
                                      1922
  AVERAGE         85                        78      7       77

PRECIPITATION (IN)
  YESTERDAY        0.00          1.68 1947   0.15  -0.15     0.00
  MONTH TO DATE    4.53                      2.92   1.61     2.83
  SINCE JUN 1     13.07                     11.17   1.90    16.96
  SINCE JAN 1     34.93                     28.20   6.73    36.57

DEGREE DAYS
 HEATING
  YESTERDAY        0                         0      0        0
  MONTH TO DATE    0                         0      0        0
  SINCE JUN 1      1                         4     -3        0
  SINCE JUL 1      0                         0      0        0

 COOLING
  YESTERDAY       20                        13      7       12
  MONTH TO DATE  343                       309     34      394
  SINCE JUN 1   1202                      1122     80     1288
  SINCE JAN 1   1541                      1331    210     1524
..................................................................


WIND (MPH)
  HIGHEST WIND SPEED    16   HIGHEST WIND DIRECTION    SW (220)
  HIGHEST GUST SPEED    22   HIGHEST GUST DIRECTION    SW (220)
  AVERAGE WIND SPEED     7.6


SKY COVER
  POSSIBLE SUNSHINE  MM
  AVERAGE SKY COVER 0.3


WEATHER CONDITIONS
 THE FOLLOWING WEATHER WAS RECORDED YESTERDAY.
  FOG


RELATIVE HUMIDITY (PERCENT)
 HIGHEST   100           500 AM
 LOWEST     44           200 PM
 AVERAGE    72

..........................................................


THE RALEIGH-DURHAM INTL AIRPORT NC CLIMATE NORMALS FOR TODAY
                         NORMAL    RECORD    YEAR
 MAXIMUM TEMPERATURE (F)   88       103      2002
 MINIMUM TEMPERATURE (F)   68        52      1997


SUNRISE AND SUNSET
AUGUST 23 2017........SUNRISE   640 AM EDT   SUNSET   754 PM EDT
AUGUST 24 2017........SUNRISE   641 AM EDT   SUNSET   753 PM EDT


-  INDICATES NEGATIVE NUMBERS.
R  INDICATES RECORD WAS SET OR TIED.
MM INDICATES DATA IS MISSING.
T  INDICATES TRACE AMOUNT.

&&

CLIMATE REPORT
NWS FORECAST OFFICE
NCSU CENTENNIAL CAMPUS
RALEIGH NC

MAXIMUM TEMPERATURE... 92

MINIMUM TEMPERATURE... 73

PRECIPITATION... 0.00

$$
