000
CDUS42 KRAH 231435
CLIRDU


CLIMATE REPORT
NATIONAL WEATHER SERVICE RALEIGH NC
1033 AM EDT MON OCT 23 2017


...................................

...THE RALEIGH-DURHAM INTL AIRPORT NC CLIMATE SUMMARY FOR OCTOBER 23 2017...
VALID AS OF 1033 AM LOCAL TIME.

CLIMATE NORMAL PERIOD 1981 TO 2010
CLIMATE RECORD PERIOD 1887 TO 2017


WEATHER ITEM   OBSERVED TIME   RECORD YEAR NORMAL DEPARTURE LAST
                VALUE   (LST)  VALUE       VALUE  FROM      YEAR
                                                  NORMAL
..................................................................
TEMPERATURE (F)
 TODAY
  MAXIMUM                       88    1941  71     -4       70
  MINIMUM         62    344 AM  29    1998  47     15       40
                                      1987
  AVERAGE         65                        59      6       55

PRECIPITATION (IN)
  TODAY            0.01          1.89 1990   0.10  -0.09     0.00
  MONTH TO DATE    1.64                      2.45  -0.81     6.96
  SINCE SEP 1      3.92                      6.81  -2.89    11.57
  SINCE JAN 1     39.32                     36.35   2.97    48.32

..................................................................


WIND (MPH)
  HIGHEST WIND SPEED    10   HIGHEST WIND DIRECTION    SE (140)
  HIGHEST GUST SPEED    19   HIGHEST GUST DIRECTION    SE (120)
  AVERAGE WIND SPEED     7.4


SKY COVER
  POSSIBLE SUNSHINE  MM
  AVERAGE SKY COVER 0.8


WEATHER CONDITIONS
 THE FOLLOWING WEATHER WAS RECORDED TODAY.
  LIGHT RAIN


RELATIVE HUMIDITY (PERCENT)
 HIGHEST   100           200 AM
 LOWEST     87           900 AM
 AVERAGE    94

..........................................................


THE RALEIGH-DURHAM INTL AIRPORT NC CLIMATE NORMALS FOR TOMORROW
                         NORMAL    RECORD    YEAR
 MAXIMUM TEMPERATURE (F)   71        87      2001
 MINIMUM TEMPERATURE (F)   47        26      1969


SUNRISE AND SUNSET
OCTOBER 23 2017.......SUNRISE   729 AM EDT   SUNSET   629 PM EDT
OCTOBER 24 2017.......SUNRISE   730 AM EDT   SUNSET   628 PM EDT


-  INDICATES NEGATIVE NUMBERS.
R  INDICATES RECORD WAS SET OR TIED.
MM INDICATES DATA IS MISSING.
T  INDICATES TRACE AMOUNT.

&&

CLIMATE REPORT
NWS FORECAST OFFICE
NCSU CENTENNIAL CAMPUS
RALEIGH NC

MINIMUM TEMPERATURE... 61

PRECIPITATION... T


$$
