000
CDUS42 KRAH 251529
CLIRDU


CLIMATE REPORT
NATIONAL WEATHER SERVICE RALEIGH NC
1028 AM EST TUE NOV 25 2014


...................................

...THE RALEIGH-DURHAM INTL AIRPORT NC CLIMATE SUMMARY FOR NOVEMBER 25 2014...
VALID AS OF 1028 AM LOCAL TIME.

CLIMATE NORMAL PERIOD 1981 TO 2010
CLIMATE RECORD PERIOD 1887 TO 2014


WEATHER ITEM   OBSERVED TIME   RECORD YEAR NORMAL DEPARTURE LAST
                VALUE   (LST)  VALUE       VALUE  FROM      YEAR
                                                  NORMAL
..................................................................
TEMPERATURE (F)
 TODAY
  MAXIMUM         65            79    1973  60              43
  MINIMUM         58    533 AM  11    1970  38     20       18
  AVERAGE         62                        49              31

PRECIPITATION (IN)
  TODAY            0.01          1.47 1957   0.10  -0.09     0.00
  MONTH TO DATE    1.95                      2.60  -0.65     1.45
  SINCE SEP 1     10.04                     10.21  -0.17     5.77
  SINCE JAN 1     48.45                     39.75   8.70    43.24

SNOWFALL (IN)
  TODAY            0.0           1.3  1962   0.0    0.0      0.0
  MONTH TO DATE    T                         0.1   -0.1       T
  SINCE SEP 1      T                         0.1   -0.1       T
  SINCE JUL 1      T                         0.1   -0.1       T
  SNOW DEPTH       0

..................................................................


WIND (MPH)
  RESULTANT WIND SPEED   6   RESULTANT WIND DIRECTION  SW (220)
  HIGHEST WIND SPEED    16   HIGHEST WIND DIRECTION    SW (220)
  HIGHEST GUST SPEED    21   HIGHEST GUST DIRECTION    SW (220)
  AVERAGE WIND SPEED     6.6


SKY COVER
  POSSIBLE SUNSHINE  MM
  AVERAGE SKY COVER 0.8


WEATHER CONDITIONS
 THE FOLLOWING WEATHER WAS RECORDED TODAY.
  LIGHT RAIN


RELATIVE HUMIDITY (PERCENT)
 HIGHEST    90          1000 AM
 LOWEST     78           500 AM
 AVERAGE    84

..........................................................


THE RALEIGH-DURHAM INTL AIRPORT NC CLIMATE NORMALS FOR TOMORROW
                         NORMAL    RECORD    YEAR
 MAXIMUM TEMPERATURE (F)   60        76      1990
                                             1896
 MINIMUM TEMPERATURE (F)   38        14      1950


SUNRISE AND SUNSET
NOVEMBER 25 2014......SUNRISE   701 AM EST   SUNSET   503 PM EST
NOVEMBER 26 2014......SUNRISE   702 AM EST   SUNSET   502 PM EST


-  INDICATES NEGATIVE NUMBERS.
R  INDICATES RECORD WAS SET OR TIED.
MM INDICATES DATA IS MISSING.
T  INDICATES TRACE AMOUNT.

&&

CLIMATE REPORT NWS FORECAST OFFICE
NCSU CENTENNIAL CAMPUS
RALEIGH, NC

MINIMUM TEMPERATURE... 59

PRECIPITATION... 0.01


$$
