747
CDUS46 KBOI 230932
CLIREO


CLIMATE REPORT
NATIONAL WEATHER SERVICE BOISE ID
332 AM MDT SAT SEP 23 2017


...................................

...THE ROME OR CLIMATE SUMMARY FOR SEPTEMBER 22 2017...

CLIMATE NORMAL PERIOD 1981 TO 2010
CLIMATE RECORD PERIOD 9999 TO 9999


WEATHER ITEM   OBSERVED TIME   NORMAL DEPARTURE LAST
                VALUE   (LST)  VALUE  FROM      YEAR
                                      NORMAL
......................................................
TEMPERATURE (F)
 YESTERDAY
  MAXIMUM         54        MM  77    -23       64
  MINIMUM         35        MM  38     -3       39
  AVERAGE         45            58    -13       52

PRECIPITATION (IN)
  YESTERDAY        0.00          0.01  -0.01     0.42
  MONTH TO DATE    0.40          0.25   0.15     0.64
  SINCE OCT 1      9.50          8.77   0.73     8.74
  SINCE JAN 1      7.12          6.58   0.54     4.31

DEGREE DAYS
 HEATING
  YESTERDAY       20             8     12       13
  MONTH TO DATE  104           105     -1      129
  SINCE SEP 1    104           105     -1      129
  SINCE JUL 1    104           146    -42      150

 COOLING
  YESTERDAY        0             0      0        0
  MONTH TO DATE  132            39     93       24
  SINCE SEP 1    132            39     93       24
  SINCE JAN 1   1037           505    532      685
......................................................


WIND (MPH)
  RESULTANT WIND SPEED   1   RESULTANT WIND DIRECTION  SE (130)
  HIGHEST WIND SPEED    10   HIGHEST WIND DIRECTION     N (340)
  HIGHEST GUST SPEED    MM   HIGHEST GUST DIRECTION    MM
  AVERAGE WIND SPEED     3.8


SKY COVER
  AVERAGE SKY COVER 0.0


WEATHER CONDITIONS
 THE FOLLOWING WEATHER WAS RECORDED YESTERDAY.
  NO SIGNIFICANT WEATHER WAS OBSERVED.


RELATIVE HUMIDITY (PERCENT)
 HIGHEST    92           600 AM
 LOWEST     41           300 PM
 AVERAGE    67

..........................................................


THE ROME OR CLIMATE NORMALS FOR TODAY
                         NORMAL    RECORD    YEAR
 MAXIMUM TEMPERATURE (F)   76        MM        MM
 MINIMUM TEMPERATURE (F)   38        MM        MM


SUNRISE AND SUNSET
SEPTEMBER 23 2017.....SUNRISE   640 AM PDT   SUNSET   646 PM PDT
SEPTEMBER 24 2017.....SUNRISE   641 AM PDT   SUNSET   645 PM PDT


-  INDICATES NEGATIVE NUMBERS.
R  INDICATES RECORD WAS SET OR TIED.
MM INDICATES DATA IS MISSING.
T  INDICATES TRACE AMOUNT.




$$
