808
CDUS46 KBOI 240931
CLIREO


CLIMATE REPORT
NATIONAL WEATHER SERVICE BOISE ID
331 AM MDT WED MAY 24 2017


...................................

...THE ROME OR CLIMATE SUMMARY FOR MAY 23 2017...

CLIMATE NORMAL PERIOD 1981 TO 2010
CLIMATE RECORD PERIOD 9999 TO 9999


WEATHER ITEM   OBSERVED TIME   NORMAL DEPARTURE LAST
                VALUE   (LST)  VALUE  FROM      YEAR
                                      NORMAL
......................................................
TEMPERATURE (F)
 YESTERDAY
  MAXIMUM         90    549 PM  72     18       67
  MINIMUM         42    543 AM  39      3       34
  AVERAGE         66            55     11       51

PRECIPITATION (IN)
  YESTERDAY        0.00          0.05  -0.05     0.00
  MONTH TO DATE    0.39          1.05  -0.66     1.39
  SINCE OCT 1      7.57          6.61   0.96     7.84
  SINCE JAN 1      5.19          4.42   0.77     3.41

DEGREE DAYS
 HEATING
  YESTERDAY        0            10    -10       14
  MONTH TO DATE  237           290    -53      205
  SINCE MAR 1   1318          1650   -332     1208
  SINCE JUL 1   5898          6384   -486     5304

 COOLING
  YESTERDAY        1             0      1        0
  MONTH TO DATE   10             0     10        6
  SINCE MAR 1     10             0     10        6
  SINCE JAN 1     10             0     10        6
......................................................


WIND (MPH)
  RESULTANT WIND SPEED   3   RESULTANT WIND DIRECTION  SW (210)
  HIGHEST WIND SPEED    16   HIGHEST WIND DIRECTION     W (260)
  HIGHEST GUST SPEED    23   HIGHEST GUST DIRECTION     W (260)
  AVERAGE WIND SPEED     5.9


SKY COVER
  AVERAGE SKY COVER 0.0


WEATHER CONDITIONS
 THE FOLLOWING WEATHER WAS RECORDED YESTERDAY.
  NO SIGNIFICANT WEATHER WAS OBSERVED.


RELATIVE HUMIDITY (PERCENT)
 HIGHEST    70           500 AM
 LOWEST     11           200 PM
 AVERAGE    41

..........................................................


THE ROME OR CLIMATE NORMALS FOR TODAY
                         NORMAL    RECORD    YEAR
 MAXIMUM TEMPERATURE (F)   72        MM        MM
 MINIMUM TEMPERATURE (F)   39        MM        MM


SUNRISE AND SUNSET
MAY 24 2017...........SUNRISE   521 AM PDT   SUNSET   816 PM PDT
MAY 25 2017...........SUNRISE   520 AM PDT   SUNSET   817 PM PDT


-  INDICATES NEGATIVE NUMBERS.
R  INDICATES RECORD WAS SET OR TIED.
MM INDICATES DATA IS MISSING.
T  INDICATES TRACE AMOUNT.




$$
