000
CDUS43 KGRB 190733
CLIRHI


CLIMATE REPORT
NATIONAL WEATHER SERVICE GREEN BAY
232 AM CDT TUE SEP 19 2017


...................................

...THE RHINELANDER WI CLIMATE SUMMARY FOR SEPTEMBER 18 2017...

CLIMATE NORMAL PERIOD 1981 TO 2010
CLIMATE RECORD PERIOD 1908 TO 2017


WEATHER ITEM   OBSERVED TIME   RECORD YEAR NORMAL DEPARTURE LAST
                VALUE   (LST)  VALUE       VALUE  FROM      YEAR
                                                  NORMAL
..................................................................
TEMPERATURE (F)
 YESTERDAY
  MAXIMUM         64   1119 AM  87    1908  65     -1       75
  MINIMUM         38    244 AM  28    2012  43     -5       52
                                      1916
  AVERAGE         51                        54     -3       64

PRECIPITATION (IN)
  YESTERDAY        0.05          2.24 1942   0.14  -0.09     0.00
  MONTH TO DATE    1.37                      2.49  -1.12     3.84
  SINCE SEP 1      1.37                      2.49  -1.12     3.84
  SINCE JAN 1     32.46                     23.37   9.09    31.43

SNOWFALL (IN)
  YESTERDAY        0.0           0.0    MM  MM     MM        0.0
  MONTH TO DATE    0.0                      MM     MM        0.0
  SINCE SEP 1      0.0                      MM     MM        0.0
  SINCE JUL 1      0.0                      MM     MM        0.0
  SNOW DEPTH       0

DEGREE DAYS
 HEATING
  YESTERDAY       14                        11      3        1
  MONTH TO DATE  141                       142     -1       82
  SINCE SEP 1    141                       142     -1       82
  SINCE JUL 1    307                       269     38      143

 COOLING
  YESTERDAY        0                         0      0        0
  MONTH TO DATE   19                        16      3       13
  SINCE SEP 1     19                        16      3       13
  SINCE JAN 1    181                       257    -76      321
..................................................................


WIND (MPH)
  HIGHEST WIND SPEED    12   HIGHEST WIND DIRECTION    SE (130)
  HIGHEST GUST SPEED    16   HIGHEST GUST DIRECTION    SE (120)
  AVERAGE WIND SPEED     4.3


SKY COVER
  POSSIBLE SUNSHINE  MM
  AVERAGE SKY COVER 0.6


WEATHER CONDITIONS
 THE FOLLOWING WEATHER WAS RECORDED YESTERDAY.
  LIGHT RAIN
  FOG
  FOG W/VISIBILITY <= 1/4 MILE


RELATIVE HUMIDITY (PERCENT)
 HIGHEST   100          1200 AM
 LOWEST     67          1000 AM
 AVERAGE    84

..........................................................


THE RHINELANDER WI CLIMATE NORMALS FOR TODAY
                         NORMAL    RECORD    YEAR
 MAXIMUM TEMPERATURE (F)   65        86      1998
                                             1908
 MINIMUM TEMPERATURE (F)   43        29      2012


SUNRISE AND SUNSET
SEPTEMBER 19 2017.....SUNRISE   641 AM CDT   SUNSET   701 PM CDT
SEPTEMBER 20 2017.....SUNRISE   643 AM CDT   SUNSET   659 PM CDT


-  INDICATES NEGATIVE NUMBERS.
R  INDICATES RECORD WAS SET OR TIED.
MM INDICATES DATA IS MISSING.
T  INDICATES TRACE AMOUNT.




$$
