000
CDUS43 KGRB 312142
CLIRHI


CLIMATE REPORT
NATIONAL WEATHER SERVICE GREEN BAY
440 PM CDT WED AUG 31 2016


...................................

...THE RHINELANDER WI CLIMATE SUMMARY FOR AUGUST 31 2016...
VALID TODAY AS OF 0400 PM LOCAL TIME.

CLIMATE NORMAL PERIOD 1981 TO 2010
CLIMATE RECORD PERIOD 1908 TO 2016


WEATHER ITEM   OBSERVED TIME   RECORD YEAR NORMAL DEPARTURE LAST
                VALUE   (LST)  VALUE       VALUE  FROM      YEAR
                                                  NORMAL
..................................................................
TEMPERATURE (F)
 TODAY
  MAXIMUM         73    122 PM  90    2000  73      0       79
  MINIMUM         45    440 AM  33    2009  50     -5       63
  AVERAGE         59                        62     -3       71

PRECIPITATION (IN)
  TODAY            0.00          2.66 1977   0.12  -0.12     0.00
  MONTH TO DATE    5.67                      3.29   2.38     3.46
  SINCE JUN 1     16.51                     11.20   5.31    10.08
  SINCE JAN 1     27.59                     20.88   6.71    18.68

SNOWFALL (IN)
  TODAY            0.0           0.0    MM  MM     MM        0.0
  MONTH TO DATE    0.0                      MM     MM        0.0
  SINCE JUN 1      0.0                      MM     MM        0.0
  SINCE JUL 1      0.0                      MM     MM        0.0
  SNOW DEPTH       0

DEGREE DAYS
 HEATING
  TODAY            6                         5      1        0
  MONTH TO DATE   28                        77    -49       88
  SINCE JUN 1    153                       261   -108      269
  SINCE JUL 1     61                       127    -66      137

 COOLING
  TODAY            0                         1     -1        6
  MONTH TO DATE  111                        71     40       59
  SINCE JUN 1    293                       229     64      157
  SINCE JAN 1    308                       241     67      162
..................................................................


WIND (MPH)
  HIGHEST WIND SPEED    12   HIGHEST WIND DIRECTION     N (350)
  HIGHEST GUST SPEED    18   HIGHEST GUST DIRECTION     N (350)
  AVERAGE WIND SPEED     4.1


SKY COVER
  POSSIBLE SUNSHINE  MM
  AVERAGE SKY COVER 0.4


WEATHER CONDITIONS
 THE FOLLOWING WEATHER WAS RECORDED TODAY.
  FOG
  FOG W/VISIBILITY <= 1/4 MILE


RELATIVE HUMIDITY (PERCENT)
 HIGHEST   100          1200 AM
 LOWEST     57          1000 AM
 AVERAGE    79

..........................................................


THE RHINELANDER WI CLIMATE NORMALS FOR TOMORROW
                         NORMAL    RECORD    YEAR
 MAXIMUM TEMPERATURE (F)   73        91      1913
 MINIMUM TEMPERATURE (F)   50        32      1935


SUNRISE AND SUNSET
AUGUST 31 2016........SUNRISE   618 AM CDT   SUNSET   737 PM CDT
SEPTEMBER  1 2016.....SUNRISE   620 AM CDT   SUNSET   735 PM CDT


-  INDICATES NEGATIVE NUMBERS.
R  INDICATES RECORD WAS SET OR TIED.
MM INDICATES DATA IS MISSING.
T  INDICATES TRACE AMOUNT.




$$
