000
CDUS43 KGRB 180640
CLIRHI


CLIMATE REPORT
NATIONAL WEATHER SERVICE GREEN BAY
1240 AM CST THU DEC 18 2014


...................................

...THE RHINELANDER WI CLIMATE SUMMARY FOR DECEMBER 17 2014...

CLIMATE NORMAL PERIOD 1981 TO 2010
CLIMATE RECORD PERIOD 1908 TO 2014


WEATHER ITEM   OBSERVED TIME   RECORD YEAR NORMAL DEPARTURE LAST
                VALUE   (LST)  VALUE       VALUE  FROM      YEAR
                                                  NORMAL
..................................................................
TEMPERATURE (F)
 YESTERDAY
  MAXIMUM         21   1157 PM  42    1997  25     -4       24
                                      1913
  MINIMUM         14    830 AM -25    1983   8      6        8
  AVERAGE         18                        16      2       16

PRECIPITATION (IN)
  YESTERDAY        0.01          0.46 1915   0.04  -0.03     0.04
  MONTH TO DATE    0.69                      0.84  -0.15     1.24
  SINCE DEC 1      0.69                      0.84  -0.15     1.24
  SINCE JAN 1     40.29                     30.80   9.49    36.45

SNOWFALL (IN)
  YESTERDAY        0.5           7.0  1908  MM     MM        1.6
  MONTH TO DATE    5.6                      MM     MM       14.8
  SINCE DEC 1      5.6                      MM     MM       14.8
  SINCE JUL 1     40.7                      MM     MM       24.6
  SNOW DEPTH       5

DEGREE DAYS
 HEATING
  YESTERDAY       47                        49     -2       49
  MONTH TO DATE  760                       784    -24      989
  SINCE DEC 1    760                       784    -24      989
  SINCE JUL 1   3281                      2918    363     3216

 COOLING
  YESTERDAY        0                         0      0        0
  MONTH TO DATE    0                         0      0        0
  SINCE DEC 1      0                         0      0        0
  SINCE JAN 1    148                       261   -113      281
..................................................................


WIND (MPH)
  HIGHEST WIND SPEED    15   HIGHEST WIND DIRECTION     W (290)
  HIGHEST GUST SPEED    20   HIGHEST GUST DIRECTION     W (290)
  AVERAGE WIND SPEED     8.7


SKY COVER
  POSSIBLE SUNSHINE  MM
  AVERAGE SKY COVER 1.0


WEATHER CONDITIONS
 THE FOLLOWING WEATHER WAS RECORDED YESTERDAY.
  LIGHT SNOW
  FOG
  HAZE


RELATIVE HUMIDITY (PERCENT)
 HIGHEST    91           600 PM
 LOWEST     73          1200 PM
 AVERAGE    82

..........................................................


THE RHINELANDER WI CLIMATE NORMALS FOR TODAY
                         NORMAL    RECORD    YEAR
 MAXIMUM TEMPERATURE (F)   25        46      2002
 MINIMUM TEMPERATURE (F)    7       -34      1983


SUNRISE AND SUNSET
DECEMBER 18 2014......SUNRISE   734 AM CST   SUNSET   415 PM CST
DECEMBER 19 2014......SUNRISE   734 AM CST   SUNSET   416 PM CST


-  INDICATES NEGATIVE NUMBERS.
R  INDICATES RECORD WAS SET OR TIED.
MM INDICATES DATA IS MISSING.
T  INDICATES TRACE AMOUNT.




$$
