000
CDUS43 KGRB 190633
CLIRHI


CLIMATE REPORT
NATIONAL WEATHER SERVICE GREEN BAY
133 AM CDT SAT APR 19 2014


...................................

...THE RHINELANDER WI CLIMATE SUMMARY FOR APRIL 18 2014...

CLIMATE NORMAL PERIOD 1981 TO 2010
CLIMATE RECORD PERIOD 1908 TO 2014


WEATHER ITEM   OBSERVED TIME   RECORD YEAR NORMAL DEPARTURE LAST
                VALUE   (LST)  VALUE       VALUE  FROM      YEAR
                                                  NORMAL
..................................................................
TEMPERATURE (F)
 YESTERDAY
  MAXIMUM         42    354 PM  85    1987  55    -13       36
  MINIMUM         17    455 AM  10    1926  31    -14       33
  AVERAGE         30                        43    -13       35

PRECIPITATION (IN)
  YESTERDAY        0.00          3.05 2002   0.09  -0.09     0.52
  MONTH TO DATE    3.00                      1.45   1.55     2.64
  SINCE MAR 1      3.76                      3.02   0.74     4.65
  SINCE JAN 1      6.37                      5.06   1.31     7.45

SNOWFALL (IN)
  YESTERDAY        0.0           4.0  1928  MM     MM        0.0
  MONTH TO DATE   25.7                      MM     MM       10.6
  SINCE MAR 1     35.3                      MM     MM       26.8
  SINCE JUL 1    107.8                      MM     MM       79.4
  SNOW DEPTH      11

DEGREE DAYS
 HEATING
  YESTERDAY       35                        22     13       30
  MONTH TO DATE  604                       470    134      601
  SINCE MAR 1   2043                      1643    400     1930
  SINCE JUL 1   9672                      8265   1407     8330

 COOLING
  YESTERDAY        0                         0      0        0
  MONTH TO DATE    0                         0      0        0
  SINCE MAR 1      0                         0      0        0
  SINCE JAN 1      0                         0      0        0
..................................................................


WIND (MPH)
  HIGHEST WIND SPEED    12   HIGHEST WIND DIRECTION    SE (120)
  HIGHEST GUST SPEED    16   HIGHEST GUST DIRECTION    NW (330)
  AVERAGE WIND SPEED     5.4


SKY COVER
  POSSIBLE SUNSHINE  MM
  AVERAGE SKY COVER 0.1


WEATHER CONDITIONS
 THE FOLLOWING WEATHER WAS RECORDED YESTERDAY.
  NO SIGNIFICANT WEATHER WAS OBSERVED.


RELATIVE HUMIDITY (PERCENT)
 HIGHEST    92           400 AM
 LOWEST     29           400 PM
 AVERAGE    61

..........................................................


THE RHINELANDER WI CLIMATE NORMALS FOR TODAY
                         NORMAL    RECORD    YEAR
 MAXIMUM TEMPERATURE (F)   56        79      1915
 MINIMUM TEMPERATURE (F)   31        14      1947


SUNRISE AND SUNSET
APRIL 19 2014.........SUNRISE   605 AM CDT   SUNSET   749 PM CDT
APRIL 20 2014.........SUNRISE   603 AM CDT   SUNSET   751 PM CDT


-  INDICATES NEGATIVE NUMBERS.
R  INDICATES RECORD WAS SET OR TIED.
MM INDICATES DATA IS MISSING.
T  INDICATES TRACE AMOUNT.




$$
