000
CDUS43 KGRB 280628
CLIRHI


CLIMATE REPORT
NATIONAL WEATHER SERVICE GREEN BAY
127 AM CDT WED SEP 28 2016


...................................

...THE RHINELANDER WI CLIMATE SUMMARY FOR SEPTEMBER 27 2016...

CLIMATE NORMAL PERIOD 1981 TO 2010
CLIMATE RECORD PERIOD 1908 TO 2016


WEATHER ITEM   OBSERVED TIME   RECORD YEAR NORMAL DEPARTURE LAST
                VALUE   (LST)  VALUE       VALUE  FROM      YEAR
                                                  NORMAL
..................................................................
TEMPERATURE (F)
 YESTERDAY
  MAXIMUM         51    950 AM  84    1987  61    -10       76
  MINIMUM         48   1109 PM  26    2012  40      8       57
                                      1926
  AVERAGE         50                        51     -1       67

PRECIPITATION (IN)
  YESTERDAY        0.10          2.98 1908   0.14  -0.04     0.00
  MONTH TO DATE    5.59                      3.80   1.79     2.31
  SINCE SEP 1      5.59                      3.80   1.79     2.31
  SINCE JAN 1     33.18                     24.68   8.50    20.99

SNOWFALL (IN)
  YESTERDAY        0.0           T    1942  MM     MM        0.0
  MONTH TO DATE    0.0                      MM     MM        0.0
  SINCE SEP 1      0.0                      MM     MM        0.0
  SINCE JUL 1      0.0                      MM     MM        0.0
  SNOW DEPTH       0

DEGREE DAYS
 HEATING
  YESTERDAY       15                        15      0        0
  MONTH TO DATE  134                       258   -124       99
  SINCE SEP 1    134                       258   -124       99
  SINCE JUL 1    195                       385   -190      236

 COOLING
  YESTERDAY        0                         0      0        2
  MONTH TO DATE   13                        16     -3       71
  SINCE SEP 1     13                        16     -3       71
  SINCE JAN 1    321                       257     64      233
..................................................................


WIND (MPH)
  HIGHEST WIND SPEED    20   HIGHEST WIND DIRECTION     W (280)
  HIGHEST GUST SPEED    28   HIGHEST GUST DIRECTION     W (280)
  AVERAGE WIND SPEED    10.7


SKY COVER
  POSSIBLE SUNSHINE  MM
  AVERAGE SKY COVER 1.0


WEATHER CONDITIONS
 THE FOLLOWING WEATHER WAS RECORDED YESTERDAY.
  LIGHT RAIN
  FOG


RELATIVE HUMIDITY (PERCENT)
 HIGHEST   100           100 PM
 LOWEST     80           100 AM
 AVERAGE    90

..........................................................


THE RHINELANDER WI CLIMATE NORMALS FOR TODAY
                         NORMAL    RECORD    YEAR
 MAXIMUM TEMPERATURE (F)   61        80      1952
 MINIMUM TEMPERATURE (F)   39        24      1942


SUNRISE AND SUNSET
SEPTEMBER 28 2016.....SUNRISE   653 AM CDT   SUNSET   643 PM CDT
SEPTEMBER 29 2016.....SUNRISE   654 AM CDT   SUNSET   641 PM CDT


-  INDICATES NEGATIVE NUMBERS.
R  INDICATES RECORD WAS SET OR TIED.
MM INDICATES DATA IS MISSING.
T  INDICATES TRACE AMOUNT.




$$
