000
CDUS43 KGRB 050656
CLIRHI


CLIMATE REPORT
NATIONAL WEATHER SERVICE GREEN BAY
155 AM CDT WED AUG 5 2015


...................................

...THE RHINELANDER WI CLIMATE SUMMARY FOR AUGUST 4 2015...

CLIMATE NORMAL PERIOD 1981 TO 2010
CLIMATE RECORD PERIOD 1908 TO 2015


WEATHER ITEM   OBSERVED TIME   RECORD YEAR NORMAL DEPARTURE LAST
                VALUE   (LST)  VALUE       VALUE  FROM      YEAR
                                                  NORMAL
..................................................................
TEMPERATURE (F)
 YESTERDAY
  MAXIMUM         72    248 PM  96    1947  79     -7       74
  MINIMUM         53    506 AM  37    1951  54     -1       56
  AVERAGE         63                        66     -3       65

PRECIPITATION (IN)
  YESTERDAY        0.00          1.95 1976   0.11  -0.11     0.12
  MONTH TO DATE    0.53                      0.43   0.10     0.14
  SINCE JUN 1      7.15                      8.34  -1.19    10.86
  SINCE JAN 1     15.75                     18.02  -2.27    21.97

SNOWFALL (IN)
  YESTERDAY        0.0           0.0    MM  MM     MM        0.0
  MONTH TO DATE    0.0                      MM     MM        0.0
  SINCE JUN 1      0.0                      MM     MM        0.0
  SINCE JUL 1      0.0                      MM     MM        0.0
  SNOW DEPTH       0

DEGREE DAYS
 HEATING
  YESTERDAY        2                         2      0        0
  MONTH TO DATE    6                         6      0        3
  SINCE JUN 1    187                       191     -4      220
  SINCE JUL 1     55                        57     -2      127

 COOLING
  YESTERDAY        0                         3     -3        0
  MONTH TO DATE    0                        12    -12        3
  SINCE JUN 1     98                       170    -72      114
  SINCE JAN 1    103                       182    -79      121
..................................................................


WIND (MPH)
  HIGHEST WIND SPEED    15   HIGHEST WIND DIRECTION     W (280)
  HIGHEST GUST SPEED    21   HIGHEST GUST DIRECTION     W (280)
  AVERAGE WIND SPEED     5.7


SKY COVER
  POSSIBLE SUNSHINE  MM
  AVERAGE SKY COVER 0.5


WEATHER CONDITIONS
 THE FOLLOWING WEATHER WAS RECORDED YESTERDAY.
  NO SIGNIFICANT WEATHER WAS OBSERVED.


RELATIVE HUMIDITY (PERCENT)
 HIGHEST    93           100 AM
 LOWEST     44           100 PM
 AVERAGE    69

..........................................................


THE RHINELANDER WI CLIMATE NORMALS FOR TODAY
                         NORMAL    RECORD    YEAR
 MAXIMUM TEMPERATURE (F)   79        95      1947
 MINIMUM TEMPERATURE (F)   54        35      1912


SUNRISE AND SUNSET
AUGUST  5 2015........SUNRISE   546 AM CDT   SUNSET   821 PM CDT
AUGUST  6 2015........SUNRISE   547 AM CDT   SUNSET   820 PM CDT


-  INDICATES NEGATIVE NUMBERS.
R  INDICATES RECORD WAS SET OR TIED.
MM INDICATES DATA IS MISSING.
T  INDICATES TRACE AMOUNT.




$$
