000
CDUS43 KGRB 240640
CLIRHI


CLIMATE REPORT
NATIONAL WEATHER SERVICE GREEN BAY
1239 AM CST TUE JAN 24 2017


...................................

...THE RHINELANDER WI CLIMATE SUMMARY FOR JANUARY 23 2017...

CLIMATE NORMAL PERIOD 1981 TO 2010
CLIMATE RECORD PERIOD 1908 TO 2017


WEATHER ITEM   OBSERVED TIME   RECORD YEAR NORMAL DEPARTURE LAST
                VALUE   (LST)  VALUE       VALUE  FROM      YEAR
                                                  NORMAL
..................................................................
TEMPERATURE (F)
 YESTERDAY
  MAXIMUM         38    333 PM  52    1942  21     17       27
  MINIMUM         32    811 AM -36    1935   3     29       -3
  AVERAGE         35                        12     23       12

PRECIPITATION (IN)
  YESTERDAY        0.00          0.44 2012   0.03  -0.03     0.00
  MONTH TO DATE    1.59                      0.83   0.76     0.49
  SINCE DEC 1      3.66                      2.27   1.39     4.45
  SINCE JAN 1      1.59                      0.83   0.76     0.49

SNOWFALL (IN)
  YESTERDAY        0.0           5.3  1979  MM     MM        0.0
  MONTH TO DATE   13.6                      MM     MM        4.8
  SINCE DEC 1     33.2                      MM     MM       17.4
  SINCE JUL 1     39.8                      MM     MM       21.5
  SNOW DEPTH      11

DEGREE DAYS
 HEATING
  YESTERDAY       30                        53    -23       53
  MONTH TO DATE 1135                      1214    -79     1220
  SINCE DEC 1   2585                      2706   -121     2329
  SINCE JUL 1   4067                      4840   -773     4046

 COOLING
  YESTERDAY        0                         0      0        0
  MONTH TO DATE    0                         0      0        0
  SINCE DEC 1      0                         0      0        0
  SINCE JAN 1      0                         0      0        0
..................................................................


WIND (MPH)
  HIGHEST WIND SPEED     7   HIGHEST WIND DIRECTION    NW (300)
  HIGHEST GUST SPEED     9   HIGHEST GUST DIRECTION     W (290)
  AVERAGE WIND SPEED     2.2


SKY COVER
  POSSIBLE SUNSHINE  MM
  AVERAGE SKY COVER 1.0


WEATHER CONDITIONS
 THE FOLLOWING WEATHER WAS RECORDED YESTERDAY.
  FOG


RELATIVE HUMIDITY (PERCENT)
 HIGHEST   100           200 AM
 LOWEST     85           100 PM
 AVERAGE    93

..........................................................


THE RHINELANDER WI CLIMATE NORMALS FOR TODAY
                         NORMAL    RECORD    YEAR
 MAXIMUM TEMPERATURE (F)   21        49      1981
 MINIMUM TEMPERATURE (F)    3       -38      1935


SUNRISE AND SUNSET
JANUARY 24 2017.......SUNRISE   727 AM CST   SUNSET   453 PM CST
JANUARY 25 2017.......SUNRISE   726 AM CST   SUNSET   454 PM CST


-  INDICATES NEGATIVE NUMBERS.
R  INDICATES RECORD WAS SET OR TIED.
MM INDICATES DATA IS MISSING.
T  INDICATES TRACE AMOUNT.




$$
