355
CDUS43 KGRB 190734
CLIRHI


CLIMATE REPORT
NATIONAL WEATHER SERVICE GREEN BAY
134 AM CST SUN FEB 19 2017


...................................

...THE RHINELANDER WI CLIMATE SUMMARY FOR FEBRUARY 18 2017...

CLIMATE NORMAL PERIOD 1981 TO 2010
CLIMATE RECORD PERIOD 1908 TO 2017


WEATHER ITEM   OBSERVED TIME   RECORD YEAR NORMAL DEPARTURE LAST
                VALUE   (LST)  VALUE       VALUE  FROM      YEAR
                                                  NORMAL
..................................................................
TEMPERATURE (F)
 YESTERDAY
  MAXIMUM         54R   348 PM  54    1994  27     27       34
                                      1981
  MINIMUM         32    725 AM -28    2006   7     25        2
  AVERAGE         43                        17     26       18

PRECIPITATION (IN)
  YESTERDAY        0.00          0.42 1961   0.03  -0.03     0.02
  MONTH TO DATE    0.25                      0.56  -0.31     0.56
  SINCE DEC 1      4.25                      3.11   1.14     5.28
  SINCE JAN 1      2.18                      1.67   0.51     1.32

SNOWFALL (IN)
  YESTERDAY        0.0           8.0  1961  MM     MM         T
  MONTH TO DATE    1.5                      MM     MM        9.0
  SINCE DEC 1     38.2                      MM     MM       29.0
  SINCE JUL 1     44.8                      MM     MM       33.1
  SNOW DEPTH      MM

DEGREE DAYS
 HEATING
  YESTERDAY       22                        48    -26       47
  MONTH TO DATE  794                       902   -108      904
  SINCE DEC 1   3709                      4029   -320     3563
  SINCE JUL 1   5191                      6163   -972     5280

 COOLING
  YESTERDAY        0                         0      0        0
  MONTH TO DATE    0                         0      0        0
  SINCE DEC 1      0                         0      0        0
  SINCE JAN 1      0                         0      0        0
..................................................................


WIND (MPH)
  HIGHEST WIND SPEED    18   HIGHEST WIND DIRECTION     W (270)
  HIGHEST GUST SPEED    23   HIGHEST GUST DIRECTION    NW (310)
  AVERAGE WIND SPEED    10.0


SKY COVER
  POSSIBLE SUNSHINE  MM
  AVERAGE SKY COVER 0.0


WEATHER CONDITIONS
 THE FOLLOWING WEATHER WAS RECORDED YESTERDAY.
  NO SIGNIFICANT WEATHER WAS OBSERVED.


RELATIVE HUMIDITY (PERCENT)
 HIGHEST   100           200 AM
 LOWEST     35           100 PM
 AVERAGE    68

..........................................................


THE RHINELANDER WI CLIMATE NORMALS FOR TODAY
                         NORMAL    RECORD    YEAR
 MAXIMUM TEMPERATURE (F)   28        57      1930
 MINIMUM TEMPERATURE (F)    8       -32      1929


SUNRISE AND SUNSET
FEBRUARY 19 2017......SUNRISE   653 AM CST   SUNSET   531 PM CST
FEBRUARY 20 2017......SUNRISE   651 AM CST   SUNSET   532 PM CST


-  INDICATES NEGATIVE NUMBERS.
R  INDICATES RECORD WAS SET OR TIED.
MM INDICATES DATA IS MISSING.
T  INDICATES TRACE AMOUNT.




$$
