000
CDUS41 KAKQ 120645
CLIRIC


CLIMATE REPORT
NATIONAL WEATHER SERVICE WAKEFIELD, VA
145 AM EST TUE DEC 12 2017


...................................

...THE RICHMOND VA CLIMATE SUMMARY FOR DECEMBER 11 2017...

CLIMATE NORMAL PERIOD 1981 TO 2010
CLIMATE RECORD PERIOD 1871 TO 2017


WEATHER ITEM   OBSERVED TIME   RECORD YEAR NORMAL DEPARTURE LAST
                VALUE   (LST)  VALUE       VALUE  FROM      YEAR
                                                  NORMAL
..................................................................
TEMPERATURE (F)
 YESTERDAY
  MAXIMUM         50   1210 PM  72    1971  52     -2       42
  MINIMUM         33    752 AM  12    1968  32      1       26
                                      1917
  AVERAGE         42                        42      0       34

PRECIPITATION (IN)
  YESTERDAY        0.00          2.62 2008   0.11  -0.11      T
  MONTH TO DATE    1.01                      1.22  -0.21     1.71
  SINCE DEC 1      1.01                      1.22  -0.21     1.71
  SINCE JAN 1     37.92                     41.56  -3.64    51.66

SNOWFALL (IN)
  YESTERDAY        0.0           6.7  1958   0.1   -0.1
  MONTH TO DATE    3.1                       0.6    2.5
  SINCE NOV 1      3.1                       0.8    2.3
  SINCE JUL 1      3.1                       0.8    2.3
  SNOW DEPTH       1

DEGREE DAYS
 HEATING
  YESTERDAY       23                        23      0       31
  MONTH TO DATE  235                       237     -2      257
  SINCE DEC 1    235                       237     -2      257
  SINCE JUL 1    847                       913    -66      847

 COOLING
  YESTERDAY        0                         0      0        0
  MONTH TO DATE    0                         0      0        0
  SINCE DEC 1      0                         0      0        0
  SINCE JAN 1   1706                      1548    158     1699
..................................................................


WIND (MPH)
  HIGHEST WIND SPEED    14   HIGHEST WIND DIRECTION     W (290)
  HIGHEST GUST SPEED    17   HIGHEST GUST DIRECTION     W (290)
  AVERAGE WIND SPEED     7.0


SKY COVER
  POSSIBLE SUNSHINE  MM
  AVERAGE SKY COVER 0.3


WEATHER CONDITIONS
 THE FOLLOWING WEATHER WAS RECORDED YESTERDAY.
  NO SIGNIFICANT WEATHER WAS OBSERVED.


RELATIVE HUMIDITY (PERCENT)
 HIGHEST    82          1200 AM
 LOWEST     42          1200 PM
 AVERAGE    62

..........................................................


THE RICHMOND VA CLIMATE NORMALS FOR TODAY
                         NORMAL    RECORD    YEAR
 MAXIMUM TEMPERATURE (F)   51        77      2007
 MINIMUM TEMPERATURE (F)   32         6      1958


SUNRISE AND SUNSET
DECEMBER 12 2017......SUNRISE   715 AM EST   SUNSET   452 PM EST
DECEMBER 13 2017......SUNRISE   715 AM EST   SUNSET   452 PM EST


-  INDICATES NEGATIVE NUMBERS.
R  INDICATES RECORD WAS SET OR TIED.
MM INDICATES DATA IS MISSING.
T  INDICATES TRACE AMOUNT.




$$
