000
CDUS41 KAKQ 270556
CLIRIC


CLIMATE REPORT
NATIONAL WEATHER SERVICE WAKEFIELD, VA
155 AM EDT SAT MAY 27 2017


...................................

...THE RICHMOND VA CLIMATE SUMMARY FOR MAY 26 2017...

CLIMATE NORMAL PERIOD 1981 TO 2010
CLIMATE RECORD PERIOD 1871 TO 2017


WEATHER ITEM   OBSERVED TIME   RECORD YEAR NORMAL DEPARTURE LAST
                VALUE   (LST)  VALUE       VALUE  FROM      YEAR
                                                  NORMAL
..................................................................
TEMPERATURE (F)
 YESTERDAY
  MAXIMUM         81    310 PM  94    1991  80      1       89
                                      1984
                                      1953
  MINIMUM         59    525 AM  42    1925  58      1       61
  AVERAGE         70                        69      1       75

PRECIPITATION (IN)
  YESTERDAY        0.00          1.93 1945   0.13  -0.13     0.00
  MONTH TO DATE    5.35                      3.13   2.22     8.41
  SINCE MAR 1     11.31                     10.44   0.87    11.60
  SINCE JAN 1     16.31                     16.24   0.07    19.25

SNOWFALL (IN)
  YESTERDAY        0.0           0.0  2002   0.0    0.0
                                      2001
  MONTH TO DATE    0.0                       0.0    0.0
  SINCE NOV 1      7.1                      10.3   -3.2
  SINCE JUL 1      7.1                      10.3   -3.2
  SNOW DEPTH       0

DEGREE DAYS
 HEATING
  YESTERDAY        0                         1     -1        0
  MONTH TO DATE   83                        69     14      110
  SINCE MAR 1    687                       825   -138      737
  SINCE JUL 1   3169                      3761   -592     3325

 COOLING
  YESTERDAY        5                         5      0       10
  MONTH TO DATE   70                        86    -16       34
  SINCE MAR 1    175                       128     47       64
  SINCE JAN 1    175                       128     47       64
..................................................................


WIND (MPH)
  HIGHEST WIND SPEED    22   HIGHEST WIND DIRECTION     W (270)
  HIGHEST GUST SPEED    27   HIGHEST GUST DIRECTION     W (280)
  AVERAGE WIND SPEED    11.2


SKY COVER
  POSSIBLE SUNSHINE  MM
  AVERAGE SKY COVER 0.4


WEATHER CONDITIONS
 THE FOLLOWING WEATHER WAS RECORDED YESTERDAY.
  NO SIGNIFICANT WEATHER WAS OBSERVED.


RELATIVE HUMIDITY (PERCENT)
 HIGHEST    87           200 AM
 LOWEST     39           300 PM
 AVERAGE    63

..........................................................


THE RICHMOND VA CLIMATE NORMALS FOR TODAY
                         NORMAL    RECORD    YEAR
 MAXIMUM TEMPERATURE (F)   81        97      1941
 MINIMUM TEMPERATURE (F)   59        41      1961


SUNRISE AND SUNSET
MAY 27 2017...........SUNRISE   552 AM EDT   SUNSET   822 PM EDT
MAY 28 2017...........SUNRISE   551 AM EDT   SUNSET   822 PM EDT


-  INDICATES NEGATIVE NUMBERS.
R  INDICATES RECORD WAS SET OR TIED.
MM INDICATES DATA IS MISSING.
T  INDICATES TRACE AMOUNT.




$$
