000
CDUS41 KAKQ 030550
CLIRIC


CLIMATE REPORT
NATIONAL WEATHER SERVICE WAKEFIELD, VA
150 AM EDT THU SEP 3 2015


...................................

...THE RICHMOND VA CLIMATE SUMMARY FOR SEPTEMBER 2 2015...

CLIMATE NORMAL PERIOD 1981 TO 2010
CLIMATE RECORD PERIOD 1871 TO 2015


WEATHER ITEM   OBSERVED TIME   RECORD YEAR NORMAL DEPARTURE LAST
                VALUE   (LST)  VALUE       VALUE  FROM      YEAR
                                                  NORMAL
..................................................................
TEMPERATURE (F)
 YESTERDAY
  MAXIMUM         95   1137 AM 101    2014  85     10      101
  MINIMUM         71   1010 PM  49    1948  65      6       73
  AVERAGE         83                        75      8       87

PRECIPITATION (IN)
  YESTERDAY        0.22          1.92 1969   0.14   0.08     0.00
  MONTH TO DATE    0.22                      0.28  -0.06     0.00
  SINCE SEP 1      0.22                      0.28  -0.06     0.00
  SINCE JAN 1     32.77                     30.27   2.50    25.67

SNOWFALL (IN)
  YESTERDAY        0.0           0.0  2002   0.0    0.0
                                      2001
  MONTH TO DATE    0.0                       0.0    0.0
  SINCE NOV 1     12.8                      10.3    2.5
  SINCE JUL 1      0.0                       0.0    0.0
  SNOW DEPTH       0

DEGREE DAYS
 HEATING
  YESTERDAY        0                         0      0        0
  MONTH TO DATE    0                         0      0        0
  SINCE SEP 1      0                         0      0        0
  SINCE JUL 1      0                         1     -1        0

 COOLING
  YESTERDAY       18                        10      8       22
  MONTH TO DATE   35                        20     15       43
  SINCE SEP 1     35                        20     15       43
  SINCE JAN 1   1542                      1327    215     1423
..................................................................


WIND (MPH)
  HIGHEST WIND SPEED    20   HIGHEST WIND DIRECTION     W (260)
  HIGHEST GUST SPEED    26   HIGHEST GUST DIRECTION     W (260)
  AVERAGE WIND SPEED     4.6


SKY COVER
  POSSIBLE SUNSHINE  MM
  AVERAGE SKY COVER 0.9


WEATHER CONDITIONS
 THE FOLLOWING WEATHER WAS RECORDED YESTERDAY.
  THUNDERSTORM
  RAIN
  LIGHT RAIN
  FOG


RELATIVE HUMIDITY (PERCENT)
 HIGHEST    93          1000 PM
 LOWEST     44          1100 AM
 AVERAGE    69

..........................................................


THE RICHMOND VA CLIMATE NORMALS FOR TODAY
                         NORMAL    RECORD    YEAR
 MAXIMUM TEMPERATURE (F)   85        99      1984
 MINIMUM TEMPERATURE (F)   65        48      1967


SUNRISE AND SUNSET
SEPTEMBER  3 2015.....SUNRISE   641 AM EDT   SUNSET   736 PM EDT
SEPTEMBER  4 2015.....SUNRISE   642 AM EDT   SUNSET   734 PM EDT


-  INDICATES NEGATIVE NUMBERS.
R  INDICATES RECORD WAS SET OR TIED.
MM INDICATES DATA IS MISSING.
T  INDICATES TRACE AMOUNT.




$$
