488
CDUS41 KAKQ 040630
CLIRIC


CLIMATE REPORT
NATIONAL WEATHER SERVICE WAKEFIELD, VA
130 AM EST SUN DEC 4 2016


...................................

...THE RICHMOND VA CLIMATE SUMMARY FOR DECEMBER 3 2016...

CLIMATE NORMAL PERIOD 1981 TO 2010
CLIMATE RECORD PERIOD 1871 TO 2016


WEATHER ITEM   OBSERVED TIME   RECORD YEAR NORMAL DEPARTURE LAST
                VALUE   (LST)  VALUE       VALUE  FROM      YEAR
                                                  NORMAL
..................................................................
TEMPERATURE (F)
 YESTERDAY
  MAXIMUM         52    216 PM  75    1991  55     -3       59
  MINIMUM         31   1240 AM  15    1940  35     -4       36
                                      1930
  AVERAGE         42                        44     -2       48

PRECIPITATION (IN)
  YESTERDAY        0.00          1.50 1905   0.11  -0.11     0.00
  MONTH TO DATE    0.18                      0.34  -0.16     0.51
  SINCE DEC 1      0.18                      0.34  -0.16     0.51
  SINCE JAN 1     50.13                     40.68   9.45    43.64

SNOWFALL (IN)
  YESTERDAY        0.0           T    1927   0.0    0.0
  MONTH TO DATE    0.0                       0.1   -0.1
  SINCE NOV 1      0.0                       0.3   -0.3
  SINCE JUL 1      0.0                       0.3   -0.3
  SNOW DEPTH       0

DEGREE DAYS
 HEATING
  YESTERDAY       23                        21      2       17
  MONTH TO DATE   55                        61     -6       43
  SINCE DEC 1     55                        61     -6       43
  SINCE JUL 1    645                       737    -92      635

 COOLING
  YESTERDAY        0                         0      0        0
  MONTH TO DATE    0                         0      0        0
  SINCE DEC 1      0                         0      0        0
  SINCE JAN 1   1699                      1548    151     1817
..................................................................


WIND (MPH)
  HIGHEST WIND SPEED    17   HIGHEST WIND DIRECTION    NW (330)
  HIGHEST GUST SPEED    21   HIGHEST GUST DIRECTION     N (340)
  AVERAGE WIND SPEED     7.0


SKY COVER
  POSSIBLE SUNSHINE  MM
  AVERAGE SKY COVER 0.5


WEATHER CONDITIONS
 THE FOLLOWING WEATHER WAS RECORDED YESTERDAY.
  NO SIGNIFICANT WEATHER WAS OBSERVED.


RELATIVE HUMIDITY (PERCENT)
 HIGHEST    75           400 AM
 LOWEST     41           200 PM
 AVERAGE    58

..........................................................


THE RICHMOND VA CLIMATE NORMALS FOR TODAY
                         NORMAL    RECORD    YEAR
 MAXIMUM TEMPERATURE (F)   54        77      1998
                                             1982
 MINIMUM TEMPERATURE (F)   34        10      1940


SUNRISE AND SUNSET
DECEMBER  4 2016......SUNRISE   708 AM EST   SUNSET   451 PM EST
DECEMBER  5 2016......SUNRISE   709 AM EST   SUNSET   451 PM EST


-  INDICATES NEGATIVE NUMBERS.
R  INDICATES RECORD WAS SET OR TIED.
MM INDICATES DATA IS MISSING.
T  INDICATES TRACE AMOUNT.




$$
