000
CDUS41 KAKQ 062125
CLIRIC


CLIMATE REPORT
NATIONAL WEATHER SERVICE WAKEFIELD, VA
525 PM EDT MON JUL 6 2015


...................................

...THE RICHMOND VA CLIMATE SUMMARY FOR JULY 6 2015...
VALID TODAY AS OF 0500 PM LOCAL TIME.

CLIMATE NORMAL PERIOD 1981 TO 2010
CLIMATE RECORD PERIOD 1871 TO 2015


WEATHER ITEM   OBSERVED TIME   RECORD YEAR NORMAL DEPARTURE LAST
                VALUE   (LST)  VALUE       VALUE  FROM      YEAR
                                                  NORMAL
..................................................................
TEMPERATURE (F)
 TODAY
  MAXIMUM         88    258 PM 105    1977  90     -2       91
  MINIMUM         71    553 AM  55    1979  69      2       60
                                      1978
  AVERAGE         80

PRECIPITATION (IN)
  TODAY            0.17          1.77 1969   0.13   0.04     0.00
  MONTH TO DATE    2.80                      0.77   2.03     0.04
  SINCE JUN 1      8.85                      4.70   4.15     3.43
  SINCE JAN 1     26.83                     21.59   5.24    19.47

SNOWFALL (IN)
  TODAY            0.0
  MONTH TO DATE    0.0
  SINCE NOV 1     12.8
  SINCE JUL 1      0.0
  SNOW DEPTH       0

DEGREE DAYS
 HEATING
  TODAY            0                         0      0        0
  MONTH TO DATE    0                         0      0        0
  SINCE JUN 1      6                         7     -1        0
  SINCE JUL 1      0                         0      0        0

 COOLING
  TODAY           15                        14      1       11
  MONTH TO DATE   74                        84    -10       94
  SINCE JUN 1    475                       399     76      449
  SINCE JAN 1    737                       560    177      657
..................................................................


WIND (MPH)
  RESULTANT WIND SPEED   6   RESULTANT WIND DIRECTION   S (180)
  HIGHEST WIND SPEED    21   HIGHEST WIND DIRECTION     W (280)
  HIGHEST GUST SPEED    26   HIGHEST GUST DIRECTION     W (270)


SKY COVER
  POSSIBLE SUNSHINE  MM
  AVERAGE SKY COVER 0.9


WEATHER CONDITIONS
 THE FOLLOWING WEATHER WAS RECORDED TODAY.
  THUNDERSTORM
  HEAVY RAIN
  LIGHT RAIN
  FOG
  HAZE


RELATIVE HUMIDITY (PERCENT)
 HIGHEST    93
 LOWEST     55
 AVERAGE    74

..........................................................


THE RICHMOND VA CLIMATE NORMALS FOR TOMORROW
                         NORMAL    RECORD    YEAR
 MAXIMUM TEMPERATURE (F)   90       104      2012
                                             2010
 MINIMUM TEMPERATURE (F)   69        55      1940


SUNRISE AND SUNSET
JULY  6 2015..........SUNRISE   554 AM EDT   SUNSET   834 PM EDT
JULY  7 2015..........SUNRISE   555 AM EDT   SUNSET   833 PM EDT


-  INDICATES NEGATIVE NUMBERS.
R  INDICATES RECORD WAS SET OR TIED.
MM INDICATES DATA IS MISSING.
T  INDICATES TRACE AMOUNT.




$$
