000
CDUS41 KAKQ 240635
CLIRIC


CLIMATE REPORT
NATIONAL WEATHER SERVICE WAKEFIELD, VA
134 AM EST TUE JAN 24 2017


...................................

...THE RICHMOND VA CLIMATE SUMMARY FOR JANUARY 23 2017...

CLIMATE NORMAL PERIOD 1981 TO 2010
CLIMATE RECORD PERIOD 1871 TO 2017


WEATHER ITEM   OBSERVED TIME   RECORD YEAR NORMAL DEPARTURE LAST
                VALUE   (LST)  VALUE       VALUE  FROM      YEAR
                                                  NORMAL
..................................................................
TEMPERATURE (F)
 YESTERDAY
  MAXIMUM         53   1017 AM  76    1974  48      5       28
  MINIMUM         39   1158 PM   6    1936  28     11       24
  AVERAGE         46                        38      8       26

PRECIPITATION (IN)
  YESTERDAY        0.88          2.51 1935   0.09   0.79     0.87
  MONTH TO DATE    4.23                      2.25   1.98     3.29
  SINCE DEC 1      7.03                      5.51   1.52     9.23
  SINCE JAN 1      4.23                      2.25   1.98     3.29

SNOWFALL (IN)
  YESTERDAY        0.0           5.3  2016   0.1   -0.1
  MONTH TO DATE    7.1                       2.7    4.4
  SINCE NOV 1      7.1                       5.0    2.1
  SINCE JUL 1      7.1                       5.0    2.1
  SNOW DEPTH       0

DEGREE DAYS
 HEATING
  YESTERDAY       19                        27     -8       39
  MONTH TO DATE  544                       621    -77      678
  SINCE DEC 1   1278                      1364    -86     1081
  SINCE JUL 1   1868                      2040   -172     1673

 COOLING
  YESTERDAY        0                         0      0        0
  MONTH TO DATE    0                         0      0        0
  SINCE DEC 1      0                         1     -1        8
  SINCE JAN 1      0                         0      0        0
..................................................................


WIND (MPH)
  HIGHEST WIND SPEED    26   HIGHEST WIND DIRECTION    NE (60)
  HIGHEST GUST SPEED    37   HIGHEST GUST DIRECTION    NE (60)
  AVERAGE WIND SPEED    16.2


SKY COVER
  POSSIBLE SUNSHINE  MM
  AVERAGE SKY COVER 0.8


WEATHER CONDITIONS
 THE FOLLOWING WEATHER WAS RECORDED YESTERDAY.
  HEAVY RAIN
  RAIN
  LIGHT RAIN
  FOG


RELATIVE HUMIDITY (PERCENT)
 HIGHEST   100           500 AM
 LOWEST     92           700 PM
 AVERAGE    96

..........................................................


THE RICHMOND VA CLIMATE NORMALS FOR TODAY
                         NORMAL    RECORD    YEAR
 MAXIMUM TEMPERATURE (F)   48        76      1950
 MINIMUM TEMPERATURE (F)   28         5      1936


SUNRISE AND SUNSET
JANUARY 24 2017.......SUNRISE   718 AM EST   SUNSET   525 PM EST
JANUARY 25 2017.......SUNRISE   718 AM EST   SUNSET   526 PM EST


-  INDICATES NEGATIVE NUMBERS.
R  INDICATES RECORD WAS SET OR TIED.
MM INDICATES DATA IS MISSING.
T  INDICATES TRACE AMOUNT.




$$
