000
CDUS45 KGJT 280736
CLIRIL


CLIMATE REPORT
NATIONAL WEATHER SERVICE GRAND JUNCTION CO
133 AM MDT SUN MAY 28 2017


...................................

...THE RIFLE CO CLIMATE SUMMARY FOR MAY 27 2017...

CLIMATE NORMAL PERIOD 1981 TO 2010
CLIMATE RECORD PERIOD 9999 TO 9999


WEATHER ITEM   OBSERVED TIME   RECORD YEAR NORMAL DEPARTURE LAST
                VALUE   (LST)  VALUE       VALUE  FROM      YEAR
                                                  NORMAL
..................................................................
TEMPERATURE (F)
 YESTERDAY
  MAXIMUM         69    447 PM  MM      MM  78     -9       67
  MINIMUM         44   1159 PM  MM      MM  42      2       43
  AVERAGE         57                        60     -3       55

PRECIPITATION (IN)
  YESTERDAY        0.02         MM      MM   0.05  -0.03      T
  MONTH TO DATE    0.58                      1.31  -0.73     1.41
  SINCE MAR 1      1.07                      3.65  -2.58     3.12
  SINCE JAN 1      2.23                      5.22  -2.99     4.38

SNOWFALL (IN)
  YESTERDAY       MM            MM      MM  MM     MM       MM
  MONTH TO DATE   MM                        MM     MM       MM
  SINCE MAR 1     MM                        MM     MM       MM
  SINCE JUL 1     MM                        MM     MM       MM
  SNOW DEPTH      MM

DEGREE DAYS
 HEATING
  YESTERDAY        8                         6      2       10
  MONTH TO DATE  235                       248    -13      246
  SINCE MAR 1   1311                      1548   -237     1457
  SINCE JUL 1   5448                      6545  -1097     6369

 COOLING
  YESTERDAY        0                         1     -1        0
  MONTH TO DATE    6                         1      5        1
  SINCE MAR 1      6                         1      5        1
  SINCE JAN 1      6                         1      5        1
..................................................................


WIND (MPH)
  HIGHEST WIND SPEED    29   HIGHEST WIND DIRECTION    SW (240)
  HIGHEST GUST SPEED    36   HIGHEST GUST DIRECTION    SW (240)
  AVERAGE WIND SPEED     7.2


SKY COVER
  POSSIBLE SUNSHINE  MM
  AVERAGE SKY COVER 0.4


WEATHER CONDITIONS
 THE FOLLOWING WEATHER WAS RECORDED YESTERDAY.
  LIGHT RAIN


RELATIVE HUMIDITY (PERCENT)
 HIGHEST    66           600 AM
 LOWEST     19           400 PM
 AVERAGE    43

..........................................................


THE RIFLE CO CLIMATE NORMALS FOR TODAY
                         NORMAL    RECORD    YEAR
 MAXIMUM TEMPERATURE (F)   78        MM        MM
 MINIMUM TEMPERATURE (F)   42        MM        MM


SUNRISE AND SUNSET
MAY 28 2017...........SUNRISE   547 AM MDT   SUNSET   830 PM MDT
MAY 29 2017...........SUNRISE   547 AM MDT   SUNSET   830 PM MDT


-  INDICATES NEGATIVE NUMBERS.
R  INDICATES RECORD WAS SET OR TIED.
MM INDICATES DATA IS MISSING.
T  INDICATES TRACE AMOUNT.




$$
