072
CDUS45 KGJT 250727
CLIRIL


CLIMATE REPORT
NATIONAL WEATHER SERVICE GRAND JUNCTION CO
126 AM MDT MON SEP 25 2017


...................................

...THE RIFLE CO CLIMATE SUMMARY FOR SEPTEMBER 24 2017...

CLIMATE NORMAL PERIOD 1981 TO 2010
CLIMATE RECORD PERIOD 9999 TO 9999


WEATHER ITEM   OBSERVED TIME   RECORD YEAR NORMAL DEPARTURE LAST
                VALUE   (LST)  VALUE       VALUE  FROM      YEAR
                                                  NORMAL
..................................................................
TEMPERATURE (F)
 YESTERDAY
  MAXIMUM         62    228 PM  MM      MM  74    -12       54
  MINIMUM         37    607 AM  MM      MM  42     -5       43
  AVERAGE         50                        58     -8       49

PRECIPITATION (IN)
  YESTERDAY        0.00         MM      MM   0.05  -0.05     0.22
  MONTH TO DATE    0.96                      1.22  -0.26     1.19
  SINCE SEP 1      0.96                      1.22  -0.26     1.19
  SINCE JAN 1      4.76                     10.19  -5.43     8.27

SNOWFALL (IN)
  YESTERDAY       MM            MM      MM  MM     MM       MM
  MONTH TO DATE   MM                        MM     MM       MM
  SINCE SEP 1     MM                        MM     MM       MM
  SINCE JUL 1     MM                        MM     MM       MM
  SNOW DEPTH      MM

DEGREE DAYS
 HEATING
  YESTERDAY       15                         7      8       16
  MONTH TO DATE   50                        87    -37       59
  SINCE SEP 1     50                        87    -37       59
  SINCE JUL 1     50                        94    -44       64

 COOLING
  YESTERDAY        0                         0      0        0
  MONTH TO DATE  102                        22     80       34
  SINCE SEP 1    102                        22     80       34
  SINCE JAN 1    872                       538    334      675
..................................................................


WIND (MPH)
  HIGHEST WIND SPEED    28   HIGHEST WIND DIRECTION     W (270)
  HIGHEST GUST SPEED    36   HIGHEST GUST DIRECTION     W (270)
  AVERAGE WIND SPEED     7.3


SKY COVER
  POSSIBLE SUNSHINE  MM
  AVERAGE SKY COVER 0.3


WEATHER CONDITIONS
 THE FOLLOWING WEATHER WAS RECORDED YESTERDAY.
  NO SIGNIFICANT WEATHER WAS OBSERVED.


RELATIVE HUMIDITY (PERCENT)
 HIGHEST   100           600 AM
 LOWEST     22           400 PM
 AVERAGE    61

..........................................................


THE RIFLE CO CLIMATE NORMALS FOR TODAY
                         NORMAL    RECORD    YEAR
 MAXIMUM TEMPERATURE (F)   74        MM        MM
 MINIMUM TEMPERATURE (F)   41        MM        MM


SUNRISE AND SUNSET
SEPTEMBER 25 2017.....SUNRISE   702 AM MDT   SUNSET   702 PM MDT
SEPTEMBER 26 2017.....SUNRISE   703 AM MDT   SUNSET   701 PM MDT


-  INDICATES NEGATIVE NUMBERS.
R  INDICATES RECORD WAS SET OR TIED.
MM INDICATES DATA IS MISSING.
T  INDICATES TRACE AMOUNT.




$$
