000
CDUS45 KRIW 220046
CLIRIW


CLIMATE REPORT
NATIONAL WEATHER SERVICE RIVERTON WY
644 PM MDT FRI JUL 21 2017


...................................

...THE RIVERTON WY CLIMATE SUMMARY FOR JULY 21 2017...
VALID TODAY AS OF 0500 PM LOCAL TIME.

CLIMATE NORMAL PERIOD 1981 TO 2010
CLIMATE RECORD PERIOD 1995 TO 2017


WEATHER ITEM   OBSERVED TIME   RECORD YEAR NORMAL DEPARTURE LAST
                VALUE   (LST)  VALUE       VALUE  FROM      YEAR
                                                  NORMAL
..................................................................
TEMPERATURE (F)
 TODAY
  MAXIMUM         92        MM  98    2007  89      3       96
  MINIMUM         59    300 AM  49    2009  57      2       59
  AVERAGE         76                        73      3       78

PRECIPITATION (IN)
  TODAY            T             0.06 2002   0.02  -0.02     0.00
  MONTH TO DATE    0.07                      0.66  -0.59      T
  SINCE JUN 1      0.27                      1.94  -1.67     0.39
  SINCE JAN 1     10.43                      6.02   4.41     9.28

SNOWFALL (IN)
  TODAY            0.0                                       0.0
  MONTH TO DATE    0.0                                       0.0
  SINCE JUN 1      0.0                                       0.0
  SINCE JUL 1      0.0                                       0.0
  SNOW DEPTH       0

DEGREE DAYS
 HEATING
  TODAY            0                         0      0        0
  MONTH TO DATE    0                         8     -8        4
  SINCE JUN 1     69                       127    -58       20
  SINCE JUL 1      0                         8     -8        4

 COOLING
  TODAY           11                         8      3       13
  MONTH TO DATE  217                       138     79      151
  SINCE JUN 1    268                       204     64      313
  SINCE JAN 1    268                       213     55      313
..................................................................


WIND (MPH)
  HIGHEST WIND SPEED     9   HIGHEST WIND DIRECTION    SW (240)
  HIGHEST GUST SPEED    MM   HIGHEST GUST DIRECTION    MM
  AVERAGE WIND SPEED     6.6


SKY COVER
  POSSIBLE SUNSHINE  MM
  AVERAGE SKY COVER 0.1


WEATHER CONDITIONS
 THE FOLLOWING WEATHER WAS RECORDED TODAY.
  NO SIGNIFICANT WEATHER WAS OBSERVED.


RELATIVE HUMIDITY (PERCENT)
 HIGHEST    97           200 AM
 LOWEST     17           300 PM
 AVERAGE    57

..........................................................


THE RIVERTON WY CLIMATE NORMALS FOR TOMORROW
                         NORMAL    RECORD    YEAR
 MAXIMUM TEMPERATURE (F)   89       100      2007
 MINIMUM TEMPERATURE (F)   57        49      2009


SUNRISE AND SUNSET
JULY 21 2017..........SUNRISE   554 AM MDT   SUNSET   846 PM MDT
JULY 22 2017..........SUNRISE   555 AM MDT   SUNSET   845 PM MDT


-  INDICATES NEGATIVE NUMBERS.
R  INDICATES RECORD WAS SET OR TIED.
MM INDICATES DATA IS MISSING.
T  INDICATES TRACE AMOUNT.




$$
