000
CDUS45 KRIW 310743
CLIRIW


CLIMATE REPORT
NATIONAL WEATHER SERVICE RIVERTON WY
128 AM MDT TUE MAY 31 2016


...................................

...THE RIVERTON WY CLIMATE SUMMARY FOR MAY 30 2016...

CLIMATE NORMAL PERIOD 1981 TO 2010
CLIMATE RECORD PERIOD 1995 TO 2016


WEATHER ITEM   OBSERVED TIME   RECORD YEAR NORMAL DEPARTURE LAST
                VALUE   (LST)  VALUE       VALUE  FROM      YEAR
                                                  NORMAL
..................................................................
TEMPERATURE (F)
 YESTERDAY
  MAXIMUM         75    253 PM  90    2002  72      3       76
  MINIMUM         51   1159 PM  32    2011  44      7       42
  AVERAGE         63                        58      5       59

PRECIPITATION (IN)
  YESTERDAY        T             0.48 2011   0.04  -0.04      T
  MONTH TO DATE    2.77                      1.67   1.10     4.55
  SINCE MAR 1      8.21                      3.52   4.69     5.78
  SINCE JAN 1      8.89                      4.03   4.86     6.85

SNOWFALL (IN)
  YESTERDAY        0.0                                       0.0
  MONTH TO DATE    T                                         0.5
  SINCE MAR 1     34.2                                      10.5
  SINCE JUL 1     62.4                                      39.1
  SNOW DEPTH       0

DEGREE DAYS
 HEATING
  YESTERDAY        2                         8     -6        6
  MONTH TO DATE  384                       345     39      428
  SINCE MAR 1   1756                      1887   -131     1793
  SINCE JUL 1   7077                      7741   -664     7186

 COOLING
  YESTERDAY        0                         1     -1        0
  MONTH TO DATE    0                         3     -3        0
  SINCE MAR 1      0                         3     -3        0
  SINCE JAN 1      0                         3     -3        0
..................................................................


WIND (MPH)
  HIGHEST WIND SPEED    32   HIGHEST WIND DIRECTION     N (20)
  HIGHEST GUST SPEED    40   HIGHEST GUST DIRECTION     N (10)
  AVERAGE WIND SPEED    12.1


SKY COVER
  POSSIBLE SUNSHINE  MM
  AVERAGE SKY COVER 0.5


WEATHER CONDITIONS
 THE FOLLOWING WEATHER WAS RECORDED YESTERDAY.
  NO SIGNIFICANT WEATHER WAS OBSERVED.


RELATIVE HUMIDITY (PERCENT)
 HIGHEST    59          1200 AM
 LOWEST     17           200 PM
 AVERAGE    38

..........................................................


THE RIVERTON WY CLIMATE NORMALS FOR TODAY
                         NORMAL    RECORD    YEAR
 MAXIMUM TEMPERATURE (F)   72        86      1997
 MINIMUM TEMPERATURE (F)   45        36      2011
                                             2005


SUNRISE AND SUNSET
MAY 31 2016...........SUNRISE   537 AM MDT   SUNSET   846 PM MDT
JUNE  1 2016..........SUNRISE   537 AM MDT   SUNSET   847 PM MDT


-  INDICATES NEGATIVE NUMBERS.
R  INDICATES RECORD WAS SET OR TIED.
MM INDICATES DATA IS MISSING.
T  INDICATES TRACE AMOUNT.




$$
