000
CDUS45 KRIW 200044
CLIRIW


CLIMATE REPORT
NATIONAL WEATHER SERVICE RIVERTON WY
643 PM MDT TUE AUG 19 2014


...................................

...THE RIVERTON WY CLIMATE SUMMARY FOR AUGUST 19 2014...
VALID TODAY AS OF 0500 PM LOCAL TIME.

CLIMATE NORMAL PERIOD 1981 TO 2010
CLIMATE RECORD PERIOD 1995 TO 2014


WEATHER ITEM   OBSERVED TIME   RECORD YEAR NORMAL DEPARTURE LAST
                VALUE   (LST)  VALUE       VALUE  FROM      YEAR
                                                  NORMAL
..................................................................
TEMPERATURE (F)
 TODAY
  MAXIMUM         84        MM  96    2013  85     -1       96
  MINIMUM         54        MM  43    2002  54      0       60
  AVERAGE         69                        69      0       78

PRECIPITATION (IN)
  TODAY            0.00          T    1999   0.02  -0.02     0.00
                                      1998
  MONTH TO DATE    0.81                      0.35   0.46     0.02
  SINCE JUN 1      2.71                      2.52   0.19     0.61
  SINCE JAN 1      5.03                      6.60  -1.57     4.05

SNOWFALL (IN)
  TODAY            0.0                                       0.0
  MONTH TO DATE    0.0                                       0.0
  SINCE JUN 1      0.0                                       0.0
  SINCE JUL 1      0.0                                       0.0
  SNOW DEPTH       0

DEGREE DAYS
 HEATING
  TODAY            0                         1     -1        0
  MONTH TO DATE    0                         9     -9        0
  SINCE JUN 1    130                       140    -10       52
  SINCE JUL 1      4                        21    -17        0

 COOLING
  TODAY            4                         5     -1       13
  MONTH TO DATE  112                       130    -18      159
  SINCE JUN 1    373                       416    -43      603
  SINCE JAN 1    388                       425    -37      616
..................................................................


WIND (MPH)
  HIGHEST WIND SPEED    13   HIGHEST WIND DIRECTION    NW (330)
  HIGHEST GUST SPEED    30   HIGHEST GUST DIRECTION     S (190)
  AVERAGE WIND SPEED     7.6


SKY COVER
  POSSIBLE SUNSHINE  MM
  AVERAGE SKY COVER 0.0


WEATHER CONDITIONS
 THE FOLLOWING WEATHER WAS RECORDED TODAY.
  NO SIGNIFICANT WEATHER WAS OBSERVED.


RELATIVE HUMIDITY (PERCENT)
 HIGHEST    53           300 AM
 LOWEST     17           300 PM
 AVERAGE    35

..........................................................


THE RIVERTON WY CLIMATE NORMALS FOR TOMORROW
                         NORMAL    RECORD    YEAR
 MAXIMUM TEMPERATURE (F)   84        93      2003
 MINIMUM TEMPERATURE (F)   54        48      2005


SUNRISE AND SUNSET
AUGUST 19 2014........SUNRISE   624 AM MDT   SUNSET   810 PM MDT
AUGUST 20 2014........SUNRISE   625 AM MDT   SUNSET   808 PM MDT


-  INDICATES NEGATIVE NUMBERS.
R  INDICATES RECORD WAS SET OR TIED.
MM INDICATES DATA IS MISSING.
T  INDICATES TRACE AMOUNT.




$$
