000
CDUS45 KRIW 290755
CLIRIW


CLIMATE REPORT
NATIONAL WEATHER SERVICE RIVERTON WY
128 AM MDT SUN MAR 29 2015


...................................

...THE RIVERTON WY CLIMATE SUMMARY FOR MARCH 28 2015...

CLIMATE NORMAL PERIOD 1981 TO 2010
CLIMATE RECORD PERIOD 1995 TO 2015


WEATHER ITEM   OBSERVED TIME   RECORD YEAR NORMAL DEPARTURE LAST
                VALUE   (LST)  VALUE       VALUE  FROM      YEAR
                                                  NORMAL
..................................................................
TEMPERATURE (F)
 YESTERDAY
  MAXIMUM         74R   229 PM  65    2012  52     22       51
  MINIMUM         42    609 AM  12    2008  27     15       25
  AVERAGE         58                        39     19       38

PRECIPITATION (IN)
  YESTERDAY        0.00          0.15 2007   0.02  -0.02     0.00
  MONTH TO DATE    0.41                      0.46  -0.05     0.49
  SINCE MAR 1      0.41                      0.46  -0.05     0.49
  SINCE JAN 1      1.48                      0.97   0.51     1.39

SNOWFALL (IN)
  YESTERDAY        0.0                                       0.0
  MONTH TO DATE    6.7                                       3.3
  SINCE MAR 1      6.7                                       3.3
  SINCE JUL 1     35.3                                      52.5
  SNOW DEPTH       0

DEGREE DAYS
 HEATING
  YESTERDAY        7                        26    -19       27
  MONTH TO DATE  747                       842    -95      846
  SINCE MAR 1    747                       842    -95      846
  SINCE JUL 1   6140                      6696   -556     6727

 COOLING
  YESTERDAY        0                         0      0        0
  MONTH TO DATE    0                         0      0        0
  SINCE MAR 1      0                         0      0        0
  SINCE JAN 1      0                         0      0        0
..................................................................


WIND (MPH)
  HIGHEST WIND SPEED    43   HIGHEST WIND DIRECTION     W (270)
  HIGHEST GUST SPEED    54   HIGHEST GUST DIRECTION     W (270)
  AVERAGE WIND SPEED    18.0


SKY COVER
  POSSIBLE SUNSHINE  MM
  AVERAGE SKY COVER 0.0


WEATHER CONDITIONS
 THE FOLLOWING WEATHER WAS RECORDED YESTERDAY.
  NO SIGNIFICANT WEATHER WAS OBSERVED.


RELATIVE HUMIDITY (PERCENT)
 HIGHEST    57           500 AM
 LOWEST     13           400 PM
 AVERAGE    35

..........................................................


THE RIVERTON WY CLIMATE NORMALS FOR TODAY
                         NORMAL    RECORD    YEAR
 MAXIMUM TEMPERATURE (F)   52        63      2014
                                             2010
 MINIMUM TEMPERATURE (F)   27        14      2003


SUNRISE AND SUNSET
MARCH 29 2015.........SUNRISE   701 AM MDT   SUNSET   736 PM MDT
MARCH 30 2015.........SUNRISE   700 AM MDT   SUNSET   738 PM MDT


-  INDICATES NEGATIVE NUMBERS.
R  INDICATES RECORD WAS SET OR TIED.
MM INDICATES DATA IS MISSING.
T  INDICATES TRACE AMOUNT.




$$
