000
CDUS45 KRIW 290733
CLIRIW


CLIMATE REPORT
NATIONAL WEATHER SERVICE RIVERTON WY
132 AM MDT TUE JUL 29 2014


...................................

...THE RIVERTON WY CLIMATE SUMMARY FOR JULY 28 2014...

CLIMATE NORMAL PERIOD 1981 TO 2010
CLIMATE RECORD PERIOD 1995 TO 2014


WEATHER ITEM   OBSERVED TIME   RECORD YEAR NORMAL DEPARTURE LAST
                VALUE   (LST)  VALUE       VALUE  FROM      YEAR
                                                  NORMAL
..................................................................
TEMPERATURE (F)
 YESTERDAY
  MAXIMUM         92    332 PM  98    2006  89      3       86
  MINIMUM         55    512 AM  50    2002  58     -3       56
  AVERAGE         74                        73      1       71

PRECIPITATION (IN)
  YESTERDAY        0.00          0.26 2013   0.02  -0.02     0.26
  MONTH TO DATE    0.47                      0.82  -0.35     0.54
  SINCE JUN 1      1.59                      2.10  -0.51     0.59
  SINCE JAN 1      3.91                      6.18  -2.27     4.03

SNOWFALL (IN)
  YESTERDAY        0.0                                       0.0
  MONTH TO DATE    0.0                                       0.0
  SINCE JUN 1      0.0                                       0.0
  SINCE JUL 1      0.0                                       0.0
  SNOW DEPTH       0

DEGREE DAYS
 HEATING
  YESTERDAY        0                         0      0        0
  MONTH TO DATE    4                         8     -4        0
  SINCE JUN 1    130                       127      3       52
  SINCE JUL 1      4                         8     -4        0

 COOLING
  YESTERDAY        9                         8      1        6
  MONTH TO DATE  233                       194     39      293
  SINCE JUN 1    256                       260     -4      430
  SINCE JAN 1    271                       269      2      443
..................................................................


WIND (MPH)
  HIGHEST WIND SPEED    24   HIGHEST WIND DIRECTION    NE (40)
  HIGHEST GUST SPEED    33   HIGHEST GUST DIRECTION    NE (30)
  AVERAGE WIND SPEED     9.2


SKY COVER
  POSSIBLE SUNSHINE  MM
  AVERAGE SKY COVER 0.0


WEATHER CONDITIONS
 THE FOLLOWING WEATHER WAS RECORDED YESTERDAY.
  NO SIGNIFICANT WEATHER WAS OBSERVED.


RELATIVE HUMIDITY (PERCENT)
 HIGHEST    55           600 AM
 LOWEST     11           400 PM
 AVERAGE    33

..........................................................


THE RIVERTON WY CLIMATE NORMALS FOR TODAY
                         NORMAL    RECORD    YEAR
 MAXIMUM TEMPERATURE (F)   89       101      2006
 MINIMUM TEMPERATURE (F)   57        50      2004


SUNRISE AND SUNSET
JULY 29 2014..........SUNRISE   601 AM MDT   SUNSET   838 PM MDT
JULY 30 2014..........SUNRISE   603 AM MDT   SUNSET   837 PM MDT


-  INDICATES NEGATIVE NUMBERS.
R  INDICATES RECORD WAS SET OR TIED.
MM INDICATES DATA IS MISSING.
T  INDICATES TRACE AMOUNT.




$$
