000
CDUS45 KRIW 240817
CLIRIW


CLIMATE REPORT
NATIONAL WEATHER SERVICE RIVERTON WY
116 AM MST TUE JAN 24 2017


...................................

...THE RIVERTON WY CLIMATE SUMMARY FOR JANUARY 23 2017...

CLIMATE NORMAL PERIOD 1981 TO 2010
CLIMATE RECORD PERIOD 1995 TO 2017


WEATHER ITEM   OBSERVED TIME   RECORD YEAR NORMAL DEPARTURE LAST
                VALUE   (LST)  VALUE       VALUE  FROM      YEAR
                                                  NORMAL
..................................................................
TEMPERATURE (F)
 YESTERDAY
  MAXIMUM         25    226 PM  45    2004  31     -6       32
  MINIMUM         13    752 AM -10    2008   9      4       10
  AVERAGE         19                        20     -1       21

PRECIPITATION (IN)
  YESTERDAY        0.45R         T    2012   0.01   0.44     0.00
                                      2011
                                      2009
  MONTH TO DATE    0.79                      0.18   0.61     0.33
  SINCE DEC 1      1.56                      0.50   1.06     0.41
  SINCE JAN 1      0.79                      0.18   0.61     0.33

SNOWFALL (IN)
  YESTERDAY        5.0                                       0.0
  MONTH TO DATE   10.9                                       4.2
  SINCE DEC 1     23.5                                       6.4
  SINCE JUL 1     27.9                                      24.5
  SNOW DEPTH      10

DEGREE DAYS
 HEATING
  YESTERDAY       46                        45      1       44
  MONTH TO DATE 1185                      1041    144     1110
  SINCE DEC 1   2715                      2442    273     2510
  SINCE JUL 1   4311                      4358    -47     4049

 COOLING
  YESTERDAY        0                         0      0        0
  MONTH TO DATE    0                         0      0        0
  SINCE DEC 1      0                         0      0        0
  SINCE JAN 1      0                         0      0        0
..................................................................


WIND (MPH)
  HIGHEST WIND SPEED    22   HIGHEST WIND DIRECTION     N (10)
  HIGHEST GUST SPEED    28   HIGHEST GUST DIRECTION     N (10)
  AVERAGE WIND SPEED     6.8


SKY COVER
  POSSIBLE SUNSHINE  MM
  AVERAGE SKY COVER 0.8


WEATHER CONDITIONS
 THE FOLLOWING WEATHER WAS RECORDED YESTERDAY.
  SNOW
  LIGHT SNOW
  FOG
  FOG W/VISIBILITY <= 1/4 MILE
  HAZE


RELATIVE HUMIDITY (PERCENT)
 HIGHEST   100           300 PM
 LOWEST     77           600 AM
 AVERAGE    89

..........................................................


THE RIVERTON WY CLIMATE NORMALS FOR TODAY
                         NORMAL    RECORD    YEAR
 MAXIMUM TEMPERATURE (F)   31        47      2015
 MINIMUM TEMPERATURE (F)    9       -10      2008


SUNRISE AND SUNSET
JANUARY 24 2017.......SUNRISE   736 AM MST   SUNSET   516 PM MST
JANUARY 25 2017.......SUNRISE   735 AM MST   SUNSET   518 PM MST


-  INDICATES NEGATIVE NUMBERS.
R  INDICATES RECORD WAS SET OR TIED.
MM INDICATES DATA IS MISSING.
T  INDICATES TRACE AMOUNT.




$$
