000
CDUS45 KRIW 230744
CLIRIW


CLIMATE REPORT
NATIONAL WEATHER SERVICE RIVERTON WY
1238 AM MST THU NOV 23 2017


...................................

...THE RIVERTON WY CLIMATE SUMMARY FOR NOVEMBER 22 2017...

CLIMATE NORMAL PERIOD 1981 TO 2010
CLIMATE RECORD PERIOD 1995 TO 2017


WEATHER ITEM   OBSERVED TIME   RECORD YEAR NORMAL DEPARTURE LAST
                VALUE   (LST)  VALUE       VALUE  FROM      YEAR
                                                  NORMAL
..................................................................
TEMPERATURE (F)
 YESTERDAY
  MAXIMUM         60    251 PM  61    2006  38     22       42
  MINIMUM         38    624 AM  -1    2013  16     22       24
  AVERAGE         49                        27     22       33

PRECIPITATION (IN)
  YESTERDAY        0.00          0.07 2016   0.02  -0.02     0.07
  MONTH TO DATE    0.43                      0.38   0.05     0.55
  SINCE SEP 1      2.77                      2.17   0.60     3.92
  SINCE JAN 1     14.22                      8.99   5.23    13.64

SNOWFALL (IN)
  YESTERDAY        0.0                                        T
  MONTH TO DATE    4.2                                       4.3
  SINCE SEP 1      6.9                                       4.4
  SINCE JUL 1      6.9                                       4.4
  SNOW DEPTH       0

DEGREE DAYS
 HEATING
  YESTERDAY       16                        38    -22       32
  MONTH TO DATE  672                       714    -42      555
  SINCE SEP 1   1621                      1556     65     1259
  SINCE JUL 1   1628                      1594     34     1310

 COOLING
  YESTERDAY        0                         0      0        0
  MONTH TO DATE    0                         0      0        0
  SINCE SEP 1     67                        26     41       35
  SINCE JAN 1    547                       494     53      605
..................................................................


WIND (MPH)
  HIGHEST WIND SPEED    24   HIGHEST WIND DIRECTION     W (270)
  HIGHEST GUST SPEED    31   HIGHEST GUST DIRECTION     W (270)
  AVERAGE WIND SPEED     9.5


SKY COVER
  POSSIBLE SUNSHINE  MM
  AVERAGE SKY COVER 0.0


WEATHER CONDITIONS
 THE FOLLOWING WEATHER WAS RECORDED YESTERDAY.
  NO SIGNIFICANT WEATHER WAS OBSERVED.


RELATIVE HUMIDITY (PERCENT)
 HIGHEST    76          1000 PM
 LOWEST     44           300 PM
 AVERAGE    60

..........................................................


THE RIVERTON WY CLIMATE NORMALS FOR TODAY
                         NORMAL    RECORD    YEAR
 MAXIMUM TEMPERATURE (F)   38        57      2006
 MINIMUM TEMPERATURE (F)   15        -1      2003


SUNRISE AND SUNSET
NOVEMBER 23 2017......SUNRISE   717 AM MST   SUNSET   444 PM MST
NOVEMBER 24 2017......SUNRISE   718 AM MST   SUNSET   443 PM MST


-  INDICATES NEGATIVE NUMBERS.
R  INDICATES RECORD WAS SET OR TIED.
MM INDICATES DATA IS MISSING.
T  INDICATES TRACE AMOUNT.




$$
