306
CDUS45 KRIW 250037
CLIRKS


CLIMATE REPORT
NATIONAL WEATHER SERVICE RIVERTON WY
636 PM MDT SUN SEP 24 2017


...................................

...THE ROCK SPRINGS WY CLIMATE SUMMARY FOR SEPTEMBER 24 2017...
VALID TODAY AS OF 0500 PM LOCAL TIME.

CLIMATE NORMAL PERIOD 1981 TO 2010
CLIMATE RECORD PERIOD 1948 TO 2017


WEATHER ITEM   OBSERVED TIME   RECORD YEAR NORMAL DEPARTURE LAST
                VALUE   (LST)  VALUE       VALUE  FROM      YEAR
                                                  NORMAL
..................................................................
TEMPERATURE (F)
 TODAY
  MAXIMUM         46        MM  82    2001  66    -20       47
  MINIMUM         33        MM  21    2000  39     -6       35
  AVERAGE         40                        53    -13       41

PRECIPITATION (IN)
  TODAY            0.12                      0.04   0.08     0.04
  MONTH TO DATE    0.74                      0.73   0.01     1.59
  SINCE SEP 1      0.74                      0.73   0.01     1.59
  SINCE JAN 1      5.12                      6.51  -1.39     6.76

DEGREE DAYS
 HEATING
  TODAY           25                        12     13       24
  MONTH TO DATE  189                       182      7      183
  SINCE SEP 1    189                       182      7      183
  SINCE JUL 1    206                       246    -40      242

 COOLING
  TODAY            0                         0      0        0
  MONTH TO DATE   26                         7     19       12
  SINCE SEP 1     26                         7     19       12
  SINCE JAN 1    394                       284    110      354
..................................................................


WIND (MPH)
  HIGHEST WIND SPEED    35   HIGHEST WIND DIRECTION    NE (60)
  HIGHEST GUST SPEED    45   HIGHEST GUST DIRECTION    NE (60)
  AVERAGE WIND SPEED    22.8


SKY COVER
  POSSIBLE SUNSHINE  MM
  AVERAGE SKY COVER 1.0


WEATHER CONDITIONS
 THE FOLLOWING WEATHER WAS RECORDED TODAY.
  THUNDERSTORM
  HEAVY RAIN
  RAIN
  LIGHT RAIN
  LIGHT SNOW
  FOG
  FOG W/VISIBILITY <= 1/4 MILE


RELATIVE HUMIDITY (PERCENT)
 HIGHEST    92          1200 AM
 LOWEST     76           200 PM
 AVERAGE    84

..........................................................


THE ROCK SPRINGS WY CLIMATE NORMALS FOR TOMORROW
                         NORMAL    RECORD    YEAR
 MAXIMUM TEMPERATURE (F)   66        83      2001
 MINIMUM TEMPERATURE (F)   39        18      2000


SUNRISE AND SUNSET
SEPTEMBER 24 2017.....SUNRISE   706 AM MDT   SUNSET   709 PM MDT
SEPTEMBER 25 2017.....SUNRISE   707 AM MDT   SUNSET   708 PM MDT


-  INDICATES NEGATIVE NUMBERS.
R  INDICATES RECORD WAS SET OR TIED.
MM INDICATES DATA IS MISSING.
T  INDICATES TRACE AMOUNT.




$$
