000
CDUS45 KRIW 290035
CLIRKS


CLIMATE REPORT
NATIONAL WEATHER SERVICE RIVERTON WY
535 PM MST FRI NOV 28 2014


...................................

...THE ROCK SPRINGS WY CLIMATE SUMMARY FOR NOVEMBER 28 2014...
VALID TODAY AS OF 0500 PM LOCAL TIME.

CLIMATE NORMAL PERIOD 1981 TO 2010
CLIMATE RECORD PERIOD 1948 TO 2014


WEATHER ITEM   OBSERVED TIME   RECORD YEAR NORMAL DEPARTURE LAST
                VALUE   (LST)  VALUE       VALUE  FROM      YEAR
                                                  NORMAL
..................................................................
TEMPERATURE (F)
 TODAY
  MAXIMUM         55R       MM  53    1986  34     21       44
  MINIMUM         33        MM  -8    1976  16     17       20
  AVERAGE         44                        25     19       32

PRECIPITATION (IN)
  TODAY            0.00                      0.01  -0.01     0.00
  MONTH TO DATE    0.10                      0.46  -0.36     0.03
  SINCE SEP 1      1.62                      2.25  -0.63     2.26
  SINCE JAN 1      4.10                      8.03  -3.93     4.46

DEGREE DAYS
 HEATING
  TODAY           21                        40    -19       33
  MONTH TO DATE  974                       943     31      905
  SINCE SEP 1   1667                      1846   -179     1845
  SINCE JUL 1   1758                      1910   -152     1846

 COOLING
  TODAY            0                         0      0        0
  MONTH TO DATE    0                         0      0        0
  SINCE SEP 1      8                         9     -1       44
  SINCE JAN 1    307                       286     21      517
..................................................................


WIND (MPH)
  HIGHEST WIND SPEED    21   HIGHEST WIND DIRECTION     W (270)
  HIGHEST GUST SPEED    36   HIGHEST GUST DIRECTION     W (260)
  AVERAGE WIND SPEED     9.7


SKY COVER
  POSSIBLE SUNSHINE  MM
  AVERAGE SKY COVER 0.0


WEATHER CONDITIONS
 THE FOLLOWING WEATHER WAS RECORDED TODAY.
  NO SIGNIFICANT WEATHER WAS OBSERVED.


RELATIVE HUMIDITY (PERCENT)
 HIGHEST    56          1200 AM
 LOWEST     15           400 PM
 AVERAGE    36

..........................................................


THE ROCK SPRINGS WY CLIMATE NORMALS FOR TOMORROW
                         NORMAL    RECORD    YEAR
 MAXIMUM TEMPERATURE (F)   33        52      1999
                                             1980
 MINIMUM TEMPERATURE (F)   15       -12      1979


SUNRISE AND SUNSET
NOVEMBER 28 2014......SUNRISE   720 AM MST   SUNSET   448 PM MST
NOVEMBER 29 2014......SUNRISE   721 AM MST   SUNSET   448 PM MST


-  INDICATES NEGATIVE NUMBERS.
R  INDICATES RECORD WAS SET OR TIED.
MM INDICATES DATA IS MISSING.
T  INDICATES TRACE AMOUNT.




$$
