000
CDUS45 KRIW 240737
CLIRKS


CLIMATE REPORT
NATIONAL WEATHER SERVICE RIVERTON WY
1237 AM MST SAT FEB 24 2018


...................................

...THE ROCK SPRINGS WY CLIMATE SUMMARY FOR FEBRUARY 23 2018...

CLIMATE NORMAL PERIOD 1981 TO 2010
CLIMATE RECORD PERIOD 1948 TO 2018


WEATHER ITEM   OBSERVED TIME   RECORD YEAR NORMAL DEPARTURE LAST
                VALUE   (LST)  VALUE       VALUE  FROM      YEAR
                                                  NORMAL
..................................................................
TEMPERATURE (F)
 YESTERDAY
  MAXIMUM         21    240 PM  54    2002  36    -15       25
  MINIMUM          3    443 AM  -5    1969  17    -14       17
  AVERAGE         12                        26    -14       21

PRECIPITATION (IN)
  YESTERDAY        T             0.20 2017   0.02  -0.02     0.20
  MONTH TO DATE    0.11                      0.40  -0.29     0.40
  SINCE DEC 1      0.30                      1.35  -1.05     0.97
  SINCE JAN 1      0.19                      0.85  -0.66     0.89

DEGREE DAYS
 HEATING
  YESTERDAY       53                        39     14       44
  MONTH TO DATE  875                       958    -83      801
  SINCE DEC 1   3158                      3669   -511     3764
  SINCE JUL 1   5038                      5662   -624     5484

 COOLING
  YESTERDAY        0                         0      0        0
  MONTH TO DATE    0                         0      0        0
  SINCE DEC 1      0                         0      0        0
  SINCE JAN 1      0                         0      0        0
..................................................................


WIND (MPH)
  HIGHEST WIND SPEED    25   HIGHEST WIND DIRECTION     W (250)
  HIGHEST GUST SPEED    30   HIGHEST GUST DIRECTION     W (250)
  AVERAGE WIND SPEED     9.6


SKY COVER
  POSSIBLE SUNSHINE  MM
  AVERAGE SKY COVER 0.7


WEATHER CONDITIONS
 THE FOLLOWING WEATHER WAS RECORDED YESTERDAY.
  SNOW
  LIGHT SNOW
  FOG
  HAZE


RELATIVE HUMIDITY (PERCENT)
 HIGHEST    88          1100 AM
 LOWEST     71           200 PM
 AVERAGE    80

..........................................................


THE ROCK SPRINGS WY CLIMATE NORMALS FOR TODAY
                         NORMAL    RECORD    YEAR
 MAXIMUM TEMPERATURE (F)   36        55      1981
 MINIMUM TEMPERATURE (F)   17       -14      1960


SUNRISE AND SUNSET
FEBRUARY 24 2018......SUNRISE   658 AM MST   SUNSET   601 PM MST
FEBRUARY 25 2018......SUNRISE   657 AM MST   SUNSET   602 PM MST


-  INDICATES NEGATIVE NUMBERS.
R  INDICATES RECORD WAS SET OR TIED.
MM INDICATES DATA IS MISSING.
T  INDICATES TRACE AMOUNT.




$$
