000
CDUS45 KRIW 220743
CLIRKS


CLIMATE REPORT
NATIONAL WEATHER SERVICE RIVERTON WY
1241 AM MST WED NOV 22 2017


...................................

...THE ROCK SPRINGS WY CLIMATE SUMMARY FOR NOVEMBER 21 2017...

CLIMATE NORMAL PERIOD 1981 TO 2010
CLIMATE RECORD PERIOD 1948 TO 2017


WEATHER ITEM   OBSERVED TIME   RECORD YEAR NORMAL DEPARTURE LAST
                VALUE   (LST)  VALUE       VALUE  FROM      YEAR
                                                  NORMAL
..................................................................
TEMPERATURE (F)
 YESTERDAY
  MAXIMUM         47    332 PM  56    1974  37     10       45
  MINIMUM         35    455 AM  -8    1977  19     16       33
  AVERAGE         41                        28     13       39

PRECIPITATION (IN)
  YESTERDAY        0.00          0.28 1983   0.01  -0.01      T
  MONTH TO DATE    0.29                      0.36  -0.07     0.05
  SINCE SEP 1      1.08                      2.15  -1.07     2.10
  SINCE JAN 1      5.46                      7.93  -2.47     7.27

DEGREE DAYS
 HEATING
  YESTERDAY       24                        37    -13       26
  MONTH TO DATE  617                       670    -53      516
  SINCE SEP 1   1638                      1573     65     1303
  SINCE JUL 1   1655                      1637     18     1362

 COOLING
  YESTERDAY        0                         0      0        0
  MONTH TO DATE    0                         0      0        0
  SINCE SEP 1     26                         9     17       12
  SINCE JAN 1    394                       286    108      354
..................................................................


WIND (MPH)
  HIGHEST WIND SPEED    26   HIGHEST WIND DIRECTION     W (260)
  HIGHEST GUST SPEED    32   HIGHEST GUST DIRECTION     W (260)
  AVERAGE WIND SPEED    17.6


SKY COVER
  POSSIBLE SUNSHINE  MM
  AVERAGE SKY COVER 0.3


WEATHER CONDITIONS
 THE FOLLOWING WEATHER WAS RECORDED YESTERDAY.
  NO SIGNIFICANT WEATHER WAS OBSERVED.


RELATIVE HUMIDITY (PERCENT)
 HIGHEST    92           700 AM
 LOWEST     65          1200 PM
 AVERAGE    79

..........................................................


THE ROCK SPRINGS WY CLIMATE NORMALS FOR TODAY
                         NORMAL    RECORD    YEAR
 MAXIMUM TEMPERATURE (F)   37        59      1954
 MINIMUM TEMPERATURE (F)   18         1      2013


SUNRISE AND SUNSET
NOVEMBER 22 2017......SUNRISE   714 AM MST   SUNSET   451 PM MST
NOVEMBER 23 2017......SUNRISE   715 AM MST   SUNSET   450 PM MST


-  INDICATES NEGATIVE NUMBERS.
R  INDICATES RECORD WAS SET OR TIED.
MM INDICATES DATA IS MISSING.
T  INDICATES TRACE AMOUNT.




$$
