000
CDUS45 KRIW 030733
CLIRKS


CLIMATE REPORT
NATIONAL WEATHER SERVICE RIVERTON WY
133 AM MDT TUE MAY 3 2016


...................................

...THE ROCK SPRINGS WY CLIMATE SUMMARY FOR MAY 2 2016...

CLIMATE NORMAL PERIOD 1981 TO 2010
CLIMATE RECORD PERIOD 1948 TO 2016


WEATHER ITEM   OBSERVED TIME   RECORD YEAR NORMAL DEPARTURE LAST
                VALUE   (LST)  VALUE       VALUE  FROM      YEAR
                                                  NORMAL
..................................................................
TEMPERATURE (F)
 YESTERDAY
  MAXIMUM         55    512 PM  80    1985  59     -4       71
  MINIMUM         25    500 AM  18    1954  34     -9       44
  AVERAGE         40                        46     -6       58

PRECIPITATION (IN)
  YESTERDAY        0.00          0.68 1981   0.04  -0.04     0.02
  MONTH TO DATE    0.00                      0.08  -0.08     0.02
  SINCE MAR 1      2.04                      1.67   0.37     0.91
  SINCE JAN 1      2.26                      2.60  -0.34     1.00

DEGREE DAYS
 HEATING
  YESTERDAY       25                        19      6        7
  MONTH TO DATE   51                        38     13       19
  SINCE MAR 1   1609                      1718   -109     1464
  SINCE JUL 1   7126                      7570   -444     6577

 COOLING
  YESTERDAY        0                         0      0        0
  MONTH TO DATE    0                         0      0        0
  SINCE MAR 1      0                         0      0        0
  SINCE JAN 1      0                         0      0        0
..................................................................


WIND (MPH)
  HIGHEST WIND SPEED    12   HIGHEST WIND DIRECTION     W (290)
  HIGHEST GUST SPEED    16   HIGHEST GUST DIRECTION     W (270)
  AVERAGE WIND SPEED     3.9


SKY COVER
  POSSIBLE SUNSHINE  MM
  AVERAGE SKY COVER 0.0


WEATHER CONDITIONS
 THE FOLLOWING WEATHER WAS RECORDED YESTERDAY.
  NO SIGNIFICANT WEATHER WAS OBSERVED.


RELATIVE HUMIDITY (PERCENT)
 HIGHEST    75           200 AM
 LOWEST     19           200 PM
 AVERAGE    47

..........................................................


THE ROCK SPRINGS WY CLIMATE NORMALS FOR TODAY
                         NORMAL    RECORD    YEAR
 MAXIMUM TEMPERATURE (F)   59        79      2000
 MINIMUM TEMPERATURE (F)   34        20      1964


SUNRISE AND SUNSET
MAY  3 2016...........SUNRISE   610 AM MDT   SUNSET   817 PM MDT
MAY  4 2016...........SUNRISE   609 AM MDT   SUNSET   818 PM MDT


-  INDICATES NEGATIVE NUMBERS.
R  INDICATES RECORD WAS SET OR TIED.
MM INDICATES DATA IS MISSING.
T  INDICATES TRACE AMOUNT.




$$
