214
CDUS45 KRIW 250033
CLIRKS


CLIMATE REPORT
NATIONAL WEATHER SERVICE RIVERTON WY
631 PM MDT WED AUG 24 2016


...................................

...THE ROCK SPRINGS WY CLIMATE SUMMARY FOR AUGUST 24 2016...
VALID TODAY AS OF 0500 PM LOCAL TIME.

CLIMATE NORMAL PERIOD 1981 TO 2010
CLIMATE RECORD PERIOD 1948 TO 2016


WEATHER ITEM   OBSERVED TIME   RECORD YEAR NORMAL DEPARTURE LAST
                VALUE   (LST)  VALUE       VALUE  FROM      YEAR
                                                  NORMAL
..................................................................
TEMPERATURE (F)
 TODAY
  MAXIMUM         MM        MM  92    2011  80     MM       86
  MINIMUM         45        MM  35    1968  51     -6       53
  AVERAGE         MM                        65     MM       70

PRECIPITATION (IN)
  TODAY            0.00                      0.02  -0.02     0.00
  MONTH TO DATE    0.20                      0.47  -0.27     0.17
  SINCE JUN 1      0.71                      1.90  -1.19     3.40
  SINCE JAN 1      5.17                      5.63  -0.46     7.48

DEGREE DAYS
 HEATING
  TODAY           MM                         2     MM        0
  MONTH TO DATE   28                        21      7       28
  SINCE JUN 1     80                       212   -132      103
  SINCE JUL 1     41                        45     -4       54

 COOLING
  TODAY           MM                         2     MM        5
  MONTH TO DATE   76                        87    -11       62
  SINCE JUN 1    331                       266     65      231
  SINCE JAN 1    331                       267     64      231
..................................................................


WIND (MPH)
  HIGHEST WIND SPEED    16   HIGHEST WIND DIRECTION     W (250)
  HIGHEST GUST SPEED    31   HIGHEST GUST DIRECTION     W (270)
  AVERAGE WIND SPEED     7.6


SKY COVER
  POSSIBLE SUNSHINE  MM
  AVERAGE SKY COVER 0.0


WEATHER CONDITIONS
 THE FOLLOWING WEATHER WAS RECORDED TODAY.
  NO SIGNIFICANT WEATHER WAS OBSERVED.


RELATIVE HUMIDITY (PERCENT)
 HIGHEST    41           600 AM
 LOWEST     10           200 PM
 AVERAGE    26

..........................................................


THE ROCK SPRINGS WY CLIMATE NORMALS FOR TOMORROW
                         NORMAL    RECORD    YEAR
 MAXIMUM TEMPERATURE (F)   79        91      1970
 MINIMUM TEMPERATURE (F)   50        34      1975


SUNRISE AND SUNSET
AUGUST 24 2016........SUNRISE   635 AM MDT   SUNSET   801 PM MDT
AUGUST 25 2016........SUNRISE   636 AM MDT   SUNSET   800 PM MDT


-  INDICATES NEGATIVE NUMBERS.
R  INDICATES RECORD WAS SET OR TIED.
MM INDICATES DATA IS MISSING.
T  INDICATES TRACE AMOUNT.




$$
