000
CDUS45 KRIW 150731
CLIRKS


CLIMATE REPORT
NATIONAL WEATHER SERVICE RIVERTON WY
131 AM MDT MON SEP 15 2014


...................................

...THE ROCK SPRINGS WY CLIMATE SUMMARY FOR SEPTEMBER 14 2014...

CLIMATE NORMAL PERIOD 1981 TO 2010
CLIMATE RECORD PERIOD 1948 TO 2014


WEATHER ITEM   OBSERVED TIME   RECORD YEAR NORMAL DEPARTURE LAST
                VALUE   (LST)  VALUE       VALUE  FROM      YEAR
                                                  NORMAL
..................................................................
TEMPERATURE (F)
 YESTERDAY
  MAXIMUM         81    213 PM  87    1990  71     10       66
  MINIMUM         50    640 AM  26    1970  43      7       51
  AVERAGE         66                        57      9       59

PRECIPITATION (IN)
  YESTERDAY        0.00          0.25 1996   0.03  -0.03      T
  MONTH TO DATE    0.02                      0.41  -0.39     0.62
  SINCE SEP 1      0.02                      0.41  -0.39     0.62
  SINCE JAN 1      2.50                      6.19  -3.69     2.82

DEGREE DAYS
 HEATING
  YESTERDAY        0                         8     -8        6
  MONTH TO DATE   98                        80     18       41
  SINCE SEP 1     98                        80     18       41
  SINCE JUL 1    189                       144     45       42

 COOLING
  YESTERDAY        1                         0      1        0
  MONTH TO DATE    4                         7     -3       44
  SINCE SEP 1      4                         7     -3       44
  SINCE JAN 1    303                       284     19      517
..................................................................


WIND (MPH)
  HIGHEST WIND SPEED    30   HIGHEST WIND DIRECTION     W (270)
  HIGHEST GUST SPEED    39   HIGHEST GUST DIRECTION     W (280)
  AVERAGE WIND SPEED    10.6


SKY COVER
  POSSIBLE SUNSHINE  MM
  AVERAGE SKY COVER 0.1


WEATHER CONDITIONS
 THE FOLLOWING WEATHER WAS RECORDED YESTERDAY.
  NO SIGNIFICANT WEATHER WAS OBSERVED.


RELATIVE HUMIDITY (PERCENT)
 HIGHEST    38           700 AM
 LOWEST     12           300 PM
 AVERAGE    25

..........................................................


THE ROCK SPRINGS WY CLIMATE NORMALS FOR TODAY
                         NORMAL    RECORD    YEAR
 MAXIMUM TEMPERATURE (F)   71        86      1990
 MINIMUM TEMPERATURE (F)   43        24      1970


SUNRISE AND SUNSET
SEPTEMBER 15 2014.....SUNRISE   657 AM MDT   SUNSET   725 PM MDT
SEPTEMBER 16 2014.....SUNRISE   658 AM MDT   SUNSET   724 PM MDT


-  INDICATES NEGATIVE NUMBERS.
R  INDICATES RECORD WAS SET OR TIED.
MM INDICATES DATA IS MISSING.
T  INDICATES TRACE AMOUNT.




$$
