000
CDUS45 KRIW 280742
CLIRKS


CLIMATE REPORT
NATIONAL WEATHER SERVICE RIVERTON WY
127 AM MDT SAT MAR 28 2015


...................................

...THE ROCK SPRINGS WY CLIMATE SUMMARY FOR MARCH 27 2015...

CLIMATE NORMAL PERIOD 1981 TO 2010
CLIMATE RECORD PERIOD 1948 TO 2015


WEATHER ITEM   OBSERVED TIME   RECORD YEAR NORMAL DEPARTURE LAST
                VALUE   (LST)  VALUE       VALUE  FROM      YEAR
                                                  NORMAL
..................................................................
TEMPERATURE (F)
 YESTERDAY
  MAXIMUM         66R   506 PM  64    1986  48     18       41
  MINIMUM         37    634 AM   0    1975  26     11       26
  AVERAGE         52                        37     15       34

PRECIPITATION (IN)
  YESTERDAY        T             0.42 1993   0.03  -0.03     0.01
  MONTH TO DATE    0.22                      0.58  -0.36     0.38
  SINCE MAR 1      0.22                      0.58  -0.36     0.38
  SINCE JAN 1      0.31                      1.51  -1.20     0.53

DEGREE DAYS
 HEATING
  YESTERDAY       13                        28    -15       31
  MONTH TO DATE  710                       866   -156      775
  SINCE MAR 1    710                       866   -156      775
  SINCE JUL 1   5823                      6718   -895     6227

 COOLING
  YESTERDAY        0                         0      0        0
  MONTH TO DATE    0                         0      0        0
  SINCE MAR 1      0                         0      0        0
  SINCE JAN 1      0                         0      0        0
..................................................................


WIND (MPH)
  HIGHEST WIND SPEED    25   HIGHEST WIND DIRECTION     W (260)
  HIGHEST GUST SPEED    33   HIGHEST GUST DIRECTION     W (260)
  AVERAGE WIND SPEED    13.6


SKY COVER
  POSSIBLE SUNSHINE  MM
  AVERAGE SKY COVER 0.1


WEATHER CONDITIONS
 THE FOLLOWING WEATHER WAS RECORDED YESTERDAY.
  NO SIGNIFICANT WEATHER WAS OBSERVED.


RELATIVE HUMIDITY (PERCENT)
 HIGHEST    70           200 AM
 LOWEST     19           600 PM
 AVERAGE    45

..........................................................


THE ROCK SPRINGS WY CLIMATE NORMALS FOR TODAY
                         NORMAL    RECORD    YEAR
 MAXIMUM TEMPERATURE (F)   48        67      1986
 MINIMUM TEMPERATURE (F)   26        -1      1975


SUNRISE AND SUNSET
MARCH 28 2015.........SUNRISE   706 AM MDT   SUNSET   737 PM MDT
MARCH 29 2015.........SUNRISE   705 AM MDT   SUNSET   738 PM MDT


-  INDICATES NEGATIVE NUMBERS.
R  INDICATES RECORD WAS SET OR TIED.
MM INDICATES DATA IS MISSING.
T  INDICATES TRACE AMOUNT.




$$
