000
CDUS45 KRIW 010746
CLIRKS


CLIMATE REPORT
NATIONAL WEATHER SERVICE RIVERTON WY
137 AM MDT MON SEP 1 2014


...................................

...THE ROCK SPRINGS WY CLIMATE SUMMARY FOR AUGUST 31 2014...

CLIMATE NORMAL PERIOD 1981 TO 2010
CLIMATE RECORD PERIOD 1948 TO 2014


WEATHER ITEM   OBSERVED TIME   RECORD YEAR NORMAL DEPARTURE LAST
                VALUE   (LST)  VALUE       VALUE  FROM      YEAR
                                                  NORMAL
..................................................................
TEMPERATURE (F)
 YESTERDAY
  MAXIMUM         67    348 PM  88    1991  77    -10       87
  MINIMUM         46    801 AM  33    1962  49     -3       55
  AVERAGE         57                        63     -6       71

PRECIPITATION (IN)
  YESTERDAY        0.04          0.51 1963   0.02   0.02     0.00
  MONTH TO DATE    0.52                      0.62  -0.10     0.50
  SINCE JUN 1      1.17                      2.05  -0.88     0.71
  SINCE JAN 1      2.48                      5.78  -3.30     2.20

DEGREE DAYS
 HEATING
  YESTERDAY        8                         3      5        0
  MONTH TO DATE   77                        39     38        1
  SINCE JUN 1    238                       231      7       63
  SINCE JUL 1     91                        64     27        1

 COOLING
  YESTERDAY        0                         1     -1        6
  MONTH TO DATE   70                        97    -27      155
  SINCE JUN 1    292                       276     16      472
  SINCE JAN 1    299                       277     22      473
..................................................................


WIND (MPH)
  HIGHEST WIND SPEED    35   HIGHEST WIND DIRECTION     W (260)
  HIGHEST GUST SPEED    41   HIGHEST GUST DIRECTION     W (260)
  AVERAGE WIND SPEED    16.5


SKY COVER
  POSSIBLE SUNSHINE  MM
  AVERAGE SKY COVER 0.4


WEATHER CONDITIONS
 THE FOLLOWING WEATHER WAS RECORDED YESTERDAY.
  LIGHT RAIN
  FOG


RELATIVE HUMIDITY (PERCENT)
 HIGHEST    89          1200 AM
 LOWEST     28           400 PM
 AVERAGE    59

..........................................................


THE ROCK SPRINGS WY CLIMATE NORMALS FOR TODAY
                         NORMAL    RECORD    YEAR
 MAXIMUM TEMPERATURE (F)   77        88      1955
 MINIMUM TEMPERATURE (F)   48        32      1973


SUNRISE AND SUNSET
SEPTEMBER  1 2014.....SUNRISE   642 AM MDT   SUNSET   749 PM MDT
SEPTEMBER  2 2014.....SUNRISE   643 AM MDT   SUNSET   748 PM MDT


-  INDICATES NEGATIVE NUMBERS.
R  INDICATES RECORD WAS SET OR TIED.
MM INDICATES DATA IS MISSING.
T  INDICATES TRACE AMOUNT.




$$
