000
CDUS41 KRNK 250807
CLIRNK


CLIMATE REPORT
NATIONAL WEATHER SERVICE BLACKSBURG VA
406 AM EDT WED MAY 25 2016


...................................

...THE BLACKSBURG VA CLIMATE SUMMARY FOR MAY 24 2016...

CLIMATE NORMAL PERIOD 1981 TO 2010
CLIMATE RECORD PERIOD 1952 TO 2016


WEATHER ITEM   OBSERVED RECORD YEAR NORMAL DEPARTURE LAST
                VALUE   VALUE       VALUE  FROM      YEAR
                                           NORMAL
...........................................................
TEMPERATURE (F)
 YESTERDAY
  MAXIMUM         78     84    1994  73      5       77
  MINIMUM         44     31    1967  50     -6       46
  AVERAGE         61                 62     -1       62

PRECIPITATION (IN)
  YESTERDAY        0.00   1.53 1998   0.16  -0.16     0.00
  MONTH TO DATE    4.22               3.23   0.99     1.86
  SINCE MAR 1      8.54              10.35  -1.81    11.73
  SINCE JAN 1     15.68              16.24  -0.56    15.15

SNOWFALL (IN)
  YESTERDAY        0.0                                0.0
  MONTH TO DATE    0.0                                0.0
  SINCE MAR 1      1.6                                4.4
  SINCE JUL 1     25.6                               27.8
  SNOW DEPTH       0

DEGREE DAYS
 HEATING
  YESTERDAY        4                  5     -1        3
  MONTH TO DATE  172                175     -3       78
  SINCE MAR 1   1019               1332   -313     1083
  SINCE JUL 1   4454               5380   -926     5209

 COOLING
  YESTERDAY        0                  1     -1        0
  MONTH TO DATE   11                 13     -2       46
  SINCE MAR 1     21                 16      5       46
  SINCE JAN 1     21                 16      5       46
...........................................................


WIND (MPH)
  HIGHEST WIND SPEED     9   HIGHEST WIND DIRECTION    NW (310)
  HIGHEST GUST SPEED    MM   HIGHEST GUST DIRECTION    MM
  AVERAGE WIND SPEED     2.0


SKY COVER
  AVERAGE SKY COVER 0.1


WEATHER CONDITIONS
 THE FOLLOWING WEATHER WAS RECORDED YESTERDAY.
  FOG


RELATIVE HUMIDITY (PERCENT)
 HIGHEST   100           100 AM
 LOWEST     37           500 PM
 AVERAGE    69

..........................................................


THE BLACKSBURG VA CLIMATE NORMALS FOR TODAY
                         NORMAL    RECORD    YEAR
 MAXIMUM TEMPERATURE (F)   74        89      1953
 MINIMUM TEMPERATURE (F)   50        34      1967


SUNRISE AND SUNSET
MAY 25 2016...........SUNRISE   606 AM EDT   SUNSET   832 PM EDT
MAY 26 2016...........SUNRISE   605 AM EDT   SUNSET   833 PM EDT


-  INDICATES NEGATIVE NUMBERS.
R  INDICATES RECORD WAS SET OR TIED.
MM INDICATES DATA IS MISSING.
T  INDICATES TRACE AMOUNT.

$$

RAB
