000
CDUS41 KRNK 242111
CLIRNK


CLIMATE REPORT
NATIONAL WEATHER SERVICE BLACKSBURG VA
507 PM EDT MON JUL 24 2017


...................................

...THE BLACKSBURG VA CLIMATE SUMMARY FOR JULY 24 2017...
VALID TODAY AS OF 0500 PM LOCAL TIME.

CLIMATE NORMAL PERIOD 1981 TO 2010
CLIMATE RECORD PERIOD 1952 TO 2017


WEATHER ITEM   OBSERVED RECORD YEAR NORMAL DEPARTURE LAST
                VALUE   VALUE       VALUE  FROM      YEAR
                                           NORMAL
...........................................................
TEMPERATURE (F)
 TODAY
  MAXIMUM         86     93    2016  82      4       93
  MINIMUM         64     51    1971  60      4       65
  AVERAGE         75                 71      4       79

PRECIPITATION (IN)
  TODAY            0.06   0.81 1963   0.13  -0.07     0.05
  MONTH TO DATE    2.26               3.30  -1.04     3.95
  SINCE JUN 1      5.17               7.30  -2.13     7.23
  SINCE JAN 1     26.41              24.64   1.77    23.25

SNOWFALL (IN)
  TODAY            0.0                                0.0
  MONTH TO DATE    0.0                                0.0
  SINCE JUN 1      0.0                                0.0
  SINCE JUL 1      0.0                                0.0
  SNOW DEPTH       0

DEGREE DAYS
 HEATING
  TODAY            0                  0      0        0
  MONTH TO DATE    0                  0      0        0
  SINCE JUN 1     34                 38     -4       12
  SINCE JUL 1      0                  0      0        0

 COOLING
  TODAY           10                  6      4       14
  MONTH TO DATE  208                150     58      214
  SINCE JUN 1    304                269     35      372
  SINCE JAN 1    358                298     60      418
...........................................................


WIND (MPH)
  HIGHEST WIND SPEED    12   HIGHEST WIND DIRECTION    NW (300)
  HIGHEST GUST SPEED    16   HIGHEST GUST DIRECTION    NW (310)
  AVERAGE WIND SPEED     4.4


SKY COVER
  AVERAGE SKY COVER 0.3


WEATHER CONDITIONS
 THE FOLLOWING WEATHER WAS RECORDED TODAY.
  THUNDERSTORM
  HEAVY RAIN
  RAIN
  LIGHT RAIN
  FOG


RELATIVE HUMIDITY (PERCENT)
 HIGHEST    97           300 AM
 LOWEST     48           200 PM
 AVERAGE    73

..........................................................


THE BLACKSBURG VA CLIMATE NORMALS FOR TOMORROW
                         NORMAL    RECORD    YEAR
 MAXIMUM TEMPERATURE (F)   82        92      1987
 MINIMUM TEMPERATURE (F)   60        53      1988


SUNRISE AND SUNSET
JULY 24 2017..........SUNRISE   620 AM EDT   SUNSET   836 PM EDT
JULY 25 2017..........SUNRISE   621 AM EDT   SUNSET   835 PM EDT


-  INDICATES NEGATIVE NUMBERS.
R  INDICATES RECORD WAS SET OR TIED.
MM INDICATES DATA IS MISSING.
T  INDICATES TRACE AMOUNT.


$$

PW
