000
CDUS41 KRNK 252115
CLIRNK


CLIMATE REPORT
NATIONAL WEATHER SERVICE BLACKSBURG VA
511 PM EDT TUE APR 25 2017


...................................

...THE BLACKSBURG VA CLIMATE SUMMARY FOR APRIL 25 2017...
VALID TODAY AS OF 0500 PM LOCAL TIME.

CLIMATE NORMAL PERIOD 1981 TO 2010
CLIMATE RECORD PERIOD 1952 TO 2017


WEATHER ITEM   OBSERVED RECORD YEAR NORMAL DEPARTURE LAST
                VALUE   VALUE       VALUE  FROM      YEAR
                                           NORMAL
...........................................................
TEMPERATURE (F)
 TODAY
  MAXIMUM         60     86    2009  66     -6       79
  MINIMUM         47     25    1967  41      6       44
  AVERAGE         54                 54      0       62

PRECIPITATION (IN)
  TODAY            0.13   1.65 1987   0.12   0.01     0.00
  MONTH TO DATE    5.69               2.90   2.79     1.13
  SINCE MAR 1      8.93               6.54   2.39     3.70
  SINCE JAN 1     14.71              12.43   2.28    10.84

SNOWFALL (IN)
  TODAY            0.0                                0.0
  MONTH TO DATE    0.1                                0.6
  SINCE MAR 1      1.1                                1.6
  SINCE JUL 1      7.7                               25.6
  SNOW DEPTH       0

DEGREE DAYS
 HEATING
  TODAY           11                 12     -1        3
  MONTH TO DATE  249                377   -128      352
  SINCE MAR 1    916               1104   -188      837
  SINCE JUL 1   4008               5152  -1144     4272

 COOLING
  TODAY            0                  0      0        0
  MONTH TO DATE    3                  0      3        0
  SINCE MAR 1      3                  0      3        0
  SINCE JAN 1      3                  0      3        0
...........................................................


WIND (MPH)
  HIGHEST WIND SPEED    13   HIGHEST WIND DIRECTION    NE (60)
  HIGHEST GUST SPEED    21   HIGHEST GUST DIRECTION    NE (50)
  AVERAGE WIND SPEED     7.8


SKY COVER
  AVERAGE SKY COVER 1.0


WEATHER CONDITIONS
 THE FOLLOWING WEATHER WAS RECORDED TODAY.
  LIGHT RAIN
  FOG


RELATIVE HUMIDITY (PERCENT)
 HIGHEST    96          1200 AM
 LOWEST     80          1200 PM
 AVERAGE    88

..........................................................


THE BLACKSBURG VA CLIMATE NORMALS FOR TOMORROW
                         NORMAL    RECORD    YEAR
 MAXIMUM TEMPERATURE (F)   67        85      2009
 MINIMUM TEMPERATURE (F)   41        25      1972


SUNRISE AND SUNSET
APRIL 25 2017.........SUNRISE   634 AM EDT   SUNSET   806 PM EDT
APRIL 26 2017.........SUNRISE   633 AM EDT   SUNSET   807 PM EDT


-  INDICATES NEGATIVE NUMBERS.
R  INDICATES RECORD WAS SET OR TIED.
MM INDICATES DATA IS MISSING.
T  INDICATES TRACE AMOUNT.


$$

PW
