000
CDUS41 KRNK 222117
CLIRNK


CLIMATE REPORT
NATIONAL WEATHER SERVICE BLACKSBURG VA
511 PM EDT FRI SEP 22 2017


...................................

...THE BLACKSBURG VA CLIMATE SUMMARY FOR SEPTEMBER 22 2017...
VALID TODAY AS OF 0500 PM LOCAL TIME.

CLIMATE NORMAL PERIOD 1981 TO 2010
CLIMATE RECORD PERIOD 1952 TO 2017


WEATHER ITEM   OBSERVED RECORD YEAR NORMAL DEPARTURE LAST
                VALUE   VALUE       VALUE  FROM      YEAR
                                           NORMAL
...........................................................
TEMPERATURE (F)
 TODAY
  MAXIMUM         84     88    2010  73     11       78
                               1978
  MINIMUM         62     33    1983  49     13       59
  AVERAGE         73                 61     12       69

PRECIPITATION (IN)
  TODAY            T      2.00 1979   0.10  -0.10     0.00
  MONTH TO DATE    1.45               2.29  -0.84     0.98
  SINCE SEP 1      1.45               2.29  -0.84     0.98
  SINCE JAN 1     31.41              31.48  -0.07    29.65

SNOWFALL (IN)
  TODAY            0.0                                0.0
  MONTH TO DATE    0.0                                0.0
  SINCE SEP 1      0.0                                0.0
  SINCE JUL 1      0.0                                0.0
  SNOW DEPTH       0

DEGREE DAYS
 HEATING
  TODAY            0                  5     -5        0
  MONTH TO DATE   61                 57      4        0
  SINCE SEP 1     61                 57      4        0
  SINCE JUL 1     70                 75     -5        0

 COOLING
  TODAY            8                  1      7        4
  MONTH TO DATE   35                 51    -16      110
  SINCE SEP 1     35                 51    -16      110
  SINCE JAN 1    571                563      8      887
...........................................................


WIND (MPH)
  HIGHEST WIND SPEED     8   HIGHEST WIND DIRECTION     W (290)
  HIGHEST GUST SPEED    16   HIGHEST GUST DIRECTION     W (290)
  AVERAGE WIND SPEED     1.4


SKY COVER
  AVERAGE SKY COVER 0.7


WEATHER CONDITIONS
 THE FOLLOWING WEATHER WAS RECORDED TODAY.
  LIGHT RAIN
  FOG
  FOG W/VISIBILITY <= 1/4 MILE


RELATIVE HUMIDITY (PERCENT)
 HIGHEST   100           400 AM
 LOWEST     55           300 PM
 AVERAGE    78

..........................................................


THE BLACKSBURG VA CLIMATE NORMALS FOR TOMORROW
                         NORMAL    RECORD    YEAR
 MAXIMUM TEMPERATURE (F)   73        89      2010
 MINIMUM TEMPERATURE (F)   48        25      1983


SUNRISE AND SUNSET
SEPTEMBER 22 2017.....SUNRISE   710 AM EDT   SUNSET   718 PM EDT
SEPTEMBER 23 2017.....SUNRISE   711 AM EDT   SUNSET   717 PM EDT


-  INDICATES NEGATIVE NUMBERS.
R  INDICATES RECORD WAS SET OR TIED.
MM INDICATES DATA IS MISSING.
T  INDICATES TRACE AMOUNT.


REMARKS:
DUE TO MISSING TEMPERATURES ON SEPTEMBER 8-10...ALL TEMPERATURE AND
DEGREE DAY INFORMATION WILL BE CALCULATED WITHOUT DATA FROM THESE
DATES.


$$

PW
