854
CDUS41 KRNK 180749
CLIRNK


CLIMATE REPORT
NATIONAL WEATHER SERVICE BLACKSBURG VA
238 AM EST WED JAN 18 2017


...................................

...THE BLACKSBURG VA CLIMATE SUMMARY FOR JANUARY 17 2017...

CLIMATE NORMAL PERIOD 1981 TO 2010
CLIMATE RECORD PERIOD 1952 TO 2017


WEATHER ITEM   OBSERVED RECORD YEAR NORMAL DEPARTURE LAST
                VALUE   VALUE       VALUE  FROM      YEAR
                                           NORMAL
...........................................................
TEMPERATURE (F)
 YESTERDAY
  MAXIMUM         57     65    1974  41     16       34
  MINIMUM         40    -12    1977  21     19       24
  AVERAGE         49                 31     18       29

PRECIPITATION (IN)
  YESTERDAY        0.45   1.75 2013   0.11   0.34     0.08
  MONTH TO DATE    2.24               1.71   0.53     1.18
  SINCE DEC 1      5.33               4.66   0.67     6.20
  SINCE JAN 1      2.24               1.71   0.53     1.18

SNOWFALL (IN)
  YESTERDAY        0.0                                0.8
  MONTH TO DATE    4.7                                0.8
  SINCE DEC 1      5.4                                0.8
  SINCE JUL 1      5.4                                0.8
  SNOW DEPTH       0

DEGREE DAYS
 HEATING
  YESTERDAY       16                 34    -18       36
  MONTH TO DATE  490                578    -88      562
  SINCE DEC 1   1370               1545   -175     1120
  SINCE JUL 1   2143               2725   -582     2008

 COOLING
  YESTERDAY        0                  0      0        0
  MONTH TO DATE    0                  0      0        0
  SINCE DEC 1      0                  0      0        0
  SINCE JAN 1      0                  0      0        0
...........................................................


WIND (MPH)
  HIGHEST WIND SPEED     9   HIGHEST WIND DIRECTION    SW (240)
  HIGHEST GUST SPEED    MM   HIGHEST GUST DIRECTION    MM
  AVERAGE WIND SPEED     1.5


SKY COVER
  AVERAGE SKY COVER 1.0


WEATHER CONDITIONS
 THE FOLLOWING WEATHER WAS RECORDED YESTERDAY.
  RAIN
  LIGHT RAIN
  FOG
  FOG W/VISIBILITY <= 1/4 MILE


RELATIVE HUMIDITY (PERCENT)
 HIGHEST   100          1200 AM
 LOWEST     93           300 PM
 AVERAGE    97

..........................................................


THE BLACKSBURG VA CLIMATE NORMALS FOR TODAY
                         NORMAL    RECORD    YEAR
 MAXIMUM TEMPERATURE (F)   41        63      1974
 MINIMUM TEMPERATURE (F)   21       -10      1977


SUNRISE AND SUNSET
JANUARY 18 2017.......SUNRISE   733 AM EST   SUNSET   531 PM EST
JANUARY 19 2017.......SUNRISE   733 AM EST   SUNSET   533 PM EST


-  INDICATES NEGATIVE NUMBERS.
R  INDICATES RECORD WAS SET OR TIED.
MM INDICATES DATA IS MISSING.
T  INDICATES TRACE AMOUNT.




$$
