000
CDUS41 KRNK 282117
CLIRNK


CLIMATE REPORT
NATIONAL WEATHER SERVICE BLACKSBURG VA
516 PM EDT SUN AUG 28 2016


...................................

...THE BLACKSBURG VA CLIMATE SUMMARY FOR AUGUST 28 2016...
VALID TODAY AS OF 0500 PM LOCAL TIME.

CLIMATE NORMAL PERIOD 1981 TO 2010
CLIMATE RECORD PERIOD 1952 TO 2016


WEATHER ITEM   OBSERVED RECORD YEAR NORMAL DEPARTURE LAST
                VALUE   VALUE       VALUE  FROM      YEAR
                                           NORMAL
...........................................................
TEMPERATURE (F)
 TODAY
  MAXIMUM         87     93    1953  81      6       82
  MINIMUM         64     38    1968  57      7       57
  AVERAGE         76                 69      7       70

PRECIPITATION (IN)
  TODAY            0.00   1.96 2000   0.11  -0.11     0.00
  MONTH TO DATE    4.15               3.28   0.87     4.08
  SINCE JUN 1     12.29              11.54   0.75    11.82
  SINCE JAN 1     28.31              28.88  -0.57    27.35

SNOWFALL (IN)
  TODAY            0.0                                0.0
  MONTH TO DATE    0.0                                0.0
  SINCE JUN 1      0.0                                 T
  SINCE JUL 1      0.0                                 T
  SNOW DEPTH       0

DEGREE DAYS
 HEATING
  TODAY            0                  1     -1        0
  MONTH TO DATE    0                  3     -3        1
  SINCE JUN 1     12                 47    -35       12
  SINCE JUL 1      0                  9     -9        1

 COOLING
  TODAY           11                  5      6        5
  MONTH TO DATE  245                157     88      175
  SINCE JUN 1    702                472    230      633
  SINCE JAN 1    748                501    247      709
...........................................................


WIND (MPH)
  HIGHEST WIND SPEED     9   HIGHEST WIND DIRECTION     E (100)
  HIGHEST GUST SPEED    MM   HIGHEST GUST DIRECTION    MM
  AVERAGE WIND SPEED     3.8


SKY COVER
  AVERAGE SKY COVER 0.2


WEATHER CONDITIONS
 THE FOLLOWING WEATHER WAS RECORDED TODAY.
  NO SIGNIFICANT WEATHER WAS OBSERVED.


RELATIVE HUMIDITY (PERCENT)
 HIGHEST    93           400 AM
 LOWEST     42           200 PM
 AVERAGE    68

..........................................................


THE BLACKSBURG VA CLIMATE NORMALS FOR TOMORROW
                         NORMAL    RECORD    YEAR
 MAXIMUM TEMPERATURE (F)   81        94      1953
 MINIMUM TEMPERATURE (F)   57        36      1986


SUNRISE AND SUNSET
AUGUST 28 2016........SUNRISE   649 AM EDT   SUNSET   755 PM EDT
AUGUST 29 2016........SUNRISE   650 AM EDT   SUNSET   754 PM EDT


-  INDICATES NEGATIVE NUMBERS.
R  INDICATES RECORD WAS SET OR TIED.
MM INDICATES DATA IS MISSING.
T  INDICATES TRACE AMOUNT.




$$
