000
CDUS41 KRNK 010614
CLIRNK


CLIMATE REPORT
NATIONAL WEATHER SERVICE BLACKSBURG VA
212 AM EDT SAT OCT 1 2016


...................................

...THE BLACKSBURG VA CLIMATE SUMMARY FOR SEPTEMBER 30 2016...

CLIMATE NORMAL PERIOD 1981 TO 2010
CLIMATE RECORD PERIOD 1952 TO 2016


WEATHER ITEM   OBSERVED RECORD YEAR NORMAL DEPARTURE LAST
                VALUE   VALUE       VALUE  FROM      YEAR
                                           NORMAL
...........................................................
TEMPERATURE (F)
 YESTERDAY
  MAXIMUM         72     90    1953  70      2       75
  MINIMUM         57     29    1967  45     12       64
  AVERAGE         65                 58      7       70

PRECIPITATION (IN)
  YESTERDAY        0.12   3.42 1959   0.10   0.02      T
  MONTH TO DATE    6.71               3.10   3.61     8.61
  SINCE SEP 1      6.71               3.10   3.61     8.61
  SINCE JAN 1     35.38              32.29   3.09    35.97

SNOWFALL (IN)
  YESTERDAY        0.0                                0.0
  MONTH TO DATE    0.0                                0.0
  SINCE SEP 1      0.0                                0.0
  SINCE JUL 1      0.0                                 T
  SNOW DEPTH       0

DEGREE DAYS
 HEATING
  YESTERDAY        0                  8     -8        0
  MONTH TO DATE    7                112   -105       60
  SINCE SEP 1      7                113   -106       60
  SINCE JUL 1      7                131   -124       61

 COOLING
  YESTERDAY        0                  1     -1        5
  MONTH TO DATE  132                 57     75       92
  SINCE SEP 1    132                 57     75       92
  SINCE JAN 1    909                569    340      819
...........................................................


WIND (MPH)
  HIGHEST WIND SPEED    13   HIGHEST WIND DIRECTION     E (70)
  HIGHEST GUST SPEED    MM   HIGHEST GUST DIRECTION    MM
  AVERAGE WIND SPEED     5.4


SKY COVER
  AVERAGE SKY COVER 0.8


WEATHER CONDITIONS
 THE FOLLOWING WEATHER WAS RECORDED YESTERDAY.
  LIGHT RAIN
  FOG
  FOG W/VISIBILITY <= 1/4 MILE


RELATIVE HUMIDITY (PERCENT)
 HIGHEST   100          1200 AM
 LOWEST     81           200 PM
 AVERAGE    91

..........................................................


THE BLACKSBURG VA CLIMATE NORMALS FOR TODAY
                         NORMAL    RECORD    YEAR
 MAXIMUM TEMPERATURE (F)   70        87      1953
 MINIMUM TEMPERATURE (F)   45        27      1993


SUNRISE AND SUNSET
OCTOBER  1 2016.......SUNRISE   717 AM EDT   SUNSET   704 PM EDT
OCTOBER  2 2016.......SUNRISE   718 AM EDT   SUNSET   703 PM EDT


-  INDICATES NEGATIVE NUMBERS.
R  INDICATES RECORD WAS SET OR TIED.
MM INDICATES DATA IS MISSING.
T  INDICATES TRACE AMOUNT.

$$
RCS
