000
CDUS41 KRNK 301003
CLIRNK


CLIMATE REPORT
NATIONAL WEATHER SERVICE BLACKSBURG VA
502 AM EST FRI JAN 30 2015


...................................

...THE BLACKSBURG VA CLIMATE SUMMARY FOR JANUARY 29 2015...

CLIMATE NORMAL PERIOD 1981 TO 2010
CLIMATE RECORD PERIOD 1952 TO 2015


WEATHER ITEM   OBSERVED TIME   RECORD YEAR NORMAL DEPARTURE LAST
                VALUE   (LST)  VALUE       VALUE  FROM      YEAR
                                                  NORMAL
..................................................................
TEMPERATURE (F)
 YESTERDAY
  MAXIMUM         42    100 PM  68    2013  42      0       21
                                      1975
  MINIMUM         18    700 AM -10    1986  22     -4        0
  AVERAGE         30                        32     -2       11

PRECIPITATION (IN)
  YESTERDAY        0.01          1.30 1957   0.10  -0.09     0.00
  MONTH TO DATE    1.27                      2.88  -1.61     1.65
  SINCE DEC 1      3.92                      5.83  -1.91     6.91
  SINCE JAN 1      1.27                      2.88  -1.61     1.65

SNOWFALL (IN)
  YESTERDAY        T             2.8  1962   0.3   -0.3      0.0
  MONTH TO DATE    0.6                       7.5   -6.9      6.5
  SINCE DEC 1      1.1                      12.4  -11.3      6.5
  SINCE JUL 1      3.5                      12.9   -9.4      6.6
  SNOW DEPTH       0

DEGREE DAYS
 HEATING
  YESTERDAY       35                        33      2       54
  MONTH TO DATE  959                       978    -19     1126
  SINCE DEC 1   1786                      1945   -159     1986
  SINCE JUL 1   2979                      3125   -146     3221

 COOLING
  YESTERDAY        0                         0      0        0
  MONTH TO DATE    0                         0      0        0
  SINCE DEC 1      0                         0      0        0
  SINCE JAN 1      0                         0      0        0
..................................................................


WIND (MPH)
  RESULTANT WIND SPEED   2   RESULTANT WIND DIRECTION   S (190)
  HIGHEST WIND SPEED    14   HIGHEST WIND DIRECTION     W (270)
  HIGHEST GUST SPEED    23   HIGHEST GUST DIRECTION     W (270)
  AVERAGE WIND SPEED     2.9


SKY COVER
  POSSIBLE SUNSHINE  MM
  AVERAGE SKY COVER 0.4


WEATHER CONDITIONS
 THE FOLLOWING WEATHER WAS RECORDED YESTERDAY.
  LIGHT RAIN
  LIGHT SNOW
  SLEET


RELATIVE HUMIDITY (PERCENT)
 HIGHEST    80           400 AM
 LOWEST     41          1200 PM
 AVERAGE    61

..........................................................


THE BLACKSBURG VA CLIMATE NORMALS FOR TODAY
                         NORMAL    RECORD    YEAR
 MAXIMUM TEMPERATURE (F)   42        75      2002
 MINIMUM TEMPERATURE (F)   22       -10      1966


SUNRISE AND SUNSET
JANUARY 30 2015.......SUNRISE   726 AM EST   SUNSET   544 PM EST
JANUARY 31 2015.......SUNRISE   726 AM EST   SUNSET   545 PM EST


-  INDICATES NEGATIVE NUMBERS.
R  INDICATES RECORD WAS SET OR TIED.
MM INDICATES DATA IS MISSING.
T  INDICATES TRACE AMOUNT.




$$
