000
CDUS41 KRNK 020819
CLIRNK


CLIMATE REPORT
NATIONAL WEATHER SERVICE BLACKSBURG VA
414 AM EDT TUE JUN 2 2015


...................................

...THE BLACKSBURG VA CLIMATE SUMMARY FOR JUNE 1 2015...

CLIMATE NORMAL PERIOD 1981 TO 2010
CLIMATE RECORD PERIOD 1952 TO 2015


WEATHER ITEM   OBSERVED TIME   RECORD YEAR NORMAL DEPARTURE LAST
                VALUE   (LST)  VALUE       VALUE  FROM      YEAR
                                                  NORMAL
..................................................................
TEMPERATURE (F)
 YESTERDAY
  MAXIMUM         82    400 PM  88    2011  75      7       73
                                      1969
  MINIMUM         58    600 AM  33    1972  52      6       53
  AVERAGE         70                        64      6       63

PRECIPITATION (IN)
  YESTERDAY        0.16          1.25 1975   0.16   0.00     0.00
  MONTH TO DATE    0.16                      0.16   0.00     0.00
  SINCE JUN 1      0.16                      0.16   0.00     0.00
  SINCE JAN 1     15.69                     17.50  -1.81    14.83

SNOWFALL (IN)
  YESTERDAY        0.0                                       0.0
  MONTH TO DATE    0.0                                       0.0
  SINCE JUN 1      0.0                                       0.0
  SINCE JUL 1     27.8                                      34.4
  SNOW DEPTH       0

DEGREE DAYS
 HEATING
  YESTERDAY        0                         3     -3        2
  MONTH TO DATE    0                         3     -3        2
  SINCE JUN 1      0                         3     -3        2
  SINCE JUL 1   5209                      5411   -202     5446

 COOLING
  YESTERDAY        5                         2      3        0
  MONTH TO DATE    5                         2      3        0
  SINCE JUN 1      5                         2      3        0
  SINCE JAN 1     81                        31     50       58
..................................................................


WIND (MPH)
  HIGHEST WIND SPEED     9   HIGHEST WIND DIRECTION    SW (240)
  HIGHEST GUST SPEED    16   HIGHEST GUST DIRECTION    SW (240)
  AVERAGE WIND SPEED     2.3


SKY COVER
  AVERAGE SKY COVER 0.6


WEATHER CONDITIONS
 THE FOLLOWING WEATHER WAS RECORDED YESTERDAY.
  THUNDERSTORM
  HEAVY RAIN
  RAIN
  LIGHT RAIN
  FOG


RELATIVE HUMIDITY (PERCENT)
 HIGHEST   100           300 AM
 LOWEST     52           300 PM
 AVERAGE    76

..........................................................


THE BLACKSBURG VA CLIMATE NORMALS FOR TODAY
                         NORMAL    RECORD    YEAR
 MAXIMUM TEMPERATURE (F)   76        87      1991
 MINIMUM TEMPERATURE (F)   53        34      1966


SUNRISE AND SUNSET
JUNE  2 2015..........SUNRISE   603 AM EDT   SUNSET   837 PM EDT
JUNE  3 2015..........SUNRISE   602 AM EDT   SUNSET   837 PM EDT


-  INDICATES NEGATIVE NUMBERS.
R  INDICATES RECORD WAS SET OR TIED.
MM INDICATES DATA IS MISSING.
T  INDICATES TRACE AMOUNT.




$$
