000
CDUS41 KRNK 182110
CLIRNK


CLIMATE REPORT
NATIONAL WEATHER SERVICE BLACKSBURG VA
509 PM EDT FRI APR 18 2014


...................................

...THE BLACKSBURG VA CLIMATE SUMMARY FOR APRIL 18 2014...
VALID TODAY AS OF 0500 PM LOCAL TIME.

CLIMATE NORMAL PERIOD 1981 TO 2010
CLIMATE RECORD PERIOD 1952 TO 2014


WEATHER ITEM   OBSERVED TIME   RECORD YEAR NORMAL DEPARTURE LAST
                VALUE   (LST)  VALUE       VALUE  FROM      YEAR
                                                  NORMAL
..................................................................
TEMPERATURE (F)
 TODAY
  MAXIMUM         55    300 PM  85    1976  64     -9       74
  MINIMUM         33    100 AM  24    1983  39     -6       52
  AVERAGE         44                        52     -8       63

PRECIPITATION (IN)
  TODAY            0.00          1.94 2000   0.12  -0.12      T
  MONTH TO DATE    1.97                      2.09  -0.12     2.63
  SINCE MAR 1      4.39                      5.73  -1.34     5.95
  SINCE JAN 1     10.02                     11.62  -1.60    15.05

SNOWFALL (IN)
  TODAY            0.0
  MONTH TO DATE    T
  SINCE MAR 1      7.3
  SINCE JUL 1     34.4
  SNOW DEPTH       0

DEGREE DAYS
 HEATING
  TODAY           21                        14      7        2
  MONTH TO DATE  249                       290    -41      218
  SINCE MAR 1   1036                      1017     19     1117
  SINCE JUL 1   5217                      5065    152     4977

 COOLING
  TODAY            0                         0      0        0
  MONTH TO DATE    0                         0      0        0
  SINCE MAR 1      0                         0      0        0
  SINCE JAN 1      0                         0      0        0
..................................................................


WIND (MPH)
  HIGHEST WIND SPEED     7   HIGHEST WIND DIRECTION    SE (120)
  HIGHEST GUST SPEED    MM   HIGHEST GUST DIRECTION    MM
  AVERAGE WIND SPEED     1.5


SKY COVER
  POSSIBLE SUNSHINE  MM
  AVERAGE SKY COVER 0.2


WEATHER CONDITIONS
 THE FOLLOWING WEATHER WAS RECORDED TODAY.
  NO SIGNIFICANT WEATHER WAS OBSERVED.


RELATIVE HUMIDITY (PERCENT)
 HIGHEST   100           600 AM
 LOWEST     61           300 PM
 AVERAGE    81

..........................................................


THE BLACKSBURG VA CLIMATE NORMALS FOR TOMORROW
                         NORMAL    RECORD    YEAR
 MAXIMUM TEMPERATURE (F)   65        86      1976
 MINIMUM TEMPERATURE (F)   39        18      1983


SUNRISE AND SUNSET
APRIL 18 2014.........SUNRISE   643 AM EDT   SUNSET   759 PM EDT
APRIL 19 2014.........SUNRISE   642 AM EDT   SUNSET   800 PM EDT


-  INDICATES NEGATIVE NUMBERS.
R  INDICATES RECORD WAS SET OR TIED.
MM INDICATES DATA IS MISSING.
T  INDICATES TRACE AMOUNT.




$$
