000
CDUS41 KRNK 070822
CLIRNK


CLIMATE REPORT
NATIONAL WEATHER SERVICE BLACKSBURG VA
321 AM EST WED DEC 7 2016


...................................

...THE BLACKSBURG VA CLIMATE SUMMARY FOR DECEMBER 6 2016...

CLIMATE NORMAL PERIOD 1981 TO 2010
CLIMATE RECORD PERIOD 1952 TO 2016


WEATHER ITEM   OBSERVED RECORD YEAR NORMAL DEPARTURE LAST
                VALUE   VALUE       VALUE  FROM      YEAR
                                           NORMAL
...........................................................
TEMPERATURE (F)
 YESTERDAY
  MAXIMUM         44     75    2001  46     -2       54
  MINIMUM         37      4    1974  26     11       20
  AVERAGE         41                 36      5       37

PRECIPITATION (IN)
  YESTERDAY        1.32R  0.87 1954   0.11   1.21     0.00
  MONTH TO DATE    1.67               0.62   1.05     1.68
  SINCE DEC 1      1.67               0.62   1.05     1.68
  SINCE JAN 1     40.62              38.56   2.06    45.66

SNOWFALL (IN)
  YESTERDAY        0.0                                0.0
  MONTH TO DATE    T                                  0.0
  SINCE DEC 1      T                                  0.0
  SINCE JUL 1      T                                   T
  SNOW DEPTH       0

DEGREE DAYS
 HEATING
  YESTERDAY       24                 29     -5       28
  MONTH TO DATE  154                169    -15      149
  SINCE DEC 1    154                169    -15      149
  SINCE JUL 1    927               1349   -422     1037

 COOLING
  YESTERDAY        0                  0      0        0
  MONTH TO DATE    0                  0      0        0
  SINCE DEC 1      0                  0      0        0
  SINCE JAN 1    914                573    341      820
...........................................................


WIND (MPH)
  HIGHEST WIND SPEED    18   HIGHEST WIND DIRECTION     E (80)
  HIGHEST GUST SPEED    24   HIGHEST GUST DIRECTION     E (80)
  AVERAGE WIND SPEED     5.7


SKY COVER
  AVERAGE SKY COVER 1.0


WEATHER CONDITIONS
 THE FOLLOWING WEATHER WAS RECORDED YESTERDAY.
  RAIN
  LIGHT RAIN
  LIGHT SNOW
  FOG


RELATIVE HUMIDITY (PERCENT)
 HIGHEST   100           600 AM
 LOWEST     86           400 AM
 AVERAGE    93

..........................................................


THE BLACKSBURG VA CLIMATE NORMALS FOR TODAY
                         NORMAL    RECORD    YEAR
 MAXIMUM TEMPERATURE (F)   46        71      1998
 MINIMUM TEMPERATURE (F)   25         2      1977


SUNRISE AND SUNSET
DECEMBER  7 2016......SUNRISE   723 AM EST   SUNSET   504 PM EST
DECEMBER  8 2016......SUNRISE   723 AM EST   SUNSET   504 PM EST


-  INDICATES NEGATIVE NUMBERS.
R  INDICATES RECORD WAS SET OR TIED.
MM INDICATES DATA IS MISSING.
T  INDICATES TRACE AMOUNT.




$$
