000
CDUS46 KSGX 290016
CLIRNM


CLIMATE REPORT
NATIONAL WEATHER SERVICE SAN DIEGO, CA
515 PM PDT SUN AUG 28 2016


...................................

...THE RAMONA AIRPORT CA CLIMATE SUMMARY FOR AUGUST 28 2016...
VALID TODAY AS OF 0500 PM LOCAL TIME.

CLIMATE NORMAL PERIOD 1981 TO 2010
CLIMATE RECORD PERIOD 1974 TO 2016


WEATHER ITEM   OBSERVED TIME   RECORD YEAR NORMAL DEPARTURE LAST
                VALUE   (LST)  VALUE       VALUE  FROM      YEAR
                                                  NORMAL
..................................................................
TEMPERATURE (F)
 TODAY
  MAXIMUM         89    134 PM 105    1981  91     -2      102
  MINIMUM         56    157 AM  41    1974  57     -1       64
  AVERAGE         73                        74     -1       83

PRECIPITATION (IN)
  TODAY            0.00          0.02 2006   0.01  -0.01     0.00
  MONTH TO DATE    0.00                      0.13  -0.13      T
  SINCE OCT 1     13.19                     15.73  -2.54    12.02
  SINCE JAN 1      9.66                     11.59  -1.93     7.42

DEGREE DAYS
 HEATING
  TODAY            0                         0      0        0
  MONTH TO DATE    0                         0      0        0
  SINCE JUN 1      4                        29    -25        8
  SINCE JUL 1      0                         2     -2        0

 COOLING
  TODAY            8                         9     -1       18
  MONTH TO DATE  259                       251      8      297
  SINCE JUN 1    746                       559    187      710
  SINCE JAN 1    758                       586    172      745
..................................................................


WIND (MPH)
  RESULTANT WIND SPEED   4   RESULTANT WIND DIRECTION   W (290)
  HIGHEST WIND SPEED    14   HIGHEST WIND DIRECTION     W (280)
  HIGHEST GUST SPEED    19   HIGHEST GUST DIRECTION     W (270)
  AVERAGE WIND SPEED     4.3


SKY COVER
  POSSIBLE SUNSHINE  MM
  AVERAGE SKY COVER 0.4


WEATHER CONDITIONS
 THE FOLLOWING WEATHER WAS RECORDED TODAY.
  FOG
  FOG W/VISIBILITY <= 1/4 MILE
  HAZE


RELATIVE HUMIDITY (PERCENT)
 HIGHEST   100           500 AM
 LOWEST     36          1200 PM
 AVERAGE    68

..........................................................


THE RAMONA AIRPORT CA CLIMATE NORMALS FOR TOMORROW
                         NORMAL    RECORD    YEAR
 MAXIMUM TEMPERATURE (F)   91       108      1998
 MINIMUM TEMPERATURE (F)   57        41      1974


SUNRISE AND SUNSET
AUGUST 28 2016........SUNRISE   620 AM PDT   SUNSET   717 PM PDT
AUGUST 29 2016........SUNRISE   621 AM PDT   SUNSET   716 PM PDT


-  INDICATES NEGATIVE NUMBERS.
R  INDICATES RECORD WAS SET OR TIED.
MM INDICATES DATA IS MISSING.
T  INDICATES TRACE AMOUNT.




$$
