000
CDUS46 KSGX 070119
CLIRNM


CLIMATE REPORT
NATIONAL WEATHER SERVICE SAN DIEGO, CA
519 PM PST SAT FEB 6 2016


...................................

...THE RAMONA AIRPORT CA CLIMATE SUMMARY FOR FEBRUARY 6 2016...
VALID TODAY AS OF 0500 PM LOCAL TIME.

CLIMATE NORMAL PERIOD 1981 TO 2010
CLIMATE RECORD PERIOD 1974 TO 2016


WEATHER ITEM   OBSERVED TIME   RECORD YEAR NORMAL DEPARTURE LAST
                VALUE   (LST)  VALUE       VALUE  FROM      YEAR
                                                  NORMAL
..................................................................
TEMPERATURE (F)
 TODAY
  MAXIMUM         73    250 PM  86    2001  65      8       80
  MINIMUM         54    621 AM  28    1974  36     18       36
  AVERAGE         64                        50     14       58

PRECIPITATION (IN)
  TODAY            0.00          0.91 1998   0.07  -0.07     0.00
  MONTH TO DATE    0.01                      0.42  -0.41     0.00
  SINCE OCT 1     10.08                      7.88   2.20     5.39
  SINCE JAN 1      6.55                      3.74   2.81     0.79

DEGREE DAYS
 HEATING
  TODAY            1                        15    -14        7
  MONTH TO DATE   83                        90     -7       49
  SINCE DEC 1   1025                      1026     -1      797
  SINCE JUL 1   1364                      1437    -73      997

 COOLING
  TODAY            0                         0      0        0
  MONTH TO DATE    0                         0      0        0
  SINCE DEC 1      0                         1     -1        0
  SINCE JAN 1      0                         1     -1        0
..................................................................


WIND (MPH)
  RESULTANT WIND SPEED  13   RESULTANT WIND DIRECTION   E (70)
  HIGHEST WIND SPEED    23   HIGHEST WIND DIRECTION     E (70)
  HIGHEST GUST SPEED    28   HIGHEST GUST DIRECTION     E (80)
  AVERAGE WIND SPEED    13.1


SKY COVER
  POSSIBLE SUNSHINE  MM
  AVERAGE SKY COVER 0.0


WEATHER CONDITIONS
 THE FOLLOWING WEATHER WAS RECORDED TODAY.
  NO SIGNIFICANT WEATHER WAS OBSERVED.


RELATIVE HUMIDITY (PERCENT)
 HIGHEST    26           500 AM
 LOWEST     14           200 PM
 AVERAGE    20

..........................................................


THE RAMONA AIRPORT CA CLIMATE NORMALS FOR TOMORROW
                         NORMAL    RECORD    YEAR
 MAXIMUM TEMPERATURE (F)   65        85      1996
 MINIMUM TEMPERATURE (F)   36        22      1974


SUNRISE AND SUNSET
FEBRUARY  6 2016......SUNRISE   640 AM PST   SUNSET   524 PM PST
FEBRUARY  7 2016......SUNRISE   639 AM PST   SUNSET   525 PM PST


-  INDICATES NEGATIVE NUMBERS.
R  INDICATES RECORD WAS SET OR TIED.
MM INDICATES DATA IS MISSING.
T  INDICATES TRACE AMOUNT.




$$
