000
CDUS46 KSGX 260028
CLIRNM


CLIMATE REPORT
NATIONAL WEATHER SERVICE SAN DIEGO, CA
528 PM PDT SUN SEP 25 2016


...................................

...THE RAMONA AIRPORT CA CLIMATE SUMMARY FOR SEPTEMBER 25 2016...
VALID TODAY AS OF 0500 PM LOCAL TIME.

CLIMATE NORMAL PERIOD 1981 TO 2010
CLIMATE RECORD PERIOD 1974 TO 2016


WEATHER ITEM   OBSERVED TIME   RECORD YEAR NORMAL DEPARTURE LAST
                VALUE   (LST)  VALUE       VALUE  FROM      YEAR
                                                  NORMAL
..................................................................
TEMPERATURE (F)
 TODAY
  MAXIMUM         96    309 PM 104    1978  84     12       95
  MINIMUM         48    534 AM  39    2005  52     -4       61
  AVERAGE         72                        68      4       78

PRECIPITATION (IN)
  TODAY            0.00          1.07 1997   0.01  -0.01     0.00
  MONTH TO DATE    0.50                      0.25   0.25     1.30
  SINCE OCT 1     13.69                     16.00  -2.31    13.32
  SINCE JAN 1     10.16                     11.86  -1.70     8.72

DEGREE DAYS
 HEATING
  TODAY            0                         1     -1        0
  MONTH TO DATE    8                         6      2        0
  SINCE SEP 1      8                         6      2        0
  SINCE JUL 1      8                         9     -1        0

 COOLING
  TODAY            7                         4      3       13
  MONTH TO DATE   95                       161    -66      249
  SINCE SEP 1     95                       161    -66      249
  SINCE JAN 1    891                       774    117     1029
..................................................................


WIND (MPH)
  RESULTANT WIND SPEED   5   RESULTANT WIND DIRECTION  NE (60)
  HIGHEST WIND SPEED    21   HIGHEST WIND DIRECTION     E (80)
  HIGHEST GUST SPEED    31   HIGHEST GUST DIRECTION     E (90)
  AVERAGE WIND SPEED     5.9


SKY COVER
  POSSIBLE SUNSHINE  MM
  AVERAGE SKY COVER 0.0


WEATHER CONDITIONS
 THE FOLLOWING WEATHER WAS RECORDED TODAY.
  NO SIGNIFICANT WEATHER WAS OBSERVED.


RELATIVE HUMIDITY (PERCENT)
 HIGHEST    86           600 AM
 LOWEST      7           100 PM
 AVERAGE    47

..........................................................


THE RAMONA AIRPORT CA CLIMATE NORMALS FOR TOMORROW
                         NORMAL    RECORD    YEAR
 MAXIMUM TEMPERATURE (F)   84       105      2010
 MINIMUM TEMPERATURE (F)   52        46      2013


SUNRISE AND SUNSET
SEPTEMBER 25 2016.....SUNRISE   638 AM PDT   SUNSET   639 PM PDT
SEPTEMBER 26 2016.....SUNRISE   639 AM PDT   SUNSET   638 PM PDT


-  INDICATES NEGATIVE NUMBERS.
R  INDICATES RECORD WAS SET OR TIED.
MM INDICATES DATA IS MISSING.
T  INDICATES TRACE AMOUNT.




$$
