000
CDUS46 KSGX 251136
CLIRNM


CLIMATE REPORT
NATIONAL WEATHER SERVICE SAN DIEGO, CA
436 AM PDT SUN JUN 25 2017


...................................

...THE RAMONA AIRPORT CA CLIMATE SUMMARY FOR JUNE 24 2017...

CLIMATE NORMAL PERIOD 1981 TO 2010
CLIMATE RECORD PERIOD 1974 TO 2017


WEATHER ITEM   OBSERVED TIME   RECORD YEAR NORMAL DEPARTURE LAST
                VALUE   (LST)  VALUE       VALUE  FROM      YEAR
                                                  NORMAL
..................................................................
TEMPERATURE (F)
 YESTERDAY
  MAXIMUM         90    149 PM 102    1976  85      5       87
  MINIMUM         58    447 AM  44    2012  53      5       52
                                      2010
                                      1997
  AVERAGE         74                        69      5       70

PRECIPITATION (IN)
  YESTERDAY        0.00          T    2006   0.00   0.00     0.00
  MONTH TO DATE    0.01                      0.12  -0.11     0.00
  SINCE OCT 1     22.73                     15.47   7.26    13.19
  SINCE JAN 1     15.71                     11.33   4.38     9.66

DEGREE DAYS
 HEATING
  YESTERDAY        0                         0      0        0
  MONTH TO DATE   13                        26    -13        4
  SINCE JUN 1     13                        26    -13        4
  SINCE JUL 1   1922                      2550   -628     2157

 COOLING
  YESTERDAY        9                         4      5        5
  MONTH TO DATE  117                        57     60      132
  SINCE JUN 1    117                        57     60      132
  SINCE JAN 1    167                        84     83      144
..................................................................


WIND (MPH)
  RESULTANT WIND SPEED   5   RESULTANT WIND DIRECTION  NW (300)
  HIGHEST WIND SPEED    14   HIGHEST WIND DIRECTION     W (260)
  HIGHEST GUST SPEED    20   HIGHEST GUST DIRECTION     W (250)
  AVERAGE WIND SPEED     5.9


SKY COVER
  POSSIBLE SUNSHINE  MM
  AVERAGE SKY COVER 0.1


WEATHER CONDITIONS
 THE FOLLOWING WEATHER WAS RECORDED YESTERDAY.
  FOG
  HAZE


RELATIVE HUMIDITY (PERCENT)
 HIGHEST   100           300 AM
 LOWEST     40          1200 PM
 AVERAGE    70

..........................................................


THE RAMONA AIRPORT CA CLIMATE NORMALS FOR TODAY
                         NORMAL    RECORD    YEAR
 MAXIMUM TEMPERATURE (F)   85       103      2006
 MINIMUM TEMPERATURE (F)   53        40      1975


SUNRISE AND SUNSET
JUNE 25 2017..........SUNRISE   541 AM PDT   SUNSET   800 PM PDT
JUNE 26 2017..........SUNRISE   541 AM PDT   SUNSET   800 PM PDT


-  INDICATES NEGATIVE NUMBERS.
R  INDICATES RECORD WAS SET OR TIED.
MM INDICATES DATA IS MISSING.
T  INDICATES TRACE AMOUNT.




$$
