000
CDUS46 KSGX 261422
CLIRNM


CLIMATE REPORT
NATIONAL WEATHER SERVICE SAN DIEGO, CA
622 AM PST WED NOV 26 2014


...................................

...THE RAMONA AIRPORT CA CLIMATE SUMMARY FOR NOVEMBER 25 2014...

CLIMATE NORMAL PERIOD 1981 TO 2010
CLIMATE RECORD PERIOD 1974 TO 2014


WEATHER ITEM   OBSERVED TIME   RECORD YEAR NORMAL DEPARTURE LAST
                VALUE   (LST)  VALUE       VALUE  FROM      YEAR
                                                  NORMAL
..................................................................
TEMPERATURE (F)
 YESTERDAY
  MAXIMUM         79   1205 PM  92    1977  68     11       71
  MINIMUM         39   1145 PM  26    2010  37      2       33
  AVERAGE         59                        52      7       52

PRECIPITATION (IN)
  YESTERDAY        0.00          2.06 1985   0.03  -0.03     0.00
  MONTH TO DATE    0.93                      1.01  -0.08     0.20
  SINCE JUL 1      1.34                      2.30  -0.96     1.91
  SINCE JAN 1      6.43                     13.63  -7.20     6.41

SNOWFALL (IN)
  YESTERDAY        0.0
  MONTH TO DATE    0.0
  SINCE JAN 1      0.0
  SINCE JUL 1      0.0
  SNOW DEPTH       0

DEGREE DAYS
 HEATING
  YESTERDAY        6                        13     -7       13
  MONTH TO DATE  156                       225    -69      226
  SINCE SEP 1    172                       341   -169      377
  SINCE JUL 1    172                       344   -172      378

 COOLING
  YESTERDAY        0                         0      0        0
  MONTH TO DATE    2                         4     -2        5
  SINCE SEP 1    380                       235    145      234
  SINCE JAN 1   1119                       848    271      898
..................................................................


WIND (MPH)
  RESULTANT WIND SPEED   4   RESULTANT WIND DIRECTION  NE (50)
  HIGHEST WIND SPEED    22   HIGHEST WIND DIRECTION    NE (60)
  HIGHEST GUST SPEED    29   HIGHEST GUST DIRECTION    NE (60)
  AVERAGE WIND SPEED     7.3


SKY COVER
  POSSIBLE SUNSHINE  MM
  AVERAGE SKY COVER 0.0


WEATHER CONDITIONS
 THE FOLLOWING WEATHER WAS RECORDED YESTERDAY.
  NO SIGNIFICANT WEATHER WAS OBSERVED.


RELATIVE HUMIDITY (PERCENT)
 HIGHEST    53          1000 PM
 LOWEST      4          1200 PM
 AVERAGE    29

..........................................................


THE RAMONA AIRPORT CA CLIMATE NORMALS FOR TODAY
                         NORMAL    RECORD    YEAR
 MAXIMUM TEMPERATURE (F)   68        93      1977
 MINIMUM TEMPERATURE (F)   37        25      2010


SUNRISE AND SUNSET
NOVEMBER 26 2014......SUNRISE   628 AM PST   SUNSET   441 PM PST
NOVEMBER 27 2014......SUNRISE   629 AM PST   SUNSET   441 PM PST


-  INDICATES NEGATIVE NUMBERS.
R  INDICATES RECORD WAS SET OR TIED.
MM INDICATES DATA IS MISSING.
T  INDICATES TRACE AMOUNT.




$$
