000
CDUS45 KREV 220924
CLIRNO


CLIMATE REPORT
NATIONAL WEATHER SERVICE RENO NV
223 AM PDT FRI SEP 22 2017


...................................

...THE RENO-TAHOE INTL AIRPORT NV CLIMATE SUMMARY FOR SEPTEMBER 21 2017...

CLIMATE NORMAL PERIOD 1981 TO 2010
CLIMATE RECORD PERIOD 1888 TO 2017


WEATHER ITEM   OBSERVED TIME   RECORD YEAR NORMAL DEPARTURE LAST
                VALUE   (LST)  VALUE       VALUE  FROM      YEAR
                                                  NORMAL
..................................................................
TEMPERATURE (F)
 YESTERDAY
  MAXIMUM         52    111 AM  93    2015  80    -28       80
  MINIMUM         44   1159 PM  24    1895  47     -3       52
  AVERAGE         48                        64    -16       66

PRECIPITATION (IN)
  YESTERDAY        0.09          0.13 1916   0.02   0.07     0.00
  MONTH TO DATE    0.69                      0.21   0.48      T
  SINCE OCT 1     15.95                      7.26   8.69     9.20
  SINCE JAN 1     12.16                      4.90   7.26     5.25

SNOWFALL (IN)
  YESTERDAY        T   R         0.0    MM   0.0    0.0      0.0
  MONTH TO DATE    T                         0.0    0.0      0.0
  SINCE SEP 1      T                         0.0    0.0      0.0
  SINCE JUL 1      T                         0.0    0.0      0.0
  SNOW DEPTH       0

DEGREE DAYS
 HEATING
  YESTERDAY       17                         3     14        0
  MONTH TO DATE   32                        39     -7       18
  SINCE SEP 1     32                        39     -7       18
  SINCE JUL 1     32                        49    -17       18

 COOLING
  YESTERDAY        0                         2     -2        1
  MONTH TO DATE  151                        75     76       76
  SINCE SEP 1    151                        75     76       76
  SINCE JAN 1   1401                       821    580     1069
..................................................................


WIND (MPH)
  RESULTANT WIND SPEED   6   RESULTANT WIND DIRECTION  NW (310)
  HIGHEST WIND SPEED    22   HIGHEST WIND DIRECTION     W (290)
  HIGHEST GUST SPEED    27   HIGHEST GUST DIRECTION     W (290)
  AVERAGE WIND SPEED     9.7



WEATHER CONDITIONS
 THE FOLLOWING WEATHER WAS RECORDED YESTERDAY.
  THUNDERSTORM
  HEAVY RAIN
  RAIN
  LIGHT RAIN
  HAIL


RELATIVE HUMIDITY (PERCENT)
 HIGHEST    70           600 AM
 LOWEST     46           400 AM
 AVERAGE    58

..........................................................


THE RENO-TAHOE INTL AIRPORT NV CLIMATE NORMALS FOR TODAY
                         NORMAL    RECORD    YEAR
 MAXIMUM TEMPERATURE (F)   80        94      2011
 MINIMUM TEMPERATURE (F)   47        23      1968


SUNRISE AND SUNSET
SEPTEMBER 22 2017.....SUNRISE   647 AM PDT   SUNSET   656 PM PDT
SEPTEMBER 23 2017.....SUNRISE   648 AM PDT   SUNSET   654 PM PDT


-  INDICATES NEGATIVE NUMBERS.
R  INDICATES RECORD WAS SET OR TIED.
MM INDICATES DATA IS MISSING.
T  INDICATES TRACE AMOUNT.




$$
