000
CDUS45 KREV 060837
CLIRNO


CLIMATE REPORT
NATIONAL WEATHER SERVICE RENO NV
1236 AM PST SAT FEB 6 2016


...................................

...THE RENO TAHOE AIRPORT NV CLIMATE SUMMARY FOR FEBRUARY 5 2016...

CLIMATE NORMAL PERIOD 1981 TO 2010
CLIMATE RECORD PERIOD 1888 TO 2016


WEATHER ITEM   OBSERVED TIME   RECORD YEAR NORMAL DEPARTURE LAST
                VALUE   (LST)  VALUE       VALUE  FROM      YEAR
                                                  NORMAL
..................................................................
TEMPERATURE (F)
 YESTERDAY
  MAXIMUM         47    415 PM  70    2015  49     -2       70
  MINIMUM         23    727 AM -10    1989  27     -4       35
  AVERAGE         35                        38     -3       53

PRECIPITATION (IN)
  YESTERDAY        0.00          1.01 1901   0.03  -0.03     0.00
  MONTH TO DATE    0.00                      0.16  -0.16     0.03
  SINCE OCT 1      5.65                      3.55   2.10     1.51
  SINCE JAN 1      1.70                      1.19   0.51     0.09

SNOWFALL (IN)
  YESTERDAY        0.0          10.1  1901   0.2   -0.2      0.0
  MONTH TO DATE    0.0                       0.7   -0.7      0.0
  SINCE DEC 1     17.8                      11.2    6.6      2.2
  SINCE JUL 1     22.9                      14.7    8.2      2.2
  SNOW DEPTH       1

DEGREE DAYS
 HEATING
  YESTERDAY       30                        27      3       12
  MONTH TO DATE  181                       137     44       86
  SINCE DEC 1   1916                      1971    -55     1609
  SINCE JUL 1   2909                      3074   -165     2434

 COOLING
  YESTERDAY        0                         0      0        0
  MONTH TO DATE    0                         0      0        0
  SINCE DEC 1      0                         0      0        0
  SINCE JAN 1      0                         0      0        0
..................................................................


WIND (MPH)
  RESULTANT WIND SPEED   1   RESULTANT WIND DIRECTION   S (180)
  HIGHEST WIND SPEED     9   HIGHEST WIND DIRECTION     S (180)
  HIGHEST GUST SPEED    10   HIGHEST GUST DIRECTION     S (180)
  AVERAGE WIND SPEED     1.6



WEATHER CONDITIONS
 THE FOLLOWING WEATHER WAS RECORDED YESTERDAY.
  NO SIGNIFICANT WEATHER WAS OBSERVED.


RELATIVE HUMIDITY (PERCENT)
 HIGHEST    88           300 AM
 LOWEST     49           200 PM
 AVERAGE    69

..........................................................


THE RENO TAHOE AIRPORT NV CLIMATE NORMALS FOR TODAY
                         NORMAL    RECORD    YEAR
 MAXIMUM TEMPERATURE (F)   49        69      2007
 MINIMUM TEMPERATURE (F)   28       -15      1989


SUNRISE AND SUNSET
FEBRUARY  6 2016......SUNRISE   702 AM PST   SUNSET   525 PM PST
FEBRUARY  7 2016......SUNRISE   701 AM PST   SUNSET   526 PM PST


-  INDICATES NEGATIVE NUMBERS.
R  INDICATES RECORD WAS SET OR TIED.
MM INDICATES DATA IS MISSING.
T  INDICATES TRACE AMOUNT.




$$
