000
CDUS45 KREV 230852
CLIRNO


CLIMATE REPORT
NATIONAL WEATHER SERVICE RENO NV
1252 AM PST TUE JAN 23 2018


...................................

...THE RENO-TAHOE INTL AIRPORT NV CLIMATE SUMMARY FOR JANUARY 22 2018...

CLIMATE NORMAL PERIOD 1981 TO 2010
CLIMATE RECORD PERIOD 1888 TO 2018


WEATHER ITEM   OBSERVED TIME   RECORD YEAR NORMAL DEPARTURE LAST
                VALUE   (LST)  VALUE       VALUE  FROM      YEAR
                                                  NORMAL
..................................................................
TEMPERATURE (F)
 YESTERDAY
  MAXIMUM         54    319 PM  65    1981  46      8       42
  MINIMUM         31   1111 PM  -9    1890  26      5       29
  AVERAGE         43                        36      7       36

PRECIPITATION (IN)
  YESTERDAY        0.00          0.97 1943   0.03  -0.03     0.69
  MONTH TO DATE    0.54                      0.77  -0.23     5.57
  SINCE OCT 1      2.11                      3.13  -1.02     9.36
  SINCE JAN 1      0.54                      0.77  -0.23     5.57

SNOWFALL (IN)
  YESTERDAY        0.0           7.6  2017   0.1   -0.1      7.6
  MONTH TO DATE    T                         4.6   -4.6     18.8
  SINCE DEC 1      1.0                       9.5   -8.5     19.6
  SINCE JUL 1      1.0                      13.0  -12.0     20.2
  SNOW DEPTH       0

DEGREE DAYS
 HEATING
  YESTERDAY       22                        29     -7       29
  MONTH TO DATE  485                       656   -171      673
  SINCE DEC 1   1363                      1577   -214     1536
  SINCE JUL 1   2303                      2680   -377     2414

 COOLING
  YESTERDAY        0                         0      0        0
  MONTH TO DATE    0                         0      0        0
  SINCE DEC 1      0                         0      0        0
  SINCE JAN 1      0                         0      0        0
..................................................................


WIND (MPH)
  RESULTANT WIND SPEED   2   RESULTANT WIND DIRECTION  NE (30)
  HIGHEST WIND SPEED    16   HIGHEST WIND DIRECTION     N (360)
  HIGHEST GUST SPEED    21   HIGHEST GUST DIRECTION    NW (300)
  AVERAGE WIND SPEED     3.7



WEATHER CONDITIONS
 THE FOLLOWING WEATHER WAS RECORDED YESTERDAY.
  NO SIGNIFICANT WEATHER WAS OBSERVED.


RELATIVE HUMIDITY (PERCENT)
 HIGHEST    72          1100 PM
 LOWEST     32           400 PM
 AVERAGE    52

..........................................................


THE RENO-TAHOE INTL AIRPORT NV CLIMATE NORMALS FOR TODAY
                         NORMAL    RECORD    YEAR
 MAXIMUM TEMPERATURE (F)   46        68      1948
 MINIMUM TEMPERATURE (F)   26       -10      1962


SUNRISE AND SUNSET
JANUARY 23 2018.......SUNRISE   714 AM PST   SUNSET   509 PM PST
JANUARY 24 2018.......SUNRISE   713 AM PST   SUNSET   510 PM PST


-  INDICATES NEGATIVE NUMBERS.
R  INDICATES RECORD WAS SET OR TIED.
MM INDICATES DATA IS MISSING.
T  INDICATES TRACE AMOUNT.




$$
