000
CDUS45 KREV 030839
CLIRNO


CLIMATE REPORT
NATIONAL WEATHER SERVICE RENO NV
138 AM PDT FRI JUL 3 2015


...................................

...THE RENO TAHOE AIRPORT NV CLIMATE SUMMARY FOR JULY 2 2015...

CLIMATE NORMAL PERIOD 1981 TO 2010
CLIMATE RECORD PERIOD 1888 TO 2015


WEATHER ITEM   OBSERVED TIME   RECORD YEAR NORMAL DEPARTURE LAST
                VALUE   (LST)  VALUE       VALUE  FROM      YEAR
                                                  NORMAL
..................................................................
TEMPERATURE (F)
 YESTERDAY
  MAXIMUM        102    259 PM 105    2013  89     13       99
  MINIMUM         71    610 AM  35    1975  56     15       60
                                      1963
                                      1902
  AVERAGE         87                        72     15       80

PRECIPITATION (IN)
  YESTERDAY        T             0.44 1980   0.00   0.00     0.00
  MONTH TO DATE    T                         0.01  -0.01     0.00
  SINCE OCT 1      5.21                      6.65  -1.44     2.96
  SINCE JAN 1      3.79                      4.29  -0.50     2.00

SNOWFALL (IN)
  YESTERDAY        0.0           0.0    MM   0.0    0.0      0.0
  MONTH TO DATE    0.0                       0.0    0.0      0.0
  SINCE JUN 1      0.0                       T      0.0      0.0
  SINCE JUL 1      0.0                       0.0    0.0      0.0
  SNOW DEPTH       0

DEGREE DAYS
 HEATING
  YESTERDAY        0                         0      0        0
  MONTH TO DATE    0                         0      0        0
  SINCE JUN 1      7                        56    -49       10
  SINCE JUL 1      0                         0      0        0

 COOLING
  YESTERDAY       22                         8     14       15
  MONTH TO DATE   41                        16     25       34
  SINCE JUN 1    326                       152    174      246
  SINCE JAN 1    360                       189    171      293
..................................................................


WIND (MPH)
  RESULTANT WIND SPEED   3   RESULTANT WIND DIRECTION  NW (300)
  HIGHEST WIND SPEED    25   HIGHEST WIND DIRECTION     W (280)
  HIGHEST GUST SPEED    33   HIGHEST GUST DIRECTION     W (290)
  AVERAGE WIND SPEED     8.0



WEATHER CONDITIONS
 THE FOLLOWING WEATHER WAS RECORDED YESTERDAY.
  THUNDERSTORM
  LIGHT RAIN


RELATIVE HUMIDITY (PERCENT)
 HIGHEST    49           600 AM
 LOWEST     15           300 PM
 AVERAGE    32

..........................................................


THE RENO TAHOE AIRPORT NV CLIMATE NORMALS FOR TODAY
                         NORMAL    RECORD    YEAR
 MAXIMUM TEMPERATURE (F)   90       101      1937
 MINIMUM TEMPERATURE (F)   56        35      1966


SUNRISE AND SUNSET
JULY  3 2015..........SUNRISE   537 AM PDT   SUNSET   830 PM PDT
JULY  4 2015..........SUNRISE   537 AM PDT   SUNSET   830 PM PDT


-  INDICATES NEGATIVE NUMBERS.
R  INDICATES RECORD WAS SET OR TIED.
MM INDICATES DATA IS MISSING.
T  INDICATES TRACE AMOUNT.




$$
