000
CDUS45 KREV 010846
CLIRNO


CLIMATE REPORT
NATIONAL WEATHER SERVICE RENO NV
146 AM PDT WED OCT 1 2014


...................................

...THE RENO TAHOE AIRPORT NV CLIMATE SUMMARY FOR SEPTEMBER 30 2014...

CLIMATE NORMAL PERIOD 1981 TO 2010
CLIMATE RECORD PERIOD 1888 TO 2014


WEATHER ITEM   OBSERVED TIME   RECORD YEAR NORMAL DEPARTURE LAST
                VALUE   (LST)  VALUE       VALUE  FROM      YEAR
                                                  NORMAL
..................................................................
TEMPERATURE (F)
 YESTERDAY
  MAXIMUM         73        MM  96    2010  76     -3       72
  MINIMUM         46        MM  21    1950  44      2       51
  AVERAGE         60                        60      0       62

PRECIPITATION (IN)
  YESTERDAY        0.00          0.27 1918   0.02  -0.02     0.00
  MONTH TO DATE    0.29                      0.35  -0.06     0.02
  SINCE OCT 1      4.53                      7.40  -2.87     6.10
  SINCE JAN 1      3.57                      5.04  -1.47     3.06

SNOWFALL (IN)
  YESTERDAY        0.0           0.0    MM   0.0    0.0      0.0
  MONTH TO DATE    0.0                       0.1   -0.1      0.0
  SINCE SEP 1      0.0                       0.1   -0.1      0.0
  SINCE JUL 1      0.0                       0.1   -0.1       T
  SNOW DEPTH       0

DEGREE DAYS
 HEATING
  YESTERDAY        5                         6     -1        3
  MONTH TO DATE   49                        81    -32       85
  SINCE SEP 1     49                        80    -31       85
  SINCE JUL 1     53                        90    -37       85

 COOLING
  YESTERDAY        0                         1     -1        0
  MONTH TO DATE  170                        88     82      141
  SINCE SEP 1    170                        88     82      141
  SINCE JAN 1   1206                       834    372     1174
..................................................................


WIND (MPH)
  RESULTANT WIND SPEED   4   RESULTANT WIND DIRECTION  NE (40)
  HIGHEST WIND SPEED    15   HIGHEST WIND DIRECTION    NE (50)
  HIGHEST GUST SPEED    MM   HIGHEST GUST DIRECTION    MM
  AVERAGE WIND SPEED     5.1



WEATHER CONDITIONS
 THE FOLLOWING WEATHER WAS RECORDED YESTERDAY.
  NO SIGNIFICANT WEATHER WAS OBSERVED.


RELATIVE HUMIDITY (PERCENT)
 HIGHEST    86           400 AM
 LOWEST     31           200 PM
 AVERAGE    59

..........................................................


THE RENO TAHOE AIRPORT NV CLIMATE NORMALS FOR TODAY
                         NORMAL    RECORD    YEAR
 MAXIMUM TEMPERATURE (F)   76        93      2010
 MINIMUM TEMPERATURE (F)   44        21      1950


SUNRISE AND SUNSET
OCTOBER  1 2014.......SUNRISE   655 AM PDT   SUNSET   641 PM PDT
OCTOBER  2 2014.......SUNRISE   656 AM PDT   SUNSET   640 PM PDT


-  INDICATES NEGATIVE NUMBERS.
R  INDICATES RECORD WAS SET OR TIED.
MM INDICATES DATA IS MISSING.
T  INDICATES TRACE AMOUNT.




$$
