000
CDUS45 KREV 030053
CLIRNO


CLIMATE REPORT
NATIONAL WEATHER SERVICE RENO NV
553 PM PDT SUN AUG 2 2015


...................................

...THE RENO TAHOE AIRPORT NV CLIMATE SUMMARY FOR AUGUST 2 2015...
VALID TODAY AS OF 0500 PM LOCAL TIME.

CLIMATE NORMAL PERIOD 1981 TO 2010
CLIMATE RECORD PERIOD 1888 TO 2015


WEATHER ITEM   OBSERVED TIME   RECORD YEAR NORMAL DEPARTURE LAST
                VALUE   (LST)  VALUE       VALUE  FROM      YEAR
                                                  NORMAL
..................................................................
TEMPERATURE (F)
 TODAY
  MAXIMUM         85   1229 PM 101    1946  93     -8       99
  MINIMUM         68    456 AM  37    1981  58     10       62
                                      1962
                                      1956
  AVERAGE         77                        76      1       81

PRECIPITATION (IN)
  TODAY            0.00          0.93 1912   0.01  -0.01     0.00
  MONTH TO DATE    0.00                      0.02  -0.02      T
  SINCE OCT 1      5.72                      6.84  -1.12     3.16
  SINCE JAN 1      4.30                      4.48  -0.18     2.20

SNOWFALL (IN)
  TODAY            0.0           0.0    MM   0.0    0.0      0.0
  MONTH TO DATE    0.0                       0.0    0.0      0.0
  SINCE JUN 1      0.0                       T      0.0      0.0
  SINCE JUL 1      0.0                       0.0    0.0      0.0
  SNOW DEPTH       0

DEGREE DAYS
 HEATING
  TODAY            0                         0      0        0
  MONTH TO DATE    0                         0      0        0
  SINCE JUN 1      8                        61    -53       10
  SINCE JUL 1      1                         5     -4        0

 COOLING
  TODAY           12                        11      1       16
  MONTH TO DATE   30                        22      8       32
  SINCE JUN 1    639                       472    167      734
  SINCE JAN 1    673                       509    164      781
..................................................................


WIND (MPH)
  RESULTANT WIND SPEED   3   RESULTANT WIND DIRECTION  NE (30)
  HIGHEST WIND SPEED    22   HIGHEST WIND DIRECTION     N (360)
  HIGHEST GUST SPEED    27   HIGHEST GUST DIRECTION     N (10)
  AVERAGE WIND SPEED     5.4



WEATHER CONDITIONS
 THE FOLLOWING WEATHER WAS RECORDED TODAY.
  NO SIGNIFICANT WEATHER WAS OBSERVED.


RELATIVE HUMIDITY (PERCENT)
 HIGHEST    55           500 AM
 LOWEST     27          1200 PM
 AVERAGE    41

..........................................................


THE RENO TAHOE AIRPORT NV CLIMATE NORMALS FOR TOMORROW
                         NORMAL    RECORD    YEAR
 MAXIMUM TEMPERATURE (F)   93       102      1946
 MINIMUM TEMPERATURE (F)   58        37      1981
                                             1956


SUNRISE AND SUNSET
AUGUST  2 2015........SUNRISE   559 AM PDT   SUNSET   811 PM PDT
AUGUST  3 2015........SUNRISE   600 AM PDT   SUNSET   810 PM PDT


-  INDICATES NEGATIVE NUMBERS.
R  INDICATES RECORD WAS SET OR TIED.
MM INDICATES DATA IS MISSING.
T  INDICATES TRACE AMOUNT.




$$
