000
CDUS45 KREV 250850
CLIRNO


CLIMATE REPORT
NATIONAL WEATHER SERVICE RENO NV
149 AM PDT THU MAY 25 2017


...................................

...THE RENO-TAHOE INTL AIRPORT NV CLIMATE SUMMARY FOR MAY 24 2017...

CLIMATE NORMAL PERIOD 1981 TO 2010
CLIMATE RECORD PERIOD 1888 TO 2017


WEATHER ITEM   OBSERVED TIME   RECORD YEAR NORMAL DEPARTURE LAST
                VALUE   (LST)  VALUE       VALUE  FROM      YEAR
                                                  NORMAL
..................................................................
TEMPERATURE (F)
 YESTERDAY
  MAXIMUM         85    201 PM  94    2001  76      9       64
  MINIMUM         56    443 AM  27    1968  48      8       48
  AVERAGE         71                        62      9       56

PRECIPITATION (IN)
  YESTERDAY        0.00          1.28 1963   0.01  -0.01      T
  MONTH TO DATE    0.61                      0.37   0.24     1.16
  SINCE OCT 1     14.94                      6.01   8.93     9.16
  SINCE JAN 1     11.15                      3.65   7.50     5.21

SNOWFALL (IN)
  YESTERDAY        0.0           0.0    MM   0.0    0.0      0.0
  MONTH TO DATE    0.0                       0.3   -0.3      0.2
  SINCE MAR 1      2.9                       2.8    0.1      7.0
  SINCE JUL 1     27.0                      21.8    5.2     31.1
  SNOW DEPTH       0

DEGREE DAYS
 HEATING
  YESTERDAY        0                         5     -5        9
  MONTH TO DATE  132                       176    -44      158
  SINCE MAR 1   1026                      1200   -174      966
  SINCE JUL 1   4399                      4838   -439     4303

 COOLING
  YESTERDAY        6                         2      4        0
  MONTH TO DATE   33                        20     13       12
  SINCE MAR 1     33                        21     12       12
  SINCE JAN 1     33                        21     12       12
..................................................................


WIND (MPH)
  RESULTANT WIND SPEED   8   RESULTANT WIND DIRECTION   W (270)
  HIGHEST WIND SPEED    28   HIGHEST WIND DIRECTION     W (280)
  HIGHEST GUST SPEED    37   HIGHEST GUST DIRECTION     W (290)
  AVERAGE WIND SPEED     9.3



WEATHER CONDITIONS
 THE FOLLOWING WEATHER WAS RECORDED YESTERDAY.
  NO SIGNIFICANT WEATHER WAS OBSERVED.


RELATIVE HUMIDITY (PERCENT)
 HIGHEST    51           500 AM
 LOWEST     16          1200 PM
 AVERAGE    34

..........................................................


THE RENO-TAHOE INTL AIRPORT NV CLIMATE NORMALS FOR TODAY
                         NORMAL    RECORD    YEAR
 MAXIMUM TEMPERATURE (F)   76        92      2001
                                             1943
 MINIMUM TEMPERATURE (F)   48        26      1978


SUNRISE AND SUNSET
MAY 25 2017...........SUNRISE   537 AM PDT   SUNSET   815 PM PDT
MAY 26 2017...........SUNRISE   537 AM PDT   SUNSET   816 PM PDT


-  INDICATES NEGATIVE NUMBERS.
R  INDICATES RECORD WAS SET OR TIED.
MM INDICATES DATA IS MISSING.
T  INDICATES TRACE AMOUNT.




$$
