000
CDUS45 KREV 170839
CLIRNO


CLIMATE REPORT
NATIONAL WEATHER SERVICE RENO NV
1238 AM PST TUE JAN 17 2017


...................................

...THE RENO TAHOE AIRPORT NV CLIMATE SUMMARY FOR JANUARY 16 2017...

CLIMATE NORMAL PERIOD 1981 TO 2010
CLIMATE RECORD PERIOD 1888 TO 2017


WEATHER ITEM   OBSERVED TIME   RECORD YEAR NORMAL DEPARTURE LAST
                VALUE   (LST)  VALUE       VALUE  FROM      YEAR
                                                  NORMAL
..................................................................
TEMPERATURE (F)
 YESTERDAY
  MAXIMUM         36    336 PM  67    2011  46    -10       57
  MINIMUM         23    708 AM  -9    1960  25     -2       32
  AVERAGE         30                        35     -5       45

PRECIPITATION (IN)
  YESTERDAY        0.00          0.57 1973   0.03  -0.03      T
  MONTH TO DATE    4.56                      0.59   3.97     0.38
  SINCE OCT 1      8.35                      2.95   5.40     4.33
  SINCE JAN 1      4.56                      0.59   3.97     0.38

SNOWFALL (IN)
  YESTERDAY        0.0          10.0  1913   0.2   -0.2      0.0
  MONTH TO DATE    9.4                       3.6    5.8      3.1
  SINCE DEC 1     10.2                       8.5    1.7      9.4
  SINCE JUL 1     10.8                      12.0   -1.2     14.5
  SNOW DEPTH       2

DEGREE DAYS
 HEATING
  YESTERDAY       35                        30      5       20
  MONTH TO DATE  505                       482     23      507
  SINCE DEC 1   1368                      1403    -35     1402
  SINCE JUL 1   2246                      2506   -260     2395

 COOLING
  YESTERDAY        0                         0      0        0
  MONTH TO DATE    0                         0      0        0
  SINCE DEC 1      0                         0      0        0
  SINCE JAN 1      0                         0      0        0
..................................................................


WIND (MPH)
  RESULTANT WIND SPEED   4   RESULTANT WIND DIRECTION   S (170)
  HIGHEST WIND SPEED     9   HIGHEST WIND DIRECTION     S (180)
  HIGHEST GUST SPEED    MM   HIGHEST GUST DIRECTION    MM
  AVERAGE WIND SPEED     4.9



WEATHER CONDITIONS
 THE FOLLOWING WEATHER WAS RECORDED YESTERDAY.
  NO SIGNIFICANT WEATHER WAS OBSERVED.


RELATIVE HUMIDITY (PERCENT)
 HIGHEST    88           600 AM
 LOWEST     59           300 PM
 AVERAGE    74

..........................................................


THE RENO TAHOE AIRPORT NV CLIMATE NORMALS FOR TODAY
                         NORMAL    RECORD    YEAR
 MAXIMUM TEMPERATURE (F)   46        66      2011
 MINIMUM TEMPERATURE (F)   25        -7      1949


SUNRISE AND SUNSET
JANUARY 17 2017.......SUNRISE   717 AM PST   SUNSET   502 PM PST
JANUARY 18 2017.......SUNRISE   716 AM PST   SUNSET   503 PM PST


-  INDICATES NEGATIVE NUMBERS.
R  INDICATES RECORD WAS SET OR TIED.
MM INDICATES DATA IS MISSING.
T  INDICATES TRACE AMOUNT.




$$
