000
CDUS45 KREV 050037
CLIRNO


CLIMATE REPORT
NATIONAL WEATHER SERVICE RENO NV
437 PM PST SUN DEC 4 2016


...................................

...THE RENO TAHOE AIRPORT NV CLIMATE SUMMARY FOR DECEMBER 4 2016...
VALID TODAY AS OF 0400 PM LOCAL TIME.

CLIMATE NORMAL PERIOD 1981 TO 2010
CLIMATE RECORD PERIOD 1888 TO 2016


WEATHER ITEM   OBSERVED TIME   RECORD YEAR NORMAL DEPARTURE LAST
                VALUE   (LST)  VALUE       VALUE  FROM      YEAR
                                                  NORMAL
..................................................................
TEMPERATURE (F)
 TODAY
  MAXIMUM         62    221 PM  69    1958  48     14       49
                                      1940
  MINIMUM         26    752 AM  -2    1972  26      0       30
  AVERAGE         44                        37      7       40

PRECIPITATION (IN)
  TODAY            0.00          0.39 1980   0.03  -0.03     0.00
  MONTH TO DATE    T                         0.12  -0.12      T
  SINCE OCT 1      2.58                      1.45   1.13     3.20
  SINCE JAN 1      7.83                      6.49   1.34     7.77

SNOWFALL (IN)
  TODAY            0.0           4.8  1972   0.1   -0.1      0.0
  MONTH TO DATE    T                         0.4   -0.4      0.0
  SINCE DEC 1      T                         0.4   -0.4      0.0
  SINCE JUL 1      0.6                       3.9   -3.3      5.1
  SNOW DEPTH       0

DEGREE DAYS
 HEATING
  TODAY           21                        28     -7       25
  MONTH TO DATE  112                       111      1       98
  SINCE DEC 1    112                       111      1       98
  SINCE JUL 1    990                      1214   -224     1091

 COOLING
  TODAY            0                         0      0        0
  MONTH TO DATE    0                         0      0        0
  SINCE DEC 1      0                         0      0        0
  SINCE JAN 1   1088                       839    249     1194
..................................................................


WIND (MPH)
  RESULTANT WIND SPEED   1   RESULTANT WIND DIRECTION   W (260)
  HIGHEST WIND SPEED    15   HIGHEST WIND DIRECTION     W (250)
  HIGHEST GUST SPEED    21   HIGHEST GUST DIRECTION     W (270)
  AVERAGE WIND SPEED     2.4



WEATHER CONDITIONS
 THE FOLLOWING WEATHER WAS RECORDED TODAY.
  NO SIGNIFICANT WEATHER WAS OBSERVED.


RELATIVE HUMIDITY (PERCENT)
 HIGHEST    75           600 AM
 LOWEST     19           200 PM
 AVERAGE    47

..........................................................


THE RENO TAHOE AIRPORT NV CLIMATE NORMALS FOR TOMORROW
                         NORMAL    RECORD    YEAR
 MAXIMUM TEMPERATURE (F)   47        67      1958
 MINIMUM TEMPERATURE (F)   26       -12      1972


SUNRISE AND SUNSET
DECEMBER  4 2016......SUNRISE   704 AM PST   SUNSET   435 PM PST
DECEMBER  5 2016......SUNRISE   705 AM PST   SUNSET   435 PM PST


-  INDICATES NEGATIVE NUMBERS.
R  INDICATES RECORD WAS SET OR TIED.
MM INDICATES DATA IS MISSING.
T  INDICATES TRACE AMOUNT.




$$
