000
CDUS45 KREV 210035
CLIRNO


CLIMATE REPORT
NATIONAL WEATHER SERVICE RENO NV
535 PM PDT SUN APR 20 2014


...................................

...THE RENO TAHOE AIRPORT NV CLIMATE SUMMARY FOR APRIL 20 2014...
VALID TODAY AS OF 0500 PM LOCAL TIME.

CLIMATE NORMAL PERIOD 1981 TO 2010
CLIMATE RECORD PERIOD 1888 TO 2014


WEATHER ITEM   OBSERVED TIME   RECORD YEAR NORMAL DEPARTURE LAST
                VALUE   (LST)  VALUE       VALUE  FROM      YEAR
                                                  NORMAL
..................................................................
TEMPERATURE (F)
 TODAY
  MAXIMUM         74    352 PM  86    1888  65      9       70
  MINIMUM         43    554 AM  16    1896  39      4       41
  AVERAGE         59                        52      7       56

PRECIPITATION (IN)
  TODAY            0.00          1.18 1900   0.02  -0.02     0.00
  MONTH TO DATE    T                         0.32  -0.32     0.23
  SINCE OCT 1      2.11                      5.49  -3.38     3.68
  SINCE JAN 1      1.15                      3.13  -1.98     0.64

SNOWFALL (IN)
  TODAY            0.0           2.6  1963   0.0    0.0      0.0
  MONTH TO DATE    T                         0.4   -0.4       T
  SINCE MAR 1      T                         2.4   -2.4      0.1
  SINCE JUL 1      6.2                      21.4  -15.2      9.4
  SNOW DEPTH       0

DEGREE DAYS
 HEATING
  TODAY            6                        13     -7        9
  MONTH TO DATE  189                       308   -119      278
  SINCE MAR 1    699                       906   -207      755
  SINCE JUL 1   4283                      4544   -261     4239

 COOLING
  TODAY            0                         0      0        0
  MONTH TO DATE    0                         0      0        0
  SINCE MAR 1      0                         0      0        0
  SINCE JAN 1      0                         0      0        0
..................................................................


WIND (MPH)
  RESULTANT WIND SPEED   1   RESULTANT WIND DIRECTION  NE (50)
  HIGHEST WIND SPEED    13   HIGHEST WIND DIRECTION    NE (50)
  HIGHEST GUST SPEED    18   HIGHEST GUST DIRECTION    NE (50)
  AVERAGE WIND SPEED     4.5




RELATIVE HUMIDITY (PERCENT)
 HIGHEST    36           400 AM
 LOWEST      7           400 PM
 AVERAGE    22

..........................................................


THE RENO TAHOE AIRPORT NV CLIMATE NORMALS FOR TOMORROW
                         NORMAL    RECORD    YEAR
 MAXIMUM TEMPERATURE (F)   65        88      2012
 MINIMUM TEMPERATURE (F)   39        14      1963
                                             1896


SUNRISE AND SUNSET
APRIL 20 2014.........SUNRISE   615 AM PDT   SUNSET   742 PM PDT
APRIL 21 2014.........SUNRISE   613 AM PDT   SUNSET   743 PM PDT


-  INDICATES NEGATIVE NUMBERS.
R  INDICATES RECORD WAS SET OR TIED.
MM INDICATES DATA IS MISSING.
T  INDICATES TRACE AMOUNT.




$$
