000
CDUS45 KREV 280850
CLIRNO


CLIMATE REPORT
NATIONAL WEATHER SERVICE RENO NV
149 AM PDT THU MAY 28 2015


...................................

...THE RENO TAHOE AIRPORT NV CLIMATE SUMMARY FOR MAY 27 2015...

CLIMATE NORMAL PERIOD 1981 TO 2010
CLIMATE RECORD PERIOD 1888 TO 2015


WEATHER ITEM   OBSERVED TIME   RECORD YEAR NORMAL DEPARTURE LAST
                VALUE   (LST)  VALUE       VALUE  FROM      YEAR
                                                  NORMAL
..................................................................
TEMPERATURE (F)
 YESTERDAY
  MAXIMUM         82    348 PM  95    2003  77      5       87
  MINIMUM         49    452 AM  30    1893  48      1       55
  AVERAGE         66                        62      4       71

PRECIPITATION (IN)
  YESTERDAY        0.00          0.56 1901   0.02  -0.02     0.00
  MONTH TO DATE    1.01                      0.43   0.58     0.54
  SINCE OCT 1      4.28                      6.07  -1.79     2.96
  SINCE JAN 1      2.86                      3.71  -0.85     2.00

SNOWFALL (IN)
  YESTERDAY        0.0           0.0    MM   0.0    0.0      0.0
  MONTH TO DATE    T                         0.3   -0.3       T
  SINCE MAR 1      T                         2.8   -2.8       T
  SINCE JUL 1      2.7                      21.8  -19.1      6.2
  SNOW DEPTH       0

DEGREE DAYS
 HEATING
  YESTERDAY        0                         4     -4        0
  MONTH TO DATE  185                       190     -5      131
  SINCE MAR 1    953                      1214   -261      955
  SINCE JUL 1   3818                      4852  -1034     4539

 COOLING
  YESTERDAY        1                         2     -1        6
  MONTH TO DATE    4                        26    -22       47
  SINCE MAR 1      4                        27    -23       47
  SINCE JAN 1      4                        27    -23       47
..................................................................


WIND (MPH)
  RESULTANT WIND SPEED   4   RESULTANT WIND DIRECTION  NW (300)
  HIGHEST WIND SPEED    21   HIGHEST WIND DIRECTION    NW (310)
  HIGHEST GUST SPEED    33   HIGHEST GUST DIRECTION     W (270)
  AVERAGE WIND SPEED     6.6



WEATHER CONDITIONS
 THE FOLLOWING WEATHER WAS RECORDED YESTERDAY.
  NO SIGNIFICANT WEATHER WAS OBSERVED.


RELATIVE HUMIDITY (PERCENT)
 HIGHEST    63           300 AM
 LOWEST     19           200 PM
 AVERAGE    41

..........................................................


THE RENO TAHOE AIRPORT NV CLIMATE NORMALS FOR TODAY
                         NORMAL    RECORD    YEAR
 MAXIMUM TEMPERATURE (F)   77        97      2003
 MINIMUM TEMPERATURE (F)   48        31      1982
                                             1977
                                             1895


SUNRISE AND SUNSET
MAY 28 2015...........SUNRISE   536 AM PDT   SUNSET   817 PM PDT
MAY 29 2015...........SUNRISE   535 AM PDT   SUNSET   818 PM PDT


-  INDICATES NEGATIVE NUMBERS.
R  INDICATES RECORD WAS SET OR TIED.
MM INDICATES DATA IS MISSING.
T  INDICATES TRACE AMOUNT.




$$
