000
CDUS41 KRNK 170912
CLIROA


CLIMATE REPORT
NATIONAL WEATHER SERVICE BLACKSBURG VA
410 AM EST FRI NOV 17 2017


...................................

...THE ROANOKE VA CLIMATE SUMMARY FOR NOVEMBER 16 2017...

CLIMATE NORMAL PERIOD 1981 TO 2010
CLIMATE RECORD PERIOD 1912 TO 2017


WEATHER ITEM   OBSERVED TIME   RECORD YEAR NORMAL DEPARTURE LAST
                VALUE   (LST)  VALUE       VALUE  FROM      YEAR
                                                  NORMAL
..................................................................
TEMPERATURE (F)
 YESTERDAY
  MAXIMUM         62    310 PM  82    1931  59      3       69
  MINIMUM         38   1159 PM  17    1967  38      0       36
  AVERAGE         50                        48      2       53

PRECIPITATION (IN)
  YESTERDAY        0.00          2.94 1989   0.12  -0.12     0.00
  MONTH TO DATE    0.60                      1.82  -1.22     0.02
  SINCE SEP 1      7.16                      8.60  -1.44     9.19
  SINCE JAN 1     37.06                     36.73   0.33    42.96

SNOWFALL (IN)
  YESTERDAY        0.0                                       0.0
  MONTH TO DATE    0.0                                       0.0
  SINCE SEP 1      0.0                                       0.0
  SINCE JUL 1      0.0                                       0.0
  SNOW DEPTH       0

DEGREE DAYS
 HEATING
  YESTERDAY       15                        17     -2       12
  MONTH TO DATE  253                       232     21      178
  SINCE SEP 1    470                       528    -58      301
  SINCE JUL 1    470                       529    -59      301

 COOLING
  YESTERDAY        0                         0      0        0
  MONTH TO DATE    0                         0      0       10
  SINCE SEP 1    237                       160     77      314
  SINCE JAN 1   1414                      1207    207     1563
..................................................................


WIND (MPH)
  HIGHEST WIND SPEED    29   HIGHEST WIND DIRECTION    NW (310)
  HIGHEST GUST SPEED    36   HIGHEST GUST DIRECTION    NW (300)
  AVERAGE WIND SPEED    10.5


SKY COVER
  AVERAGE SKY COVER 0.3


WEATHER CONDITIONS
 THE FOLLOWING WEATHER WAS RECORDED YESTERDAY.
  NO SIGNIFICANT WEATHER WAS OBSERVED.


RELATIVE HUMIDITY (PERCENT)
 HIGHEST    89          1200 AM
 LOWEST     27           300 PM
 AVERAGE    58

..........................................................


THE ROANOKE VA CLIMATE NORMALS FOR TODAY
                         NORMAL    RECORD    YEAR
 MAXIMUM TEMPERATURE (F)   58        76      1934
 MINIMUM TEMPERATURE (F)   37        13      1933


SUNRISE AND SUNSET
NOVEMBER 17 2017......SUNRISE   701 AM EST   SUNSET   508 PM EST
NOVEMBER 18 2017......SUNRISE   702 AM EST   SUNSET   507 PM EST


-  INDICATES NEGATIVE NUMBERS.
R  INDICATES RECORD WAS SET OR TIED.
MM INDICATES DATA IS MISSING.
T  INDICATES TRACE AMOUNT.




$$
