000
CDUS41 KRNK 011006
CLIROA


CLIMATE REPORT
NATIONAL WEATHER SERVICE BLACKSBURG VA
504 AM EST SUN FEB 1 2015


...................................

...THE ROANOKE VA CLIMATE SUMMARY FOR JANUARY 31 2015...

CLIMATE NORMAL PERIOD 1981 TO 2010
CLIMATE RECORD PERIOD 1912 TO 2015


WEATHER ITEM   OBSERVED TIME   RECORD YEAR NORMAL DEPARTURE LAST
                VALUE   (LST)  VALUE       VALUE  FROM      YEAR
                                                  NORMAL
..................................................................
TEMPERATURE (F)
 YESTERDAY
  MAXIMUM         45    422 PM  68    2012  47     -2       56
                                      1974
                                      1916
  MINIMUM         20    635 AM   4    1966  28     -8       19
  AVERAGE         33                        37     -4       38

PRECIPITATION (IN)
  YESTERDAY        0.00          1.76 1926   0.10  -0.10     0.00
  MONTH TO DATE    1.31                      2.92  -1.61     1.81
  SINCE DEC 1      3.85                      5.86  -2.01     6.19
  SINCE JAN 1      1.31                      2.92  -1.61     1.81

SNOWFALL (IN)
  YESTERDAY        0.0
  MONTH TO DATE    0.2
  SINCE DEC 1      0.2
  SINCE JUL 1      0.7
  SNOW DEPTH       0

DEGREE DAYS
 HEATING
  YESTERDAY       32                        28      4       27
  MONTH TO DATE  897                       885     12     1071
  SINCE DEC 1   1594                      1688    -94     1766
  SINCE JUL 1   2472                      2492    -20     2638

 COOLING
  YESTERDAY        0                         0      0        0
  MONTH TO DATE    0                         0      0        0
  SINCE DEC 1      0                         0      0        0
  SINCE JAN 1      0                         0      0        0
..................................................................


WIND (MPH)
  HIGHEST WIND SPEED    22   HIGHEST WIND DIRECTION     W (290)
  HIGHEST GUST SPEED    27   HIGHEST GUST DIRECTION     W (270)
  AVERAGE WIND SPEED     7.5


SKY COVER
  POSSIBLE SUNSHINE  MM
  AVERAGE SKY COVER 0.3


WEATHER CONDITIONS
 THE FOLLOWING WEATHER WAS RECORDED YESTERDAY.
  NO SIGNIFICANT WEATHER WAS OBSERVED.


RELATIVE HUMIDITY (PERCENT)
 HIGHEST    50           700 AM
 LOWEST     11           200 PM
 AVERAGE    31

..........................................................


THE ROANOKE VA CLIMATE NORMALS FOR TODAY
                         NORMAL    RECORD    YEAR
 MAXIMUM TEMPERATURE (F)   47        74      1989
 MINIMUM TEMPERATURE (F)   28         5      1965


SUNRISE AND SUNSET
FEBRUARY  1 2015......SUNRISE   723 AM EST   SUNSET   544 PM EST
FEBRUARY  2 2015......SUNRISE   722 AM EST   SUNSET   545 PM EST


-  INDICATES NEGATIVE NUMBERS.
R  INDICATES RECORD WAS SET OR TIED.
MM INDICATES DATA IS MISSING.
T  INDICATES TRACE AMOUNT.




$$
