000
CDUS41 KRNK 300912
CLIROA


CLIMATE REPORT
NATIONAL WEATHER SERVICE BLACKSBURG VA
511 AM EDT THU OCT 30 2014


...................................

...THE ROANOKE VA CLIMATE SUMMARY FOR OCTOBER 29 2014...

CLIMATE NORMAL PERIOD 1981 TO 2010
CLIMATE RECORD PERIOD 1912 TO 2014


WEATHER ITEM   OBSERVED TIME   RECORD YEAR NORMAL DEPARTURE LAST
                VALUE   (LST)  VALUE       VALUE  FROM      YEAR
                                                  NORMAL
..................................................................
TEMPERATURE (F)
 YESTERDAY
  MAXIMUM         66   1235 AM  84    1927  65      1       69
  MINIMUM         48   1159 PM  26    1969  43      5       51
                                      1967
                                      1925
  AVERAGE         57                        54      3       60

PRECIPITATION (IN)
  YESTERDAY        T             1.68 1935   0.10  -0.10      T
  MONTH TO DATE    3.42                      2.69   0.73     2.46
  SINCE SEP 1      4.65                      6.58  -1.93     3.59
  SINCE JAN 1     33.23                     34.71  -1.48    45.90

SNOWFALL (IN)
  YESTERDAY        0.0
  MONTH TO DATE    0.0
  SINCE SEP 1      0.0
  SINCE JUL 1      0.0
  SNOW DEPTH       0

DEGREE DAYS
 HEATING
  YESTERDAY        8                        11     -3        5
  MONTH TO DATE  169                       224    -55      210
  SINCE SEP 1    188                       272    -84      243
  SINCE JUL 1    188                       273    -85      244

 COOLING
  YESTERDAY        0                         0      0        0
  MONTH TO DATE   18                        18      0       38
  SINCE SEP 1    158                       157      1      165
  SINCE JAN 1   1128                      1204    -76     1225
..................................................................


WIND (MPH)
  HIGHEST WIND SPEED    22   HIGHEST WIND DIRECTION    NW (310)
  HIGHEST GUST SPEED    26   HIGHEST GUST DIRECTION    NW (310)
  AVERAGE WIND SPEED     6.4


SKY COVER
  POSSIBLE SUNSHINE  MM
  AVERAGE SKY COVER 0.6


WEATHER CONDITIONS
 THE FOLLOWING WEATHER WAS RECORDED YESTERDAY.
  LIGHT RAIN


RELATIVE HUMIDITY (PERCENT)
 HIGHEST    78           600 AM
 LOWEST     42           500 PM
 AVERAGE    60

..........................................................


THE ROANOKE VA CLIMATE NORMALS FOR TODAY
                         NORMAL    RECORD    YEAR
 MAXIMUM TEMPERATURE (F)   65        85      1937
 MINIMUM TEMPERATURE (F)   42        23      1969


SUNRISE AND SUNSET
OCTOBER 30 2014.......SUNRISE   742 AM EDT   SUNSET   624 PM EDT
OCTOBER 31 2014.......SUNRISE   743 AM EDT   SUNSET   623 PM EDT


-  INDICATES NEGATIVE NUMBERS.
R  INDICATES RECORD WAS SET OR TIED.
MM INDICATES DATA IS MISSING.
T  INDICATES TRACE AMOUNT.




$$
