000
CDUS41 KBUF 031031
CLIROC


CLIMATE REPORT
NATIONAL WEATHER SERVICE BUFFALO NY
630 AM EDT THU SEP 3 2015


...................................

...THE ROCHESTER NY CLIMATE SUMMARY FOR SEPTEMBER 2 2015...

CLIMATE NORMAL PERIOD 1981 TO 2010
CLIMATE RECORD PERIOD 1871 TO 2015


WEATHER ITEM   OBSERVED TIME   RECORD YEAR NORMAL DEPARTURE LAST
                VALUE   (LST)  VALUE       VALUE  FROM      YEAR
                                                  NORMAL
..................................................................
TEMPERATURE (F)
 YESTERDAY
  MAXIMUM         88    225 PM  97    1953  76     12       83
  MINIMUM         64    552 AM  40    1885  57      7       65
  AVERAGE         76                        66     10       74

PRECIPITATION (IN)
  YESTERDAY        0.03          1.45 2006   0.11  -0.08     0.07
  MONTH TO DATE    0.03                      0.22  -0.19     0.14
  SINCE SEP 1      0.03                      0.22  -0.19     0.14
  SINCE JAN 1     26.16                     22.82   3.34    25.17

SNOWFALL (IN)
  YESTERDAY        0.0           0.0    MM   0.0    0.0      0.0
  MONTH TO DATE    0.0                       0.0    0.0      0.0
  SINCE SEP 1      0.0                       0.0    0.0      0.0
  SINCE JUL 1      0.0                       0.0    0.0      0.0
  SNOW DEPTH       0

DEGREE DAYS
 HEATING
  YESTERDAY        0                         2     -2        0
  MONTH TO DATE    0                         4     -4        0
  SINCE SEP 1      0                         4     -4        0
  SINCE JUL 1     19                        38    -19       25

 COOLING
  YESTERDAY       11                         3      8        9
  MONTH TO DATE   22                         6     16       21
  SINCE SEP 1     22                         6     16       21
  SINCE JAN 1    576                       490     86      485
..................................................................


WIND (MPH)
  HIGHEST WIND SPEED    16   HIGHEST WIND DIRECTION    NW (310)
  HIGHEST GUST SPEED    23   HIGHEST GUST DIRECTION    NW (320)
  AVERAGE WIND SPEED     5.2


SKY COVER
  AVERAGE SKY COVER 0.5


WEATHER CONDITIONS
 THE FOLLOWING WEATHER WAS RECORDED YESTERDAY.
  THUNDERSTORM
  RAIN
  FOG
  HAZE


RELATIVE HUMIDITY (PERCENT)
 HIGHEST    93           200 AM
 LOWEST     53           200 PM
 AVERAGE    73

..........................................................


THE ROCHESTER NY CLIMATE NORMALS FOR TODAY
                         NORMAL    RECORD    YEAR
 MAXIMUM TEMPERATURE (F)   76        99      1953
 MINIMUM TEMPERATURE (F)   56        41      1946


SUNRISE AND SUNSET
SEPTEMBER  3 2015.....SUNRISE   637 AM EDT   SUNSET   742 PM EDT
SEPTEMBER  4 2015.....SUNRISE   638 AM EDT   SUNSET   741 PM EDT


-  INDICATES NEGATIVE NUMBERS.
R  INDICATES RECORD WAS SET OR TIED.
MM INDICATES DATA IS MISSING.
T  INDICATES TRACE AMOUNT.




$$
