000
CDUS41 KBUF 241014
CLIROC


CLIMATE REPORT
NATIONAL WEATHER SERVICE BUFFALO NY
613 AM EDT FRI OCT 24 2014


...................................

...THE ROCHESTER NY CLIMATE SUMMARY FOR OCTOBER 23 2014...

CLIMATE NORMAL PERIOD 1981 TO 2010
CLIMATE RECORD PERIOD 1871 TO 2014


WEATHER ITEM   OBSERVED TIME   RECORD YEAR NORMAL DEPARTURE LAST
                VALUE   (LST)  VALUE       VALUE  FROM      YEAR
                                                  NORMAL
..................................................................
TEMPERATURE (F)
 YESTERDAY
  MAXIMUM         60    305 PM  79    1975  57      3       46
                                      1963
  MINIMUM         47    649 AM  22    1969  39      8       33
  AVERAGE         54                        48      6       40

PRECIPITATION (IN)
  YESTERDAY        0.00          2.34 1878   0.09  -0.09     0.05
  MONTH TO DATE    1.69                      2.03  -0.34     2.51
  SINCE SEP 1      3.02                      5.41  -2.39     4.92
  SINCE JAN 1     28.05                     28.01   0.04    30.13

SNOWFALL (IN)
  YESTERDAY        0.0           5.0  1880   0.0    0.0      0.0
  MONTH TO DATE    0.0                       0.0    0.0      0.0
  SINCE SEP 1      0.0                       0.0    0.0      0.0
  SINCE JUL 1      0.0                       0.0    0.0      0.0
  SNOW DEPTH       0

DEGREE DAYS
 HEATING
  YESTERDAY       11                        17     -6       25
  MONTH TO DATE  238                       307    -69      191
  SINCE SEP 1    362                       454    -92      363
  SINCE JUL 1    387                       488   -101      381

 COOLING
  YESTERDAY        0                         0      0        0
  MONTH TO DATE    9                         0      9       10
  SINCE SEP 1     77                        50     27       69
  SINCE JAN 1    541                       534      7      660
..................................................................


WIND (MPH)
  HIGHEST WIND SPEED    21   HIGHEST WIND DIRECTION    NW (320)
  HIGHEST GUST SPEED    28   HIGHEST GUST DIRECTION     N (340)
  AVERAGE WIND SPEED    12.0


SKY COVER
  AVERAGE SKY COVER 0.7


WEATHER CONDITIONS
 THE FOLLOWING WEATHER WAS RECORDED YESTERDAY.
  NO SIGNIFICANT WEATHER WAS OBSERVED.


RELATIVE HUMIDITY (PERCENT)
 HIGHEST    83           900 PM
 LOWEST     47           300 PM
 AVERAGE    65

..........................................................


THE ROCHESTER NY CLIMATE NORMALS FOR TODAY
                         NORMAL    RECORD    YEAR
 MAXIMUM TEMPERATURE (F)   57        81      1963
 MINIMUM TEMPERATURE (F)   39        23      1889


SUNRISE AND SUNSET
OCTOBER 24 2014.......SUNRISE   735 AM EDT   SUNSET   614 PM EDT
OCTOBER 25 2014.......SUNRISE   737 AM EDT   SUNSET   612 PM EDT


-  INDICATES NEGATIVE NUMBERS.
R  INDICATES RECORD WAS SET OR TIED.
MM INDICATES DATA IS MISSING.
T  INDICATES TRACE AMOUNT.

$$
