000
CDUS45 KABQ 060839
CLIROW


CLIMATE REPORT
NATIONAL WEATHER SERVICE ALBUQUERQUE NM
136 AM MST FRI MAR 6 2015


...................................

...THE ROSWELL NM CLIMATE SUMMARY FOR MARCH 5 2015...

CLIMATE NORMAL PERIOD 1981 TO 2010
CLIMATE RECORD PERIOD 1893 TO 2015


WEATHER ITEM   OBSERVED TIME   RECORD YEAR NORMAL DEPARTURE
                VALUE   (LST)  VALUE       VALUE  FROM
                                                  NORMAL
...............................................................
TEMPERATURE (F)
 YESTERDAY
  MAXIMUM         45    424 PM  87    1910  65    -20
  MINIMUM         26   1159 PM  14    1963  35     -9
  AVERAGE         36                        50    -14

PRECIPITATION (IN)
  YESTERDAY        0.00          0.65 1937   0.02  -0.02
  MONTH TO DATE    0.01                      0.08  -0.07
  SINCE MAR 1      0.01                      0.08  -0.07
  SINCE JAN 1      1.92                      0.88   1.04

SNOWFALL (IN)
  YESTERDAY        0.0
  MONTH TO DATE    T
  SINCE MAR 1      T
  SINCE JUL 1     16.2

DEGREE DAYS
 HEATING
  YESTERDAY       29                        15     14
  MONTH TO DATE  132                        78     54
  SINCE MAR 1    132                        78     54
  SINCE JUL 1   2849                      2785     64

 COOLING
  YESTERDAY        0                         0      0
  MONTH TO DATE    0                         0      0
  SINCE MAR 1      0                         0      0
  SINCE JAN 1      0                         0      0
...............................................................


WIND (MPH)
  HIGHEST WIND SPEED    17   HIGHEST WIND DIRECTION     S (170)
  HIGHEST GUST SPEED    22   HIGHEST GUST DIRECTION     S (160)
  AVERAGE WIND SPEED     7.0


SKY COVER
  AVERAGE SKY COVER 0.5


WEATHER CONDITIONS
 THE FOLLOWING WEATHER WAS RECORDED YESTERDAY.
  NO SIGNIFICANT WEATHER WAS OBSERVED.


RELATIVE HUMIDITY (PERCENT)
 HIGHEST    85           900 PM
 LOWEST     40           400 PM
 AVERAGE    63

..........................................................


THE ROSWELL NM CLIMATE NORMALS FOR TODAY
                         NORMAL    RECORD    YEAR
 MAXIMUM TEMPERATURE (F)   65        86      1972
                                             1910
 MINIMUM TEMPERATURE (F)   35        15      1948
                                             1920


SUNRISE AND SUNSET
MARCH  6 2015.........SUNRISE   620 AM MST   SUNSET   559 PM MST
MARCH  7 2015.........SUNRISE   619 AM MST   SUNSET   600 PM MST


-  INDICATES NEGATIVE NUMBERS.
R  INDICATES RECORD WAS SET OR TIED.
MM INDICATES DATA IS MISSING.
T  INDICATES TRACE AMOUNT.




$$
