000
CDUS45 KABQ 250835
CLIROW


CLIMATE REPORT
NATIONAL WEATHER SERVICE ALBUQUERQUE NM
234 AM MDT THU MAY 25 2017


...................................

...THE ROSWELL NM CLIMATE SUMMARY FOR MAY 24 2017...

CLIMATE NORMAL PERIOD 1981 TO 2010
CLIMATE RECORD PERIOD 1893 TO 2017


WEATHER ITEM   OBSERVED TIME   RECORD YEAR NORMAL DEPARTURE
                VALUE   (LST)  VALUE       VALUE  FROM
                                                  NORMAL
...............................................................
TEMPERATURE (F)
 YESTERDAY
  MAXIMUM         93    609 PM 107    2000  88      5
  MINIMUM         42    513 AM  32    1913  57    -15
  AVERAGE         68                        72     -4

PRECIPITATION (IN)
  YESTERDAY        0.00          4.44 2014   0.04  -0.04
  MONTH TO DATE    0.54                      0.95  -0.41
  SINCE MAR 1      2.31                      2.07   0.24
  SINCE JAN 1      3.56                      2.87   0.69

SNOWFALL (IN)
  YESTERDAY        0.0
  MONTH TO DATE    0.0
  SINCE MAR 1      0.0
  SINCE JUL 1      2.5

DEGREE DAYS
 HEATING
  YESTERDAY        0                         0      0
  MONTH TO DATE   10                        27    -17
  SINCE MAR 1    297                       578   -281
  SINCE JUL 1   2442                      3285   -843

 COOLING
  YESTERDAY        3                         8     -5
  MONTH TO DATE  104                       123    -19
  SINCE MAR 1    212                       163     49
  SINCE JAN 1    212                       163     49
...............................................................


WIND (MPH)
  HIGHEST WIND SPEED    20   HIGHEST WIND DIRECTION     S (200)
  HIGHEST GUST SPEED    23   HIGHEST GUST DIRECTION     S (200)
  AVERAGE WIND SPEED     8.0


SKY COVER
  AVERAGE SKY COVER 0.0


WEATHER CONDITIONS
 THE FOLLOWING WEATHER WAS RECORDED YESTERDAY.
  NO SIGNIFICANT WEATHER WAS OBSERVED.


RELATIVE HUMIDITY (PERCENT)
 HIGHEST    62           500 AM
 LOWEST     11           700 PM
 AVERAGE    37

..........................................................


THE ROSWELL NM CLIMATE NORMALS FOR TODAY
                         NORMAL    RECORD    YEAR
 MAXIMUM TEMPERATURE (F)   88       102      2006
 MINIMUM TEMPERATURE (F)   58        45      2010
                                             1971


SUNRISE AND SUNSET
MAY 25 2017...........SUNRISE   552 AM MDT   SUNSET   758 PM MDT
MAY 26 2017...........SUNRISE   552 AM MDT   SUNSET   759 PM MDT


-  INDICATES NEGATIVE NUMBERS.
R  INDICATES RECORD WAS SET OR TIED.
MM INDICATES DATA IS MISSING.
T  INDICATES TRACE AMOUNT.




$$
