000
CDUS45 KABQ 160935
CLIROW


CLIMATE REPORT
NATIONAL WEATHER SERVICE ALBUQUERQUE NM
332 AM MDT TUE SEP 16 2014


...................................

...THE ROSWELL NM CLIMATE SUMMARY FOR SEPTEMBER 15 2014...

CLIMATE NORMAL PERIOD 1981 TO 2010
CLIMATE RECORD PERIOD 1893 TO 2014


WEATHER ITEM   OBSERVED TIME   RECORD YEAR NORMAL DEPARTURE
                VALUE   (LST)  VALUE       VALUE  FROM
                                                  NORMAL
...............................................................
TEMPERATURE (F)
 YESTERDAY
  MAXIMUM         75    403 PM 101    1956  86    -11
  MINIMUM         62    639 AM  28    1923  59      3
  AVERAGE         69                        72     -3

PRECIPITATION (IN)
  YESTERDAY        0.00          2.02 1919   0.05  -0.05
  MONTH TO DATE    1.77                      0.82   0.95
  SINCE SEP 1      1.77                      0.82   0.95
  SINCE JAN 1     14.01                      9.75   4.26

SNOWFALL (IN)
  YESTERDAY        0.0
  MONTH TO DATE    0.0
  SINCE SEP 1      0.0
  SINCE JUL 1      0.0

DEGREE DAYS
 HEATING
  YESTERDAY        0                         0      0
  MONTH TO DATE   16                         0     16
  SINCE SEP 1     16                         0     16
  SINCE JUL 1     16                         0     16

 COOLING
  YESTERDAY        4                         8     -4
  MONTH TO DATE  130                       146    -16
  SINCE SEP 1    130                       146    -16
  SINCE JAN 1   1815                      1670    145
...............................................................


WIND (MPH)
  HIGHEST WIND SPEED    17   HIGHEST WIND DIRECTION     S (160)
  HIGHEST GUST SPEED    21   HIGHEST GUST DIRECTION     S (160)
  AVERAGE WIND SPEED     6.1


SKY COVER
  AVERAGE SKY COVER 0.8


WEATHER CONDITIONS
 THE FOLLOWING WEATHER WAS RECORDED YESTERDAY.
  FOG


RELATIVE HUMIDITY (PERCENT)
 HIGHEST    93           300 AM
 LOWEST     64           300 PM
 AVERAGE    79

..........................................................


THE ROSWELL NM CLIMATE NORMALS FOR TODAY
                         NORMAL    RECORD    YEAR
 MAXIMUM TEMPERATURE (F)   86       100      1956
 MINIMUM TEMPERATURE (F)   59        44      1961
                                             1951


SUNRISE AND SUNSET
SEPTEMBER 16 2014.....SUNRISE   642 AM MDT   SUNSET   703 PM MDT
SEPTEMBER 17 2014.....SUNRISE   643 AM MDT   SUNSET   702 PM MDT


-  INDICATES NEGATIVE NUMBERS.
R  INDICATES RECORD WAS SET OR TIED.
MM INDICATES DATA IS MISSING.
T  INDICATES TRACE AMOUNT.




$$
