000
CDUS45 KABQ 280825
CLIROW


CLIMATE REPORT
NATIONAL WEATHER SERVICE ALBUQUERQUE NM
125 AM MST FRI NOV 28 2014


...................................

...THE ROSWELL NM CLIMATE SUMMARY FOR NOVEMBER 27 2014...

CLIMATE NORMAL PERIOD 1981 TO 2010
CLIMATE RECORD PERIOD 1893 TO 2014


WEATHER ITEM   OBSERVED TIME   RECORD YEAR NORMAL DEPARTURE
                VALUE   (LST)  VALUE       VALUE  FROM
                                                  NORMAL
...............................................................
TEMPERATURE (F)
 YESTERDAY
  MAXIMUM         62    326 PM  83    1949  60      2
  MINIMUM         25    637 AM  13    1938  30     -5
  AVERAGE         44                        45     -1

PRECIPITATION (IN)
  YESTERDAY        0.00          0.46 1923   0.02  -0.02
  MONTH TO DATE    0.42                      0.53  -0.11
  SINCE SEP 1      5.66                      3.29   2.37
  SINCE JAN 1     17.90                     12.22   5.68

SNOWFALL (IN)
  YESTERDAY        0.0
  MONTH TO DATE    1.8
  SINCE SEP 1      1.8
  SINCE JUL 1      1.8

DEGREE DAYS
 HEATING
  YESTERDAY       21                        20      1
  MONTH TO DATE  518                       410    108
  SINCE SEP 1    612                       584     28
  SINCE JUL 1    612                       584     28

 COOLING
  YESTERDAY        0                         0      0
  MONTH TO DATE    0                         0      0
  SINCE SEP 1    243                       264    -21
  SINCE JAN 1   1928                      1788    140
...............................................................


WIND (MPH)
  HIGHEST WIND SPEED    16   HIGHEST WIND DIRECTION     S (160)
  HIGHEST GUST SPEED    21   HIGHEST GUST DIRECTION     S (160)
  AVERAGE WIND SPEED     6.5


SKY COVER
  AVERAGE SKY COVER 0.0


WEATHER CONDITIONS
 THE FOLLOWING WEATHER WAS RECORDED YESTERDAY.
  NO SIGNIFICANT WEATHER WAS OBSERVED.


RELATIVE HUMIDITY (PERCENT)
 HIGHEST    81           700 AM
 LOWEST     29           400 PM
 AVERAGE    55

..........................................................


THE ROSWELL NM CLIMATE NORMALS FOR TODAY
                         NORMAL    RECORD    YEAR
 MAXIMUM TEMPERATURE (F)   59        80      1949
 MINIMUM TEMPERATURE (F)   30        10      1976
                                             1919


SUNRISE AND SUNSET
NOVEMBER 28 2014......SUNRISE   641 AM MST   SUNSET   451 PM MST
NOVEMBER 29 2014......SUNRISE   642 AM MST   SUNSET   451 PM MST


-  INDICATES NEGATIVE NUMBERS.
R  INDICATES RECORD WAS SET OR TIED.
MM INDICATES DATA IS MISSING.
T  INDICATES TRACE AMOUNT.




$$
