000
CDUS45 KABQ 200839
CLIROW


CLIMATE REPORT
NATIONAL WEATHER SERVICE ALBUQUERQUE NM
238 AM MDT MON OCT 20 2014


...................................

...THE ROSWELL NM CLIMATE SUMMARY FOR OCTOBER 19 2014...

CLIMATE NORMAL PERIOD 1981 TO 2010
CLIMATE RECORD PERIOD 1893 TO 2014


WEATHER ITEM   OBSERVED TIME   RECORD YEAR NORMAL DEPARTURE
                VALUE   (LST)  VALUE       VALUE  FROM
                                                  NORMAL
...............................................................
TEMPERATURE (F)
 YESTERDAY
  MAXIMUM         71    414 PM  90    1921  75     -4
  MINIMUM         50    612 AM  26    1968  45      5
                                      1966
                                      1917
  AVERAGE         61                        60      1

PRECIPITATION (IN)
  YESTERDAY        0.00          1.47 1983   0.04  -0.04
  MONTH TO DATE    0.02                      0.79  -0.77
  SINCE SEP 1      4.76                      2.32   2.44
  SINCE JAN 1     17.00                     11.25   5.75

SNOWFALL (IN)
  YESTERDAY        0.0
  MONTH TO DATE    0.0
  SINCE SEP 1      0.0
  SINCE JUL 1      0.0

DEGREE DAYS
 HEATING
  YESTERDAY        4                         6     -2
  MONTH TO DATE   42                        67    -25
  SINCE SEP 1     60                        83    -23
  SINCE JUL 1     60                        83    -23

 COOLING
  YESTERDAY        0                         1     -1
  MONTH TO DATE   27                        33     -6
  SINCE SEP 1    232                       260    -28
  SINCE JAN 1   1917                      1784    133
...............................................................


WIND (MPH)
  HIGHEST WIND SPEED    10   HIGHEST WIND DIRECTION     S (160)
  HIGHEST GUST SPEED    13   HIGHEST GUST DIRECTION    SE (140)
  AVERAGE WIND SPEED     3.6


SKY COVER
  AVERAGE SKY COVER 0.1


WEATHER CONDITIONS
 THE FOLLOWING WEATHER WAS RECORDED YESTERDAY.
  NO SIGNIFICANT WEATHER WAS OBSERVED.


RELATIVE HUMIDITY (PERCENT)
 HIGHEST    89           100 AM
 LOWEST     57           300 PM
 AVERAGE    73

..........................................................


THE ROSWELL NM CLIMATE NORMALS FOR TODAY
                         NORMAL    RECORD    YEAR
 MAXIMUM TEMPERATURE (F)   74        96      2007
 MINIMUM TEMPERATURE (F)   45        19      1898


SUNRISE AND SUNSET
OCTOBER 20 2014.......SUNRISE   707 AM MDT   SUNSET   619 PM MDT
OCTOBER 21 2014.......SUNRISE   707 AM MDT   SUNSET   618 PM MDT


-  INDICATES NEGATIVE NUMBERS.
R  INDICATES RECORD WAS SET OR TIED.
MM INDICATES DATA IS MISSING.
T  INDICATES TRACE AMOUNT.




$$
