000
CDUS45 KABQ 310825
CLIROW


CLIMATE REPORT
NATIONAL WEATHER SERVICE ALBUQUERQUE NM
225 AM MDT SUN AUG 31 2014


...................................

...THE ROSWELL NM CLIMATE SUMMARY FOR AUGUST 30 2014...

CLIMATE NORMAL PERIOD 1981 TO 2010
CLIMATE RECORD PERIOD 1893 TO 2014


WEATHER ITEM   OBSERVED TIME   RECORD YEAR NORMAL DEPARTURE
                VALUE   (LST)  VALUE       VALUE  FROM
                                                  NORMAL
...............................................................
TEMPERATURE (F)
 YESTERDAY
  MAXIMUM         96    352 PM 104    2011  90      6
  MINIMUM         64    557 AM  52    1915  64      0
  AVERAGE         80                        77      3

PRECIPITATION (IN)
  YESTERDAY        0.00          1.70 1912   0.06  -0.06
  MONTH TO DATE    2.53                      1.92   0.61
  SINCE JUN 1      7.38                      5.71   1.67
  SINCE JAN 1     12.24                      8.88   3.36

SNOWFALL (IN)
  YESTERDAY        0.0
  MONTH TO DATE    0.0
  SINCE JUN 1      0.0
  SINCE JUL 1      0.0

DEGREE DAYS
 HEATING
  YESTERDAY        0                         0      0
  MONTH TO DATE    0                         0      0
  SINCE JUN 1      0                         1     -1
  SINCE JUL 1      0                         0      0

 COOLING
  YESTERDAY       15                        12      3
  MONTH TO DATE  436                       415     21
  SINCE JUN 1   1414                      1288    126
  SINCE JAN 1   1668                      1513    155
...............................................................


WIND (MPH)
  HIGHEST WIND SPEED    17   HIGHEST WIND DIRECTION    SE (140)
  HIGHEST GUST SPEED    24   HIGHEST GUST DIRECTION    SE (150)
  AVERAGE WIND SPEED     7.4


SKY COVER
  AVERAGE SKY COVER 0.0


WEATHER CONDITIONS
 THE FOLLOWING WEATHER WAS RECORDED YESTERDAY.
  NO SIGNIFICANT WEATHER WAS OBSERVED.


RELATIVE HUMIDITY (PERCENT)
 HIGHEST    78           600 AM
 LOWEST     17           400 PM
 AVERAGE    48

..........................................................


THE ROSWELL NM CLIMATE NORMALS FOR TODAY
                         NORMAL    RECORD    YEAR
 MAXIMUM TEMPERATURE (F)   90       104      2011
 MINIMUM TEMPERATURE (F)   64        48      1915


SUNRISE AND SUNSET
AUGUST 31 2014........SUNRISE   632 AM MDT   SUNSET   725 PM MDT
SEPTEMBER  1 2014.....SUNRISE   632 AM MDT   SUNSET   723 PM MDT


-  INDICATES NEGATIVE NUMBERS.
R  INDICATES RECORD WAS SET OR TIED.
MM INDICATES DATA IS MISSING.
T  INDICATES TRACE AMOUNT.




$$
