000
CDUS45 KABQ 240835
CLIROW


CLIMATE REPORT
NATIONAL WEATHER SERVICE ALBUQUERQUE NM
232 AM MDT MON APR 24 2017


...................................

...THE ROSWELL NM CLIMATE SUMMARY FOR APRIL 23 2017...

CLIMATE NORMAL PERIOD 1981 TO 2010
CLIMATE RECORD PERIOD 1893 TO 2017


WEATHER ITEM   OBSERVED TIME   RECORD YEAR NORMAL DEPARTURE
                VALUE   (LST)  VALUE       VALUE  FROM
                                                  NORMAL
...............................................................
TEMPERATURE (F)
 YESTERDAY
  MAXIMUM         76    355 PM  95    2006  79     -3
                                      1965
  MINIMUM         42    523 AM  30    1944  47     -5
                                      1899
  AVERAGE         59                        63     -4

PRECIPITATION (IN)
  YESTERDAY        0.00          0.48 1922   0.02  -0.02
  MONTH TO DATE    1.21                      0.42   0.79
  SINCE MAR 1      1.53                      0.93   0.60
  SINCE JAN 1      2.78                      1.73   1.05

SNOWFALL (IN)
  YESTERDAY        0.0
  MONTH TO DATE    0.0
  SINCE MAR 1      0.0
  SINCE JUL 1      2.5

DEGREE DAYS
 HEATING
  YESTERDAY        6                         4      2
  MONTH TO DATE   78                       142    -64
  SINCE MAR 1    253                       529   -276
  SINCE JUL 1   2398                      3236   -838

 COOLING
  YESTERDAY        0                         2     -2
  MONTH TO DATE   57                        21     36
  SINCE MAR 1     91                        24     67
  SINCE JAN 1     91                        24     67
...............................................................


WIND (MPH)
  HIGHEST WIND SPEED    25   HIGHEST WIND DIRECTION    SE (150)
  HIGHEST GUST SPEED    32   HIGHEST GUST DIRECTION     S (170)
  AVERAGE WIND SPEED    14.3


SKY COVER
  AVERAGE SKY COVER 0.1


WEATHER CONDITIONS
 THE FOLLOWING WEATHER WAS RECORDED YESTERDAY.
  NO SIGNIFICANT WEATHER WAS OBSERVED.


RELATIVE HUMIDITY (PERCENT)
 HIGHEST    67           500 AM
 LOWEST     21           300 PM
 AVERAGE    44

..........................................................


THE ROSWELL NM CLIMATE NORMALS FOR TODAY
                         NORMAL    RECORD    YEAR
 MAXIMUM TEMPERATURE (F)   79        96      2012
                                             1996
                                             1943
 MINIMUM TEMPERATURE (F)   48        31      2013
                                             1968


SUNRISE AND SUNSET
APRIL 24 2017.........SUNRISE   617 AM MDT   SUNSET   736 PM MDT
APRIL 25 2017.........SUNRISE   616 AM MDT   SUNSET   736 PM MDT


-  INDICATES NEGATIVE NUMBERS.
R  INDICATES RECORD WAS SET OR TIED.
MM INDICATES DATA IS MISSING.
T  INDICATES TRACE AMOUNT.




$$
