000
CDUS45 KABQ 260832
CLIROW


CLIMATE REPORT
NATIONAL WEATHER SERVICE ALBUQUERQUE NM
231 AM MDT SUN MAR 26 2017


...................................

...THE ROSWELL NM CLIMATE SUMMARY FOR MARCH 25 2017...

CLIMATE NORMAL PERIOD 1981 TO 2010
CLIMATE RECORD PERIOD 1893 TO 2017


WEATHER ITEM   OBSERVED TIME   RECORD YEAR NORMAL DEPARTURE
                VALUE   (LST)  VALUE       VALUE  FROM
                                                  NORMAL
...............................................................
TEMPERATURE (F)
 YESTERDAY
  MAXIMUM         79    401 PM  91    2012  71      8
  MINIMUM         33    501 AM  23    1955  39     -6
  AVERAGE         56                        55      1

PRECIPITATION (IN)
  YESTERDAY        0.00          0.89 1941   0.02  -0.02
  MONTH TO DATE    T                         0.41  -0.41
  SINCE MAR 1      T                         0.41  -0.41
  SINCE JAN 1      1.25                      1.21   0.04

SNOWFALL (IN)
  YESTERDAY        0.0
  MONTH TO DATE    0.0
  SINCE MAR 1      0.0
  SINCE JUL 1      2.5

DEGREE DAYS
 HEATING
  YESTERDAY        9                        10     -1
  MONTH TO DATE  147                       331   -184
  SINCE MAR 1    147                       331   -184
  SINCE JUL 1   2292                      3038   -746

 COOLING
  YESTERDAY        0                         0      0
  MONTH TO DATE   32                         0     32
  SINCE MAR 1     32                         0     32
  SINCE JAN 1     32                         0     32
...............................................................


WIND (MPH)
  HIGHEST WIND SPEED    23   HIGHEST WIND DIRECTION     S (160)
  HIGHEST GUST SPEED    32   HIGHEST GUST DIRECTION     S (160)
  AVERAGE WIND SPEED    12.5


SKY COVER
  AVERAGE SKY COVER 0.0


WEATHER CONDITIONS
 THE FOLLOWING WEATHER WAS RECORDED YESTERDAY.
  NO SIGNIFICANT WEATHER WAS OBSERVED.


RELATIVE HUMIDITY (PERCENT)
 HIGHEST    59           500 AM
 LOWEST     15           300 PM
 AVERAGE    37

..........................................................


THE ROSWELL NM CLIMATE NORMALS FOR TODAY
                         NORMAL    RECORD    YEAR
 MAXIMUM TEMPERATURE (F)   71        91      2012
 MINIMUM TEMPERATURE (F)   39        20      1931


SUNRISE AND SUNSET
MARCH 26 2017.........SUNRISE   653 AM MDT   SUNSET   714 PM MDT
MARCH 27 2017.........SUNRISE   652 AM MDT   SUNSET   715 PM MDT


-  INDICATES NEGATIVE NUMBERS.
R  INDICATES RECORD WAS SET OR TIED.
MM INDICATES DATA IS MISSING.
T  INDICATES TRACE AMOUNT.




$$
