000
CDUS43 KARX 220639
CLIRST


CLIMATE REPORT
NATIONAL WEATHER SERVICE LA CROSSE WI
139 AM CDT MON SEP 22 2014


...................................

...THE ROCHESTER MN CLIMATE SUMMARY FOR SEPTEMBER 21 2014...

CLIMATE NORMAL PERIOD 1981 TO 2010
CLIMATE RECORD PERIOD 1886 TO 2014


WEATHER ITEM   OBSERVED TIME   RECORD YEAR NORMAL DEPARTURE LAST
                VALUE   (LST)  VALUE       VALUE  FROM      YEAR
                                                  NORMAL
..................................................................
TEMPERATURE (F)
 YESTERDAY
  MAXIMUM         64    326 PM  94    1908  69     -5       65
  MINIMUM         47   1159 PM  27    1918  48     -1       43
  AVERAGE         56                        59     -3       54

PRECIPITATION (IN)
  YESTERDAY        0.00          1.38 1986   0.12  -0.12     0.00
  MONTH TO DATE    3.46                      2.48   0.98     0.84
  SINCE SEP 1      3.46                      2.48   0.98     0.84
  SINCE JAN 1     28.88                     26.67   2.21    35.54

SNOWFALL (IN)
  YESTERDAY        0.0           0.0  2012   0.0    0.0      0.0
  MONTH TO DATE    0.0                       0.0    0.0      0.0
  SINCE JUL 1      0.0                       0.0    0.0      0.0
  SNOW DEPTH       0

DEGREE DAYS
 HEATING
  YESTERDAY        9                         7      2       11
  MONTH TO DATE  131                        92     39       81
  SINCE JUL 1    156                       130     26      115

 COOLING
  YESTERDAY        0                         1     -1        0
  MONTH TO DATE   23                        46    -23       91
  SINCE JAN 1    483                       571    -88      647
..................................................................


WIND (MPH)
  HIGHEST WIND SPEED    23   HIGHEST WIND DIRECTION     N (340)
  HIGHEST GUST SPEED    32   HIGHEST GUST DIRECTION    NW (320)
  AVERAGE WIND SPEED    12.8


SKY COVER
  POSSIBLE SUNSHINE  MM
  AVERAGE SKY COVER 0.4


WEATHER CONDITIONS
 THE FOLLOWING WEATHER WAS RECORDED YESTERDAY.
  NO SIGNIFICANT WEATHER WAS OBSERVED.


RELATIVE HUMIDITY (PERCENT)
 HIGHEST    93           200 AM
 LOWEST     52           400 PM
 AVERAGE    73

..........................................................


THE ROCHESTER MN CLIMATE NORMALS FOR TODAY
                         NORMAL    RECORD    YEAR
 MAXIMUM TEMPERATURE (F)   69        95      1908
 MINIMUM TEMPERATURE (F)   48        24      1974


SUNRISE AND SUNSET
SEPTEMBER 22 2014.....SUNRISE   657 AM CDT   SUNSET   707 PM CDT
SEPTEMBER 23 2014.....SUNRISE   658 AM CDT   SUNSET   705 PM CDT


-  INDICATES NEGATIVE NUMBERS.
R  INDICATES RECORD WAS SET OR TIED.
MM INDICATES DATA IS MISSING.
T  INDICATES TRACE AMOUNT.




$$
