599
CDUS43 KARX 120642
CLIRST


CLIMATE REPORT
NATIONAL WEATHER SERVICE LA CROSSE WI
1242 AM CST TUE DEC 12 2017


...................................

...THE ROCHESTER MN CLIMATE SUMMARY FOR DECEMBER 11 2017...

CLIMATE NORMAL PERIOD 1981 TO 2010
CLIMATE RECORD PERIOD 1886 TO 2017


WEATHER ITEM   OBSERVED TIME   RECORD YEAR NORMAL DEPARTURE LAST
                VALUE   (LST)  VALUE       VALUE  FROM      YEAR
                                                  NORMAL
..................................................................
TEMPERATURE (F)
 YESTERDAY
  MAXIMUM         34   1218 PM  54    1949  28      6       23
  MINIMUM         16   1159 PM -22    1934  13      3       13
  AVERAGE         25                        21      4       18

PRECIPITATION (IN)
  YESTERDAY        0.17          1.36 2010   0.05   0.12     0.29
  MONTH TO DATE    0.25                      0.53  -0.28     0.91
  SINCE DEC 1      0.25                      0.53  -0.28     0.91
  SINCE JAN 1     32.43                     32.32   0.11    42.39

SNOWFALL (IN)
  YESTERDAY        1.1          15.0  2010   0.4    0.7      4.2
  MONTH TO DATE    1.9                       4.6   -2.7     11.6
  SINCE JUL 1      5.2                      11.5   -6.3     12.6
  SNOW DEPTH       0

DEGREE DAYS
 HEATING
  YESTERDAY       40                        44     -4       47
  MONTH TO DATE  407                       464    -57      462
  SINCE JUL 1   1985                      2136   -151     1597

 COOLING
  YESTERDAY        0                         0      0        0
  MONTH TO DATE    0                         0      0        0
  SINCE JAN 1    494                       585    -91      629
..................................................................


WIND (MPH)
  HIGHEST WIND SPEED    31   HIGHEST WIND DIRECTION     N (350)
  HIGHEST GUST SPEED    39   HIGHEST GUST DIRECTION    NW (330)
  AVERAGE WIND SPEED    15.4


SKY COVER
  POSSIBLE SUNSHINE  MM
  AVERAGE SKY COVER 0.9


WEATHER CONDITIONS
 THE FOLLOWING WEATHER WAS RECORDED YESTERDAY.
  LIGHT RAIN
  LT FREEZING RAIN
  LIGHT SNOW
  FOG


RELATIVE HUMIDITY (PERCENT)
 HIGHEST   100           900 AM
 LOWEST     68           700 PM
 AVERAGE    84

..........................................................


THE ROCHESTER MN CLIMATE NORMALS FOR TODAY
                         NORMAL    RECORD    YEAR
 MAXIMUM TEMPERATURE (F)   28        58      1968
 MINIMUM TEMPERATURE (F)   13       -20      1958


SUNRISE AND SUNSET
DECEMBER 12 2017......SUNRISE   735 AM CST   SUNSET   432 PM CST
DECEMBER 13 2017......SUNRISE   736 AM CST   SUNSET   432 PM CST


-  INDICATES NEGATIVE NUMBERS.
R  INDICATES RECORD WAS SET OR TIED.
MM INDICATES DATA IS MISSING.
T  INDICATES TRACE AMOUNT.




$$
