000
CDUS43 KARX 050723
CLIRST


CLIMATE REPORT
NATIONAL WEATHER SERVICE LA CROSSE WI
123 AM CST MON DEC 5 2016


...................................

...THE ROCHESTER MN CLIMATE SUMMARY FOR DECEMBER 4 2016...

CLIMATE NORMAL PERIOD 1981 TO 2010
CLIMATE RECORD PERIOD 1886 TO 2016


WEATHER ITEM   OBSERVED TIME   RECORD YEAR NORMAL DEPARTURE LAST
                VALUE   (LST)  VALUE       VALUE  FROM      YEAR
                                                  NORMAL
..................................................................
TEMPERATURE (F)
 YESTERDAY
  MAXIMUM         34   1025 PM  57    1941  31      3       43
  MINIMUM         31   1141 PM -15    1886  16     15       22
  AVERAGE         33                        24      9       33

PRECIPITATION (IN)
  YESTERDAY        0.25          0.84 1960   0.05   0.20     0.00
  MONTH TO DATE    0.28                      0.20   0.08     0.03
  SINCE DEC 1      0.28                      0.20   0.08     0.03
  SINCE JAN 1     41.76                     31.99   9.77    32.42

SNOWFALL (IN)
  YESTERDAY        2.6           5.9  1973   0.4    2.2      0.0
  MONTH TO DATE    2.6                       1.6    0.0       T
  SINCE JUL 1      3.6                       8.5   -4.9      2.5
  SNOW DEPTH       1

DEGREE DAYS
 HEATING
  YESTERDAY       32                        41     -9       32
  MONTH TO DATE  132                       162    -30      142
  SINCE JUL 1   1267                      1834   -567     1492

 COOLING
  YESTERDAY        0                         0      0        0
  MONTH TO DATE    0                         0      0        0
  SINCE JAN 1    629                       585     44      507
..................................................................


WIND (MPH)
  HIGHEST WIND SPEED    20   HIGHEST WIND DIRECTION    SW (230)
  HIGHEST GUST SPEED    23   HIGHEST GUST DIRECTION    SW (230)
  AVERAGE WIND SPEED    13.2


SKY COVER
  POSSIBLE SUNSHINE  MM
  AVERAGE SKY COVER 1.0


WEATHER CONDITIONS
 THE FOLLOWING WEATHER WAS RECORDED YESTERDAY.
  SNOW
  LIGHT SNOW
  FOG


RELATIVE HUMIDITY (PERCENT)
 HIGHEST   100           100 AM
 LOWEST     89           300 PM
 AVERAGE    95

..........................................................


THE ROCHESTER MN CLIMATE NORMALS FOR TODAY
                         NORMAL    RECORD    YEAR
 MAXIMUM TEMPERATURE (F)   31        62      1916
 MINIMUM TEMPERATURE (F)   16       -10      1934


SUNRISE AND SUNSET
DECEMBER  5 2016......SUNRISE   729 AM CST   SUNSET   432 PM CST
DECEMBER  6 2016......SUNRISE   730 AM CST   SUNSET   432 PM CST


-  INDICATES NEGATIVE NUMBERS.
R  INDICATES RECORD WAS SET OR TIED.
MM INDICATES DATA IS MISSING.
T  INDICATES TRACE AMOUNT.




$$
