000
CDUS45 KPIH 250733
CLIRXE


CLIMATE REPORT
NATIONAL WEATHER SERVICE POCATELLO ID
1232 AM MST SAT NOV 25 2017


...................................

...THE REXBURG ID CLIMATE SUMMARY FOR NOVEMBER 24 2017...

CLIMATE NORMAL PERIOD 1981 TO 2010
CLIMATE RECORD PERIOD 1998 TO 2017


WEATHER ITEM   OBSERVED TIME   RECORD YEAR NORMAL DEPARTURE LAST
                VALUE   (LST)  VALUE       VALUE  FROM      YEAR
                                                  NORMAL
..................................................................
TEMPERATURE (F)
 YESTERDAY
  MAXIMUM         50   1225 AM  53    2011  35     15       37
  MINIMUM         37   1051 PM   1    2010  18     19       25
  AVERAGE         44                        26     18       31

PRECIPITATION (IN)
  YESTERDAY        0.07         MM      MM   0.03   0.04     0.00
  MONTH TO DATE    0.77                      0.88  -0.11     0.13
  SINCE OCT 1      1.20                      1.99  -0.79     3.52
  SINCE JAN 1     11.56                     11.87  -0.31    11.25

SNOWFALL (IN)
  YESTERDAY       MM
  MONTH TO DATE   MM
  SINCE SEP 1     MM
  SINCE JUL 1     MM
  SNOW DEPTH      MM

DEGREE DAYS
 HEATING
  YESTERDAY       21                        39    -18       34
  MONTH TO DATE  663                       785   -122      573
  SINCE SEP 1   1678                      1699    -21     1380
  SINCE JUL 1   1691                      1772    -81     1444

 COOLING
  YESTERDAY        0                         0      0        0
  MONTH TO DATE    0                         0      0        0
  SINCE SEP 1     38                         6     32       14
  SINCE JAN 1    347                       208    139      261
..................................................................


WIND (MPH)
  HIGHEST WIND SPEED    23   HIGHEST WIND DIRECTION    SW (210)
  HIGHEST GUST SPEED    32   HIGHEST GUST DIRECTION     S (200)
  AVERAGE WIND SPEED    11.8


SKY COVER
  POSSIBLE SUNSHINE  MM
  AVERAGE SKY COVER 0.5


WEATHER CONDITIONS
 THE FOLLOWING WEATHER WAS RECORDED YESTERDAY.
  RAIN
  FOG


RELATIVE HUMIDITY (PERCENT)
 HIGHEST    96           900 AM
 LOWEST     61          1200 AM
 AVERAGE    79

..........................................................


THE REXBURG ID CLIMATE NORMALS FOR TODAY
                         NORMAL    RECORD    YEAR
 MAXIMUM TEMPERATURE (F)   35        46      2008
 MINIMUM TEMPERATURE (F)   17         0      2010


SUNRISE AND SUNSET
NOVEMBER 25 2017......SUNRISE   735 AM MST   SUNSET   454 PM MST
NOVEMBER 26 2017......SUNRISE   736 AM MST   SUNSET   453 PM MST


-  INDICATES NEGATIVE NUMBERS.
R  INDICATES RECORD WAS SET OR TIED.
MM INDICATES DATA IS MISSING.
T  INDICATES TRACE AMOUNT.




$$
