000
CDUS45 KPIH 280731
CLIRXE


CLIMATE REPORT
NATIONAL WEATHER SERVICE POCATELLO ID
129 AM MDT WED JUN 28 2017


...................................

...THE REXBURG ID CLIMATE SUMMARY FOR JUNE 27 2017...

CLIMATE NORMAL PERIOD 1981 TO 2010
CLIMATE RECORD PERIOD 1998 TO 2017


WEATHER ITEM   OBSERVED TIME   RECORD YEAR NORMAL DEPARTURE LAST
                VALUE   (LST)  VALUE       VALUE  FROM      YEAR
                                                  NORMAL
..................................................................
TEMPERATURE (F)
 YESTERDAY
  MAXIMUM         76    538 PM  95    2015  78     -2       90
  MINIMUM         55   1159 PM  40    1999  47      8       47
  AVERAGE         66                        62      4       69

PRECIPITATION (IN)
  YESTERDAY        0.19         MM      MM   0.01   0.18     0.00
  MONTH TO DATE    1.79                      1.32   0.47     0.05
  SINCE OCT 1     13.88                     10.40   3.48     8.91
  SINCE JAN 1      8.12                      7.19   0.93     5.75

SNOWFALL (IN)
  YESTERDAY       MM
  MONTH TO DATE   MM
  SINCE JUN 1     MM
  SINCE JUL 1     MM
  SNOW DEPTH      MM

DEGREE DAYS
 HEATING
  YESTERDAY        0                         3     -3        0
  MONTH TO DATE  101                       162    -61       70
  SINCE JUN 1    101                       162    -61       70
  SINCE JUL 1   7642                      8120   -478     7374

 COOLING
  YESTERDAY        1                         1      0        4
  MONTH TO DATE   31                        15     16       31
  SINCE JUN 1     31                        15     16       31
  SINCE JAN 1     32                        19     13       31
..................................................................


WIND (MPH)
  HIGHEST WIND SPEED    29   HIGHEST WIND DIRECTION    NE (40)
  HIGHEST GUST SPEED    39   HIGHEST GUST DIRECTION    NE (30)
  AVERAGE WIND SPEED    10.0


SKY COVER
  POSSIBLE SUNSHINE  MM
  AVERAGE SKY COVER 0.3


WEATHER CONDITIONS
 THE FOLLOWING WEATHER WAS RECORDED YESTERDAY.
  THUNDERSTORM
  RAIN
  LIGHT RAIN
  FOG


RELATIVE HUMIDITY (PERCENT)
 HIGHEST    83          1100 PM
 LOWEST     35           500 PM
 AVERAGE    59

..........................................................


THE REXBURG ID CLIMATE NORMALS FOR TODAY
                         NORMAL    RECORD    YEAR
 MAXIMUM TEMPERATURE (F)   78        96      2015
 MINIMUM TEMPERATURE (F)   48        40      1999


SUNRISE AND SUNSET
JUNE 28 2017..........SUNRISE   548 AM MDT   SUNSET   913 PM MDT
JUNE 29 2017..........SUNRISE   548 AM MDT   SUNSET   913 PM MDT


-  INDICATES NEGATIVE NUMBERS.
R  INDICATES RECORD WAS SET OR TIED.
MM INDICATES DATA IS MISSING.
T  INDICATES TRACE AMOUNT.




$$
