527
CDUS45 KPIH 260734
CLIRXE


CLIMATE REPORT
NATIONAL WEATHER SERVICE POCATELLO ID
132 AM MDT THU MAY 26 2016


...................................

...THE REXBURG ID CLIMATE SUMMARY FOR MAY 25 2016...

CLIMATE NORMAL PERIOD 1981 TO 2010
CLIMATE RECORD PERIOD 1998 TO 2016


WEATHER ITEM   OBSERVED TIME   RECORD YEAR NORMAL DEPARTURE LAST
                VALUE   (LST)  VALUE       VALUE  FROM      YEAR
                                                  NORMAL
..................................................................
TEMPERATURE (F)
 YESTERDAY
  MAXIMUM         60    249 PM  87    2003  69     -9       67
  MINIMUM         43   1159 PM  34    2005  42      1       44
                                      2004
  AVERAGE         52                        55     -3       56

PRECIPITATION (IN)
  YESTERDAY        0.11         MM      MM   0.06   0.05      T
  MONTH TO DATE    2.03                      1.37   0.66     2.40
  SINCE OCT 1      8.85                      8.69   0.16     6.98
  SINCE JAN 1      5.69                      5.48   0.21     4.21

SNOWFALL (IN)
  YESTERDAY       MM
  MONTH TO DATE   MM
  SINCE MAR 1     MM
  SINCE JUL 1     MM
  SNOW DEPTH      MM

DEGREE DAYS
 HEATING
  YESTERDAY       13                        10      3        9
  MONTH TO DATE  306                       336    -30      292
  SINCE MAR 1   1666                      1928   -262     1628
  SINCE JUL 1   7243                      7901   -658     6712

 COOLING
  YESTERDAY        0                         0      0        0
  MONTH TO DATE    0                         0      0        0
  SINCE MAR 1      0                         0      0        0
  SINCE JAN 1      0                         0      0        0
..................................................................


WIND (MPH)
  HIGHEST WIND SPEED    14   HIGHEST WIND DIRECTION    SW (240)
  HIGHEST GUST SPEED    17   HIGHEST GUST DIRECTION    SW (240)
  AVERAGE WIND SPEED     5.3


SKY COVER
  POSSIBLE SUNSHINE  MM
  AVERAGE SKY COVER 0.7


WEATHER CONDITIONS
 THE FOLLOWING WEATHER WAS RECORDED YESTERDAY.
  THUNDERSTORM
  LIGHT RAIN
  FOG


RELATIVE HUMIDITY (PERCENT)
 HIGHEST    92           300 AM
 LOWEST     51           300 PM
 AVERAGE    72

..........................................................


THE REXBURG ID CLIMATE NORMALS FOR TODAY
                         NORMAL    RECORD    YEAR
 MAXIMUM TEMPERATURE (F)   69        82      2014
 MINIMUM TEMPERATURE (F)   42        36      2011


SUNRISE AND SUNSET
MAY 26 2016...........SUNRISE   551 AM MDT   SUNSET   858 PM MDT
MAY 27 2016...........SUNRISE   551 AM MDT   SUNSET   859 PM MDT


-  INDICATES NEGATIVE NUMBERS.
R  INDICATES RECORD WAS SET OR TIED.
MM INDICATES DATA IS MISSING.
T  INDICATES TRACE AMOUNT.




$$
