000
CDUS45 KPIH 210735
CLIRXE


CLIMATE REPORT
NATIONAL WEATHER SERVICE POCATELLO ID
133 AM MDT THU AUG 21 2014


...................................

...THE REXBURG ID CLIMATE SUMMARY FOR AUGUST 20 2014...

CLIMATE NORMAL PERIOD 1981 TO 2010
CLIMATE RECORD PERIOD 1998 TO 2014


WEATHER ITEM   OBSERVED TIME   RECORD YEAR NORMAL DEPARTURE LAST
                VALUE   (LST)  VALUE       VALUE  FROM      YEAR
                                                  NORMAL
..................................................................
TEMPERATURE (F)
 YESTERDAY
  MAXIMUM         77    328 PM  92    2013  83     -6       92
  MINIMUM         50    626 AM  44    2006  48      2       56
  AVERAGE         64                        66     -2       74

PRECIPITATION (IN)
  YESTERDAY        0.38         MM      MM   0.03   0.35     0.00
  MONTH TO DATE    2.78                      0.56   2.22      T
  SINCE OCT 1     11.73                     11.73   0.00     8.51
  SINCE JAN 1      9.87                      8.52   1.35     5.12

SNOWFALL (IN)
  YESTERDAY       MM
  MONTH TO DATE   MM
  SINCE JUN 1     MM
  SINCE JUL 1     MM
  SNOW DEPTH      MM

DEGREE DAYS
 HEATING
  YESTERDAY        1                         1      0        0
  MONTH TO DATE    2                        13    -11        0
  SINCE JUN 1    165                       215    -50      117
  SINCE JUL 1     10                        43    -33        0

 COOLING
  YESTERDAY        0                         2     -2        9
  MONTH TO DATE   55                        70    -15      110
  SINCE JUN 1    221                       180     41      362
  SINCE JAN 1    221                       184     37      364
..................................................................


WIND (MPH)
  HIGHEST WIND SPEED    37   HIGHEST WIND DIRECTION     W (290)
  HIGHEST GUST SPEED    48   HIGHEST GUST DIRECTION     W (290)
  AVERAGE WIND SPEED     5.9


SKY COVER
  POSSIBLE SUNSHINE  MM
  AVERAGE SKY COVER 0.4


WEATHER CONDITIONS
 THE FOLLOWING WEATHER WAS RECORDED YESTERDAY.
  THUNDERSTORM
  HEAVY RAIN
  RAIN
  LIGHT RAIN
  FOG


RELATIVE HUMIDITY (PERCENT)
 HIGHEST    96           500 AM
 LOWEST     36           300 PM
 AVERAGE    66

..........................................................


THE REXBURG ID CLIMATE NORMALS FOR TODAY
                         NORMAL    RECORD    YEAR
 MAXIMUM TEMPERATURE (F)   83        94      2009
 MINIMUM TEMPERATURE (F)   48        41      2000


SUNRISE AND SUNSET
AUGUST 21 2014........SUNRISE   638 AM MDT   SUNSET   822 PM MDT
AUGUST 22 2014........SUNRISE   639 AM MDT   SUNSET   820 PM MDT


-  INDICATES NEGATIVE NUMBERS.
R  INDICATES RECORD WAS SET OR TIED.
MM INDICATES DATA IS MISSING.
T  INDICATES TRACE AMOUNT.




$$
