654
CDUS45 KPIH 040731
CLIRXE


CLIMATE REPORT
NATIONAL WEATHER SERVICE POCATELLO ID
130 AM MDT WED MAY 4 2016


...................................

...THE REXBURG ID CLIMATE SUMMARY FOR MAY 3 2016...

CLIMATE NORMAL PERIOD 1981 TO 2010
CLIMATE RECORD PERIOD 1998 TO 2016


WEATHER ITEM   OBSERVED TIME   RECORD YEAR NORMAL DEPARTURE LAST
                VALUE   (LST)  VALUE       VALUE  FROM      YEAR
                                                  NORMAL
..................................................................
TEMPERATURE (F)
 YESTERDAY
  MAXIMUM         73    218 PM  78    2004  62     11       72
  MINIMUM         33    547 AM  26    2006  35     -2       38
  AVERAGE         53                        49      4       55

PRECIPITATION (IN)
  YESTERDAY        0.00         MM      MM   0.05  -0.05     0.01
  MONTH TO DATE    0.00                      0.16  -0.16     0.01
  SINCE OCT 1      6.82                      7.48  -0.66     4.59
  SINCE JAN 1      3.66                      4.27  -0.61     1.82

SNOWFALL (IN)
  YESTERDAY       MM
  MONTH TO DATE   MM
  SINCE MAR 1     MM
  SINCE JUL 1     MM
  SNOW DEPTH      MM

DEGREE DAYS
 HEATING
  YESTERDAY       12                        16     -4       10
  MONTH TO DATE   44                        50     -6       30
  SINCE MAR 1   1404                      1642   -238     1366
  SINCE JUL 1   6981                      7615   -634     6450

 COOLING
  YESTERDAY        0                         0      0        0
  MONTH TO DATE    0                         0      0        0
  SINCE MAR 1      0                         0      0        0
  SINCE JAN 1      0                         0      0        0
..................................................................


WIND (MPH)
  HIGHEST WIND SPEED    12   HIGHEST WIND DIRECTION     W (280)
  HIGHEST GUST SPEED    15   HIGHEST GUST DIRECTION     W (260)
  AVERAGE WIND SPEED     3.4


SKY COVER
  POSSIBLE SUNSHINE  MM
  AVERAGE SKY COVER 0.0


WEATHER CONDITIONS
 THE FOLLOWING WEATHER WAS RECORDED YESTERDAY.
  NO SIGNIFICANT WEATHER WAS OBSERVED.


RELATIVE HUMIDITY (PERCENT)
 HIGHEST    75           400 AM
 LOWEST     15           400 PM
 AVERAGE    45

..........................................................


THE REXBURG ID CLIMATE NORMALS FOR TODAY
                         NORMAL    RECORD    YEAR
 MAXIMUM TEMPERATURE (F)   62        81      2004
 MINIMUM TEMPERATURE (F)   35        26      2001


SUNRISE AND SUNSET
MAY  4 2016...........SUNRISE   614 AM MDT   SUNSET   834 PM MDT
MAY  5 2016...........SUNRISE   613 AM MDT   SUNSET   835 PM MDT


-  INDICATES NEGATIVE NUMBERS.
R  INDICATES RECORD WAS SET OR TIED.
MM INDICATES DATA IS MISSING.
T  INDICATES TRACE AMOUNT.




$$
