000
CDUS45 KPIH 050740
CLIRXE


CLIMATE REPORT
NATIONAL WEATHER SERVICE POCATELLO ID
130 AM MDT SAT SEP 5 2015


...................................

...THE REXBURG ID CLIMATE SUMMARY FOR SEPTEMBER 4 2015...

CLIMATE NORMAL PERIOD 1981 TO 2010
CLIMATE RECORD PERIOD 1998 TO 2015


WEATHER ITEM   OBSERVED TIME   RECORD YEAR NORMAL DEPARTURE LAST
                VALUE   (LST)  VALUE       VALUE  FROM      YEAR
                                                  NORMAL
..................................................................
TEMPERATURE (F)
 YESTERDAY
  MAXIMUM         77    419 PM  91    2001  77      0       69
  MINIMUM         50    704 AM  33    2014  44      6       33
                                      2004
  AVERAGE         64                        60      4       51

PRECIPITATION (IN)
  YESTERDAY        0.03         MM      MM   0.03   0.00     0.00
  MONTH TO DATE    0.03                      0.12  -0.09     0.00
  SINCE OCT 1      9.94                     12.25  -2.31    13.13
  SINCE JAN 1      7.17                      9.04  -1.87    11.27

SNOWFALL (IN)
  YESTERDAY       MM
  MONTH TO DATE   MM
  SINCE SEP 1     MM
  SINCE JUL 1     MM
  SNOW DEPTH      MM

DEGREE DAYS
 HEATING
  YESTERDAY        1                         5     -4       14
  MONTH TO DATE    3                        19    -16       37
  SINCE SEP 1      3                        19    -16       37
  SINCE JUL 1     78                        92    -14      111

 COOLING
  YESTERDAY        0                         1     -1        0
  MONTH TO DATE   12                         4      8        0
  SINCE SEP 1     12                         4      8        0
  SINCE JAN 1    301                       206     95      222
..................................................................


WIND (MPH)
  HIGHEST WIND SPEED    28   HIGHEST WIND DIRECTION    SE (150)
  HIGHEST GUST SPEED    40   HIGHEST GUST DIRECTION     S (170)
  AVERAGE WIND SPEED     5.8


SKY COVER
  POSSIBLE SUNSHINE  MM
  AVERAGE SKY COVER 0.2


WEATHER CONDITIONS
 THE FOLLOWING WEATHER WAS RECORDED YESTERDAY.
  THUNDERSTORM
  RAIN
  LIGHT RAIN


RELATIVE HUMIDITY (PERCENT)
 HIGHEST    77          1200 AM
 LOWEST     25           300 PM
 AVERAGE    51

..........................................................


THE REXBURG ID CLIMATE NORMALS FOR TODAY
                         NORMAL    RECORD    YEAR
 MAXIMUM TEMPERATURE (F)   76        90      1998
 MINIMUM TEMPERATURE (F)   43        35      2014
                                             2008


SUNRISE AND SUNSET
SEPTEMBER  5 2015.....SUNRISE   655 AM MDT   SUNSET   756 PM MDT
SEPTEMBER  6 2015.....SUNRISE   656 AM MDT   SUNSET   754 PM MDT


-  INDICATES NEGATIVE NUMBERS.
R  INDICATES RECORD WAS SET OR TIED.
MM INDICATES DATA IS MISSING.
T  INDICATES TRACE AMOUNT.




$$
