000
CDUS46 KSTO 300841
CLISAC

CLIMATE REPORT
NATIONAL WEATHER SERVICE SACRAMENTO, CA
139 AM PDT SAT MAY 30 2015


.................................................................

...THE SACRAMENTO EXEC. AIRPORT CA CLIMATE SUMMARY FOR MAY 29 2015...

CLIMATE NORMAL PERIOD 1981 TO 2010
CLIMATE RECORD PERIOD 1930 TO 2015


WEATHER ITEM   OBSERVED TIME   RECORD YEAR NORMAL DEPARTURE LAST
                VALUE   (LST)  VALUE       VALUE  FROM      YEAR
                                                  NORMAL
..................................................................
TEMPERATURE (F)
 YESTERDAY
  MAXIMUM         88    355 PM 102    1973  83      5       87
  MINIMUM         53    519 AM  42    1985  53      0       57
  AVERAGE         71

PRECIPITATION (IN)
  YESTERDAY        0.00          0.27 1948   0.02  -0.02     0.00
  MONTH TO DATE    0.07                      0.65  -0.58      T
  SINCE OCT 1     15.34                     17.94  -2.60     9.20
  SINCE JAN 1      4.96                     11.66  -6.70     7.89

SNOWFALL (IN)
  YESTERDAY        0.0          MM      MM   0.0             0.0
  MONTH TO DATE    0.0                       0.0             0.0
  SINCE MAR 1      0.0                       0.0             0.0
  SINCE JUL 1      0.0                       0.0             0.0

DEGREE DAYS
 HEATING
  YESTERDAY        0

 COOLING
  YESTERDAY        6
..................................................................


WIND (MPH)
  RESULTANT WIND SPEED   5   RESULTANT WIND DIRECTION   S (200)
  HIGHEST WIND SPEED    13   HIGHEST WIND DIRECTION    SW (210)
  HIGHEST GUST SPEED    20   HIGHEST GUST DIRECTION    SW (210)


SKY COVER
  POSSIBLE SUNSHINE  MM
  AVERAGE SKY COVER 0.0


WEATHER CONDITIONS
 THE FOLLOWING WEATHER WAS RECORDED YESTERDAY.
  NO SIGNIFICANT WEATHER WAS OBSERVED.


RELATIVE HUMIDITY (PERCENT)
 HIGHEST    89
 LOWEST     26
 AVERAGE    58

..........................................................


THE SACRAMENTO EXEC. AIRPORT CA CLIMATE NORMALS FOR TODAY
                         NORMAL    RECORD    YEAR
 MAXIMUM TEMPERATURE (F)   83       100      2001
                                             1975
 MINIMUM TEMPERATURE (F)   53        45      1998
                                             1985


SUNRISE AND SUNSET
MAY 30 2015...........SUNRISE   545 AM PDT   SUNSET   823 PM PDT
MAY 31 2015...........SUNRISE   544 AM PDT   SUNSET   824 PM PDT


-  INDICATES NEGATIVE NUMBERS.
R  INDICATES RECORD WAS SET OR TIED.
MM INDICATES DATA IS MISSING.
T  INDICATES TRACE AMOUNT.


&&
....................................................................

SACRAMENTO CITY CLIMATE DATA FOR FRIDAY MAY 29 2015

HIGH...   90  RECORD HIGH   101 IN 1973    NORMAL    HIGH   84
LOW....   53  RECORD LOW     44 IN 1985    NORMAL    LOW    56

RAIN SINCE MIDNIGHT....  0.00   RECORD THIS DATE....... 0.26 IN 1948
TOTAL THIS MONTH.......  0.19   NORMAL SINCE OCT 1ST.........  19.67
TOTAL SINCE OCT 1ST...  13.73   PERCENT OF NORMAL.............  70%


$$
