000
CDUS46 KSTO 250837
CLISAC

CLIMATE REPORT
NATIONAL WEATHER SERVICE SACRAMENTO, CA
136 AM PDT THU AUG 25 2016


...................................

...THE SACRAMENTO EXEC. AIRPORT CA CLIMATE SUMMARY FOR AUGUST 24 2016...

CLIMATE NORMAL PERIOD 1981 TO 2010
CLIMATE RECORD PERIOD 1930 TO 2016


WEATHER ITEM   OBSERVED TIME   RECORD YEAR NORMAL DEPARTURE LAST
                VALUE   (LST)  VALUE       VALUE  FROM      YEAR
                                                  NORMAL
..................................................................
TEMPERATURE (F)
 YESTERDAY
  MAXIMUM         88    358 PM 106    2010  91     -3       93
  MINIMUM         54    606 AM  52    2009  58     -4       60
                                      1978
                                      1969
  AVERAGE         71

PRECIPITATION (IN)
  YESTERDAY        0.00          0.00 2015   0.00   0.00     0.00
                                      2014
                                      2013
  MONTH TO DATE    0.00                      0.03  -0.03      T
  SINCE OCT 1     16.19                     18.21  -2.02    15.41
  SINCE JAN 1     12.75                     11.93   0.82     5.03

SNOWFALL (IN)
  YESTERDAY        0.0          MM      MM   0.0             0.0
  MONTH TO DATE    0.0                       0.0             0.0
  SINCE JUN 1      0.0                       0.0             0.0
  SINCE JUL 1      0.0                       0.0             0.0

DEGREE DAYS
 HEATING
  YESTERDAY        0

 COOLING
  YESTERDAY        6
..................................................................


WIND (MPH)
  RESULTANT WIND SPEED   4   RESULTANT WIND DIRECTION   S (190)
  HIGHEST WIND SPEED    13   HIGHEST WIND DIRECTION    SW (230)
  HIGHEST GUST SPEED    17   HIGHEST GUST DIRECTION     S (200)


SKY COVER
  POSSIBLE SUNSHINE  MM
  AVERAGE SKY COVER 0.0


WEATHER CONDITIONS
 THE FOLLOWING WEATHER WAS RECORDED YESTERDAY.
  NO SIGNIFICANT WEATHER WAS OBSERVED.


RELATIVE HUMIDITY (PERCENT)
 HIGHEST    93
 LOWEST     29
 AVERAGE    61

..........................................................


THE SACRAMENTO EXEC. AIRPORT CA CLIMATE NORMALS FOR TODAY
                         NORMAL    RECORD    YEAR
 MAXIMUM TEMPERATURE (F)   90       108      2010
 MINIMUM TEMPERATURE (F)   58        51      1963
                                             1953


SUNRISE AND SUNSET
AUGUST 25 2016........SUNRISE   630 AM PDT   SUNSET   745 PM PDT
AUGUST 26 2016........SUNRISE   631 AM PDT   SUNSET   744 PM PDT


-  INDICATES NEGATIVE NUMBERS.
R  INDICATES RECORD WAS SET OR TIED.
MM INDICATES DATA IS MISSING.
T  INDICATES TRACE AMOUNT.




&&
....................................................................

SACRAMENTO CITY CLIMATE DATA FOR WEDNESDAY AUGUST 24 2016

HIGH...   92  RECORD HIGH   108 IN 1931    NORMAL    HIGH   91
LOW....   55  RECORD LOW     50 IN 1887    NORMAL    LOW    60

RAIN SINCE MIDNIGHT....  0.00   RECORD THIS DATE....... 0.06 IN 1904
TOTAL THIS MONTH.......  0.00   NORMAL SINCE OCT 1ST.........  19.91
TOTAL SINCE OCT 1ST... 16.97   PERCENT OF NORMAL.............  85%


$$
NNNN
