000
CDUS46 KSTO 161452
CLISAC

CLIMATE REPORT
NATIONAL WEATHER SERVICE SACRAMENTO, CA
752 AM PDT TUE SEP 16 2014


...................................

...THE SACRAMENTO EXEC. AIRPORT CA CLIMATE SUMMARY FOR SEPTEMBER 15 2014...

CLIMATE NORMAL PERIOD 1981 TO 2010
CLIMATE RECORD PERIOD 1930 TO 2014


WEATHER ITEM   OBSERVED TIME   RECORD YEAR NORMAL DEPARTURE LAST
                VALUE   (LST)  VALUE       VALUE  FROM      YEAR
                                                  NORMAL
..................................................................
TEMPERATURE (F)
 YESTERDAY
  MAXIMUM         92    228 PM 104    1971  88      4       88
  MINIMUM         64    442 AM  47    1959  56      8       57
                                      1955
  AVERAGE         78

PRECIPITATION (IN)
  YESTERDAY        0.00          0.35 1982   0.01  -0.01     0.00
  MONTH TO DATE    0.00                      0.11  -0.11     0.10
  SINCE JUL 1      0.01                      0.16  -0.15     0.10
  SINCE JAN 1      7.90                     12.06  -4.16     4.01

SNOWFALL (IN)
  YESTERDAY        0.0          MM      MM   0.0             0.0
  MONTH TO DATE    0.0                       0.0             0.0
  SINCE SEP 1      0.0                       0.0             0.0
  SINCE JUL 1      0.0                       0.0             0.0

DEGREE DAYS
 HEATING
  YESTERDAY        0

 COOLING
  YESTERDAY       13
..................................................................


WIND (MPH)
  RESULTANT WIND SPEED   7   RESULTANT WIND DIRECTION   S (200)
  HIGHEST WIND SPEED    20   HIGHEST WIND DIRECTION    SW (230)
  HIGHEST GUST SPEED    25   HIGHEST GUST DIRECTION    SW (220)


SKY COVER
  POSSIBLE SUNSHINE  MM
  AVERAGE SKY COVER 0.1


WEATHER CONDITIONS
 THE FOLLOWING WEATHER WAS RECORDED YESTERDAY.
  NO SIGNIFICANT WEATHER WAS OBSERVED.


RELATIVE HUMIDITY (PERCENT)
 HIGHEST    68
 LOWEST     21
 AVERAGE    45

..........................................................


THE SACRAMENTO EXEC. AIRPORT CA CLIMATE NORMALS FOR TODAY
                         NORMAL    RECORD    YEAR
 MAXIMUM TEMPERATURE (F)   87       102      1979
 MINIMUM TEMPERATURE (F)   56        48      2006
                                             1960


SUNRISE AND SUNSET
SEPTEMBER 16 2014.....SUNRISE   648 AM PDT   SUNSET   712 PM PDT
SEPTEMBER 17 2014.....SUNRISE   649 AM PDT   SUNSET   711 PM PDT


-  INDICATES NEGATIVE NUMBERS.
R  INDICATES RECORD WAS SET OR TIED.
MM INDICATES DATA IS MISSING.
T  INDICATES TRACE AMOUNT.






&&
....................................................................

SACRAMENTO CITY CLIMATE DATA FOR MONDAY SEPTEMBER 15 2014

HIGH...   94  RECORD HIGH   104 IN 1979    NORMAL    HIGH   88
LOW....   65  RECORD LOW     47 IN 1939    NORMAL    LOW    59

RAIN SINCE MIDNIGHT....  0.00   RECORD THIS DATE....... 0.43 IN 1888
TOTAL THIS MONTH.......  0.00   NORMAL SEASON TO DATE.........  0.15
TOTAL SINCE JULY 1ST...  0.02   PERCENT OF NORMAL.............   13%


$$
NNNN
