000
CDUS46 KSTO 270846
CLISAC

CLIMATE REPORT
NATIONAL WEATHER SERVICE SACRAMENTO, CA
1244 AM PST SAT DEC 27 2014


...................................

...THE SACRAMENTO EXEC. AIRPORT CA CLIMATE SUMMARY FOR DECEMBER 26 2014...

CLIMATE NORMAL PERIOD 1981 TO 2010
CLIMATE RECORD PERIOD 1930 TO 2014


WEATHER ITEM   OBSERVED TIME   RECORD YEAR NORMAL DEPARTURE LAST
                VALUE   (LST)  VALUE       VALUE  FROM      YEAR
                                                  NORMAL
..................................................................
TEMPERATURE (F)
 YESTERDAY
  MAXIMUM         58    127 PM  66    2013  52      6       66
  MINIMUM         38   1156 PM  23    1990  38      0       31
  AVERAGE         48

PRECIPITATION (IN)
  YESTERDAY        0.00          1.41 1948   0.11  -0.11     0.00
  MONTH TO DATE    8.60                      2.69   5.91     0.43
  SINCE JUL 1     10.85                      6.06   4.79     1.90
  SINCE JAN 1     18.74                     17.96   0.78     5.81

SNOWFALL (IN)
  YESTERDAY        0.0          MM      MM   0.0             0.0
  MONTH TO DATE    0.0                       0.0             0.0
  SINCE DEC 1      0.0                       0.0             0.0
  SINCE JUL 1      0.0                       0.0             0.0

DEGREE DAYS
 HEATING
  YESTERDAY       17

 COOLING
  YESTERDAY        0
..................................................................


WIND (MPH)
  RESULTANT WIND SPEED  11   RESULTANT WIND DIRECTION   N (340)
  HIGHEST WIND SPEED    22   HIGHEST WIND DIRECTION     N (350)
  HIGHEST GUST SPEED    28   HIGHEST GUST DIRECTION    NW (330)


SKY COVER
  POSSIBLE SUNSHINE  MM
  AVERAGE SKY COVER 0.0


WEATHER CONDITIONS
 THE FOLLOWING WEATHER WAS RECORDED YESTERDAY.
  NO SIGNIFICANT WEATHER WAS OBSERVED.


RELATIVE HUMIDITY (PERCENT)
 HIGHEST    70
 LOWEST     36
 AVERAGE    53

..........................................................


THE SACRAMENTO EXEC. AIRPORT CA CLIMATE NORMALS FOR TODAY
                         NORMAL    RECORD    YEAR
 MAXIMUM TEMPERATURE (F)   52        68      1953
 MINIMUM TEMPERATURE (F)   38        26      1990
                                             1976
                                             1956


SUNRISE AND SUNSET
DECEMBER 27 2014......SUNRISE   722 AM PST   SUNSET   452 PM PST
DECEMBER 28 2014......SUNRISE   723 AM PST   SUNSET   453 PM PST


-  INDICATES NEGATIVE NUMBERS.
R  INDICATES RECORD WAS SET OR TIED.
MM INDICATES DATA IS MISSING.
T  INDICATES TRACE AMOUNT.






&&
....................................................................

SACRAMENTO CITY CLIMATE DATA FOR FRIDAY DECEMBER 26 2014

HIGH...   57  RECORD HIGH    65 IN 2013    NORMAL    HIGH   53
LOW....   39  RECORD LOW     25 IN 1879    NORMAL    LOW    40

RAIN SINCE MIDNIGHT....  0.00   RECORD THIS DATE....... 1.58 IN 1955
TOTAL THIS MONTH.......  7.63   NORMAL SEASON TO DATE.........  6.73
TOTAL SINCE JULY 1ST...  9.84   PERCENT OF NORMAL.............  146%


$$
NNNN
