000
CDUS46 KSTO 230840
CLISAC

CLIMATE REPORT
NATIONAL WEATHER SERVICE SACRAMENTO, CA
140 AM PDT WED AUG 23 2017


...................................

...THE SACRAMENTO EXEC. AIRPORT CA CLIMATE SUMMARY FOR AUGUST 22 2017...

CLIMATE NORMAL PERIOD 1981 TO 2010
CLIMATE RECORD PERIOD 1930 TO 2017


WEATHER ITEM   OBSERVED TIME   RECORD YEAR NORMAL DEPARTURE LAST
                VALUE   (LST)  VALUE       VALUE  FROM      YEAR
                                                  NORMAL
..................................................................
TEMPERATURE (F)
 YESTERDAY
  MAXIMUM         93    307 PM 102    1969  91      2       87
  MINIMUM         60    516 AM  49    1978  58      2       56
  AVERAGE         77

PRECIPITATION (IN)
  YESTERDAY        0.00          0.29 2003   0.00   0.00     0.00
  MONTH TO DATE    0.00                      0.03  -0.03     0.00
  SINCE OCT 1     33.08                     18.21  14.87    16.19
  SINCE JAN 1     23.63                     11.93  11.70    12.75

SNOWFALL (IN)
  YESTERDAY        0.0          MM      MM   0.0             0.0
  MONTH TO DATE    0.0                       0.0             0.0
  SINCE JUN 1      0.0                       0.0             0.0
  SINCE JUL 1      0.0                       0.0             0.0

DEGREE DAYS
 HEATING
  YESTERDAY        0

 COOLING
  YESTERDAY       12
..................................................................


WIND (MPH)
  RESULTANT WIND SPEED   4   RESULTANT WIND DIRECTION   S (190)
  HIGHEST WIND SPEED    14   HIGHEST WIND DIRECTION    SW (220)
  HIGHEST GUST SPEED    18   HIGHEST GUST DIRECTION    SW (210)


SKY COVER
  POSSIBLE SUNSHINE  MM
  AVERAGE SKY COVER 0.0


WEATHER CONDITIONS
 THE FOLLOWING WEATHER WAS RECORDED YESTERDAY.
  HAZE


RELATIVE HUMIDITY (PERCENT)
 HIGHEST    90
 LOWEST     36
 AVERAGE    63

..........................................................


THE SACRAMENTO EXEC. AIRPORT CA CLIMATE NORMALS FOR TODAY
                         NORMAL    RECORD    YEAR
 MAXIMUM TEMPERATURE (F)   91       101      1996
                                             1967
 MINIMUM TEMPERATURE (F)   58        51      1973


SUNRISE AND SUNSET
AUGUST 23 2017........SUNRISE   628 AM PDT   SUNSET   749 PM PDT
AUGUST 24 2017........SUNRISE   629 AM PDT   SUNSET   747 PM PDT


-  INDICATES NEGATIVE NUMBERS.
R  INDICATES RECORD WAS SET OR TIED.
MM INDICATES DATA IS MISSING.
T  INDICATES TRACE AMOUNT.

&&
....................................................................

SACRAMENTO CITY CLIMATE DATA FOR TUESDAY AUGUST 22 2017

HIGH...   96  RECORD HIGH   106 IN 1891    NORMAL    HIGH   92
LOW....   62  RECORD LOW     50 IN 1901    NORMAL    LOW    60

RAIN SINCE MIDNIGHT....  0.00   RECORD THIS DATE....... 0.06 IN 2003
TOTAL THIS MONTH.......  0.00   NORMAL SINCE OCT 1ST.........  19.91
TOTAL SINCE OCT 1ST.... 33.94   PERCENT OF NORMAL.............  170%

$$
