000
CDUS46 KSTO 270839
CLISAC

CLIMATE REPORT
NATIONAL WEATHER SERVICE SACRAMENTO, CA
1238 AM PST FRI FEB 27 2015


...................................

...THE SACRAMENTO EXEC. AIRPORT CA CLIMATE SUMMARY FOR FEBRUARY 26 2015...

CLIMATE NORMAL PERIOD 1981 TO 2010
CLIMATE RECORD PERIOD 1930 TO 2015


WEATHER ITEM   OBSERVED TIME   RECORD YEAR NORMAL DEPARTURE LAST
                VALUE   (LST)  VALUE       VALUE  FROM      YEAR
                                                  NORMAL
..................................................................
TEMPERATURE (F)
 YESTERDAY
  MAXIMUM         73    353 PM  76    1988  63     10       63
  MINIMUM         41    618 AM  29    2011  43     -2       51
  AVERAGE         57

PRECIPITATION (IN)
  YESTERDAY        0.00          0.77 2007   0.13  -0.13     0.43
  MONTH TO DATE    2.82                      3.24  -0.42     3.21
  SINCE OCT 1     13.20                     13.16   0.04     4.67
  SINCE JAN 1      2.82                      6.88  -4.06     3.36

SNOWFALL (IN)
  YESTERDAY        0.0          MM      MM   0.0             0.0
  MONTH TO DATE    0.0                       0.0             0.0
  SINCE DEC 1      0.0                       0.0             0.0
  SINCE JUL 1      0.0                       0.0             0.0

DEGREE DAYS
 HEATING
  YESTERDAY        8

 COOLING
  YESTERDAY        0
..................................................................


WIND (MPH)
  RESULTANT WIND SPEED   5   RESULTANT WIND DIRECTION  NW (320)
  HIGHEST WIND SPEED    20   HIGHEST WIND DIRECTION    NW (320)
  HIGHEST GUST SPEED    26   HIGHEST GUST DIRECTION    NW (310)


SKY COVER
  POSSIBLE SUNSHINE  MM
  AVERAGE SKY COVER 0.0


WEATHER CONDITIONS
 THE FOLLOWING WEATHER WAS RECORDED YESTERDAY.
  NO SIGNIFICANT WEATHER WAS OBSERVED.


RELATIVE HUMIDITY (PERCENT)
 HIGHEST    83
 LOWEST     31
 AVERAGE    57

..........................................................


THE SACRAMENTO EXEC. AIRPORT CA CLIMATE NORMALS FOR TODAY
                         NORMAL    RECORD    YEAR
 MAXIMUM TEMPERATURE (F)   63        76      1992
                                             1985
 MINIMUM TEMPERATURE (F)   43        28      1962


SUNRISE AND SUNSET
FEBRUARY 27 2015......SUNRISE   641 AM PST   SUNSET   557 PM PST
FEBRUARY 28 2015......SUNRISE   640 AM PST   SUNSET   558 PM PST


-  INDICATES NEGATIVE NUMBERS.
R  INDICATES RECORD WAS SET OR TIED.
MM INDICATES DATA IS MISSING.
T  INDICATES TRACE AMOUNT.






&&
....................................................................

SACRAMENTO CITY CLIMATE DATA FOR THURSDAY FEBRUARY 26 2015

HIGH...   74  RECORD HIGH    77 IN 1992    NORMAL    HIGH   64
LOW....   43  RECORD LOW     30 IN 1962    NORMAL    LOW    45

RAIN SINCE MIDNIGHT....  0.00   RECORD THIS DATE....... 1.46 IN 1940
TOTAL THIS MONTH.......  2.28   NORMAL SINCE OCT 1ST.........  14.37
TOTAL SINCE OCT 1ST... 11.57   PERCENT OF NORMAL.............  81%


$$
