000
CDUS46 KSTO 010835
CLISAC

CLIMATE REPORT
NATIONAL WEATHER SERVICE SACRAMENTO, CA
134 AM PDT WED JUL 1 2015


...................................

...THE SACRAMENTO EXEC. AIRPORT CA CLIMATE SUMMARY FOR JUNE 30 2015...

CLIMATE NORMAL PERIOD 1981 TO 2010
CLIMATE RECORD PERIOD 1930 TO 2015


WEATHER ITEM   OBSERVED TIME   RECORD YEAR NORMAL DEPARTURE LAST
                VALUE   (LST)  VALUE       VALUE  FROM      YEAR
                                                  NORMAL
..................................................................
TEMPERATURE (F)
 YESTERDAY
  MAXIMUM        107    427 PM 109    1950  90     17      105
  MINIMUM         64    522 AM  49    1964  58      6       62
                                      1952
  AVERAGE         86

PRECIPITATION (IN)
  YESTERDAY        0.00          0.00 2014   0.00   0.00     0.00
                                      2013
                                      2012
  MONTH TO DATE    0.07                      0.21  -0.14     0.00
  SINCE OCT 1     15.41                     18.18  -2.77     9.20
  SINCE JAN 1      5.03                     11.90  -6.87     7.89

SNOWFALL (IN)
  YESTERDAY        0.0          MM      MM   0.0             0.0
  MONTH TO DATE    0.0                       0.0             0.0
  SINCE JUN 1      0.0                       0.0             0.0
  SINCE JUL 1      0.0                       0.0             0.0

DEGREE DAYS
 HEATING
  YESTERDAY        0

 COOLING
  YESTERDAY       21
..................................................................


WIND (MPH)
  RESULTANT WIND SPEED   2   RESULTANT WIND DIRECTION  SW (220)
  HIGHEST WIND SPEED    12   HIGHEST WIND DIRECTION    SW (220)
  HIGHEST GUST SPEED    18   HIGHEST GUST DIRECTION     W (280)


SKY COVER
  POSSIBLE SUNSHINE  MM
  AVERAGE SKY COVER 0.0


WEATHER CONDITIONS
 THE FOLLOWING WEATHER WAS RECORDED YESTERDAY.
  NO SIGNIFICANT WEATHER WAS OBSERVED.


RELATIVE HUMIDITY (PERCENT)
 HIGHEST    78
 LOWEST     14
 AVERAGE    46

..........................................................


THE SACRAMENTO EXEC. AIRPORT CA CLIMATE NORMALS FOR TODAY
                         NORMAL    RECORD    YEAR
 MAXIMUM TEMPERATURE (F)   91       109      1950
 MINIMUM TEMPERATURE (F)   58        52      1997
                                             1989
                                             1973


SUNRISE AND SUNSET
JULY  1 2015..........SUNRISE   545 AM PDT   SUNSET   834 PM PDT
JULY  2 2015..........SUNRISE   546 AM PDT   SUNSET   834 PM PDT


-  INDICATES NEGATIVE NUMBERS.
R  INDICATES RECORD WAS SET OR TIED.
MM INDICATES DATA IS MISSING.
T  INDICATES TRACE AMOUNT.

&&
....................................................................

SACRAMENTO CITY CLIMATE DATA FOR TUESDAY JUNE 30 2015

HIGH...  108  RECORD HIGH   112 IN 1934    NORMAL    HIGH   91
LOW....   69  RECORD LOW     49 IN 1881    NORMAL    LOW    60

RAIN SINCE MIDNIGHT....  0.00   RECORD THIS DATE....... 0.01 IN 1916
TOTAL THIS MONTH.......  0.07   NORMAL SINCE OCT 1ST.........  19.89
TOTAL SINCE OCT 1ST... 13.80   PERCENT OF NORMAL.............  69%

$$
