000
CDUS46 KSTO 190850
CLISAC

CLIMATE REPORT
NATIONAL WEATHER SERVICE SACRAMENTO, CA
144 AM PDT THU OCT 19 2017


...................................

...THE SACRAMENTO EXEC. AIRPORT CA CLIMATE SUMMARY FOR OCTOBER 18 2017...

CLIMATE NORMAL PERIOD 1981 TO 2010
CLIMATE RECORD PERIOD 1930 TO 2017


WEATHER ITEM   OBSERVED TIME   RECORD YEAR NORMAL DEPARTURE LAST
                VALUE   (LST)  VALUE       VALUE  FROM      YEAR
                                                  NORMAL
..................................................................
TEMPERATURE (F)
 YESTERDAY
  MAXIMUM         80    331 PM  93    1991  77      3       73
                                      1988
  MINIMUM         44    657 AM  40    1971  50     -6       46
  AVERAGE         62

PRECIPITATION (IN)
  YESTERDAY        0.00          0.27 1953   0.04  -0.04     0.00
  MONTH TO DATE    0.00                      0.41  -0.41     2.01
  SINCE OCT 1      0.00                      0.41  -0.41     2.01
  SINCE JAN 1     23.63                     12.65  10.98    14.76

SNOWFALL (IN)
  YESTERDAY        0.0           0.0  2002   0.0            MM
                                      2001
  MONTH TO DATE    0.0                       0.0             0.0
  SINCE SEP 1      0.0                       0.0             0.0
  SINCE JUL 1      0.0                       0.0             0.0

DEGREE DAYS
 HEATING
  YESTERDAY        3

 COOLING
  YESTERDAY        0
..................................................................


WIND (MPH)
  RESULTANT WIND SPEED   3   RESULTANT WIND DIRECTION   S (190)
  HIGHEST WIND SPEED    12   HIGHEST WIND DIRECTION     S (190)
  HIGHEST GUST SPEED    16   HIGHEST GUST DIRECTION     S (190)


SKY COVER
  POSSIBLE SUNSHINE  MM
  AVERAGE SKY COVER 0.0


WEATHER CONDITIONS
 THE FOLLOWING WEATHER WAS RECORDED YESTERDAY.
  FOG
  HAZE


RELATIVE HUMIDITY (PERCENT)
 HIGHEST    92
 LOWEST     21
 AVERAGE    57

..........................................................


THE SACRAMENTO EXEC. AIRPORT CA CLIMATE NORMALS FOR TODAY
                         NORMAL    RECORD    YEAR
 MAXIMUM TEMPERATURE (F)   77        91      1991
 MINIMUM TEMPERATURE (F)   50        38      1969


SUNRISE AND SUNSET
OCTOBER 19 2017.......SUNRISE   719 AM PDT   SUNSET   622 PM PDT
OCTOBER 20 2017.......SUNRISE   720 AM PDT   SUNSET   620 PM PDT


-  INDICATES NEGATIVE NUMBERS.
R  INDICATES RECORD WAS SET OR TIED.
MM INDICATES DATA IS MISSING.
T  INDICATES TRACE AMOUNT.




&&
....................................................................

SACRAMENTO CITY CLIMATE DATA FOR WEDNESDAY OCTOBER 18 2017

HIGH...   83  RECORD HIGH    94 IN 1988    NORMAL    HIGH   77
LOW....   48  RECORD LOW     39 IN 1905    NORMAL    LOW    52

RAIN SINCE MIDNIGHT....  0.00   RECORD THIS DATE....... 0.42 IN 1958
TOTAL THIS MONTH.......  0.00   NORMAL SINCE OCT 1ST.........  0.46
TOTAL SINCE OCT 1ST...  0.00    PERCENT OF NORMAL............. 0%


$$
NNNN
