000
CDUS46 KSTO 120046
CLISAC

CLIMATE REPORT
NATIONAL WEATHER SERVICE SACRAMENTO, CA
430 PM PST MON DEC 11 2017

..........................................................

...THE SACRAMENTO EXEC. AIRPORT CA CLIMATE SUMMARY FOR DECEMBER 11 2017...
VALID TODAY AS OF 0400 PM LOCAL TIME.

CLIMATE NORMAL PERIOD 1981 TO 2010
CLIMATE RECORD PERIOD 1930 TO 2017


WEATHER ITEM   OBSERVED TIME   RECORD YEAR NORMAL DEPARTURE LAST
                VALUE   (LST)  VALUE       VALUE  FROM      YEAR
                                                  NORMAL
..................................................................
TEMPERATURE (F)
 TODAY
  MAXIMUM         63    311 PM  67    1996  55      8       51
                                      1958
  MINIMUM         31    732 AM  20    1972  38     -7       41
  AVERAGE         47

PRECIPITATION (IN)
  TODAY            0.00          2.39 2014   0.10  -0.10     0.00
  MONTH TO DATE    0.03                      1.05  -1.02     1.21
  SINCE OCT 1      2.31                      4.08  -1.77     7.05
  SINCE JAN 1     25.94                     16.32   9.62    19.80

SNOWFALL (IN)
  TODAY            0.0           0.0  2001   0.0             0.0
  MONTH TO DATE    0.0                       0.0             0.0
  SINCE DEC 1      0.0                       0.0             0.0
  SINCE JUL 1      0.0                       0.0             0.0

DEGREE DAYS
 HEATING
  TODAY           18

 COOLING
  TODAY            0
..................................................................


WIND (MPH)
  RESULTANT WIND SPEED   2   RESULTANT WIND DIRECTION   N (340)
  HIGHEST WIND SPEED     9   HIGHEST WIND DIRECTION    NW (320)
  HIGHEST GUST SPEED    11   HIGHEST GUST DIRECTION    NW (330)


SKY COVER
  POSSIBLE SUNSHINE  MM
  AVERAGE SKY COVER 0.0


WEATHER CONDITIONS
 THE FOLLOWING WEATHER WAS RECORDED TODAY.
  FOG
  FOG W/VISIBILITY <= 1/4 MILE


RELATIVE HUMIDITY (PERCENT)
 HIGHEST   100
 LOWEST     39
 AVERAGE    70

..........................................................


THE SACRAMENTO EXEC. AIRPORT CA CLIMATE NORMALS FOR TOMORROW
                         NORMAL    RECORD    YEAR
 MAXIMUM TEMPERATURE (F)   54        69      1958
 MINIMUM TEMPERATURE (F)   38        25      1972


SUNRISE AND SUNSET
DECEMBER 11 2017......SUNRISE   714 AM PST   SUNSET   445 PM PST
DECEMBER 12 2017......SUNRISE   714 AM PST   SUNSET   445 PM PST


-  INDICATES NEGATIVE NUMBERS.
R  INDICATES RECORD WAS SET OR TIED.
MM INDICATES DATA IS MISSING.
T  INDICATES TRACE AMOUNT.

&&
....................................................................

SACRAMENTO CITY CLIMATE DATA FOR MONDAY DECEMBER 11 2017

HIGH...   62  RECORD HIGH    71 IN 1958    NORMAL    HIGH   55
LOW....   36  RECORD LOW     17 IN 1932    NORMAL    LOW    41

RAIN SINCE MIDNIGHT....  0.00   RECORD THIS DATE....... 2.27 IN 1995
TOTAL THIS MONTH.......  0.03   NORMAL SINCE OCT 1ST.........   4.61
TOTAL SINCE OCT 1ST...   2.62   PERCENT OF NORMAL.............   57%

$$
POWELL
