000
CDUS46 KSGX 251421
CLISAN


CLIMATE REPORT
NATIONAL WEATHER SERVICE SAN DIEGO, CA
720 AM PDT WED MAY 25 2016


...................................

...THE SAN DIEGO/LINDBERGH FIELD CA CLIMATE SUMMARY FOR MAY 24 2016...

CLIMATE NORMAL PERIOD 1981 TO 2010
CLIMATE RECORD PERIOD 1874 TO 2016


WEATHER ITEM   OBSERVED TIME   RECORD YEAR NORMAL DEPARTURE LAST
                VALUE   (LST)  VALUE       VALUE  FROM      YEAR
                                                  NORMAL
..................................................................
TEMPERATURE (F)
 YESTERDAY
  MAXIMUM         68    403 PM  95    1896  69     -1       69
  MINIMUM         63   1159 PM  48    1879  60      3       61
  AVERAGE         66                        64      2       65

PRECIPITATION (IN)
  YESTERDAY        T             0.10 2008   0.00   0.00     0.00
  MONTH TO DATE    0.43                      0.10   0.33     2.39
  SINCE OCT 1      7.85                     10.05  -2.20     8.91
  SINCE JAN 1      5.00                      6.94  -1.94     4.04

DEGREE DAYS
 HEATING
  YESTERDAY        0                         2     -2        0
  MONTH TO DATE   10                        50    -40       35
  SINCE MAR 1    106                       341   -235       92
  SINCE JUL 1    646                      1199   -553      438

 COOLING
  YESTERDAY        1                         1      0        0
  MONTH TO DATE   13                        24    -11        9
  SINCE MAR 1     67                        43     24      156
  SINCE JAN 1    112                        48     64      178
..................................................................


WIND (MPH)
  RESULTANT WIND SPEED   7   RESULTANT WIND DIRECTION   W (270)
  HIGHEST WIND SPEED    14   HIGHEST WIND DIRECTION     W (260)
  HIGHEST GUST SPEED    18   HIGHEST GUST DIRECTION     W (270)
  AVERAGE WIND SPEED     8.5


SKY COVER
  POSSIBLE SUNSHINE  MM
  AVERAGE SKY COVER 0.8


WEATHER CONDITIONS
 THE FOLLOWING WEATHER WAS RECORDED YESTERDAY.
  LIGHT RAIN


RELATIVE HUMIDITY (PERCENT)
 HIGHEST    67          1200 AM
 LOWEST     48           900 AM
 AVERAGE    58

..........................................................


THE SAN DIEGO/LINDBERGH FIELD CA CLIMATE NORMALS FOR TODAY
                         NORMAL    RECORD    YEAR
 MAXIMUM TEMPERATURE (F)   69        98      1896
 MINIMUM TEMPERATURE (F)   60        49      1879


SUNRISE AND SUNSET
MAY 25 2016...........SUNRISE   544 AM PDT   SUNSET   748 PM PDT
MAY 26 2016...........SUNRISE   543 AM PDT   SUNSET   748 PM PDT


-  INDICATES NEGATIVE NUMBERS.
R  INDICATES RECORD WAS SET OR TIED.
MM INDICATES DATA IS MISSING.
T  INDICATES TRACE AMOUNT.




$$
