000
CDUS46 KSGX 220016
CLISAN


CLIMATE REPORT
NATIONAL WEATHER SERVICE SAN DIEGO, CA
516 PM PDT TUE OCT 21 2014


...................................

...THE SAN DIEGO/LINDBERGH FIELD CA CLIMATE SUMMARY FOR OCTOBER 21 2014...
VALID TODAY AS OF 0500 PM LOCAL TIME.

CLIMATE NORMAL PERIOD 1981 TO 2010
CLIMATE RECORD PERIOD 1850 TO 2014


WEATHER ITEM   OBSERVED TIME   RECORD YEAR NORMAL DEPARTURE LAST
                VALUE   (LST)  VALUE       VALUE  FROM      YEAR
                                                  NORMAL
..................................................................
TEMPERATURE (F)
 TODAY
  MAXIMUM         76   1234 PM  90    1942  72      4       70
                                      1890
  MINIMUM         68    650 AM  45    1949  60      8       55
                                      1920
  AVERAGE         72                        66      6       63

PRECIPITATION (IN)
  TODAY            0.00          0.32 1976   0.02  -0.02     0.00
  MONTH TO DATE    T                         0.34  -0.34     0.07
  SINCE JUL 1      0.08                      0.54  -0.46     0.12
  SINCE JAN 1      2.90                      7.57  -4.67     3.45

SNOWFALL (IN)
  TODAY            0.0
  MONTH TO DATE    0.0
  SINCE JAN 1      0.0
  SINCE JUL 1      0.0
  SNOW DEPTH       0

DEGREE DAYS
 HEATING
  TODAY            0                         1     -1        2
  MONTH TO DATE    0                         4     -4       11
  SINCE SEP 1      0                         5     -5       11
  SINCE JUL 1      0                         6     -6       11

 COOLING
  TODAY            7                         2      5        0
  MONTH TO DATE  171                        57    114       55
  SINCE SEP 1    495                       225    270      255
  SINCE JAN 1   1397                       693    704      734
..................................................................


WIND (MPH)
  RESULTANT WIND SPEED   3   RESULTANT WIND DIRECTION  NW (310)
  HIGHEST WIND SPEED    15   HIGHEST WIND DIRECTION     W (290)
  HIGHEST GUST SPEED    18   HIGHEST GUST DIRECTION     W (290)
  AVERAGE WIND SPEED     4.7


SKY COVER
  POSSIBLE SUNSHINE  MM
  AVERAGE SKY COVER 0.5


WEATHER CONDITIONS
 THE FOLLOWING WEATHER WAS RECORDED TODAY.
  NO SIGNIFICANT WEATHER WAS OBSERVED.


RELATIVE HUMIDITY (PERCENT)
 HIGHEST    73          1200 AM
 LOWEST     64          1000 AM
 AVERAGE    69

..........................................................


THE SAN DIEGO/LINDBERGH FIELD CA CLIMATE NORMALS FOR TOMORROW
                         NORMAL    RECORD    YEAR
 MAXIMUM TEMPERATURE (F)   72        90      1890
 MINIMUM TEMPERATURE (F)   60        46      1906


SUNRISE AND SUNSET
OCTOBER 21 2014.......SUNRISE   657 AM PDT   SUNSET   609 PM PDT
OCTOBER 22 2014.......SUNRISE   658 AM PDT   SUNSET   608 PM PDT


-  INDICATES NEGATIVE NUMBERS.
R  INDICATES RECORD WAS SET OR TIED.
MM INDICATES DATA IS MISSING.
T  INDICATES TRACE AMOUNT.




$$
