000
CDUS46 KSGX 291145
CLISAN


CLIMATE REPORT
NATIONAL WEATHER SERVICE SAN DIEGO, CA
445 AM PDT MON MAY 29 2017


...................................

...THE SAN DIEGO INTL AIRPORT CA CLIMATE SUMMARY FOR MAY 28 2017...

CLIMATE NORMAL PERIOD 1981 TO 2010
CLIMATE RECORD PERIOD 1874 TO 2017


WEATHER ITEM   OBSERVED TIME   RECORD YEAR NORMAL DEPARTURE LAST
                VALUE   (LST)  VALUE       VALUE  FROM      YEAR
                                                  NORMAL
..................................................................
TEMPERATURE (F)
 YESTERDAY
  MAXIMUM         70    158 PM  86    1997  69      1       66
  MINIMUM         58    518 AM  52    1893  60     -2       62
  AVERAGE         64                        64      0       64

PRECIPITATION (IN)
  YESTERDAY        0.00          0.49 1990   0.00   0.00     0.00
  MONTH TO DATE    0.92                      0.11   0.81     0.43
  SINCE OCT 1     12.63                     10.06   2.57     7.85
  SINCE JAN 1      7.73                      6.95   0.78     5.00

DEGREE DAYS
 HEATING
  YESTERDAY        1                         1      0        1
  MONTH TO DATE   35                        54    -19       11
  SINCE MAR 1    130                       345   -215      107
  SINCE JUL 1    722                      1203   -481      647

 COOLING
  YESTERDAY        0                         1     -1        0
  MONTH TO DATE   46                        28     18       17
  SINCE MAR 1     92                        47     45       71
  SINCE JAN 1     92                        52     40      116
..................................................................


WIND (MPH)
  RESULTANT WIND SPEED   6   RESULTANT WIND DIRECTION  NW (310)
  HIGHEST WIND SPEED    17   HIGHEST WIND DIRECTION     W (280)
  HIGHEST GUST SPEED    22   HIGHEST GUST DIRECTION     W (290)
  AVERAGE WIND SPEED     6.8


SKY COVER
  POSSIBLE SUNSHINE  MM
  AVERAGE SKY COVER 0.6


WEATHER CONDITIONS
 THE FOLLOWING WEATHER WAS RECORDED YESTERDAY.
  NO SIGNIFICANT WEATHER WAS OBSERVED.


RELATIVE HUMIDITY (PERCENT)
 HIGHEST    86           500 AM
 LOWEST     61          1100 AM
 AVERAGE    74

..........................................................


THE SAN DIEGO INTL AIRPORT CA CLIMATE NORMALS FOR TODAY
                         NORMAL    RECORD    YEAR
 MAXIMUM TEMPERATURE (F)   69        88      1978
 MINIMUM TEMPERATURE (F)   61        52      1895


SUNRISE AND SUNSET
MAY 29 2017...........SUNRISE   542 AM PDT   SUNSET   750 PM PDT
MAY 30 2017...........SUNRISE   542 AM PDT   SUNSET   751 PM PDT


-  INDICATES NEGATIVE NUMBERS.
R  INDICATES RECORD WAS SET OR TIED.
MM INDICATES DATA IS MISSING.
T  INDICATES TRACE AMOUNT.




$$
