000
CDUS46 KSGX 190018
CLISAN


CLIMATE REPORT
NATIONAL WEATHER SERVICE SAN DIEGO, CA
418 PM PST SAT FEB 18 2017


...................................

...THE SAN DIEGO INTL AIRPORT CA CLIMATE SUMMARY FOR FEBRUARY 18 2017...
VALID TODAY AS OF 0400 PM LOCAL TIME.

CLIMATE NORMAL PERIOD 1981 TO 2010
CLIMATE RECORD PERIOD 1874 TO 2017


WEATHER ITEM   OBSERVED TIME   RECORD YEAR NORMAL DEPARTURE LAST
                VALUE   (LST)  VALUE       VALUE  FROM      YEAR
                                                  NORMAL
..................................................................
TEMPERATURE (F)
 TODAY
  MAXIMUM         61    144 PM  80    1981  65     -4       68
                                      1896
  MINIMUM         54    725 AM  37    1894  51      3       58
                                      1889
  AVERAGE         58                        58      0       63

PRECIPITATION (IN)
  TODAY            0.04          0.81 1980   0.09  -0.05     0.05
  MONTH TO DATE    1.25                      1.42  -0.17     0.05
  SINCE OCT 1      9.16                      6.51   2.65     6.11
  SINCE JAN 1      4.26                      3.40   0.86     3.26

DEGREE DAYS
 HEATING
  TODAY            7                         7      0        2
  MONTH TO DATE   77                       132    -55       52
  SINCE DEC 1    475                       642   -167      453
  SINCE JUL 1    525                       787   -262      522

 COOLING
  TODAY            0                         0      0        0
  MONTH TO DATE    0                         0      0       40
  SINCE DEC 1      4                         2      2       40
  SINCE JAN 1      0                         2     -2       40
..................................................................


WIND (MPH)
  RESULTANT WIND SPEED   7   RESULTANT WIND DIRECTION   S (160)
  HIGHEST WIND SPEED    16   HIGHEST WIND DIRECTION     S (200)
  HIGHEST GUST SPEED    21   HIGHEST GUST DIRECTION     S (190)
  AVERAGE WIND SPEED     7.9


SKY COVER
  POSSIBLE SUNSHINE  MM
  AVERAGE SKY COVER 0.8


WEATHER CONDITIONS
 THE FOLLOWING WEATHER WAS RECORDED TODAY.
  LIGHT RAIN


RELATIVE HUMIDITY (PERCENT)
 HIGHEST    83           500 AM
 LOWEST     57          1100 AM
 AVERAGE    70

..........................................................


THE SAN DIEGO INTL AIRPORT CA CLIMATE NORMALS FOR TOMORROW
                         NORMAL    RECORD    YEAR
 MAXIMUM TEMPERATURE (F)   65        90      1995
 MINIMUM TEMPERATURE (F)   51        38      1955
                                             1889


SUNRISE AND SUNSET
FEBRUARY 18 2017......SUNRISE   628 AM PST   SUNSET   537 PM PST
FEBRUARY 19 2017......SUNRISE   627 AM PST   SUNSET   538 PM PST


-  INDICATES NEGATIVE NUMBERS.
R  INDICATES RECORD WAS SET OR TIED.
MM INDICATES DATA IS MISSING.
T  INDICATES TRACE AMOUNT.




$$
