000
CDUS46 KSGX 221424
CLISAN


CLIMATE REPORT
NATIONAL WEATHER SERVICE SAN DIEGO, CA
724 AM PDT FRI AUG 22 2014


...................................

...THE SAN DIEGO/LINDBERGH FIELD CA CLIMATE SUMMARY FOR AUGUST 21 2014...

CLIMATE NORMAL PERIOD 1981 TO 2010
CLIMATE RECORD PERIOD 1850 TO 2014


WEATHER ITEM   OBSERVED TIME   RECORD YEAR NORMAL DEPARTURE LAST
                VALUE   (LST)  VALUE       VALUE  FROM      YEAR
                                                  NORMAL
..................................................................
TEMPERATURE (F)
 YESTERDAY
  MAXIMUM         78    118 PM  89    1982  77      1       76
  MINIMUM         70   1159 PM  58    1916  67      3       66
                                      1884
                                      1877
  AVERAGE         74                        72      2       71

PRECIPITATION (IN)
  YESTERDAY        0.00          1.35 1854   0.00   0.00     0.00
  MONTH TO DATE    0.08                      0.01   0.07     0.00
  SINCE JUL 1      0.08                      0.04   0.04     0.05
  SINCE JAN 1      2.90                      7.07  -4.17     3.38

SNOWFALL (IN)
  YESTERDAY        0.0
  MONTH TO DATE    0.0
  SINCE JAN 1      0.0
  SINCE JUL 1      0.0
  SNOW DEPTH       0

DEGREE DAYS
 HEATING
  YESTERDAY        0                         0      0        0
  MONTH TO DATE    0                         0      0        0
  SINCE JUN 1      0                        19    -19       15
  SINCE JUL 1      0                         1     -1        0

 COOLING
  YESTERDAY        9                         7      2        6
  MONTH TO DATE  184                       135     49       87
  SINCE JUN 1    569                       351    218      327
  SINCE JAN 1    808                       400    408      381
..................................................................


WIND (MPH)
  RESULTANT WIND SPEED   8   RESULTANT WIND DIRECTION  NW (300)
  HIGHEST WIND SPEED    17   HIGHEST WIND DIRECTION     W (290)
  HIGHEST GUST SPEED    21   HIGHEST GUST DIRECTION     W (290)
  AVERAGE WIND SPEED     7.7


SKY COVER
  POSSIBLE SUNSHINE  MM
  AVERAGE SKY COVER 0.7


WEATHER CONDITIONS
 THE FOLLOWING WEATHER WAS RECORDED YESTERDAY.
  NO SIGNIFICANT WEATHER WAS OBSERVED.


RELATIVE HUMIDITY (PERCENT)
 HIGHEST    79          1100 PM
 LOWEST     60           100 PM
 AVERAGE    70

..........................................................


THE SAN DIEGO/LINDBERGH FIELD CA CLIMATE NORMALS FOR TODAY
                         NORMAL    RECORD    YEAR
 MAXIMUM TEMPERATURE (F)   77        90      1972
 MINIMUM TEMPERATURE (F)   67        59      1916
                                             1900
                                             1879


SUNRISE AND SUNSET
AUGUST 22 2014........SUNRISE   617 AM PDT   SUNSET   726 PM PDT
AUGUST 23 2014........SUNRISE   618 AM PDT   SUNSET   724 PM PDT


-  INDICATES NEGATIVE NUMBERS.
R  INDICATES RECORD WAS SET OR TIED.
MM INDICATES DATA IS MISSING.
T  INDICATES TRACE AMOUNT.




$$
