000
CDUS46 KSGX 251150
CLISAN


CLIMATE REPORT
NATIONAL WEATHER SERVICE SAN DIEGO, CA
450 AM PDT TUE JUL 25 2017


...................................

...THE SAN DIEGO INTL AIRPORT CA CLIMATE SUMMARY FOR JULY 24 2017...

CLIMATE NORMAL PERIOD 1981 TO 2010
CLIMATE RECORD PERIOD 1874 TO 2017


WEATHER ITEM   OBSERVED TIME   RECORD YEAR NORMAL DEPARTURE LAST
                VALUE   (LST)  VALUE       VALUE  FROM      YEAR
                                                  NORMAL
..................................................................
TEMPERATURE (F)
 YESTERDAY
  MAXIMUM         77    237 PM  85    2006  75      2       76
  MINIMUM         70   1159 PM  56    1878  66      4       64
  AVERAGE         74                        71      3       70

PRECIPITATION (IN)
  YESTERDAY        T             0.01 2006   0.00   0.00     0.00
  MONTH TO DATE    T                         0.02  -0.02     0.00
  SINCE OCT 1     12.65                     10.16   2.49     7.86
  SINCE JAN 1      7.75                      7.05   0.70     5.01

DEGREE DAYS
 HEATING
  YESTERDAY        0                         0      0        0
  MONTH TO DATE    0                         0      0        0
  SINCE JUN 1      9                        18     -9        0
  SINCE JUL 1      0                         0      0        0

 COOLING
  YESTERDAY        9                         6      3        5
  MONTH TO DATE  195                       116     79      136
  SINCE JUN 1    293                       176    117      261
  SINCE JAN 1    385                       225    160      379
..................................................................


WIND (MPH)
  RESULTANT WIND SPEED   3   RESULTANT WIND DIRECTION  SW (220)
  HIGHEST WIND SPEED    13   HIGHEST WIND DIRECTION     W (260)
  HIGHEST GUST SPEED    17   HIGHEST GUST DIRECTION     W (280)
  AVERAGE WIND SPEED     5.1


SKY COVER
  POSSIBLE SUNSHINE  MM
  AVERAGE SKY COVER 0.7


WEATHER CONDITIONS
 THE FOLLOWING WEATHER WAS RECORDED YESTERDAY.
  THUNDERSTORM


RELATIVE HUMIDITY (PERCENT)
 HIGHEST    84           400 AM
 LOWEST     64           200 PM
 AVERAGE    74

..........................................................


THE SAN DIEGO INTL AIRPORT CA CLIMATE NORMALS FOR TODAY
                         NORMAL    RECORD    YEAR
 MAXIMUM TEMPERATURE (F)   75        88      1891
 MINIMUM TEMPERATURE (F)   66        57      1893


SUNRISE AND SUNSET
JULY 25 2017..........SUNRISE   558 AM PDT   SUNSET   752 PM PDT
JULY 26 2017..........SUNRISE   559 AM PDT   SUNSET   751 PM PDT


-  INDICATES NEGATIVE NUMBERS.
R  INDICATES RECORD WAS SET OR TIED.
MM INDICATES DATA IS MISSING.
T  INDICATES TRACE AMOUNT.




$$
