000
CDUS46 KSGX 240016
CLISAN


CLIMATE REPORT
NATIONAL WEATHER SERVICE SAN DIEGO, CA
516 PM PDT SAT JUL 23 2016


...................................

...THE SAN DIEGO/LINDBERGH FIELD CA CLIMATE SUMMARY FOR JULY 23 2016...
VALID TODAY AS OF 0500 PM LOCAL TIME.

CLIMATE NORMAL PERIOD 1981 TO 2010
CLIMATE RECORD PERIOD 1874 TO 2016


WEATHER ITEM   OBSERVED TIME   RECORD YEAR NORMAL DEPARTURE LAST
                VALUE   (LST)  VALUE       VALUE  FROM      YEAR
                                                  NORMAL
..................................................................
TEMPERATURE (F)
 TODAY
  MAXIMUM         73    831 AM  89    1960  75     -2       79
  MINIMUM         67   1140 AM  58    1892  66      1       71
  AVERAGE         70                        71     -1       75

PRECIPITATION (IN)
  TODAY            0.00          0.01 2005   0.00   0.00     0.00
  MONTH TO DATE    0.00                      0.02  -0.02     1.71
  SINCE OCT 1      7.86                     10.16  -2.30    10.66
  SINCE JAN 1      5.01                      7.05  -2.04     5.79

DEGREE DAYS
 HEATING
  TODAY            0                         0      0        0
  MONTH TO DATE    0                         0      0        0
  SINCE JUN 1      0                        18    -18        1
  SINCE JUL 1      0                         0      0        0

 COOLING
  TODAY            5                         6     -1       10
  MONTH TO DATE  131                       110     21      163
  SINCE JUN 1    256                       170     86      286
  SINCE JAN 1    374                       219    155      469
..................................................................


WIND (MPH)
  RESULTANT WIND SPEED   8   RESULTANT WIND DIRECTION   S (190)
  HIGHEST WIND SPEED    20   HIGHEST WIND DIRECTION     S (200)
  HIGHEST GUST SPEED    24   HIGHEST GUST DIRECTION    SW (210)
  AVERAGE WIND SPEED     8.7


SKY COVER
  POSSIBLE SUNSHINE  MM
  AVERAGE SKY COVER 0.6


WEATHER CONDITIONS
 THE FOLLOWING WEATHER WAS RECORDED TODAY.
  FOG


RELATIVE HUMIDITY (PERCENT)
 HIGHEST    97           200 AM
 LOWEST     79           200 PM
 AVERAGE    88

..........................................................


THE SAN DIEGO/LINDBERGH FIELD CA CLIMATE NORMALS FOR TOMORROW
                         NORMAL    RECORD    YEAR
 MAXIMUM TEMPERATURE (F)   75        85      2006
 MINIMUM TEMPERATURE (F)   66        56      1878


SUNRISE AND SUNSET
JULY 23 2016..........SUNRISE   557 AM PDT   SUNSET   753 PM PDT
JULY 24 2016..........SUNRISE   558 AM PDT   SUNSET   752 PM PDT


-  INDICATES NEGATIVE NUMBERS.
R  INDICATES RECORD WAS SET OR TIED.
MM INDICATES DATA IS MISSING.
T  INDICATES TRACE AMOUNT.




$$
