625
CDUS46 KSGX 101522
CLISAN


CLIMATE REPORT
NATIONAL WEATHER SERVICE SAN DIEGO, CA
722 AM PST SAT DEC 10 2016


...................................

...THE SAN DIEGO INTL AIRPORT CA CLIMATE SUMMARY FOR DECEMBER 9 2016...

CLIMATE NORMAL PERIOD 1981 TO 2010
CLIMATE RECORD PERIOD 1874 TO 2016


WEATHER ITEM   OBSERVED TIME   RECORD YEAR NORMAL DEPARTURE LAST
                VALUE   (LST)  VALUE       VALUE  FROM      YEAR
                                                  NORMAL
..................................................................
TEMPERATURE (F)
 YESTERDAY
  MAXIMUM         66    240 PM  84    1957  65      1       72
  MINIMUM         51    449 AM  35    1960  49      2       54
  AVERAGE         59                        57      2       63

PRECIPITATION (IN)
  YESTERDAY        0.00          1.53 1926   0.05  -0.05     0.00
  MONTH TO DATE    0.00                      0.39  -0.39     0.00
  SINCE OCT 1      0.68                      1.97  -1.29     1.97
  SINCE JAN 1      6.01                      9.20  -3.19     9.01

DEGREE DAYS
 HEATING
  YESTERDAY        6                         8     -2        2
  MONTH TO DATE   61                        69     -8       20
  SINCE DEC 1     61                        69     -8       20
  SINCE JUL 1    111                       214   -103       89

 COOLING
  YESTERDAY        0                         0      0        0
  MONTH TO DATE    0                         0      0        0
  SINCE DEC 1      0                         0      0        0
  SINCE JAN 1   1163                       720    443     1564
..................................................................


WIND (MPH)
  RESULTANT WIND SPEED   5   RESULTANT WIND DIRECTION  NW (330)
  HIGHEST WIND SPEED    14   HIGHEST WIND DIRECTION     N (340)
  HIGHEST GUST SPEED    18   HIGHEST GUST DIRECTION     W (290)
  AVERAGE WIND SPEED     5.3


SKY COVER
  POSSIBLE SUNSHINE  MM
  AVERAGE SKY COVER 0.7


WEATHER CONDITIONS
 THE FOLLOWING WEATHER WAS RECORDED YESTERDAY.
  NO SIGNIFICANT WEATHER WAS OBSERVED.


RELATIVE HUMIDITY (PERCENT)
 HIGHEST    89           200 AM
 LOWEST     63          1100 AM
 AVERAGE    76

..........................................................


THE SAN DIEGO INTL AIRPORT CA CLIMATE NORMALS FOR TODAY
                         NORMAL    RECORD    YEAR
 MAXIMUM TEMPERATURE (F)   65        84      1950
 MINIMUM TEMPERATURE (F)   49        40      1884


SUNRISE AND SUNSET
DECEMBER 10 2016......SUNRISE   640 AM PST   SUNSET   443 PM PST
DECEMBER 11 2016......SUNRISE   641 AM PST   SUNSET   443 PM PST


-  INDICATES NEGATIVE NUMBERS.
R  INDICATES RECORD WAS SET OR TIED.
MM INDICATES DATA IS MISSING.
T  INDICATES TRACE AMOUNT.




$$
