000
CDUS44 KEWX 140715
CLISAT


CLIMATE REPORT
NATIONAL WEATHER SERVICE AUSTIN/SAN ANTONIO, TX
114 AM CST SUN FEB 14 2016


...................................

...THE SAN ANTONIO CLIMATE SUMMARY FOR FEBRUARY 13 2016...

CLIMATE NORMAL PERIOD 1981 TO 2010
CLIMATE RECORD PERIOD 1886 TO 2016


WEATHER ITEM   OBSERVED TIME   RECORD YEAR NORMAL DEPARTURE LAST
                VALUE   (LST)  VALUE       VALUE  FROM      YEAR
                                                  NORMAL
..................................................................
TEMPERATURE (F)
 YESTERDAY
  MAXIMUM         74    352 PM  86    2000  67      7       69
  MINIMUM         48    740 AM   6    1899  44      4       47
  AVERAGE         61                        55      6       58

PRECIPITATION (IN)
  YESTERDAY        0.00          1.58 1969   0.07  -0.07     0.00
  MONTH TO DATE    0.00                      0.83  -0.83     0.30
  SINCE DEC 1      2.86                      4.50  -1.64     5.21
  SINCE JAN 1      1.38                      2.59  -1.21     3.97

SNOWFALL (IN)
  YESTERDAY        0.0
  MONTH TO DATE    0.0
  SINCE DEC 1      0.0
  SINCE JUL 1      0.0
  SNOW DEPTH       0

DEGREE DAYS
 HEATING
  YESTERDAY        4                        10     -6        7
  MONTH TO DATE  126                       149    -23      120
  SINCE DEC 1    759                       956   -197      851
  SINCE JUL 1    888                      1167   -279     1098

 COOLING
  YESTERDAY        0                         1     -1        0
  MONTH TO DATE    0                         9     -9        2
  SINCE DEC 1     28                        30     -2        9
  SINCE JAN 1      3                        16    -13        2
..................................................................


WIND (MPH)
  HIGHEST WIND SPEED    21   HIGHEST WIND DIRECTION    SE (150)
  HIGHEST GUST SPEED    27   HIGHEST GUST DIRECTION    SE (150)
  AVERAGE WIND SPEED     7.9


SKY COVER
  AVERAGE SKY COVER 0.3


WEATHER CONDITIONS
 THE FOLLOWING WEATHER WAS RECORDED YESTERDAY.
  NO SIGNIFICANT WEATHER WAS OBSERVED.


RELATIVE HUMIDITY (PERCENT)
 HIGHEST    80           800 AM
 LOWEST     44           600 PM
 AVERAGE    62

..........................................................


THE SAN ANTONIO CLIMATE NORMALS FOR TODAY
                         NORMAL    RECORD    YEAR
 MAXIMUM TEMPERATURE (F)   67        92      2014
 MINIMUM TEMPERATURE (F)   44        20      1905


SUNRISE AND SUNSET
FEBRUARY 14 2016......SUNRISE   714 AM CST   SUNSET   622 PM CST
FEBRUARY 15 2016......SUNRISE   714 AM CST   SUNSET   623 PM CST


-  INDICATES NEGATIVE NUMBERS.
R  INDICATES RECORD WAS SET OR TIED.
MM INDICATES DATA IS MISSING.
T  INDICATES TRACE AMOUNT.




$$
