759
CDUS44 KEWX 192348
CLISAT


CLIMATE REPORT
NATIONAL WEATHER SERVICE AUSTIN/SAN ANTONIO, TX
548 PM CST MON FEB 19 2018


...................................

...THE SAN ANTONIO CLIMATE SUMMARY FOR FEBRUARY 19 2018...
VALID TODAY AS OF 0500 PM LOCAL TIME.

CLIMATE NORMAL PERIOD 1981 TO 2010
CLIMATE RECORD PERIOD 1886 TO 2018


WEATHER ITEM   OBSERVED TIME   RECORD YEAR NORMAL DEPARTURE LAST
                VALUE   (LST)  VALUE       VALUE  FROM      YEAR
                                                  NORMAL
..................................................................
TEMPERATURE (F)
 TODAY
  MAXIMUM         80    359 PM  96    1986  68     12       81
  MINIMUM         67    728 AM  23    1978  45     22       58
  AVERAGE         74                        56     18       70

PRECIPITATION (IN)
  TODAY            T             1.51 2017   0.07  -0.07     1.51
  MONTH TO DATE    0.20                      1.23  -1.03     2.98
  SINCE DEC 1      4.52                      4.90  -0.38    11.92
  SINCE JAN 1      0.48                      2.99  -2.51     5.70

SNOWFALL (IN)
  TODAY            0.0
  MONTH TO DATE    0.0
  SINCE DEC 1      1.9
  SINCE JUL 1      1.9
  SNOW DEPTH       0

DEGREE DAYS
 HEATING
  TODAY            0                         9     -9        0
  MONTH TO DATE  185                       207    -22       81
  SINCE DEC 1   1046                      1014     32      646
  SINCE JUL 1   1178                      1225    -47      704

 COOLING
  TODAY            9                         1      8        5
  MONTH TO DATE   20                        15      5       51
  SINCE DEC 1     38                        36      2      114
  SINCE JAN 1     20                        22     -2       72
..................................................................


WIND (MPH)
  HIGHEST WIND SPEED    24   HIGHEST WIND DIRECTION    SE (130)
  HIGHEST GUST SPEED    33   HIGHEST GUST DIRECTION    SE (150)
  AVERAGE WIND SPEED    14.3


SKY COVER
  AVERAGE SKY COVER 0.9


WEATHER CONDITIONS
 THE FOLLOWING WEATHER WAS RECORDED TODAY.
  LIGHT RAIN
  FOG


RELATIVE HUMIDITY (PERCENT)
 HIGHEST    93           700 AM
 LOWEST     58           400 PM
 AVERAGE    76

..........................................................


THE SAN ANTONIO CLIMATE NORMALS FOR TOMORROW
                         NORMAL    RECORD    YEAR
 MAXIMUM TEMPERATURE (F)   68        97      1986
 MINIMUM TEMPERATURE (F)   45        27      1908


SUNRISE AND SUNSET
FEBRUARY 19 2018......SUNRISE   709 AM CST   SUNSET   626 PM CST
FEBRUARY 20 2018......SUNRISE   709 AM CST   SUNSET   627 PM CST


-  INDICATES NEGATIVE NUMBERS.
R  INDICATES RECORD WAS SET OR TIED.
MM INDICATES DATA IS MISSING.
T  INDICATES TRACE AMOUNT.




$$
