000
CDUS44 KEWX 290713
CLISAT


CLIMATE REPORT
NATIONAL WEATHER SERVICE AUSTIN/SAN ANTONIO, TX
211 AM CDT MON MAY 29 2017


...................................

...THE SAN ANTONIO CLIMATE SUMMARY FOR MAY 28 2017...

CLIMATE NORMAL PERIOD 1981 TO 2010
CLIMATE RECORD PERIOD 1886 TO 2017


WEATHER ITEM   OBSERVED TIME   RECORD YEAR NORMAL DEPARTURE LAST
                VALUE   (LST)  VALUE       VALUE  FROM      YEAR
                                                  NORMAL
..................................................................
TEMPERATURE (F)
 YESTERDAY
  MAXIMUM         92    317 PM 103    1927  90      2       91
  MINIMUM         71   1159 PM  55    1976  70      1       70
  AVERAGE         82                        80      2       81

PRECIPITATION (IN)
  YESTERDAY        0.02          1.31 1940   0.15  -0.13      T
  MONTH TO DATE    0.79                      3.55  -2.76     4.89
  SINCE MAR 1      5.77                      7.96  -2.19    14.64
  SINCE JAN 1     12.10                     11.51   0.59    17.57

SNOWFALL (IN)
  YESTERDAY        0.0
  MONTH TO DATE    0.0
  SINCE MAR 1      0.0
  SINCE JUL 1      0.0
  SNOW DEPTH       0

DEGREE DAYS
 HEATING
  YESTERDAY        0                         0      0        0
  MONTH TO DATE    0                         0      0        1
  SINCE MAR 1     60                       193   -133       89
  SINCE JUL 1    778                      1494   -716     1038

 COOLING
  YESTERDAY       17                        15      2       16
  MONTH TO DATE  300                       325    -25      287
  SINCE MAR 1    633                       558     75      561
  SINCE JAN 1    733                       584    149      590
..................................................................


WIND (MPH)
  HIGHEST WIND SPEED    28   HIGHEST WIND DIRECTION    NW (330)
  HIGHEST GUST SPEED    34   HIGHEST GUST DIRECTION    NW (330)
  AVERAGE WIND SPEED     8.9


SKY COVER
  AVERAGE SKY COVER 0.8


WEATHER CONDITIONS
 THE FOLLOWING WEATHER WAS RECORDED YESTERDAY.
  THUNDERSTORM
  LIGHT RAIN


RELATIVE HUMIDITY (PERCENT)
 HIGHEST    93           500 AM
 LOWEST     56           200 PM
 AVERAGE    75

..........................................................


THE SAN ANTONIO CLIMATE NORMALS FOR TODAY
                         NORMAL    RECORD    YEAR
 MAXIMUM TEMPERATURE (F)   90       102      1927
 MINIMUM TEMPERATURE (F)   70        57      1888


SUNRISE AND SUNSET
MAY 29 2017...........SUNRISE   635 AM CDT   SUNSET   828 PM CDT
MAY 30 2017...........SUNRISE   635 AM CDT   SUNSET   828 PM CDT


-  INDICATES NEGATIVE NUMBERS.
R  INDICATES RECORD WAS SET OR TIED.
MM INDICATES DATA IS MISSING.
T  INDICATES TRACE AMOUNT.




$$
