000
CDUS44 KEWX 232259
CLISAT


CLIMATE REPORT
NATIONAL WEATHER SERVICE AUSTIN/SAN ANTONIO, TX
558 PM CDT TUE AUG 23 2016


...................................

...THE SAN ANTONIO CLIMATE SUMMARY FOR AUGUST 23 2016...
VALID TODAY AS OF 558 PM LOCAL TIME.

CLIMATE NORMAL PERIOD 1981 TO 2010
CLIMATE RECORD PERIOD 1886 TO 2016


WEATHER ITEM   OBSERVED TIME   RECORD YEAR NORMAL DEPARTURE LAST
                VALUE   (LST)  VALUE       VALUE  FROM      YEAR
                                                  NORMAL
..................................................................
TEMPERATURE (F)
 TODAY
  MAXIMUM         92    407 PM 104    2009  96     -4       98
                                      1917
  MINIMUM         78    648 AM  62    1891  75      3       78
  AVERAGE         85                        85      0       88

PRECIPITATION (IN)
  TODAY            0.00          1.95 1998   0.07  -0.07     0.00
  MONTH TO DATE    4.83                      1.30   3.53     0.29
  SINCE JUN 1      7.55                      8.18  -0.63     6.78
  SINCE JAN 1     29.37                     20.15   9.22    30.06

SNOWFALL (IN)
  TODAY            0.0
  MONTH TO DATE    0.0
  SINCE JUN 1      0.0
  SINCE JUL 1      0.0
  SNOW DEPTH       0

DEGREE DAYS
 HEATING
  TODAY            0                         0      0        0
  MONTH TO DATE    0                         0      0        0
  SINCE JUN 1      0                         0      0        0
  SINCE JUL 1      0                         0      0        0

 COOLING
  TODAY           20                        20      0       23
  MONTH TO DATE  451                       479    -28      532
  SINCE JUN 1   1659                      1610     49     1685
  SINCE JAN 1   2284                      2239     45     2330
..................................................................


WIND (MPH)
  HIGHEST WIND SPEED    22   HIGHEST WIND DIRECTION     S (170)
  HIGHEST GUST SPEED    27   HIGHEST GUST DIRECTION     S (160)
  AVERAGE WIND SPEED    14.0


SKY COVER
  AVERAGE SKY COVER 0.7


WEATHER CONDITIONS
 THE FOLLOWING WEATHER WAS RECORDED TODAY.
  NO SIGNIFICANT WEATHER WAS OBSERVED.


RELATIVE HUMIDITY (PERCENT)
 HIGHEST    91           200 AM
 LOWEST     49           300 PM
 AVERAGE    70

..........................................................


THE SAN ANTONIO CLIMATE NORMALS FOR TOMORROW
                         NORMAL    RECORD    YEAR
 MAXIMUM TEMPERATURE (F)   96       103      2013
                                             2010
 MINIMUM TEMPERATURE (F)   74        57      1891


SUNRISE AND SUNSET
AUGUST 23 2016........SUNRISE   707 AM CDT   SUNSET   805 PM CDT
AUGUST 24 2016........SUNRISE   707 AM CDT   SUNSET   804 PM CDT


-  INDICATES NEGATIVE NUMBERS.
R  INDICATES RECORD WAS SET OR TIED.
MM INDICATES DATA IS MISSING.
T  INDICATES TRACE AMOUNT.




$$
