000
CDUS44 KEWX 292248
CLISAT


CLIMATE REPORT
NATIONAL WEATHER SERVICE AUSTIN/SAN ANTONIO, TX
548 PM CDT WED MAR 29 2017


...................................

...THE SAN ANTONIO CLIMATE SUMMARY FOR MARCH 29 2017...
VALID TODAY AS OF 0548 PM LOCAL TIME.

CLIMATE NORMAL PERIOD 1981 TO 2010
CLIMATE RECORD PERIOD 1886 TO 2017


WEATHER ITEM   OBSERVED TIME   RECORD YEAR NORMAL DEPARTURE LAST
                VALUE   (LST)  VALUE       VALUE  FROM      YEAR
                                                  NORMAL
..................................................................
TEMPERATURE (F)
 TODAY
  MAXIMUM         83    442 PM  94    2000  77      6       70
  MINIMUM         59    533 AM  35    1987  54      5       57
  AVERAGE         71                        65      6       64

PRECIPITATION (IN)
  TODAY            0.87          2.63 1922   0.07   0.80     0.02
  MONTH TO DATE    2.09                      2.19  -0.10     3.44
  SINCE MAR 1      2.09                      2.19  -0.10     3.44
  SINCE JAN 1      8.42                      5.74   2.68     6.37

SNOWFALL (IN)
  TODAY            0.0
  MONTH TO DATE    0.0
  SINCE MAR 1      0.0
  SINCE JUL 1      0.0
  SNOW DEPTH       0

DEGREE DAYS
 HEATING
  TODAY            0                         3     -3        1
  MONTH TO DATE   51                       147    -96       70
  SINCE MAR 1     51                       147    -96       70
  SINCE JUL 1    769                      1448   -679     1019

 COOLING
  TODAY            6                         3      3        0
  MONTH TO DATE  129                        60     69       87
  SINCE MAR 1    129                        60     69       87
  SINCE JAN 1    229                        86    143      116
..................................................................


WIND (MPH)
  HIGHEST WIND SPEED    24   HIGHEST WIND DIRECTION    NW (320)
  HIGHEST GUST SPEED    29   HIGHEST GUST DIRECTION    NW (330)
  AVERAGE WIND SPEED     6.7


SKY COVER
  AVERAGE SKY COVER 0.6


WEATHER CONDITIONS
 THE FOLLOWING WEATHER WAS RECORDED TODAY.
  THUNDERSTORM
  HEAVY RAIN
  LIGHT RAIN
  FOG
  FOG W/VISIBILITY <= 1/4 MILE
  HAZE


RELATIVE HUMIDITY (PERCENT)
 HIGHEST   100           900 AM
 LOWEST     22           400 PM
 AVERAGE    61

..........................................................


THE SAN ANTONIO CLIMATE NORMALS FOR TOMORROW
                         NORMAL    RECORD    YEAR
 MAXIMUM TEMPERATURE (F)   77        97      1946
 MINIMUM TEMPERATURE (F)   54        29      1944


SUNRISE AND SUNSET
MARCH 29 2017.........SUNRISE   727 AM CDT   SUNSET   751 PM CDT
MARCH 30 2017.........SUNRISE   725 AM CDT   SUNSET   751 PM CDT


-  INDICATES NEGATIVE NUMBERS.
R  INDICATES RECORD WAS SET OR TIED.
MM INDICATES DATA IS MISSING.
T  INDICATES TRACE AMOUNT.




$$
