000
CDUS42 KCHS 262128
CLISAV


CLIMATE REPORT
NATIONAL WEATHER SERVICE CHARLESTON SC
527 PM EDT WED APR 26 2017


...................................

...THE SAVANNAH GA CLIMATE SUMMARY FOR APRIL 26 2017...
VALID TODAY AS OF 0500 PM LOCAL TIME.

CLIMATE NORMAL PERIOD 1981 TO 2010
CLIMATE RECORD PERIOD 1871 TO 2017


WEATHER ITEM   OBSERVED TIME   RECORD YEAR NORMAL DEPARTURE LAST
                VALUE   (LST)  VALUE       VALUE  FROM      YEAR
                                                  NORMAL
..................................................................
TEMPERATURE (F)
 TODAY
  MAXIMUM         86    201 PM  92    1989  80      6       84
  MINIMUM         61    608 AM  38    1910  56      5       58
  AVERAGE         74                        68      6       71

PRECIPITATION (IN)
  TODAY            0.00          2.28 1973   0.09  -0.09     0.00
  MONTH TO DATE    2.88                      2.72   0.16     2.26
  SINCE MAR 1      3.38                      6.45  -3.07     7.27
  SINCE JAN 1     12.21                     12.93  -0.72    13.68

SNOWFALL (IN)
  TODAY            0.0                       0.0    0.0
  SINCE MAR 1      0.0                       T      0.0
  SINCE JUL 1      0.0                       0.3   -0.3

DEGREE DAYS
 HEATING
  TODAY            0                         1     -1        0
  MONTH TO DATE   19                        72    -53       42
  SINCE MAR 1    212                       282    -70      142
  SINCE JUL 1   1022                      1799   -777     1211

 COOLING
  TODAY            9                         4      5        6
  MONTH TO DATE  148                        75     73       56
  SINCE MAR 1    223                       107    116      162
  SINCE JAN 1    281                       117    164      183
..................................................................


WIND (MPH)
  HIGHEST WIND SPEED    17   HIGHEST WIND DIRECTION    SE (140)
  HIGHEST GUST SPEED    20   HIGHEST GUST DIRECTION     S (180)
  AVERAGE WIND SPEED     5.1


SKY COVER
  POSSIBLE SUNSHINE  MM
  AVERAGE SKY COVER 0.1


WEATHER CONDITIONS
 THE FOLLOWING WEATHER WAS RECORDED TODAY.
  NO SIGNIFICANT WEATHER WAS OBSERVED.


RELATIVE HUMIDITY (PERCENT)
 HIGHEST    87           100 AM
 LOWEST     37           200 PM
 AVERAGE    62

..........................................................


THE SAVANNAH GA CLIMATE NORMALS FOR TOMORROW
                         NORMAL    RECORD    YEAR
 MAXIMUM TEMPERATURE (F)   80        95      1986
 MINIMUM TEMPERATURE (F)   56        42      2001


SUNRISE AND SUNSET
APRIL 26 2017.........SUNRISE   643 AM EDT   SUNSET   802 PM EDT
APRIL 27 2017.........SUNRISE   642 AM EDT   SUNSET   803 PM EDT


-  INDICATES NEGATIVE NUMBERS.
R  INDICATES RECORD WAS SET OR TIED.
MM INDICATES DATA IS MISSING.
T  INDICATES TRACE AMOUNT.




$$
