000
CDUS42 KCHS 302103
CLISAV


CLIMATE REPORT
NATIONAL WEATHER SERVICE CHARLESTON SC
503 PM EDT MON MAY 30 2016


...................................

...THE SAVANNAH GA CLIMATE SUMMARY FOR MAY 30 2016...
VALID TODAY AS OF 0500 PM LOCAL TIME.

CLIMATE NORMAL PERIOD 1981 TO 2010
CLIMATE RECORD PERIOD 1871 TO 2016


WEATHER ITEM   OBSERVED TIME   RECORD YEAR NORMAL DEPARTURE LAST
                VALUE   (LST)  VALUE       VALUE  FROM      YEAR
                                                  NORMAL
..................................................................
TEMPERATURE (F)
 TODAY
  MAXIMUM         88    334 PM 101    1898  87      1       83
  MINIMUM         67    550 AM  53    1971  66      1       67
  AVERAGE         78                        77      1       75

PRECIPITATION (IN)
  TODAY            T             2.75 1991   0.12  -0.12     0.06
  MONTH TO DATE    8.99                      2.84   6.15     1.23
  SINCE MAR 1     16.26                      9.64   6.62     9.77
  SINCE JAN 1     22.67                     16.12   6.55    17.33

DEGREE DAYS
 HEATING
  TODAY            0                         0      0        0
  MONTH TO DATE    4                         6     -2        2
  SINCE MAR 1    146                       292   -146      158
  SINCE JUL 1   1215                      1809   -594     1693

 COOLING
  TODAY           13                        12      1       10
  MONTH TO DATE  276                       255     21      282
  SINCE MAR 1    491                       381    110      519
  SINCE JAN 1    512                       391    121      524
..................................................................


WIND (MPH)
  HIGHEST WIND SPEED    18   HIGHEST WIND DIRECTION    NW (300)
  HIGHEST GUST SPEED    26   HIGHEST GUST DIRECTION    NW (300)
  AVERAGE WIND SPEED     9.8


SKY COVER
  POSSIBLE SUNSHINE  MM
  AVERAGE SKY COVER 0.8


WEATHER CONDITIONS
 THE FOLLOWING WEATHER WAS RECORDED TODAY.
  LIGHT RAIN


RELATIVE HUMIDITY (PERCENT)
 HIGHEST    87           500 AM
 LOWEST     53           200 PM
 AVERAGE    70

..........................................................


THE SAVANNAH GA CLIMATE NORMALS FOR TOMORROW
                         NORMAL    RECORD    YEAR
 MAXIMUM TEMPERATURE (F)   88       101      1945
 MINIMUM TEMPERATURE (F)   67        49      1984


SUNRISE AND SUNSET
MAY 30 2016...........SUNRISE   620 AM EDT   SUNSET   825 PM EDT
MAY 31 2016...........SUNRISE   619 AM EDT   SUNSET   826 PM EDT


-  INDICATES NEGATIVE NUMBERS.
R  INDICATES RECORD WAS SET OR TIED.
MM INDICATES DATA IS MISSING.
T  INDICATES TRACE AMOUNT.




$$
