000
CDUS42 KCHS 270621
CLISAV


CLIMATE REPORT
NATIONAL WEATHER SERVICE CHARLESTON SC
220 AM EDT WED JUL 27 2016


...................................

...THE SAVANNAH GA CLIMATE SUMMARY FOR JULY 26 2016...

CLIMATE NORMAL PERIOD 1981 TO 2010
CLIMATE RECORD PERIOD 1871 TO 2016


WEATHER ITEM   OBSERVED TIME   RECORD YEAR NORMAL DEPARTURE LAST
                VALUE   (LST)  VALUE       VALUE  FROM      YEAR
                                                  NORMAL
..................................................................
TEMPERATURE (F)
 YESTERDAY
  MAXIMUM         96    119 PM 102    2010  92      4       92
  MINIMUM         75    553 AM  65    1911  73      2       71
  AVERAGE         86                        83      3       82

PRECIPITATION (IN)
  YESTERDAY        0.00          2.48 1946   0.20  -0.20     0.00
  MONTH TO DATE    1.21                      4.57  -3.36     5.29
  SINCE JUN 1      8.17                     10.52  -2.35    10.92
  SINCE JAN 1     30.84                     26.78   4.06    28.25

DEGREE DAYS
 HEATING
  YESTERDAY        0                         0      0        0
  MONTH TO DATE    0                         0      0        0
  SINCE JUN 1      0                         0      0        0
  SINCE JUL 1      0                         0      0        0

 COOLING
  YESTERDAY       21                        18      3       17
  MONTH TO DATE  546                       460     86      491
  SINCE JUN 1   1062                       906    156      997
  SINCE JAN 1   1590                      1309    281     1532
..................................................................


WIND (MPH)
  HIGHEST WIND SPEED    20   HIGHEST WIND DIRECTION    SW (210)
  HIGHEST GUST SPEED    24   HIGHEST GUST DIRECTION     S (200)
  AVERAGE WIND SPEED     8.1


SKY COVER
  POSSIBLE SUNSHINE  MM
  AVERAGE SKY COVER 0.3


WEATHER CONDITIONS
 THE FOLLOWING WEATHER WAS RECORDED YESTERDAY.
  NO SIGNIFICANT WEATHER WAS OBSERVED.


RELATIVE HUMIDITY (PERCENT)
 HIGHEST    87           500 AM
 LOWEST     46          1200 PM
 AVERAGE    67

..........................................................


THE SAVANNAH GA CLIMATE NORMALS FOR TODAY
                         NORMAL    RECORD    YEAR
 MAXIMUM TEMPERATURE (F)   92       100      2010
                                             1936
 MINIMUM TEMPERATURE (F)   73        66      1911


SUNRISE AND SUNSET
JULY 27 2016..........SUNRISE   637 AM EDT   SUNSET   825 PM EDT
JULY 28 2016..........SUNRISE   638 AM EDT   SUNSET   825 PM EDT


-  INDICATES NEGATIVE NUMBERS.
R  INDICATES RECORD WAS SET OR TIED.
MM INDICATES DATA IS MISSING.
T  INDICATES TRACE AMOUNT.




$$
