000
CDUS42 KCHS 300618
CLISAV


CLIMATE REPORT
NATIONAL WEATHER SERVICE CHARLESTON SC
217 AM EDT FRI SEP 30 2016


...................................

...THE SAVANNAH GA CLIMATE SUMMARY FOR SEPTEMBER 29 2016...

CLIMATE NORMAL PERIOD 1981 TO 2010
CLIMATE RECORD PERIOD 1871 TO 2016


WEATHER ITEM   OBSERVED TIME   RECORD YEAR NORMAL DEPARTURE LAST
                VALUE   (LST)  VALUE       VALUE  FROM      YEAR
                                                  NORMAL
..................................................................
TEMPERATURE (F)
 YESTERDAY
  MAXIMUM         95R   124 PM  94    1941  83     12       84
  MINIMUM         70   1141 PM  50    1962  64      6       73
  AVERAGE         83                        73     10       79

PRECIPITATION (IN)
  YESTERDAY        1.22          3.94 1959   0.15   1.07     0.06
  MONTH TO DATE    4.99                      4.43   0.56     2.21
  SINCE SEP 1      4.99                      4.43   0.56     2.21
  SINCE JAN 1     39.36                     38.80   0.56    38.37

DEGREE DAYS
 HEATING
  YESTERDAY        0                         0      0        0
  MONTH TO DATE    0                         0      0        0
  SINCE SEP 1      0                         0      0        0
  SINCE JUL 1      0                         0      0        0

 COOLING
  YESTERDAY       18                         9      9       14
  MONTH TO DATE  436                       351     85      361
  SINCE SEP 1    436                       351     85      361
  SINCE JAN 1   2746                      2258    488     2515
..................................................................


WIND (MPH)
  HIGHEST WIND SPEED    38   HIGHEST WIND DIRECTION     S (160)
  HIGHEST GUST SPEED    49   HIGHEST GUST DIRECTION     S (170)
  AVERAGE WIND SPEED     7.2


SKY COVER
  POSSIBLE SUNSHINE  MM
  AVERAGE SKY COVER 0.4


WEATHER CONDITIONS
 THE FOLLOWING WEATHER WAS RECORDED YESTERDAY.
  THUNDERSTORM
  HEAVY RAIN
  RAIN
  LIGHT RAIN
  FOG
  HAZE


RELATIVE HUMIDITY (PERCENT)
 HIGHEST    93           400 AM
 LOWEST     34           100 PM
 AVERAGE    64

..........................................................


THE SAVANNAH GA CLIMATE NORMALS FOR TODAY
                         NORMAL    RECORD    YEAR
 MAXIMUM TEMPERATURE (F)   83        95      1904
 MINIMUM TEMPERATURE (F)   63        43      1967


SUNRISE AND SUNSET
SEPTEMBER 30 2016.....SUNRISE   718 AM EDT   SUNSET   710 PM EDT
OCTOBER  1 2016.......SUNRISE   719 AM EDT   SUNSET   709 PM EDT


-  INDICATES NEGATIVE NUMBERS.
R  INDICATES RECORD WAS SET OR TIED.
MM INDICATES DATA IS MISSING.
T  INDICATES TRACE AMOUNT.




$$
