000
CDUS42 KCHS 240601
CLISAV


CLIMATE REPORT
NATIONAL WEATHER SERVICE CHARLESTON SC
101 AM EST TUE JAN 24 2017


...................................

...THE SAVANNAH GA CLIMATE SUMMARY FOR JANUARY 23 2017...

CLIMATE NORMAL PERIOD 1981 TO 2010
CLIMATE RECORD PERIOD 1871 TO 2017


WEATHER ITEM   OBSERVED TIME   RECORD YEAR NORMAL DEPARTURE LAST
                VALUE   (LST)  VALUE       VALUE  FROM      YEAR
                                                  NORMAL
..................................................................
TEMPERATURE (F)
 YESTERDAY
  MAXIMUM         63    148 PM  82    2002  61      2       40
                                      1937
  MINIMUM         52    959 AM  19    1960  39     13       32
  AVERAGE         58                        50      8       36

PRECIPITATION (IN)
  YESTERDAY        0.06          2.59 1998   0.13  -0.07      T
  MONTH TO DATE    6.60                      2.69   3.91     3.02
  SINCE DEC 1     10.89                      5.64   5.25     6.37
  SINCE JAN 1      6.60                      2.69   3.91     3.02

SNOWFALL (IN)
  YESTERDAY        0.0                       0.0    0.0
  SINCE DEC 1      0.0                       0.2   -0.2
  SINCE JUL 1      0.0                       0.2   -0.2

DEGREE DAYS
 HEATING
  YESTERDAY        7                        15     -8       29
  MONTH TO DATE  146                       366   -220      385
  SINCE DEC 1    418                       789   -371      509
  SINCE JUL 1    599                      1056   -457      634

 COOLING
  YESTERDAY        0                         0      0        0
  MONTH TO DATE   23                         0     23        0
  SINCE DEC 1     33                         9     24      106
  SINCE JAN 1     23                         0     23        0
..................................................................


WIND (MPH)
  HIGHEST WIND SPEED    24   HIGHEST WIND DIRECTION     W (280)
  HIGHEST GUST SPEED    32   HIGHEST GUST DIRECTION     W (280)
  AVERAGE WIND SPEED    12.5


SKY COVER
  POSSIBLE SUNSHINE  MM
  AVERAGE SKY COVER 0.5


WEATHER CONDITIONS
 THE FOLLOWING WEATHER WAS RECORDED YESTERDAY.
  RAIN
  LIGHT RAIN
  FOG


RELATIVE HUMIDITY (PERCENT)
 HIGHEST    89           700 AM
 LOWEST     62           900 PM
 AVERAGE    76

..........................................................


THE SAVANNAH GA CLIMATE NORMALS FOR TODAY
                         NORMAL    RECORD    YEAR
 MAXIMUM TEMPERATURE (F)   61        80      2002
                                             1974
 MINIMUM TEMPERATURE (F)   39        17      2003


SUNRISE AND SUNSET
JANUARY 24 2017.......SUNRISE   723 AM EST   SUNSET   551 PM EST
JANUARY 25 2017.......SUNRISE   722 AM EST   SUNSET   552 PM EST


-  INDICATES NEGATIVE NUMBERS.
R  INDICATES RECORD WAS SET OR TIED.
MM INDICATES DATA IS MISSING.
T  INDICATES TRACE AMOUNT.




$$
