000
CDUS46 KLOX 210915
CLISBA


CLIMATE REPORT
NATIONAL WEATHER SERVICE LOS ANGELES/OXNARD CA
215 AM PDT THU AUG 21 2014


...................................

...THE SANTA BARBARA AIRPORT CA CLIMATE SUMMARY FOR AUGUST 20 2014...

CLIMATE NORMAL PERIOD 1981 TO 2010
CLIMATE RECORD PERIOD 1940 TO 2014


WEATHER ITEM   OBSERVED TIME   RECORD YEAR NORMAL DEPARTURE LAST
                VALUE   (LST)  VALUE       VALUE  FROM      YEAR
                                                  NORMAL
..................................................................
TEMPERATURE (F)
 YESTERDAY
  MAXIMUM         76    124 PM  84    1941  75      1       72
  MINIMUM         63    943 PM  50    1947  58      5       55
  AVERAGE         70                        66      4       64

PRECIPITATION (IN)
  YESTERDAY        0.00          0.02 1997   0.00   0.00     0.00
  MONTH TO DATE    T                         0.07  -0.07     0.00
  SINCE JUL 1      0.01                      0.10  -0.09     0.07
  SINCE JAN 1      5.21                     12.15  -6.94     3.42

SNOWFALL (IN)
  YESTERDAY        0.0
  MONTH TO DATE    0.0
  SINCE JUN 1      0.0
  SINCE JUL 1      0.0

DEGREE DAYS
 HEATING
  YESTERDAY        0                         1     -1        1
  MONTH TO DATE    0                        20    -20       20
  SINCE JUN 1     52                       137    -85       72
  SINCE JUL 1      0                        47    -47       29

 COOLING
  YESTERDAY        5                         2      3        0
  MONTH TO DATE   60                        40     20        6
  SINCE JUN 1    231                        98    133       98
  SINCE JAN 1    299                       112    187      155
..................................................................


WIND (MPH)
  HIGHEST WIND SPEED    17   HIGHEST WIND DIRECTION     W (260)
  HIGHEST GUST SPEED    21   HIGHEST GUST DIRECTION     W (260)
  AVERAGE WIND SPEED     6.5


SKY COVER
  POSSIBLE SUNSHINE  MM
  AVERAGE SKY COVER 0.4


WEATHER CONDITIONS
 THE FOLLOWING WEATHER WAS RECORDED YESTERDAY.
  NO SIGNIFICANT WEATHER WAS OBSERVED.


RELATIVE HUMIDITY (PERCENT)
 HIGHEST    87          1200 AM
 LOWEST     53           300 PM
 AVERAGE    70

..........................................................


THE SANTA BARBARA AIRPORT CA CLIMATE NORMALS FOR TODAY
                         NORMAL    RECORD    YEAR
 MAXIMUM TEMPERATURE (F)   75        85      1972
 MINIMUM TEMPERATURE (F)   58        43      1941


SUNRISE AND SUNSET
AUGUST 21 2014........SUNRISE   625 AM PDT   SUNSET   740 PM PDT
AUGUST 22 2014........SUNRISE   625 AM PDT   SUNSET   738 PM PDT


-  INDICATES NEGATIVE NUMBERS.
R  INDICATES RECORD WAS SET OR TIED.
MM INDICATES DATA IS MISSING.
T  INDICATES TRACE AMOUNT.




$$
