000
CDUS46 KLOX 180900
CLISBA


CLIMATE REPORT
NATIONAL WEATHER SERVICE LOS ANGELES/OXNARD CA
200 AM PDT WED OCT 18 2017


...................................

...THE SANTA BARBARA AIRPORT CA CLIMATE SUMMARY FOR OCTOBER 17 2017...

CLIMATE NORMAL PERIOD 1981 TO 2010
CLIMATE RECORD PERIOD 1940 TO 2017


WEATHER ITEM   OBSERVED TIME   RECORD YEAR NORMAL DEPARTURE LAST
                VALUE   (LST)  VALUE       VALUE  FROM      YEAR
                                                  NORMAL
..................................................................
TEMPERATURE (F)
 YESTERDAY
  MAXIMUM         94R   216 PM  92    1967  72     22       81
  MINIMUM         52    339 AM  40    1971  51      1       56
  AVERAGE         73                        62     11       69

PRECIPITATION (IN)
  YESTERDAY        0.00          0.76 2005   0.02  -0.02     0.03
  MONTH TO DATE    0.00                      0.34  -0.34     0.32
  SINCE OCT 1      0.00                      0.34  -0.34     0.32
  SINCE JAN 1     19.69                     12.80   6.89     9.66

SNOWFALL (IN)
  YESTERDAY        0.0
  MONTH TO DATE    0.0
  SINCE SEP 1      0.0
  SINCE JUL 1      0.0

DEGREE DAYS
 HEATING
  YESTERDAY        0                         4     -4        0
  MONTH TO DATE   43                        54    -11       50
  SINCE SEP 1     61                        98    -37       86
  SINCE JUL 1     72                       149    -77      108

 COOLING
  YESTERDAY        8                         0      8        4
  MONTH TO DATE   16                        11      5       15
  SINCE SEP 1    110                        55     55       92
  SINCE JAN 1    335                       182    153      240
..................................................................


WIND (MPH)
  HIGHEST WIND SPEED    15   HIGHEST WIND DIRECTION    SW (220)
  HIGHEST GUST SPEED    19   HIGHEST GUST DIRECTION    SW (220)
  AVERAGE WIND SPEED     4.1


SKY COVER
  POSSIBLE SUNSHINE  MM
  AVERAGE SKY COVER 0.2


WEATHER CONDITIONS
 THE FOLLOWING WEATHER WAS RECORDED YESTERDAY.
  NO SIGNIFICANT WEATHER WAS OBSERVED.


RELATIVE HUMIDITY (PERCENT)
 HIGHEST    78          1100 PM
 LOWEST     18           200 PM
 AVERAGE    48

..........................................................


THE SANTA BARBARA AIRPORT CA CLIMATE NORMALS FOR TODAY
                         NORMAL    RECORD    YEAR
 MAXIMUM TEMPERATURE (F)   72        89      1956
 MINIMUM TEMPERATURE (F)   51        39      1998


SUNRISE AND SUNSET
OCTOBER 18 2017.......SUNRISE   708 AM PDT   SUNSET   621 PM PDT
OCTOBER 19 2017.......SUNRISE   708 AM PDT   SUNSET   620 PM PDT


-  INDICATES NEGATIVE NUMBERS.
R  INDICATES RECORD WAS SET OR TIED.
MM INDICATES DATA IS MISSING.
T  INDICATES TRACE AMOUNT.




$$
