000
CDUS46 KLOX 250931
CLISBA


CLIMATE REPORT
NATIONAL WEATHER SERVICE LOS ANGELES/OXNARD CA
230 AM PDT SUN JUN 25 2017


...................................

...THE SANTA BARBARA AIRPORT CA CLIMATE SUMMARY FOR JUNE 24 2017...

CLIMATE NORMAL PERIOD 1981 TO 2010
CLIMATE RECORD PERIOD 1940 TO 2017


WEATHER ITEM   OBSERVED TIME   RECORD YEAR NORMAL DEPARTURE LAST
                VALUE   (LST)  VALUE       VALUE  FROM      YEAR
                                                  NORMAL
..................................................................
TEMPERATURE (F)
 YESTERDAY
  MAXIMUM         74    149 PM  95    1976  72      2       67
  MINIMUM         59    507 AM  48    1991  56      3       58
  AVERAGE         67                        64      3       63

PRECIPITATION (IN)
  YESTERDAY        0.00          0.02 2000   0.00   0.00     0.00
  MONTH TO DATE    0.00                      0.06  -0.06     0.01
  SINCE OCT 1     24.23                     17.34   6.89    10.21
  SINCE JAN 1     19.42                     12.04   7.38     9.33

SNOWFALL (IN)
  YESTERDAY        0.0
  MONTH TO DATE    0.0
  SINCE JUN 1      0.0
  SINCE JUL 1      0.0

DEGREE DAYS
 HEATING
  YESTERDAY        0                         2     -2        2
  MONTH TO DATE   33                        79    -46       70
  SINCE JUN 1     33                        79    -46       70
  SINCE JUL 1   1889                      2363   -474     1615

 COOLING
  YESTERDAY        2                         1      1        0
  MONTH TO DATE    9                         7      2       18
  SINCE JUN 1      9                         7      2       18
  SINCE JAN 1     36                        21     15       28
..................................................................


WIND (MPH)
  HIGHEST WIND SPEED    12   HIGHEST WIND DIRECTION    SE (140)
  HIGHEST GUST SPEED    16   HIGHEST GUST DIRECTION     W (260)
  AVERAGE WIND SPEED     5.8


SKY COVER
  POSSIBLE SUNSHINE  MM
  AVERAGE SKY COVER 0.4


WEATHER CONDITIONS
 THE FOLLOWING WEATHER WAS RECORDED YESTERDAY.
  FOG


RELATIVE HUMIDITY (PERCENT)
 HIGHEST   100           300 AM
 LOWEST     61           100 PM
 AVERAGE    81

..........................................................


THE SANTA BARBARA AIRPORT CA CLIMATE NORMALS FOR TODAY
                         NORMAL    RECORD    YEAR
 MAXIMUM TEMPERATURE (F)   72        98      1962
 MINIMUM TEMPERATURE (F)   56        46      1943


SUNRISE AND SUNSET
JUNE 25 2017..........SUNRISE   548 AM PDT   SUNSET   816 PM PDT
JUNE 26 2017..........SUNRISE   549 AM PDT   SUNSET   816 PM PDT


-  INDICATES NEGATIVE NUMBERS.
R  INDICATES RECORD WAS SET OR TIED.
MM INDICATES DATA IS MISSING.
T  INDICATES TRACE AMOUNT.




$$
