000
CDUS46 KLOX 010117
CLISBA


CLIMATE REPORT
NATIONAL WEATHER SERVICE LOS ANGELES/OXNARD CA
617 PM PDT FRI JUL 31 2015


...................................

...THE SANTA BARBARA AIRPORT CA CLIMATE SUMMARY FOR JULY 31 2015...
VALID TODAY AS OF 0600 PM LOCAL TIME.

CLIMATE NORMAL PERIOD 1981 TO 2010
CLIMATE RECORD PERIOD 1940 TO 2015


WEATHER ITEM   OBSERVED TIME   RECORD YEAR NORMAL DEPARTURE LAST
                VALUE   (LST)  VALUE       VALUE  FROM      YEAR
                                                  NORMAL
..................................................................
TEMPERATURE (F)
 TODAY
  MAXIMUM         78    155 PM  93    1977  74      4       79
  MINIMUM         64    458 AM  50    1970  58      6       63
  AVERAGE         71                        66      5       71

PRECIPITATION (IN)
  TODAY            0.00          T    1988   0.00   0.00     0.00
  MONTH TO DATE    0.01                      0.03  -0.02     0.01
  SINCE OCT 1      9.63                     17.38  -7.75     6.50
  SINCE JAN 1      3.34                     12.08  -8.74     5.21

SNOWFALL (IN)
  TODAY            0.0
  MONTH TO DATE    0.0
  SINCE JUN 1      0.0
  SINCE JUL 1      0.0

DEGREE DAYS
 HEATING
  TODAY            0                         1     -1        0
  MONTH TO DATE    0                        31    -31        0
  SINCE JUN 1     30                       117    -87       52
  SINCE JUL 1      0                        27    -27        0

 COOLING
  TODAY            6                         2      4        6
  MONTH TO DATE  120                        44     76      149
  SINCE JUN 1    144                        58     86      171
  SINCE JAN 1    182                        72    110      239
..................................................................


WIND (MPH)
  HIGHEST WIND SPEED    13   HIGHEST WIND DIRECTION     W (250)
  HIGHEST GUST SPEED    16   HIGHEST GUST DIRECTION     W (260)
  AVERAGE WIND SPEED     5.5


SKY COVER
  POSSIBLE SUNSHINE  MM
  AVERAGE SKY COVER 0.1


WEATHER CONDITIONS
 THE FOLLOWING WEATHER WAS RECORDED TODAY.
  NO SIGNIFICANT WEATHER WAS OBSERVED.


RELATIVE HUMIDITY (PERCENT)
 HIGHEST    93           400 AM
 LOWEST     62           200 PM
 AVERAGE    78

..........................................................


THE SANTA BARBARA AIRPORT CA CLIMATE NORMALS FOR TOMORROW
                         NORMAL    RECORD    YEAR
 MAXIMUM TEMPERATURE (F)   74        87      1947
 MINIMUM TEMPERATURE (F)   58        48      1944


SUNRISE AND SUNSET
JULY 31 2015..........SUNRISE   609 AM PDT   SUNSET   802 PM PDT
AUGUST  1 2015........SUNRISE   610 AM PDT   SUNSET   801 PM PDT


-  INDICATES NEGATIVE NUMBERS.
R  INDICATES RECORD WAS SET OR TIED.
MM INDICATES DATA IS MISSING.
T  INDICATES TRACE AMOUNT.




$$
