000
CDUS46 KLOX 280111
CLISBA


CLIMATE REPORT
NATIONAL WEATHER SERVICE LOS ANGELES/OXNARD CA
511 PM PST SAT DEC 27 2014


...................................

...THE SANTA BARBARA AIRPORT CA CLIMATE SUMMARY FOR DECEMBER 27 2014...
VALID TODAY AS OF 0500 PM LOCAL TIME.

CLIMATE NORMAL PERIOD 1981 TO 2010
CLIMATE RECORD PERIOD 1940 TO 2014


WEATHER ITEM   OBSERVED TIME   RECORD YEAR NORMAL DEPARTURE LAST
                VALUE   (LST)  VALUE       VALUE  FROM      YEAR
                                                  NORMAL
..................................................................
TEMPERATURE (F)
 TODAY
  MAXIMUM         62    203 PM  83    1975  63     -1       77
  MINIMUM         35    528 AM  26    1988  40     -5       34
  AVERAGE         49                        51     -2       56

PRECIPITATION (IN)
  TODAY            0.00          2.42 2004   0.13  -0.13     0.00
  MONTH TO DATE    4.95                      2.42   2.53     0.16
  SINCE JUL 1      6.31                      5.19   1.12     1.36
  SINCE JAN 1     11.51                     17.24  -5.73     4.71

SNOWFALL (IN)
  TODAY            0.0
  MONTH TO DATE    0.0
  SINCE DEC 1      0.0
  SINCE JUL 1      0.0

DEGREE DAYS
 HEATING
  TODAY           16                        14      2        9
  MONTH TO DATE  182                       354   -172      322
  SINCE DEC 1    182                       354   -172      322
  SINCE JUL 1    315                       832   -517      696

 COOLING
  TODAY            0                         0      0        0
  MONTH TO DATE    1                         0      1        0
  SINCE DEC 1      1                         0      1        0
  SINCE JAN 1    530                       188    342      285
..................................................................


WIND (MPH)
  HIGHEST WIND SPEED    12   HIGHEST WIND DIRECTION     W (290)
  HIGHEST GUST SPEED    16   HIGHEST GUST DIRECTION     E (90)
  AVERAGE WIND SPEED     3.2


SKY COVER
  POSSIBLE SUNSHINE  MM
  AVERAGE SKY COVER 0.0


WEATHER CONDITIONS
 THE FOLLOWING WEATHER WAS RECORDED TODAY.
  NO SIGNIFICANT WEATHER WAS OBSERVED.


RELATIVE HUMIDITY (PERCENT)
 HIGHEST    89           500 AM
 LOWEST     32           200 PM
 AVERAGE    61

..........................................................


THE SANTA BARBARA AIRPORT CA CLIMATE NORMALS FOR TOMORROW
                         NORMAL    RECORD    YEAR
 MAXIMUM TEMPERATURE (F)   63        81      1956
 MINIMUM TEMPERATURE (F)   40        28      1990


SUNRISE AND SUNSET
DECEMBER 27 2014......SUNRISE   704 AM PST   SUNSET   457 PM PST
DECEMBER 28 2014......SUNRISE   705 AM PST   SUNSET   457 PM PST


-  INDICATES NEGATIVE NUMBERS.
R  INDICATES RECORD WAS SET OR TIED.
MM INDICATES DATA IS MISSING.
T  INDICATES TRACE AMOUNT.




$$
