000
CDUS46 KLOX 040113
CLISBA


CLIMATE REPORT
NATIONAL WEATHER SERVICE LOS ANGELES/OXNARD CA
612 PM PDT THU SEP 3 2015


...................................

...THE SANTA BARBARA AIRPORT CA CLIMATE SUMMARY FOR SEPTEMBER 3 2015...
VALID TODAY AS OF 0600 PM LOCAL TIME.

CLIMATE NORMAL PERIOD 1981 TO 2010
CLIMATE RECORD PERIOD 1940 TO 2015


WEATHER ITEM   OBSERVED TIME   RECORD YEAR NORMAL DEPARTURE LAST
                VALUE   (LST)  VALUE       VALUE  FROM      YEAR
                                                  NORMAL
..................................................................
TEMPERATURE (F)
 TODAY
  MAXIMUM         77    244 PM 100    1982  75      2       74
  MINIMUM         61    233 AM  46    1942  57      4       60
  AVERAGE         69                        66      3       67

PRECIPITATION (IN)
  TODAY            0.00          T    1998   0.00   0.00      T
                                      1998
                                      2014
  MONTH TO DATE    0.00                      0.01  -0.01      T
  SINCE OCT 1      9.63                     17.51  -7.88     6.51
  SINCE JAN 1      3.34                     12.21  -8.87     5.22

SNOWFALL (IN)
  TODAY            0.0
  MONTH TO DATE    0.0
  SINCE SEP 1      0.0
  SINCE JUL 1      0.0

DEGREE DAYS
 HEATING
  TODAY            0                         1     -1        0
  MONTH TO DATE    0                         3     -3        0
  SINCE SEP 1      0                         3     -3        0
  SINCE JUL 1      0                        54    -54        0

 COOLING
  TODAY            4                         2      2        2
  MONTH TO DATE   15                         6      9       11
  SINCE SEP 1     15                         6      9       11
  SINCE JAN 1    393                       133    260      342
..................................................................


WIND (MPH)
  HIGHEST WIND SPEED    15   HIGHEST WIND DIRECTION     W (270)
  HIGHEST GUST SPEED    19   HIGHEST GUST DIRECTION     W (260)
  AVERAGE WIND SPEED     5.0


SKY COVER
  POSSIBLE SUNSHINE  MM
  AVERAGE SKY COVER 0.5


WEATHER CONDITIONS
 THE FOLLOWING WEATHER WAS RECORDED TODAY.
  NO SIGNIFICANT WEATHER WAS OBSERVED.


RELATIVE HUMIDITY (PERCENT)
 HIGHEST    78           100 AM
 LOWEST     50           400 PM
 AVERAGE    64

..........................................................


THE SANTA BARBARA AIRPORT CA CLIMATE NORMALS FOR TOMORROW
                         NORMAL    RECORD    YEAR
 MAXIMUM TEMPERATURE (F)   75       102      1988
 MINIMUM TEMPERATURE (F)   57        50      2010
                                             2005


SUNRISE AND SUNSET
SEPTEMBER  3 2015.....SUNRISE   634 AM PDT   SUNSET   723 PM PDT
SEPTEMBER  4 2015.....SUNRISE   635 AM PDT   SUNSET   722 PM PDT


-  INDICATES NEGATIVE NUMBERS.
R  INDICATES RECORD WAS SET OR TIED.
MM INDICATES DATA IS MISSING.
T  INDICATES TRACE AMOUNT.




$$
