000
CDUS46 KLOX 210117
CLISBA


CLIMATE REPORT
NATIONAL WEATHER SERVICE LOS ANGELES/OXNARD CA
617 PM PDT SUN APR 20 2014


...................................

...THE SANTA BARBARA AIRPORT CA CLIMATE SUMMARY FOR APRIL 20 2014...
VALID TODAY AS OF 0600 PM LOCAL TIME.

CLIMATE NORMAL PERIOD 1981 TO 2010
CLIMATE RECORD PERIOD 1940 TO 2014


WEATHER ITEM   OBSERVED TIME   RECORD YEAR NORMAL DEPARTURE LAST
                VALUE   (LST)  VALUE       VALUE  FROM      YEAR
                                                  NORMAL
..................................................................
TEMPERATURE (F)
 TODAY
  MAXIMUM         69    207 PM  94    1958  68      1       83
  MINIMUM         51    532 AM  37    1961  48      3       56
  AVERAGE         60                        58      2       70

PRECIPITATION (IN)
  TODAY            0.00          1.06 1983   0.03  -0.03     0.00
  MONTH TO DATE    0.26                      0.76  -0.50     0.01
  SINCE JUL 1      6.55                     17.11 -10.56     9.36
  SINCE JAN 1      5.19                     11.40  -6.21     3.29

SNOWFALL (IN)
  TODAY            0.0
  MONTH TO DATE    0.0
  SINCE MAR 1      0.0
  SINCE JUL 1      0.0

DEGREE DAYS
 HEATING
  TODAY            5                         7     -2        0
  MONTH TO DATE  133                       162    -29      101
  SINCE MAR 1    299                       458   -159      338
  SINCE JUL 1   1534                      2059   -525     1832

 COOLING
  TODAY            0                         0      0        5
  MONTH TO DATE    0                         0      0       14
  SINCE MAR 1      5                         2      3       18
  SINCE JAN 1      5                         2      3       18
..................................................................


WIND (MPH)
  HIGHEST WIND SPEED    10   HIGHEST WIND DIRECTION     W (270)
  HIGHEST GUST SPEED    14   HIGHEST GUST DIRECTION     W (270)
  AVERAGE WIND SPEED     5.0


SKY COVER
  POSSIBLE SUNSHINE  MM
  AVERAGE SKY COVER 0.0


WEATHER CONDITIONS
 THE FOLLOWING WEATHER WAS RECORDED TODAY.
  NO SIGNIFICANT WEATHER WAS OBSERVED.


RELATIVE HUMIDITY (PERCENT)
 HIGHEST    83           400 AM
 LOWEST     57           200 PM
 AVERAGE    70

..........................................................


THE SANTA BARBARA AIRPORT CA CLIMATE NORMALS FOR TOMORROW
                         NORMAL    RECORD    YEAR
 MAXIMUM TEMPERATURE (F)   68        87      1987
 MINIMUM TEMPERATURE (F)   49        37      1968


SUNRISE AND SUNSET
APRIL 20 2014.........SUNRISE   622 AM PDT   SUNSET   735 PM PDT
APRIL 21 2014.........SUNRISE   621 AM PDT   SUNSET   736 PM PDT


-  INDICATES NEGATIVE NUMBERS.
R  INDICATES RECORD WAS SET OR TIED.
MM INDICATES DATA IS MISSING.
T  INDICATES TRACE AMOUNT.




$$
