000
CDUS46 KLOX 010113
CLISBA


CLIMATE REPORT
NATIONAL WEATHER SERVICE LOS ANGELES/OXNARD CA
613 PM PDT SAT APR 30 2016


...................................

...THE SANTA BARBARA AIRPORT CA CLIMATE SUMMARY FOR APRIL 30 2016...
VALID TODAY AS OF 0600 PM LOCAL TIME.

CLIMATE NORMAL PERIOD 1981 TO 2010
CLIMATE RECORD PERIOD 1940 TO 2016


WEATHER ITEM   OBSERVED TIME   RECORD YEAR NORMAL DEPARTURE LAST
                VALUE   (LST)  VALUE       VALUE  FROM      YEAR
                                                  NORMAL
..................................................................
TEMPERATURE (F)
 TODAY
  MAXIMUM         67    142 PM  90    2014  68     -1       72
  MINIMUM         47    543 AM  40    1990  50     -3       53
  AVERAGE         57                        59     -2       63

PRECIPITATION (IN)
  TODAY            0.00          1.40 1955   0.02  -0.02     0.00
  MONTH TO DATE    0.54                      1.00  -0.46     0.18
  SINCE OCT 1     10.19                     16.94  -6.75     9.00
  SINCE JAN 1      9.31                     11.64  -2.33     2.71

SNOWFALL (IN)
  TODAY            0.0
  MONTH TO DATE    0.0
  SINCE MAR 1      0.0
  SINCE JUL 1      0.0

DEGREE DAYS
 HEATING
  TODAY            8                         6      2        2
  MONTH TO DATE  123                       229   -106      142
  SINCE MAR 1    316                       524   -208      264
  SINCE JUL 1   1379                      2125   -746     1089

 COOLING
  TODAY            0                         0      0        0
  MONTH TO DATE    2                         5     -3        4
  SINCE MAR 1      8                         7      1       38
  SINCE JAN 1     10                         7      3       38
..................................................................


WIND (MPH)
  HIGHEST WIND SPEED    15   HIGHEST WIND DIRECTION     W (260)
  HIGHEST GUST SPEED    18   HIGHEST GUST DIRECTION     W (270)
  AVERAGE WIND SPEED     6.4


SKY COVER
  POSSIBLE SUNSHINE  MM
  AVERAGE SKY COVER 0.1


WEATHER CONDITIONS
 THE FOLLOWING WEATHER WAS RECORDED TODAY.
  NO SIGNIFICANT WEATHER WAS OBSERVED.


RELATIVE HUMIDITY (PERCENT)
 HIGHEST    80           500 AM
 LOWEST     56          1000 AM
 AVERAGE    68

..........................................................


THE SANTA BARBARA AIRPORT CA CLIMATE NORMALS FOR TOMORROW
                         NORMAL    RECORD    YEAR
 MAXIMUM TEMPERATURE (F)   68        91      2014
 MINIMUM TEMPERATURE (F)   50        43      2002


SUNRISE AND SUNSET
APRIL 30 2016.........SUNRISE   610 AM PDT   SUNSET   744 PM PDT
MAY  1 2016...........SUNRISE   609 AM PDT   SUNSET   744 PM PDT


-  INDICATES NEGATIVE NUMBERS.
R  INDICATES RECORD WAS SET OR TIED.
MM INDICATES DATA IS MISSING.
T  INDICATES TRACE AMOUNT.




$$
