773
CDUS43 KIWX 260527
CLISBN


CLIMATE REPORT
NATIONAL WEATHER SERVICE NORTHERN INDIANA
125 AM EDT WED JUL 26 2017


...................................

...THE SOUTH BEND CLIMATE SUMMARY FOR JULY 25 2017...

CLIMATE NORMAL PERIOD 1981 TO 2010
CLIMATE RECORD PERIOD 1893 TO 2017


WEATHER ITEM   OBSERVED TIME   RECORD YEAR NORMAL DEPARTURE LAST
                VALUE   (LST)  VALUE       VALUE  FROM      YEAR
                                                  NORMAL
..................................................................
TEMPERATURE (F)
 YESTERDAY
  MAXIMUM         80    356 PM 105    1934  83     -3       83
  MINIMUM         56    519 AM  48    1911  63     -7       67
  AVERAGE         68                        73     -5       75

PRECIPITATION (IN)
  YESTERDAY        0.00          2.15 2007   0.13  -0.13     0.13
  MONTH TO DATE    3.22                      3.21   0.01     2.94
  SINCE JUN 1      5.64                      7.00  -1.36     6.19
  SINCE JAN 1     24.87                     20.72   4.15    21.30

DEGREE DAYS
 HEATING
  YESTERDAY        0                         0      0        0
  MONTH TO DATE    1                         0      1        8
  SINCE JUN 1     26                        44    -18       43
  SINCE JUL 1      1                         0      1        8

 COOLING
  YESTERDAY        3                         8     -5       10
  MONTH TO DATE  182                       200    -18      213
  SINCE JUN 1    355                       365    -10      389
  SINCE JAN 1    395                       421    -26      458
..................................................................


WIND (MPH)
  HIGHEST WIND SPEED    15   HIGHEST WIND DIRECTION     S (160)
  HIGHEST GUST SPEED    19   HIGHEST GUST DIRECTION    SE (130)
  AVERAGE WIND SPEED     6.5


SKY COVER
  AVERAGE SKY COVER 0.0


WEATHER CONDITIONS
 THE FOLLOWING WEATHER WAS RECORDED YESTERDAY.
  NO SIGNIFICANT WEATHER WAS OBSERVED.


RELATIVE HUMIDITY (PERCENT)
 HIGHEST   100           100 AM
 LOWEST     42           200 PM
 AVERAGE    71

..........................................................


THE SOUTH BEND CLIMATE NORMALS FOR TODAY
                         NORMAL    RECORD    YEAR
 MAXIMUM TEMPERATURE (F)   82       102      1936
 MINIMUM TEMPERATURE (F)   63        49      1911


SUNRISE AND SUNSET
JULY 26 2017..........SUNRISE   634 AM EDT   SUNSET   909 PM EDT
JULY 27 2017..........SUNRISE   635 AM EDT   SUNSET   908 PM EDT


-  INDICATES NEGATIVE NUMBERS.
R  INDICATES RECORD WAS SET OR TIED.
MM INDICATES DATA IS MISSING.
T  INDICATES TRACE AMOUNT.




$$
