000
CDUS43 KIWX 020524
CLISBN


CLIMATE REPORT
NATIONAL WEATHER SERVICE NORTHERN INDIANA
122 AM EDT TUE JUN 2 2015


...................................

...THE SOUTH BEND CLIMATE SUMMARY FOR JUNE 1 2015...

CLIMATE NORMAL PERIOD 1981 TO 2010
CLIMATE RECORD PERIOD 1893 TO 2015


WEATHER ITEM   OBSERVED TIME   RECORD YEAR NORMAL DEPARTURE LAST
                VALUE   (LST)  VALUE       VALUE  FROM      YEAR
                                                  NORMAL
..................................................................
TEMPERATURE (F)
 YESTERDAY
  MAXIMUM         68    542 PM 106    1934  75     -7       88
  MINIMUM         48   1134 PM  36    2003  54     -6       63
                                      1993
  AVERAGE         58                        64     -6       76

PRECIPITATION (IN)
  YESTERDAY        0.00          3.51 1980   0.13  -0.13      T
  MONTH TO DATE    0.00                      0.13  -0.13      T
  SINCE JUN 1      0.00                      0.13  -0.13      T
  SINCE JAN 1     13.09                     13.85  -0.76    15.08

SNOWFALL (IN)
  YESTERDAY        0.0                       0.0    0.0      0.0
  MONTH TO DATE    0.0                       0.0    0.0      0.0
  SINCE JUN 1      0.0                       0.0    0.0      0.0
  SINCE JUL 1     83.9                      66.6   17.3    106.9
  SNOW DEPTH       0

DEGREE DAYS
 HEATING
  YESTERDAY        7                         3      4        0
  MONTH TO DATE    7                         3      4        0
  SINCE JUN 1      7                         3      4        0
  SINCE JUL 1   6611                      6257    354     6936

 COOLING
  YESTERDAY        0                         3     -3       11
  MONTH TO DATE    0                         3     -3       11
  SINCE JUN 1      0                         3     -3       11
  SINCE JAN 1     86                        59     27       96
..................................................................


WIND (MPH)
  HIGHEST WIND SPEED    13   HIGHEST WIND DIRECTION    NE (30)
  HIGHEST GUST SPEED    16   HIGHEST GUST DIRECTION    NE (40)
  AVERAGE WIND SPEED     5.7


SKY COVER
  AVERAGE SKY COVER 0.4


WEATHER CONDITIONS
 THE FOLLOWING WEATHER WAS RECORDED YESTERDAY.
  NO SIGNIFICANT WEATHER WAS OBSERVED.


RELATIVE HUMIDITY (PERCENT)
 HIGHEST    86           400 AM
 LOWEST     34           300 PM
 AVERAGE    60

..........................................................


THE SOUTH BEND CLIMATE NORMALS FOR TODAY
                         NORMAL    RECORD    YEAR
 MAXIMUM TEMPERATURE (F)   75        94      1895
 MINIMUM TEMPERATURE (F)   54        35      1956


SUNRISE AND SUNSET
JUNE  2 2015..........SUNRISE   613 AM EDT   SUNSET   914 PM EDT
JUNE  3 2015..........SUNRISE   612 AM EDT   SUNSET   915 PM EDT


-  INDICATES NEGATIVE NUMBERS.
R  INDICATES RECORD WAS SET OR TIED.
MM INDICATES DATA IS MISSING.
T  INDICATES TRACE AMOUNT.




$$
