000
CDUS43 KIWX 230526
CLISBN


CLIMATE REPORT
NATIONAL WEATHER SERVICE NORTHERN INDIANA
125 AM EDT WED APR 23 2014


...................................

...THE SOUTH BEND CLIMATE SUMMARY FOR APRIL 22 2014...

CLIMATE NORMAL PERIOD 1981 TO 2010
CLIMATE RECORD PERIOD 1893 TO 2014


WEATHER ITEM   OBSERVED TIME   RECORD YEAR NORMAL DEPARTURE LAST
                VALUE   (LST)  VALUE       VALUE  FROM      YEAR
                                                  NORMAL
..................................................................
TEMPERATURE (F)
 YESTERDAY
  MAXIMUM         60    224 AM  89    1980  62     -2       64
  MINIMUM         36   1159 PM  20    1936  41     -5       35
  AVERAGE         48                        52     -4       50

PRECIPITATION (IN)
  YESTERDAY        0.00          1.75 1999   0.10  -0.10     0.00
  MONTH TO DATE    1.89                      2.33  -0.44     4.58
  SINCE MAR 1      3.58                      4.75  -1.17     5.84
  SINCE JAN 1      9.52                      8.99   0.53    13.33

DEGREE DAYS
 HEATING
  YESTERDAY       17                        14      3       15
  MONTH TO DATE  368                       389    -21      438
  SINCE MAR 1   1444                      1244    200     1452
  SINCE JUL 1   6627                      5933    694     5849

 COOLING
  YESTERDAY        0                         0      0        0
  MONTH TO DATE    2                         0      2        0
  SINCE MAR 1      2                         1      1        0
  SINCE JAN 1      2                         1      1        0
..................................................................


WIND (MPH)
  HIGHEST WIND SPEED    28   HIGHEST WIND DIRECTION     N (340)
  HIGHEST GUST SPEED    40   HIGHEST GUST DIRECTION     N (350)
  AVERAGE WIND SPEED    17.4


SKY COVER
  AVERAGE SKY COVER 0.2


WEATHER CONDITIONS
 THE FOLLOWING WEATHER WAS RECORDED YESTERDAY.
  FOG
  HAZE


RELATIVE HUMIDITY (PERCENT)
 HIGHEST    93           200 AM
 LOWEST     46           300 PM
 AVERAGE    70

..........................................................


THE SOUTH BEND CLIMATE NORMALS FOR TODAY
                         NORMAL    RECORD    YEAR
 MAXIMUM TEMPERATURE (F)   63        86      1960
                                             1925
 MINIMUM TEMPERATURE (F)   41        20      1936


SUNRISE AND SUNSET
APRIL 23 2014.........SUNRISE   653 AM EDT   SUNSET   835 PM EDT
APRIL 24 2014.........SUNRISE   652 AM EDT   SUNSET   836 PM EDT


-  INDICATES NEGATIVE NUMBERS.
R  INDICATES RECORD WAS SET OR TIED.
MM INDICATES DATA IS MISSING.
T  INDICATES TRACE AMOUNT.




$$
