000
CDUS43 KIWX 020522
CLISBN


CLIMATE REPORT
NATIONAL WEATHER SERVICE NORTHERN INDIANA
122 AM EDT SUN AUG 2 2015


...................................

...THE SOUTH BEND CLIMATE SUMMARY FOR AUGUST 1 2015...

CLIMATE NORMAL PERIOD 1981 TO 2010
CLIMATE RECORD PERIOD 1893 TO 2015


WEATHER ITEM   OBSERVED TIME   RECORD YEAR NORMAL DEPARTURE LAST
                VALUE   (LST)  VALUE       VALUE  FROM      YEAR
                                                  NORMAL
..................................................................
TEMPERATURE (F)
 YESTERDAY
  MAXIMUM         84    501 PM 103    1988  82      2       80
  MINIMUM         59    604 AM  47    1895  63     -4       61
  AVERAGE         72                        72      0       71

PRECIPITATION (IN)
  YESTERDAY        0.00          2.88 1897   0.13  -0.13      T
  MONTH TO DATE    0.00                      0.13  -0.13      T
  SINCE JUN 1      8.86                      7.92   0.94    10.93
  SINCE JAN 1     21.95                     21.64   0.31    26.01

SNOWFALL (IN)
  YESTERDAY        0.0           0.0  2002   0.0    0.0      0.0
                                      2001
  MONTH TO DATE    0.0                       0.0    0.0      0.0
  SINCE JUN 1      0.0                       0.0    0.0      0.0
  SINCE JUL 1      0.0                       0.0    0.0      0.0
  SNOW DEPTH       0

DEGREE DAYS
 HEATING
  YESTERDAY        0                         0      0        0
  MONTH TO DATE    0                         0      0        0
  SINCE JUN 1     29                        49    -20       35
  SINCE JUL 1     10                         5      5       18

 COOLING
  YESTERDAY        7                         8     -1        6
  MONTH TO DATE    7                         8     -1        6
  SINCE JUN 1    372                       426    -54      362
  SINCE JAN 1    458                       482    -24      447
..................................................................


WIND (MPH)
  HIGHEST WIND SPEED    20   HIGHEST WIND DIRECTION    NW (300)
  HIGHEST GUST SPEED    23   HIGHEST GUST DIRECTION    NW (300)
  AVERAGE WIND SPEED     7.1


SKY COVER
  AVERAGE SKY COVER 0.2


WEATHER CONDITIONS
 THE FOLLOWING WEATHER WAS RECORDED YESTERDAY.
  NO SIGNIFICANT WEATHER WAS OBSERVED.


RELATIVE HUMIDITY (PERCENT)
 HIGHEST    87           700 AM
 LOWEST     31           100 PM
 AVERAGE    59

..........................................................


THE SOUTH BEND CLIMATE NORMALS FOR TODAY
                         NORMAL    RECORD    YEAR
 MAXIMUM TEMPERATURE (F)   82        99      1991
                                             1988
                                             1934
 MINIMUM TEMPERATURE (F)   63        40      1927


SUNRISE AND SUNSET
AUGUST  2 2015........SUNRISE   640 AM EDT   SUNSET   902 PM EDT
AUGUST  3 2015........SUNRISE   641 AM EDT   SUNSET   901 PM EDT


-  INDICATES NEGATIVE NUMBERS.
R  INDICATES RECORD WAS SET OR TIED.
MM INDICATES DATA IS MISSING.
T  INDICATES TRACE AMOUNT.




$$
