000
CDUS41 KAKQ 190545
CLISBY


CLIMATE REPORT
NATIONAL WEATHER SERVICE WAKEFIELD, VA
145 AM EDT TUE SEP 19 2017


...................................

...THE SALISBURY MD CLIMATE SUMMARY FOR SEPTEMBER 18 2017...

CLIMATE NORMAL PERIOD 1981 TO 2010
CLIMATE RECORD PERIOD 1900 TO 2017


WEATHER ITEM   OBSERVED TIME   RECORD YEAR NORMAL DEPARTURE LAST
                VALUE   (LST)  VALUE       VALUE  FROM      YEAR
                                                  NORMAL
..................................................................
TEMPERATURE (F)
 YESTERDAY
  MAXIMUM         78    313 PM  94    1921  78      0       88
  MINIMUM         70    729 AM  40    1990  57     13       66
                                      1937
  AVERAGE         74                        68      6       77

PRECIPITATION (IN)
  YESTERDAY        0.02          4.61 1936   0.14  -0.12      T
  MONTH TO DATE    1.68                      2.37  -0.69     1.23
  SINCE SEP 1      1.68                      2.37  -0.69     1.23
  SINCE JAN 1     43.74                     33.44  10.30    35.29

SNOWFALL (IN)
  YESTERDAY        0.0           0.0  2002   0.0    0.0
                                      2001
  MONTH TO DATE    0.0                       0.0    0.0
  SINCE NOV 1      9.6                       9.3    0.3
  SINCE JUL 1      0.0                       0.0    0.0
  SNOW DEPTH       0

DEGREE DAYS
 HEATING
  YESTERDAY        0                         2     -2        0
  MONTH TO DATE    5                        11     -6        0
  SINCE SEP 1      5                        11     -6        0
  SINCE JUL 1      5                        13     -8        0

 COOLING
  YESTERDAY        9                         4      5       12
  MONTH TO DATE   82                       109    -27      161
  SINCE SEP 1     82                       109    -27      161
  SINCE JAN 1   1249                      1092    157     1350
..................................................................


WIND (MPH)
  HIGHEST WIND SPEED    20   HIGHEST WIND DIRECTION    NE (40)
  HIGHEST GUST SPEED    24   HIGHEST GUST DIRECTION    NE (40)
  AVERAGE WIND SPEED    10.6


SKY COVER
  POSSIBLE SUNSHINE  MM
  AVERAGE SKY COVER 1.0


WEATHER CONDITIONS
 THE FOLLOWING WEATHER WAS RECORDED YESTERDAY.
  LIGHT RAIN
  FOG


RELATIVE HUMIDITY (PERCENT)
 HIGHEST   100          1200 AM
 LOWEST     82           200 PM
 AVERAGE    91

..........................................................


THE SALISBURY MD CLIMATE NORMALS FOR TODAY
                         NORMAL    RECORD    YEAR
 MAXIMUM TEMPERATURE (F)   78        93      1983
 MINIMUM TEMPERATURE (F)   57        40      1943


SUNRISE AND SUNSET
SEPTEMBER 19 2017.....SUNRISE   647 AM EDT   SUNSET   703 PM EDT
SEPTEMBER 20 2017.....SUNRISE   648 AM EDT   SUNSET   702 PM EDT


-  INDICATES NEGATIVE NUMBERS.
R  INDICATES RECORD WAS SET OR TIED.
MM INDICATES DATA IS MISSING.
T  INDICATES TRACE AMOUNT.




$$
