000
CDUS41 KAKQ 290546
CLISBY


CLIMATE REPORT
NATIONAL WEATHER SERVICE WAKEFIELD, VA
145 AM EDT MON MAY 29 2017


...................................

...THE SALISBURY MD CLIMATE SUMMARY FOR MAY 28 2017...

CLIMATE NORMAL PERIOD 1981 TO 2010
CLIMATE RECORD PERIOD 1900 TO 2017


WEATHER ITEM   OBSERVED TIME   RECORD YEAR NORMAL DEPARTURE LAST
                VALUE   (LST)  VALUE       VALUE  FROM      YEAR
                                                  NORMAL
..................................................................
TEMPERATURE (F)
 YESTERDAY
  MAXIMUM         76   1124 AM  96    1941  77     -1       87
  MINIMUM         57    449 AM  39    1994  55      2       59
  AVERAGE         67                        66      1       73

PRECIPITATION (IN)
  YESTERDAY        0.21          1.40 1966   0.12   0.09     0.00
  MONTH TO DATE    4.96                      3.23   1.73     4.50
  SINCE MAR 1     11.61                     11.20   0.41     9.95
  SINCE JAN 1     16.41                     18.16  -1.75    16.80

SNOWFALL (IN)
  YESTERDAY        0.0           0.0  2002   0.0    0.0
                                      2001
  MONTH TO DATE    0.0                       0.0    0.0
  SINCE NOV 1      9.6                       9.3    0.3
  SINCE JUL 1      9.6                       9.3    0.3
  SNOW DEPTH       0

DEGREE DAYS
 HEATING
  YESTERDAY        0                         3     -3        0
  MONTH TO DATE  131                       136     -5      159
  SINCE MAR 1    935                      1111   -176      965
  SINCE JUL 1   3686                      4416   -730     3636

 COOLING
  YESTERDAY        2                         4     -2        8
  MONTH TO DATE   59                        55      4       40
  SINCE MAR 1    129                        72     57       64
  SINCE JAN 1    129                        72     57       64
..................................................................


WIND (MPH)
  HIGHEST WIND SPEED    18   HIGHEST WIND DIRECTION     E (110)
  HIGHEST GUST SPEED    22   HIGHEST GUST DIRECTION     E (110)
  AVERAGE WIND SPEED     7.2


SKY COVER
  POSSIBLE SUNSHINE  MM
  AVERAGE SKY COVER 0.6


WEATHER CONDITIONS
 THE FOLLOWING WEATHER WAS RECORDED YESTERDAY.
  HEAVY RAIN
  RAIN
  LIGHT RAIN
  FOG


RELATIVE HUMIDITY (PERCENT)
 HIGHEST   100           400 PM
 LOWEST     57           900 AM
 AVERAGE    79

..........................................................


THE SALISBURY MD CLIMATE NORMALS FOR TODAY
                         NORMAL    RECORD    YEAR
 MAXIMUM TEMPERATURE (F)   77        96      1941
 MINIMUM TEMPERATURE (F)   56        35      1936


SUNRISE AND SUNSET
MAY 29 2017...........SUNRISE   541 AM EDT   SUNSET   818 PM EDT
MAY 30 2017...........SUNRISE   541 AM EDT   SUNSET   819 PM EDT


-  INDICATES NEGATIVE NUMBERS.
R  INDICATES RECORD WAS SET OR TIED.
MM INDICATES DATA IS MISSING.
T  INDICATES TRACE AMOUNT.




$$
