000
CDUS41 KAKQ 230634
CLISBY


CLIMATE REPORT
NATIONAL WEATHER SERVICE WAKEFIELD, VA
134 AM EST FRI FEB 23 2018


...................................

...THE SALISBURY MD CLIMATE SUMMARY FOR FEBRUARY 22 2018...

CLIMATE NORMAL PERIOD 1981 TO 2010
CLIMATE RECORD PERIOD 1900 TO 2018


WEATHER ITEM   OBSERVED TIME   RECORD YEAR NORMAL DEPARTURE LAST
                VALUE   (LST)  VALUE       VALUE  FROM      YEAR
                                                  NORMAL
..................................................................
TEMPERATURE (F)
 YESTERDAY
  MAXIMUM         65    115 AM  70    1997  49     16       62
                                      1945
                                      1943
  MINIMUM         41   1159 PM   2    1914  29     12       37
  AVERAGE         53                        39     14       50

PRECIPITATION (IN)
  YESTERDAY        0.04          1.04 1971   0.12  -0.08     0.00
  MONTH TO DATE    2.71                      2.62   0.09     0.73
  SINCE DEC 1      7.38                      9.94  -2.56     7.01
  SINCE JAN 1      6.24                      6.23   0.01     4.08

SNOWFALL (IN)
  YESTERDAY        0.0           6.0  1948   0.1   -0.1
  MONTH TO DATE    0.0                       2.8   -2.8
  SINCE NOV 1     16.4                       7.8    8.6
  SINCE JUL 1     16.4                       7.8    8.6
  SNOW DEPTH       0

DEGREE DAYS
 HEATING
  YESTERDAY       12                        26    -14       15
  MONTH TO DATE  450                       613   -163      484
  SINCE DEC 1   2285                      2336    -51     2026
  SINCE JUL 1   2956                      3154   -198     2686

 COOLING
  YESTERDAY        0                         0      0        0
  MONTH TO DATE    4                         0      4        0
  SINCE DEC 1      4                         0      4        0
  SINCE JAN 1      4                         0      4        0
..................................................................


WIND (MPH)
  HIGHEST WIND SPEED    23   HIGHEST WIND DIRECTION    NE (40)
  HIGHEST GUST SPEED    30   HIGHEST GUST DIRECTION    NE (40)
  AVERAGE WIND SPEED    11.1


SKY COVER
  POSSIBLE SUNSHINE  MM
  AVERAGE SKY COVER 0.9


WEATHER CONDITIONS
 THE FOLLOWING WEATHER WAS RECORDED YESTERDAY.
  LIGHT RAIN
  FOG


RELATIVE HUMIDITY (PERCENT)
 HIGHEST   100           200 AM
 LOWEST     66           900 AM
 AVERAGE    83

..........................................................


THE SALISBURY MD CLIMATE NORMALS FOR TODAY
                         NORMAL    RECORD    YEAR
 MAXIMUM TEMPERATURE (F)   49        74      2017
                                             1943
 MINIMUM TEMPERATURE (F)   30         8      1918


SUNRISE AND SUNSET
FEBRUARY 23 2018......SUNRISE   642 AM EST   SUNSET   549 PM EST
FEBRUARY 24 2018......SUNRISE   641 AM EST   SUNSET   550 PM EST


-  INDICATES NEGATIVE NUMBERS.
R  INDICATES RECORD WAS SET OR TIED.
MM INDICATES DATA IS MISSING.
T  INDICATES TRACE AMOUNT.




$$
