000
CDUS41 KAKQ 130638
CLISBY


CLIMATE REPORT
NATIONAL WEATHER SERVICE WAKEFIELD, VA
127 AM EST SAT FEB 13 2016


...................................

...THE SALISBURY MD CLIMATE SUMMARY FOR FEBRUARY 12 2016...

CLIMATE NORMAL PERIOD 1981 TO 2010
CLIMATE RECORD PERIOD 1900 TO 2016


WEATHER ITEM   OBSERVED TIME   RECORD YEAR NORMAL DEPARTURE LAST
                VALUE   (LST)  VALUE       VALUE  FROM      YEAR
                                                  NORMAL
..................................................................
TEMPERATURE (F)
 YESTERDAY
  MAXIMUM         31    309 PM  72    1932  46    -15       39
  MINIMUM         13    706 AM   1    1979  28    -15       25
  AVERAGE         22                        37    -15       32

PRECIPITATION (IN)
  YESTERDAY        0.01          2.20 1988   0.12  -0.11     0.01
  MONTH TO DATE    1.54                      1.43   0.11     0.94
  SINCE DEC 1      9.24                      8.75   0.49     9.53
  SINCE JAN 1      4.75                      5.04  -0.29     5.50

SNOWFALL (IN)
  YESTERDAY        T             4.0  1979   0.1   -0.1
  MONTH TO DATE    2.3                       1.6    0.7
  SINCE NOV 1      9.0                       6.6    2.4
  SINCE JUL 1      9.0                       6.6    2.4
  SNOW DEPTH       0

DEGREE DAYS
 HEATING
  YESTERDAY       43                        28     15       33
  MONTH TO DATE  309                       343    -34      349
  SINCE DEC 1   1620                      2066   -446     1881
  SINCE JUL 1   2267                      2884   -617     2553

 COOLING
  YESTERDAY        0                         0      0        0
  MONTH TO DATE    0                         0      0        0
  SINCE DEC 1      9                         0      9        0
  SINCE JAN 1      0                         0      0        0
..................................................................


WIND (MPH)
  HIGHEST WIND SPEED    14   HIGHEST WIND DIRECTION    NW (320)
  HIGHEST GUST SPEED    19   HIGHEST GUST DIRECTION    NW (320)
  AVERAGE WIND SPEED     3.6


SKY COVER
  POSSIBLE SUNSHINE  MM
  AVERAGE SKY COVER 0.4


WEATHER CONDITIONS
 THE FOLLOWING WEATHER WAS RECORDED YESTERDAY.
  LIGHT SNOW


RELATIVE HUMIDITY (PERCENT)
 HIGHEST    84           700 AM
 LOWEST     35          1200 PM
 AVERAGE    60

..........................................................


THE SALISBURY MD CLIMATE NORMALS FOR TODAY
                         NORMAL    RECORD    YEAR
 MAXIMUM TEMPERATURE (F)   47        70      1951
 MINIMUM TEMPERATURE (F)   28        -1      1979


SUNRISE AND SUNSET
FEBRUARY 13 2016......SUNRISE   655 AM EST   SUNSET   538 PM EST
FEBRUARY 14 2016......SUNRISE   654 AM EST   SUNSET   539 PM EST


-  INDICATES NEGATIVE NUMBERS.
R  INDICATES RECORD WAS SET OR TIED.
MM INDICATES DATA IS MISSING.
T  INDICATES TRACE AMOUNT.




$$
