000
CDUS41 KAKQ 030801
CLISBY


CLIMATE REPORT
NATIONAL WEATHER SERVICE WAKEFIELD, VA
259 AM EST TUE MAR 3 2015


...................................

...THE SALISBURY MD CLIMATE SUMMARY FOR MARCH 2 2015...

CLIMATE NORMAL PERIOD 1981 TO 2010
CLIMATE RECORD PERIOD 1900 TO 2015


WEATHER ITEM   OBSERVED TIME   RECORD YEAR NORMAL DEPARTURE LAST
                VALUE   (LST)  VALUE       VALUE  FROM      YEAR
                                                  NORMAL
..................................................................
TEMPERATURE (F)
 YESTERDAY
  MAXIMUM         46    313 PM  78    1972  51     -5       66
  MINIMUM         30   1144 PM  15    1980  31     -1       29
  AVERAGE         38                        41     -3       48

PRECIPITATION (IN)
  YESTERDAY        0.00          2.53 1994   0.13  -0.13      T
  MONTH TO DATE    0.47                      0.26   0.21      T
  SINCE MAR 1      0.47                      0.26   0.21      T
  SINCE JAN 1      8.19                      7.22   0.97     7.22

SNOWFALL (IN)
  YESTERDAY        0.0           5.0  1969   0.0    0.0
  MONTH TO DATE    T                         0.1   -0.1
  SINCE NOV 1     10.5                       8.4    2.1
  SINCE JUL 1     10.5                       8.4    2.1
  SNOW DEPTH       0

DEGREE DAYS
 HEATING
  YESTERDAY       27                        24      3       17
  MONTH TO DATE   66                        49     17       49
  SINCE MAR 1     66                        49     17       49
  SINCE JUL 1   3279                      3354    -75     3189

 COOLING
  YESTERDAY        0                         0      0        0
  MONTH TO DATE    0                         0      0        0
  SINCE MAR 1      0                         0      0        0
  SINCE JAN 1      0                         0      0        0
..................................................................


WIND (MPH)
  HIGHEST WIND SPEED    25   HIGHEST WIND DIRECTION    NW (320)
  HIGHEST GUST SPEED    31   HIGHEST GUST DIRECTION    NW (310)
  AVERAGE WIND SPEED     8.4


SKY COVER
  POSSIBLE SUNSHINE  MM
  AVERAGE SKY COVER 0.5


WEATHER CONDITIONS
 THE FOLLOWING WEATHER WAS RECORDED YESTERDAY.
  FOG
  HAZE


RELATIVE HUMIDITY (PERCENT)
 HIGHEST    92           900 AM
 LOWEST     40           300 PM
 AVERAGE    66

..........................................................


THE SALISBURY MD CLIMATE NORMALS FOR TODAY
                         NORMAL    RECORD    YEAR
 MAXIMUM TEMPERATURE (F)   51        77      1923
 MINIMUM TEMPERATURE (F)   31         1      2009


SUNRISE AND SUNSET
MARCH  3 2015.........SUNRISE   631 AM EST   SUNSET   557 PM EST
MARCH  4 2015.........SUNRISE   630 AM EST   SUNSET   558 PM EST


-  INDICATES NEGATIVE NUMBERS.
R  INDICATES RECORD WAS SET OR TIED.
MM INDICATES DATA IS MISSING.
T  INDICATES TRACE AMOUNT.




$$
