000
CDUS41 KAKQ 240645
CLISBY


CLIMATE REPORT
NATIONAL WEATHER SERVICE WAKEFIELD, VA
145 AM EST FRI FEB 24 2017


...................................

...THE SALISBURY MD CLIMATE SUMMARY FOR FEBRUARY 23 2017...

CLIMATE NORMAL PERIOD 1981 TO 2010
CLIMATE RECORD PERIOD 1900 TO 2017


WEATHER ITEM   OBSERVED TIME   RECORD YEAR NORMAL DEPARTURE LAST
                VALUE   (LST)  VALUE       VALUE  FROM      YEAR
                                                  NORMAL
..................................................................
TEMPERATURE (F)
 YESTERDAY
  MAXIMUM         74R   119 PM  74    1943  49     25       50
  MINIMUM         54    622 AM   8    1918  30     24       40
  AVERAGE         64                        39     25       45

PRECIPITATION (IN)
  YESTERDAY        0.01          2.30 1987   0.12  -0.11     0.21
  MONTH TO DATE    0.74                      2.74  -2.00     3.22
  SINCE DEC 1      7.02                     10.06  -3.04    10.92
  SINCE JAN 1      4.09                      6.35  -2.26     6.43

SNOWFALL (IN)
  YESTERDAY        0.0           1.0  1987   0.1   -0.1
                                      2001
  MONTH TO DATE    T                         2.9   -2.9
  SINCE NOV 1      9.6                       7.9    1.7
  SINCE JUL 1      9.6                       7.9    1.7
  SNOW DEPTH       0

DEGREE DAYS
 HEATING
  YESTERDAY        1                        26    -25       20
  MONTH TO DATE  485                       639   -154      603
  SINCE DEC 1   2027                      2362   -335     1914
  SINCE JUL 1   2687                      3180   -493     2561

 COOLING
  YESTERDAY        0                         0      0        0
  MONTH TO DATE    0                         0      0        0
  SINCE DEC 1      0                         0      0        9
  SINCE JAN 1      0                         0      0        0
..................................................................


WIND (MPH)
  HIGHEST WIND SPEED    22   HIGHEST WIND DIRECTION    SW (210)
  HIGHEST GUST SPEED    29   HIGHEST GUST DIRECTION    SW (220)
  AVERAGE WIND SPEED     9.8


SKY COVER
  POSSIBLE SUNSHINE  MM
  AVERAGE SKY COVER 0.4


WEATHER CONDITIONS
 THE FOLLOWING WEATHER WAS RECORDED YESTERDAY.
  LIGHT RAIN


RELATIVE HUMIDITY (PERCENT)
 HIGHEST    93          1200 AM
 LOWEST     44           400 PM
 AVERAGE    69

..........................................................


THE SALISBURY MD CLIMATE NORMALS FOR TODAY
                         NORMAL    RECORD    YEAR
 MAXIMUM TEMPERATURE (F)   49        77      2012
 MINIMUM TEMPERATURE (F)   30        10      1934


SUNRISE AND SUNSET
FEBRUARY 24 2017......SUNRISE   641 AM EST   SUNSET   550 PM EST
FEBRUARY 25 2017......SUNRISE   639 AM EST   SUNSET   551 PM EST


-  INDICATES NEGATIVE NUMBERS.
R  INDICATES RECORD WAS SET OR TIED.
MM INDICATES DATA IS MISSING.
T  INDICATES TRACE AMOUNT.




$$
