000
CDUS41 KAKQ 290531
CLISBY


CLIMATE REPORT
NATIONAL WEATHER SERVICE WAKEFIELD, VA
131 AM EDT SAT AUG 29 2015


...................................

...THE SALISBURY MD CLIMATE SUMMARY FOR AUGUST 28 2015...

CLIMATE NORMAL PERIOD 1981 TO 2010
CLIMATE RECORD PERIOD 1900 TO 2015


WEATHER ITEM   OBSERVED TIME   RECORD YEAR NORMAL DEPARTURE LAST
                VALUE   (LST)  VALUE       VALUE  FROM      YEAR
                                                  NORMAL
..................................................................
TEMPERATURE (F)
 YESTERDAY
  MAXIMUM         83    255 PM  98    1948  83      0       87
  MINIMUM         57    523 AM  46    1944  64     -7       64
  AVERAGE         70                        74     -4       76

PRECIPITATION (IN)
  YESTERDAY        0.00          2.25 1920   0.12  -0.12     0.00
  MONTH TO DATE    5.66                      4.09   1.57     5.53
  SINCE JUN 1     20.18                     12.18   8.00    11.89
  SINCE JAN 1     37.39                     30.73   6.66    31.60

SNOWFALL (IN)
  YESTERDAY        0.0           0.0  2002   0.0    0.0
                                      2001
  MONTH TO DATE    0.0                       0.0    0.0
  SINCE NOV 1     15.7                       9.3    6.4
  SINCE JUL 1      0.0                       0.0    0.0
  SNOW DEPTH       0

DEGREE DAYS
 HEATING
  YESTERDAY        0                         0      0        0
  MONTH TO DATE    0                         0      0        0
  SINCE JUN 1     15                        20     -5        5
  SINCE JUL 1      0                         1     -1        0

 COOLING
  YESTERDAY        5                         9     -4       11
  MONTH TO DATE  277                       284     -7      272
  SINCE JUN 1    922                       875     47      955
  SINCE JAN 1   1078                       959    119     1090
..................................................................


WIND (MPH)
  HIGHEST WIND SPEED    12   HIGHEST WIND DIRECTION    SE (130)
  HIGHEST GUST SPEED    17   HIGHEST GUST DIRECTION    NE (50)
  AVERAGE WIND SPEED     3.6


SKY COVER
  POSSIBLE SUNSHINE  MM
  AVERAGE SKY COVER 0.1


WEATHER CONDITIONS
 THE FOLLOWING WEATHER WAS RECORDED YESTERDAY.
  NO SIGNIFICANT WEATHER WAS OBSERVED.


RELATIVE HUMIDITY (PERCENT)
 HIGHEST    93           100 AM
 LOWEST     40           300 PM
 AVERAGE    67

..........................................................


THE SALISBURY MD CLIMATE NORMALS FOR TODAY
                         NORMAL    RECORD    YEAR
 MAXIMUM TEMPERATURE (F)   83        99      1948
 MINIMUM TEMPERATURE (F)   64        45      1986


SUNRISE AND SUNSET
AUGUST 29 2015........SUNRISE   629 AM EDT   SUNSET   737 PM EDT
AUGUST 30 2015........SUNRISE   630 AM EDT   SUNSET   735 PM EDT


-  INDICATES NEGATIVE NUMBERS.
R  INDICATES RECORD WAS SET OR TIED.
MM INDICATES DATA IS MISSING.
T  INDICATES TRACE AMOUNT.




$$
