000
CDUS46 KSTO 270844
CLISCK


CLIMATE REPORT
NATIONAL WEATHER SERVICE SACRAMENTO, CA
144 AM PDT SAT MAY 27 2017


...................................

...THE STOCKTON AIRPORT CA CLIMATE SUMMARY FOR MAY 26 2017...

CLIMATE NORMAL PERIOD 1981 TO 2010
CLIMATE RECORD PERIOD 1948 TO 2017


WEATHER ITEM   OBSERVED TIME   RECORD YEAR NORMAL DEPARTURE LAST
                VALUE   (LST)  VALUE       VALUE  FROM      YEAR
                                                  NORMAL
..................................................................
TEMPERATURE (F)
 YESTERDAY
  MAXIMUM         74    422 PM 101    1974  84    -10       86
  MINIMUM         51    508 AM  43    2011  53     -2       55
                                      1998
  AVERAGE         63

PRECIPITATION (IN)
  YESTERDAY        0.00          0.14 1962   0.01  -0.01     0.00
  MONTH TO DATE    T                         0.47  -0.47     0.35
  SINCE OCT 1     21.68                     13.62   8.06    16.69
  SINCE JAN 1     15.52                      8.89   6.63    12.12

SNOWFALL (IN)
  YESTERDAY        0.0          MM      MM
  MONTH TO DATE    0.0
  SINCE MAR 1      0.0
  SINCE JUL 1      0.0
  SNOW DEPTH       0

DEGREE DAYS
 HEATING
  YESTERDAY        2                         1      1        0
  MONTH TO DATE   26                        54    -28       37
  SINCE MAR 1    401                       568   -167      348
  SINCE JUL 1   2110                      2630   -520     2066

 COOLING
  YESTERDAY        0                         4     -4        6
  MONTH TO DATE  135                        77     58       70
  SINCE MAR 1    137                        94     43       96
  SINCE JAN 1    137                        94     43       96
..................................................................


WIND (MPH)
  RESULTANT WIND SPEED   4   RESULTANT WIND DIRECTION   N (350)
  HIGHEST WIND SPEED    18   HIGHEST WIND DIRECTION    NW (300)
  HIGHEST GUST SPEED    22   HIGHEST GUST DIRECTION    NW (310)


SKY COVER
  POSSIBLE SUNSHINE  MM
  AVERAGE SKY COVER 0.4


WEATHER CONDITIONS
 THE FOLLOWING WEATHER WAS RECORDED YESTERDAY.
  NO SIGNIFICANT WEATHER WAS OBSERVED.


RELATIVE HUMIDITY (PERCENT)
 HIGHEST    89           400 AM
 LOWEST     46           400 PM
 AVERAGE    68

..........................................................


THE STOCKTON AIRPORT CA CLIMATE NORMALS FOR TODAY
                         NORMAL    RECORD    YEAR
 MAXIMUM TEMPERATURE (F)   84       102      1984
 MINIMUM TEMPERATURE (F)   54        43      1998


SUNRISE AND SUNSET
MAY 27 2017...........SUNRISE   546 AM PDT   SUNSET   818 PM PDT
MAY 28 2017...........SUNRISE   546 AM PDT   SUNSET   819 PM PDT


-  INDICATES NEGATIVE NUMBERS.
R  INDICATES RECORD WAS SET OR TIED.
MM INDICATES DATA IS MISSING.
T  INDICATES TRACE AMOUNT.




$$
