000
CDUS46 KSTO 230846
CLISCK


CLIMATE REPORT
NATIONAL WEATHER SERVICE SACRAMENTO, CA
144 AM PDT SAT SEP 23 2017


...................................

...THE STOCKTON AIRPORT CA CLIMATE SUMMARY FOR SEPTEMBER 22 2017...

CLIMATE NORMAL PERIOD 1981 TO 2010
CLIMATE RECORD PERIOD 1948 TO 2017


WEATHER ITEM   OBSERVED TIME   RECORD YEAR NORMAL DEPARTURE LAST
                VALUE   (LST)  VALUE       VALUE  FROM      YEAR
                                                  NORMAL
..................................................................
TEMPERATURE (F)
 YESTERDAY
  MAXIMUM         78    218 PM 102    2003  87     -9       78
                                      1949
  MINIMUM         46R   539 AM  49    2013  56    -10       52
                                      1968
                                      1956
  AVERAGE         62

PRECIPITATION (IN)
  YESTERDAY        0.00          1.38 1983   0.01  -0.01     0.00
  MONTH TO DATE    T                         0.17  -0.17      T
  SINCE OCT 1     21.79                     13.94   7.85    16.69
  SINCE JAN 1     15.63                      9.21   6.42    12.12

SNOWFALL (IN)
  YESTERDAY        0.0           0.0  2002
                                      2001
  MONTH TO DATE    0.0
  SINCE SEP 1      0.0
  SINCE JUL 1      0.0
  SNOW DEPTH       0

DEGREE DAYS
 HEATING
  YESTERDAY        3                         0      3        0
  MONTH TO DATE    3                         0      3        3
  SINCE SEP 1      3                         0      3        3
  SINCE JUL 1      3                         0      3        3

 COOLING
  YESTERDAY        0                         6     -6        0
  MONTH TO DATE  271                       179     92      159
  SINCE SEP 1    271                       179     92      159
  SINCE JAN 1   1702                      1223    479     1357
..................................................................


WIND (MPH)
  RESULTANT WIND SPEED   5   RESULTANT WIND DIRECTION  NW (300)
  HIGHEST WIND SPEED    17   HIGHEST WIND DIRECTION    NW (300)
  HIGHEST GUST SPEED    20   HIGHEST GUST DIRECTION    NW (310)


SKY COVER
  POSSIBLE SUNSHINE  MM
  AVERAGE SKY COVER 0.0


WEATHER CONDITIONS
 THE FOLLOWING WEATHER WAS RECORDED YESTERDAY.
  NO SIGNIFICANT WEATHER WAS OBSERVED.


RELATIVE HUMIDITY (PERCENT)
 HIGHEST    89           700 AM
 LOWEST     27           400 PM
 AVERAGE    58

..........................................................


THE STOCKTON AIRPORT CA CLIMATE NORMALS FOR TODAY
                         NORMAL    RECORD    YEAR
 MAXIMUM TEMPERATURE (F)   86       101      2002
 MINIMUM TEMPERATURE (F)   55        45      1954


SUNRISE AND SUNSET
SEPTEMBER 23 2017.....SUNRISE   654 AM PDT   SUNSET   700 PM PDT
SEPTEMBER 24 2017.....SUNRISE   655 AM PDT   SUNSET   658 PM PDT


-  INDICATES NEGATIVE NUMBERS.
R  INDICATES RECORD WAS SET OR TIED.
MM INDICATES DATA IS MISSING.
T  INDICATES TRACE AMOUNT.




$$
