000
CDUS46 KLOX 230122
CLISDB


CLIMATE REPORT
NATIONAL WEATHER SERVICE LOS ANGELES/OXNARD CA
521 PM PST WED FEB 22 2017


...................................

...THE SANDBERG CA CLIMATE SUMMARY FOR FEBRUARY 22 2017...
VALID TODAY AS OF 0500 PM LOCAL TIME.

CLIMATE NORMAL PERIOD 1981 TO 2010
CLIMATE RECORD PERIOD 1934 TO 2017


WEATHER ITEM   OBSERVED TIME   RECORD YEAR NORMAL DEPARTURE LAST
                VALUE   (LST)  VALUE       VALUE  FROM      YEAR
                                                  NORMAL
..................................................................
TEMPERATURE (F)
 TODAY
  MAXIMUM         43    344 PM  70    2014  50     -7       64
  MINIMUM         37    732 AM  23    1975  38     -1       41
  AVERAGE         40                        44     -4       53

PRECIPITATION (IN)
  TODAY            T             1.61 1943   0.14  -0.14     0.00
  MONTH TO DATE    5.20                      2.44   2.76     0.29
  SINCE OCT 1     12.27                      8.48   3.79     5.00
  SINCE JAN 1      8.43                      4.85   3.58     3.30

DEGREE DAYS
 HEATING
  TODAY           25                        21      4       12
  MONTH TO DATE  348                       474   -126      277
  SINCE DEC 1   1646                      1860   -214     1593
  SINCE JUL 1   2095                      2639   -544     2209

 COOLING
  TODAY            0                         0      0        0
  MONTH TO DATE    0                         0      0        0
  SINCE DEC 1      0                         0      0        0
  SINCE JAN 1      0                         0      0        0
..................................................................


WIND (MPH)
  HIGHEST WIND SPEED    29   HIGHEST WIND DIRECTION    NW (330)
  HIGHEST GUST SPEED    37   HIGHEST GUST DIRECTION    NW (330)
  AVERAGE WIND SPEED    18.5


SKY COVER
  POSSIBLE SUNSHINE  MM
  AVERAGE SKY COVER 0.6


WEATHER CONDITIONS
 THE FOLLOWING WEATHER WAS RECORDED TODAY.
  LIGHT RAIN
  FOG
  FOG W/VISIBILITY <= 1/4 MILE
  HAZE


RELATIVE HUMIDITY (PERCENT)
 HIGHEST    92           100 AM
 LOWEST     67           400 PM
 AVERAGE    80

..........................................................


THE SANDBERG CA CLIMATE NORMALS FOR TOMORROW
                         NORMAL    RECORD    YEAR
 MAXIMUM TEMPERATURE (F)   51        69      2014
 MINIMUM TEMPERATURE (F)   38        21      1987


SUNRISE AND SUNSET
FEBRUARY 22 2017......SUNRISE   632 AM PST   SUNSET   545 PM PST
FEBRUARY 23 2017......SUNRISE   631 AM PST   SUNSET   546 PM PST


-  INDICATES NEGATIVE NUMBERS.
R  INDICATES RECORD WAS SET OR TIED.
MM INDICATES DATA IS MISSING.
T  INDICATES TRACE AMOUNT.




$$
