000
CDUS46 KLOX 130111
CLISDB


CLIMATE REPORT
NATIONAL WEATHER SERVICE LOS ANGELES/OXNARD CA
511 PM PST TUE DEC 12 2017


...................................

...THE SANDBERG CA CLIMATE SUMMARY FOR DECEMBER 12 2017...
VALID TODAY AS OF 0500 PM LOCAL TIME.

CLIMATE NORMAL PERIOD 1981 TO 2010
CLIMATE RECORD PERIOD 1934 TO 2017


WEATHER ITEM   OBSERVED TIME   RECORD YEAR NORMAL DEPARTURE LAST
                VALUE   (LST)  VALUE       VALUE  FROM      YEAR
                                                  NORMAL
..................................................................
TEMPERATURE (F)
 TODAY
  MAXIMUM         66    223 PM  67    1950  48     18       60
  MINIMUM         51    724 AM  20    1967  37     14       43
  AVERAGE         59                        42     17       52

PRECIPITATION (IN)
  TODAY            0.00          1.55 2014   0.06  -0.06     0.00
  MONTH TO DATE    0.00                      0.64  -0.64      T
  SINCE OCT 1      0.05                      2.02  -1.97     1.41
  SINCE JAN 1     10.10                     10.72  -0.62     6.64

DEGREE DAYS
 HEATING
  TODAY            6                        23    -17       13
  MONTH TO DATE  141                       264   -123      197
  SINCE DEC 1    141                       264   -123      197
  SINCE JUL 1    499                      1043   -544      646

 COOLING
  TODAY            0                         0      0        0
  MONTH TO DATE    0                         0      0        0
  SINCE DEC 1      0                         0      0        0
  SINCE JAN 1   1817                       998    819     1673
..................................................................


WIND (MPH)
  HIGHEST WIND SPEED    24   HIGHEST WIND DIRECTION     E (70)
  HIGHEST GUST SPEED    30   HIGHEST GUST DIRECTION     E (70)
  AVERAGE WIND SPEED    15.8


SKY COVER
  POSSIBLE SUNSHINE  MM
  AVERAGE SKY COVER 0.0


WEATHER CONDITIONS
 THE FOLLOWING WEATHER WAS RECORDED TODAY.
  NO SIGNIFICANT WEATHER WAS OBSERVED.


RELATIVE HUMIDITY (PERCENT)
 HIGHEST     6           500 AM
 LOWEST      2           100 PM
 AVERAGE     4

..........................................................


THE SANDBERG CA CLIMATE NORMALS FOR TOMORROW
                         NORMAL    RECORD    YEAR
 MAXIMUM TEMPERATURE (F)   48        67      2010
                                             1988
 MINIMUM TEMPERATURE (F)   36        12      1967


SUNRISE AND SUNSET
DECEMBER 12 2017......SUNRISE   653 AM PST   SUNSET   445 PM PST
DECEMBER 13 2017......SUNRISE   654 AM PST   SUNSET   445 PM PST


-  INDICATES NEGATIVE NUMBERS.
R  INDICATES RECORD WAS SET OR TIED.
MM INDICATES DATA IS MISSING.
T  INDICATES TRACE AMOUNT.




$$
