000
CDUS46 KLOX 290916
CLISDB


CLIMATE REPORT
NATIONAL WEATHER SERVICE LOS ANGELES/OXNARD CA
214 AM PDT FRI JUL 29 2016


...................................

...THE SANDBERG CA CLIMATE SUMMARY FOR JULY 28 2016...

CLIMATE NORMAL PERIOD 1981 TO 2010
CLIMATE RECORD PERIOD 1934 TO 2016


WEATHER ITEM   OBSERVED TIME   RECORD YEAR NORMAL DEPARTURE LAST
                VALUE   (LST)  VALUE       VALUE  FROM      YEAR
                                                  NORMAL
..................................................................
TEMPERATURE (F)
 YESTERDAY
  MAXIMUM        101    139 PM 103    1995  86     15       91
  MINIMUM         79    112 AM  50    1941  65     14       65
  AVERAGE         90                        75     15       78

PRECIPITATION (IN)
  YESTERDAY        0.00          0.05 1968   0.00   0.00     0.00
  MONTH TO DATE    0.00                      0.02  -0.02     1.02
  SINCE OCT 1      6.93                     12.13  -5.20     8.41
  SINCE JAN 1      5.23                      8.50  -3.27     3.51

DEGREE DAYS
 HEATING
  YESTERDAY        0                         0      0        0
  MONTH TO DATE    0                         4     -4       10
  SINCE JUN 1     21                        88    -67       29
  SINCE JUL 1      0                         4     -4       10

 COOLING
  YESTERDAY       25                        10     15       13
  MONTH TO DATE  373                       255    118      201
  SINCE JUN 1    744                       386    358      541
  SINCE JAN 1    825                       431    394      654
..................................................................


WIND (MPH)
  HIGHEST WIND SPEED    25   HIGHEST WIND DIRECTION     N (340)
  HIGHEST GUST SPEED    33   HIGHEST GUST DIRECTION    NW (320)
  AVERAGE WIND SPEED    13.2


SKY COVER
  POSSIBLE SUNSHINE  MM
  AVERAGE SKY COVER 0.0


WEATHER CONDITIONS
 THE FOLLOWING WEATHER WAS RECORDED YESTERDAY.
  HAZE


RELATIVE HUMIDITY (PERCENT)
 HIGHEST    26           100 AM
 LOWEST     10           300 PM
 AVERAGE    18

..........................................................


THE SANDBERG CA CLIMATE NORMALS FOR TODAY
                         NORMAL    RECORD    YEAR
 MAXIMUM TEMPERATURE (F)   86       100      1995
 MINIMUM TEMPERATURE (F)   65        55      1950


SUNRISE AND SUNSET
JULY 29 2016..........SUNRISE   603 AM PDT   SUNSET   759 PM PDT
JULY 30 2016..........SUNRISE   604 AM PDT   SUNSET   758 PM PDT


-  INDICATES NEGATIVE NUMBERS.
R  INDICATES RECORD WAS SET OR TIED.
MM INDICATES DATA IS MISSING.
T  INDICATES TRACE AMOUNT.




$$
