000
CDUS46 KLOX 210908
CLISDB


CLIMATE REPORT
NATIONAL WEATHER SERVICE LOS ANGELES/OXNARD CA
107 AM PST SUN DEC 21 2014


...................................

...THE SANDBERG CA CLIMATE SUMMARY FOR DECEMBER 20 2014...

CLIMATE NORMAL PERIOD 1981 TO 2010
CLIMATE RECORD PERIOD 1934 TO 2014


WEATHER ITEM   OBSERVED TIME   RECORD YEAR NORMAL DEPARTURE LAST
                VALUE   (LST)  VALUE       VALUE  FROM      YEAR
                                                  NORMAL
..................................................................
TEMPERATURE (F)
 YESTERDAY
  MAXIMUM         52   1053 AM  66    2004  47      5       50
  MINIMUM         44    135 AM  14    1968  36      8       32
  AVERAGE         48                        42      6       41

PRECIPITATION (IN)
  YESTERDAY        0.03          1.15 1952   0.09  -0.06     0.00
  MONTH TO DATE    4.28                      1.26   3.02     0.08
  SINCE JUL 1      5.05                      2.86   2.19     0.78
  SINCE JAN 1      8.63                     11.34  -2.71     3.69

DEGREE DAYS
 HEATING
  YESTERDAY       17                        23     -6       24
  MONTH TO DATE  332                       448   -116      400
  SINCE DEC 1    332                       448   -116      400
  SINCE JUL 1    722                      1227   -505      954

 COOLING
  YESTERDAY        0                         0      0        0
  MONTH TO DATE    0                         0      0        0
  SINCE DEC 1      0                         0      0        0
  SINCE JAN 1   1689                       998    691     1565
..................................................................


WIND (MPH)
  HIGHEST WIND SPEED    47   HIGHEST WIND DIRECTION     N (340)
  HIGHEST GUST SPEED    55   HIGHEST GUST DIRECTION     N (340)
  AVERAGE WIND SPEED    23.3


SKY COVER
  POSSIBLE SUNSHINE  MM
  AVERAGE SKY COVER 0.5


WEATHER CONDITIONS
 THE FOLLOWING WEATHER WAS RECORDED YESTERDAY.
  LIGHT RAIN
  FOG
  FOG W/VISIBILITY <= 1/4 MILE
  HAZE


RELATIVE HUMIDITY (PERCENT)
 HIGHEST    93           600 PM
 LOWEST     66           300 AM
 AVERAGE    80

..........................................................


THE SANDBERG CA CLIMATE NORMALS FOR TODAY
                         NORMAL    RECORD    YEAR
 MAXIMUM TEMPERATURE (F)   47        66      2005
 MINIMUM TEMPERATURE (F)   36        13      1990


SUNRISE AND SUNSET
DECEMBER 21 2014......SUNRISE   658 AM PST   SUNSET   448 PM PST
DECEMBER 22 2014......SUNRISE   659 AM PST   SUNSET   448 PM PST


-  INDICATES NEGATIVE NUMBERS.
R  INDICATES RECORD WAS SET OR TIED.
MM INDICATES DATA IS MISSING.
T  INDICATES TRACE AMOUNT.




$$
