000
CDUS46 KLOX 220124
CLISDB


CLIMATE REPORT
NATIONAL WEATHER SERVICE LOS ANGELES/OXNARD CA
524 PM PST SAT JAN 21 2017


...................................

...THE SANDBERG CA CLIMATE SUMMARY FOR JANUARY 21 2017...
VALID TODAY AS OF 0500 PM LOCAL TIME.

CLIMATE NORMAL PERIOD 1981 TO 2010
CLIMATE RECORD PERIOD 1934 TO 2017


WEATHER ITEM   OBSERVED TIME   RECORD YEAR NORMAL DEPARTURE LAST
                VALUE   (LST)  VALUE       VALUE  FROM      YEAR
                                                  NORMAL
..................................................................
TEMPERATURE (F)
 TODAY
  MAXIMUM         45    347 PM  63    2014  49     -4       53
                                      2005
                                      1975
  MINIMUM         33    609 AM   3    1937  37     -4       44
  AVERAGE         39                        43     -4       49

PRECIPITATION (IN)
  TODAY            0.01          1.98 1939   0.07  -0.06     0.00
  MONTH TO DATE    2.02                      1.87   0.15     2.06
  SINCE OCT 1      5.86                      5.50   0.36     3.76
  SINCE JAN 1      2.02                      1.87   0.15     2.06

DEGREE DAYS
 HEATING
  TODAY           26                        22      4       16
  MONTH TO DATE  462                       465     -3      453
  SINCE DEC 1   1077                      1167    -90     1138
  SINCE JUL 1   1526                      1946   -420     1754

 COOLING
  TODAY            0                         0      0        0
  MONTH TO DATE    0                         0      0        0
  SINCE DEC 1      0                         0      0        0
  SINCE JAN 1      0                         0      0        0
..................................................................


WIND (MPH)
  HIGHEST WIND SPEED    24   HIGHEST WIND DIRECTION    NW (330)
  HIGHEST GUST SPEED    33   HIGHEST GUST DIRECTION    NW (320)
  AVERAGE WIND SPEED    13.4


SKY COVER
  POSSIBLE SUNSHINE  MM
  AVERAGE SKY COVER 0.6


WEATHER CONDITIONS
 THE FOLLOWING WEATHER WAS RECORDED TODAY.
  LIGHT SNOW
  FOG


RELATIVE HUMIDITY (PERCENT)
 HIGHEST    92           900 AM
 LOWEST     62           300 PM
 AVERAGE    77

..........................................................


THE SANDBERG CA CLIMATE NORMALS FOR TOMORROW
                         NORMAL    RECORD    YEAR
 MAXIMUM TEMPERATURE (F)   49        70      2014
 MINIMUM TEMPERATURE (F)   37        12      1937


SUNRISE AND SUNSET
JANUARY 21 2017.......SUNRISE   700 AM PST   SUNSET   513 PM PST
JANUARY 22 2017.......SUNRISE   659 AM PST   SUNSET   514 PM PST


-  INDICATES NEGATIVE NUMBERS.
R  INDICATES RECORD WAS SET OR TIED.
MM INDICATES DATA IS MISSING.
T  INDICATES TRACE AMOUNT.




$$
