000
CDUS46 KLOX 300915
CLISDB


CLIMATE REPORT
NATIONAL WEATHER SERVICE LOS ANGELES/OXNARD CA
215 AM PDT THU OCT 30 2014


...................................

...THE SANDBERG CA CLIMATE SUMMARY FOR OCTOBER 29 2014...

CLIMATE NORMAL PERIOD 1981 TO 2010
CLIMATE RECORD PERIOD 1934 TO 2014


WEATHER ITEM   OBSERVED TIME   RECORD YEAR NORMAL DEPARTURE LAST
                VALUE   (LST)  VALUE       VALUE  FROM      YEAR
                                                  NORMAL
..................................................................
TEMPERATURE (F)
 YESTERDAY
  MAXIMUM         77    228 PM  79    2008  63     14       50
  MINIMUM         59    409 AM  21    1971  48     11       38
  AVERAGE         68                        55     13       44

PRECIPITATION (IN)
  YESTERDAY        0.00          0.81 1996   0.03  -0.03     0.00
  MONTH TO DATE    0.00                      0.55  -0.55     0.23
  SINCE JUL 1      0.17                      0.77  -0.60     0.31
  SINCE JAN 1      3.75                      9.25  -5.50     3.22

DEGREE DAYS
 HEATING
  YESTERDAY        0                        10    -10       21
  MONTH TO DATE   57                       201   -144      146
  SINCE SEP 1     78                       262   -184      193
  SINCE JUL 1     78                       279   -201      193

 COOLING
  YESTERDAY        3                         0      3        0
  MONTH TO DATE  156                        48    108       51
  SINCE SEP 1    487                       237    250      329
  SINCE JAN 1   1667                       994    673     1561
..................................................................


WIND (MPH)
  HIGHEST WIND SPEED    20   HIGHEST WIND DIRECTION     E (70)
  HIGHEST GUST SPEED    26   HIGHEST GUST DIRECTION     E (70)
  AVERAGE WIND SPEED    10.4


SKY COVER
  POSSIBLE SUNSHINE  MM
  AVERAGE SKY COVER 0.0


WEATHER CONDITIONS
 THE FOLLOWING WEATHER WAS RECORDED YESTERDAY.
  NO SIGNIFICANT WEATHER WAS OBSERVED.


RELATIVE HUMIDITY (PERCENT)
 HIGHEST    23           400 AM
 LOWEST      8           200 PM
 AVERAGE    16

..........................................................


THE SANDBERG CA CLIMATE NORMALS FOR TODAY
                         NORMAL    RECORD    YEAR
 MAXIMUM TEMPERATURE (F)   62        78      1955
 MINIMUM TEMPERATURE (F)   47        25      1935


SUNRISE AND SUNSET
OCTOBER 30 2014.......SUNRISE   714 AM PDT   SUNSET   603 PM PDT
OCTOBER 31 2014.......SUNRISE   715 AM PDT   SUNSET   602 PM PDT


-  INDICATES NEGATIVE NUMBERS.
R  INDICATES RECORD WAS SET OR TIED.
MM INDICATES DATA IS MISSING.
T  INDICATES TRACE AMOUNT.




$$
