000
CDUS46 KLOX 240912
CLISDB


CLIMATE REPORT
NATIONAL WEATHER SERVICE LOS ANGELES/OXNARD CA
202 AM PDT TUE MAY 24 2016


...................................

...THE SANDBERG CA CLIMATE SUMMARY FOR MAY 23 2016...

CLIMATE NORMAL PERIOD 1981 TO 2010
CLIMATE RECORD PERIOD 1934 TO 2016


WEATHER ITEM   OBSERVED TIME   RECORD YEAR NORMAL DEPARTURE LAST
                VALUE   (LST)  VALUE       VALUE  FROM      YEAR
                                                  NORMAL
..................................................................
TEMPERATURE (F)
 YESTERDAY
  MAXIMUM         65   1215 PM  90    2001  70     -5       66
  MINIMUM         43    603 AM  28    2010  50     -7       47
  AVERAGE         54                        60     -6       57

PRECIPITATION (IN)
  YESTERDAY        0.00          0.35 2008   0.01  -0.01      T
  MONTH TO DATE    0.29                      0.35  -0.06     0.23
  SINCE OCT 1      6.93                     11.99  -5.06     7.25
  SINCE JAN 1      5.23                      8.36  -3.13     2.35

DEGREE DAYS
 HEATING
  YESTERDAY       11                         7      4        8
  MONTH TO DATE  145                       206    -61      234
  SINCE MAR 1    754                      1222   -468      740
  SINCE JUL 1   3014                      3981   -967     2371

 COOLING
  YESTERDAY        0                         2     -2        0
  MONTH TO DATE   30                        22      8       10
  SINCE MAR 1     49                        30     19       65
  SINCE JAN 1     49                        30     19       68
..................................................................


WIND (MPH)
  HIGHEST WIND SPEED    29   HIGHEST WIND DIRECTION    NW (330)
  HIGHEST GUST SPEED    35   HIGHEST GUST DIRECTION    NW (330)
  AVERAGE WIND SPEED    13.7


SKY COVER
  POSSIBLE SUNSHINE  MM
  AVERAGE SKY COVER 0.5


WEATHER CONDITIONS
 THE FOLLOWING WEATHER WAS RECORDED YESTERDAY.
  FOG
  FOG W/VISIBILITY <= 1/4 MILE


RELATIVE HUMIDITY (PERCENT)
 HIGHEST    89           400 AM
 LOWEST     39          1100 AM
 AVERAGE    64

..........................................................


THE SANDBERG CA CLIMATE NORMALS FOR TODAY
                         NORMAL    RECORD    YEAR
 MAXIMUM TEMPERATURE (F)   70        87      1936
 MINIMUM TEMPERATURE (F)   51        30      1980


SUNRISE AND SUNSET
MAY 24 2016...........SUNRISE   546 AM PDT   SUNSET   758 PM PDT
MAY 25 2016...........SUNRISE   545 AM PDT   SUNSET   759 PM PDT


-  INDICATES NEGATIVE NUMBERS.
R  INDICATES RECORD WAS SET OR TIED.
MM INDICATES DATA IS MISSING.
T  INDICATES TRACE AMOUNT.




$$
