000
CDUS46 KLOX 310904
CLISDB


CLIMATE REPORT
NATIONAL WEATHER SERVICE LOS ANGELES/OXNARD CA
204 AM PDT MON AUG 31 2015


...................................

...THE SANDBERG CA CLIMATE SUMMARY FOR AUGUST 30 2015...

CLIMATE NORMAL PERIOD 1981 TO 2010
CLIMATE RECORD PERIOD 1934 TO 2015


WEATHER ITEM   OBSERVED TIME   RECORD YEAR NORMAL DEPARTURE LAST
                VALUE   (LST)  VALUE       VALUE  FROM      YEAR
                                                  NORMAL
..................................................................
TEMPERATURE (F)
 YESTERDAY
  MAXIMUM         81    141 PM  96    1998  83     -2       89
  MINIMUM         60    456 AM  42    1957  63     -3       69
  AVERAGE         71                        73     -2       79

PRECIPITATION (IN)
  YESTERDAY        0.00          0.42 1938   0.00   0.00     0.00
  MONTH TO DATE    0.00                      0.03  -0.03     0.16
  SINCE OCT 1      8.65                     12.16  -3.51     4.45
  SINCE JAN 1      3.75                      8.53  -4.78     3.75

DEGREE DAYS
 HEATING
  YESTERDAY        0                         1     -1        0
  MONTH TO DATE    0                         4     -4        0
  SINCE JUN 1     29                        96    -67        7
  SINCE JUL 1     10                        12     -2        0

 COOLING
  YESTERDAY        6                         9     -3       14
  MONTH TO DATE  415                       286    129      348
  SINCE JUN 1   1001                       704    297     1018
  SINCE JAN 1   1114                       749    365     1168
..................................................................


WIND (MPH)
  HIGHEST WIND SPEED    30   HIGHEST WIND DIRECTION    NW (330)
  HIGHEST GUST SPEED    39   HIGHEST GUST DIRECTION     N (340)
  AVERAGE WIND SPEED    14.0


SKY COVER
  POSSIBLE SUNSHINE  MM
  AVERAGE SKY COVER 0.0


WEATHER CONDITIONS
 THE FOLLOWING WEATHER WAS RECORDED YESTERDAY.
  NO SIGNIFICANT WEATHER WAS OBSERVED.


RELATIVE HUMIDITY (PERCENT)
 HIGHEST    84           500 AM
 LOWEST     35           100 PM
 AVERAGE    60

..........................................................


THE SANDBERG CA CLIMATE NORMALS FOR TODAY
                         NORMAL    RECORD    YEAR
 MAXIMUM TEMPERATURE (F)   83        96      1995
 MINIMUM TEMPERATURE (F)   63        44      1964


SUNRISE AND SUNSET
AUGUST 31 2015........SUNRISE   627 AM PDT   SUNSET   723 PM PDT
SEPTEMBER  1 2015.....SUNRISE   628 AM PDT   SUNSET   722 PM PDT


-  INDICATES NEGATIVE NUMBERS.
R  INDICATES RECORD WAS SET OR TIED.
MM INDICATES DATA IS MISSING.
T  INDICATES TRACE AMOUNT.




$$
