000
CDUS46 KLOX 050112
CLISDB


CLIMATE REPORT
NATIONAL WEATHER SERVICE LOS ANGELES/OXNARD CA
612 PM PDT TUE AUG 4 2015


...................................

...THE SANDBERG CA CLIMATE SUMMARY FOR AUGUST 4 2015...
VALID TODAY AS OF 0600 PM LOCAL TIME.

CLIMATE NORMAL PERIOD 1981 TO 2010
CLIMATE RECORD PERIOD 1934 TO 2015


WEATHER ITEM   OBSERVED TIME   RECORD YEAR NORMAL DEPARTURE LAST
                VALUE   (LST)  VALUE       VALUE  FROM      YEAR
                                                  NORMAL
..................................................................
TEMPERATURE (F)
 TODAY
  MAXIMUM         89    140 PM 100    1998  86      3       84
  MINIMUM         66    153 AM  47    1976  64      2       61
  AVERAGE         78                        75      3       73

PRECIPITATION (IN)
  TODAY            0.00          0.01 2006   0.00   0.00     0.00
  MONTH TO DATE    0.00                      0.00   0.00     0.16
  SINCE OCT 1      8.65                     12.13  -3.48     4.45
  SINCE JAN 1      3.75                      8.50  -4.75     3.75

DEGREE DAYS
 HEATING
  TODAY            0                         0      0        0
  MONTH TO DATE    0                         0      0        0
  SINCE JUN 1     29                        92    -63        7
  SINCE JUL 1     10                         8      2        0

 COOLING
  TODAY           13                        10      3        8
  MONTH TO DATE   58                        40     18       48
  SINCE JUN 1    644                       458    186      718
  SINCE JAN 1    757                       503    254      868
..................................................................


WIND (MPH)
  HIGHEST WIND SPEED    20   HIGHEST WIND DIRECTION     S (160)
  HIGHEST GUST SPEED    26   HIGHEST GUST DIRECTION     S (180)
  AVERAGE WIND SPEED    11.5


SKY COVER
  POSSIBLE SUNSHINE  MM
  AVERAGE SKY COVER 0.0


WEATHER CONDITIONS
 THE FOLLOWING WEATHER WAS RECORDED TODAY.
  NO SIGNIFICANT WEATHER WAS OBSERVED.


RELATIVE HUMIDITY (PERCENT)
 HIGHEST    52           200 AM
 LOWEST     26          1000 AM
 AVERAGE    39

..........................................................


THE SANDBERG CA CLIMATE NORMALS FOR TOMORROW
                         NORMAL    RECORD    YEAR
 MAXIMUM TEMPERATURE (F)   86        99      1998
 MINIMUM TEMPERATURE (F)   64        49      1950


SUNRISE AND SUNSET
AUGUST  4 2015........SUNRISE   607 AM PDT   SUNSET   755 PM PDT
AUGUST  5 2015........SUNRISE   608 AM PDT   SUNSET   754 PM PDT


-  INDICATES NEGATIVE NUMBERS.
R  INDICATES RECORD WAS SET OR TIED.
MM INDICATES DATA IS MISSING.
T  INDICATES TRACE AMOUNT.




$$
