000
CDUS46 KLOX 200902
CLISDB


CLIMATE REPORT
NATIONAL WEATHER SERVICE LOS ANGELES/OXNARD CA
202 AM PDT FRI OCT 20 2017


...................................

...THE SANDBERG CA CLIMATE SUMMARY FOR OCTOBER 19 2017...

CLIMATE NORMAL PERIOD 1981 TO 2010
CLIMATE RECORD PERIOD 1934 TO 2017


WEATHER ITEM   OBSERVED TIME   RECORD YEAR NORMAL DEPARTURE LAST
                VALUE   (LST)  VALUE       VALUE  FROM      YEAR
                                                  NORMAL
..................................................................
TEMPERATURE (F)
 YESTERDAY
  MAXIMUM         73   1238 PM  84    2003  66      7       73
  MINIMUM         54   1159 PM  27    1949  51      3       49
  AVERAGE         64                        58      6       61

PRECIPITATION (IN)
  YESTERDAY        0.00          1.49 2010   0.03  -0.03     0.00
  MONTH TO DATE    0.00                      0.31  -0.31     0.01
  SINCE OCT 1      0.00                      0.31  -0.31     0.01
  SINCE JAN 1     10.05                      9.01   1.04     5.24

DEGREE DAYS
 HEATING
  YESTERDAY        1                         8     -7        4
  MONTH TO DATE   38                       111    -73       76
  SINCE SEP 1     89                       172    -83      109
  SINCE JUL 1     90                       189    -99      109

 COOLING
  YESTERDAY        0                         1     -1        0
  MONTH TO DATE   49                        41      8       37
  SINCE SEP 1    252                       230     22      277
  SINCE JAN 1   1724                       987    737     1621
..................................................................


WIND (MPH)
  HIGHEST WIND SPEED    31   HIGHEST WIND DIRECTION     N (340)
  HIGHEST GUST SPEED    40   HIGHEST GUST DIRECTION     N (340)
  AVERAGE WIND SPEED    17.8


SKY COVER
  POSSIBLE SUNSHINE  MM
  AVERAGE SKY COVER 0.0


WEATHER CONDITIONS
 THE FOLLOWING WEATHER WAS RECORDED YESTERDAY.
  HAZE


RELATIVE HUMIDITY (PERCENT)
 HIGHEST    62          1100 PM
 LOWEST     17          1200 AM
 AVERAGE    40

..........................................................


THE SANDBERG CA CLIMATE NORMALS FOR TODAY
                         NORMAL    RECORD    YEAR
 MAXIMUM TEMPERATURE (F)   66        87      2003
 MINIMUM TEMPERATURE (F)   50        31      1949


SUNRISE AND SUNSET
OCTOBER 20 2017.......SUNRISE   705 AM PDT   SUNSET   614 PM PDT
OCTOBER 21 2017.......SUNRISE   706 AM PDT   SUNSET   612 PM PDT


-  INDICATES NEGATIVE NUMBERS.
R  INDICATES RECORD WAS SET OR TIED.
MM INDICATES DATA IS MISSING.
T  INDICATES TRACE AMOUNT.




$$
